74.7.227.48 - - [04/Feb/2026:20:33:08 +0000] "GET /shopping/products/16211501051 HTTP/2.0" 200 25803 "https://elementalmill.com/shopping/products/1619617640" "Mozilla/5.0 AppleWebKit/537.36 (KHTML, like Gecko; compatible; GPTBot/1.3; +https://openai.com/gptbot)"
74.7.227.48 - - [04/Feb/2026:20:33:11 +0000] "GET /shopping/products/1619695760 HTTP/2.0" 200 25389 "https://elementalmill.com/shopping/products/1618123698" "Mozilla/5.0 AppleWebKit/537.36 (KHTML, like Gecko; compatible; GPTBot/1.3; +https://openai.com/gptbot)"
74.7.227.48 - - [04/Feb/2026:20:33:14 +0000] "GET /shopping/products/1619892023 HTTP/2.0" 200 24880 "https://elementalmill.com/shopping/products/1619945374" "Mozilla/5.0 AppleWebKit/537.36 (KHTML, like Gecko; compatible; GPTBot/1.3; +https://openai.com/gptbot)"
74.7.227.48 - - [04/Feb/2026:20:33:17 +0000] "GET /shopping/products/1618109138 HTTP/2.0" 200 24672 "https://elementalmill.com/shopping/products/1619665885" "Mozilla/5.0 AppleWebKit/537.36 (KHTML, like Gecko; compatible; GPTBot/1.3; +https://openai.com/gptbot)"
74.7.227.48 - - [04/Feb/2026:20:33:20 +0000] "GET /shopping/products/1619670544 HTTP/2.0" 200 25197 "https://elementalmill.com/shopping/products/1619747469" "Mozilla/5.0 AppleWebKit/537.36 (KHTML, like Gecko; compatible; GPTBot/1.3; +https://openai.com/gptbot)"
74.7.227.48 - - [04/Feb/2026:20:33:23 +0000] "GET /shopping/products/1618139294 HTTP/2.0" 200 24228 "https://elementalmill.com/shopping/products/16222288332" "Mozilla/5.0 AppleWebKit/537.36 (KHTML, like Gecko; compatible; GPTBot/1.3; +https://openai.com/gptbot)"
74.7.227.48 - - [04/Feb/2026:20:33:26 +0000] "GET /shopping/products/1619505186 HTTP/2.0" 200 24457 "https://elementalmill.com/shopping/products/1619859052" "Mozilla/5.0 AppleWebKit/537.36 (KHTML, like Gecko; compatible; GPTBot/1.3; +https://openai.com/gptbot)"
74.7.227.48 - - [04/Feb/2026:20:33:30 +0000] "GET /shopping/products/1619704456 HTTP/2.0" 200 24350 "https://elementalmill.com/shopping/products/16222241772" "Mozilla/5.0 AppleWebKit/537.36 (KHTML, like Gecko; compatible; GPTBot/1.3; +https://openai.com/gptbot)"
74.7.227.48 - - [04/Feb/2026:20:33:33 +0000] "GET /shopping/products/1619982926 HTTP/2.0" 200 24422 "https://elementalmill.com/shopping/products/1618137299" "Mozilla/5.0 AppleWebKit/537.36 (KHTML, like Gecko; compatible; GPTBot/1.3; +https://openai.com/gptbot)"
74.7.227.48 - - [04/Feb/2026:20:33:35 +0000] "GET /shopping/products/1618203133 HTTP/2.0" 200 25833 "https://elementalmill.com/shopping/products/16222269393" "Mozilla/5.0 AppleWebKit/537.36 (KHTML, like Gecko; compatible; GPTBot/1.3; +https://openai.com/gptbot)"
74.7.227.48 - - [04/Feb/2026:20:33:38 +0000] "GET /shopping/products/1619627030 HTTP/2.0" 200 24751 "https://elementalmill.com/shopping/products/1619634202" "Mozilla/5.0 AppleWebKit/537.36 (KHTML, like Gecko; compatible; GPTBot/1.3; +https://openai.com/gptbot)"
74.7.227.48 - - [04/Feb/2026:20:33:41 +0000] "GET /shopping/products/161832265 HTTP/2.0" 200 24651 "https://elementalmill.com/shopping/products/16211501051" "Mozilla/5.0 AppleWebKit/537.36 (KHTML, like Gecko; compatible; GPTBot/1.3; +https://openai.com/gptbot)"
74.7.227.48 - - [04/Feb/2026:20:33:44 +0000] "GET /shopping/products/1619962512 HTTP/2.0" 200 24353 "https://elementalmill.com/shopping/products/1618123698" "Mozilla/5.0 AppleWebKit/537.36 (KHTML, like Gecko; compatible; GPTBot/1.3; +https://openai.com/gptbot)"
74.7.227.48 - - [04/Feb/2026:20:33:47 +0000] "GET /shopping/products/1619844851 HTTP/2.0" 200 25432 "https://elementalmill.com/shopping/products/1618173192" "Mozilla/5.0 AppleWebKit/537.36 (KHTML, like Gecko; compatible; GPTBot/1.3; +https://openai.com/gptbot)"
74.7.227.48 - - [04/Feb/2026:20:33:50 +0000] "GET /shopping/products/1618319938 HTTP/2.0" 200 24255 "https://elementalmill.com/shopping/products/1618109138" "Mozilla/5.0 AppleWebKit/537.36 (KHTML, like Gecko; compatible; GPTBot/1.3; +https://openai.com/gptbot)"
74.7.227.48 - - [04/Feb/2026:20:33:52 +0000] "GET /shopping/products/161889241 HTTP/2.0" 200 24054 "https://elementalmill.com/shopping/products/1619670544" "Mozilla/5.0 AppleWebKit/537.36 (KHTML, like Gecko; compatible; GPTBot/1.3; +https://openai.com/gptbot)"
74.7.227.48 - - [04/Feb/2026:20:33:55 +0000] "GET /shopping/products/1618293375 HTTP/2.0" 200 24663 "https://elementalmill.com/shopping/products/1619670544" "Mozilla/5.0 AppleWebKit/537.36 (KHTML, like Gecko; compatible; GPTBot/1.3; +https://openai.com/gptbot)"
74.7.227.48 - - [04/Feb/2026:20:33:58 +0000] "GET /shopping/products/1619799704 HTTP/2.0" 200 24738 "https://elementalmill.com/shopping/products/1619505186" "Mozilla/5.0 AppleWebKit/537.36 (KHTML, like Gecko; compatible; GPTBot/1.3; +https://openai.com/gptbot)"
74.7.227.48 - - [04/Feb/2026:20:34:00 +0000] "GET /shopping/products/16222302131 HTTP/2.0" 200 26233 "https://elementalmill.com/shopping/products/1619704456" "Mozilla/5.0 AppleWebKit/537.36 (KHTML, like Gecko; compatible; GPTBot/1.3; +https://openai.com/gptbot)"
74.7.227.48 - - [04/Feb/2026:20:34:02 +0000] "GET /shopping/products/1619706732 HTTP/2.0" 200 24521 "https://elementalmill.com/shopping/products/16222292823" "Mozilla/5.0 AppleWebKit/537.36 (KHTML, like Gecko; compatible; GPTBot/1.3; +https://openai.com/gptbot)"
74.7.227.48 - - [04/Feb/2026:20:34:06 +0000] "GET /shopping/products/16211521866 HTTP/2.0" 200 24245 "https://elementalmill.com/shopping/products/1618203133" "Mozilla/5.0 AppleWebKit/537.36 (KHTML, like Gecko; compatible; GPTBot/1.3; +https://openai.com/gptbot)"
74.7.227.48 - - [04/Feb/2026:20:34:08 +0000] "GET /shopping/products/161896744 HTTP/2.0" 200 24437 "https://elementalmill.com/shopping/products/1619627030" "Mozilla/5.0 AppleWebKit/537.36 (KHTML, like Gecko; compatible; GPTBot/1.3; +https://openai.com/gptbot)"
74.7.227.48 - - [04/Feb/2026:20:34:11 +0000] "GET /shopping/products/16201108202 HTTP/2.0" 200 24554 "https://elementalmill.com/shopping/products/161832265" "Mozilla/5.0 AppleWebKit/537.36 (KHTML, like Gecko; compatible; GPTBot/1.3; +https://openai.com/gptbot)"
74.7.227.48 - - [04/Feb/2026:20:34:14 +0000] "GET /shopping/products/161850814 HTTP/2.0" 200 24839 "https://elementalmill.com/shopping/products/1619962512" "Mozilla/5.0 AppleWebKit/537.36 (KHTML, like Gecko; compatible; GPTBot/1.3; +https://openai.com/gptbot)"
74.7.227.48 - - [04/Feb/2026:20:34:17 +0000] "GET /shopping/products/16211990929 HTTP/2.0" 200 25704 "https://elementalmill.com/shopping/products/1618203133" "Mozilla/5.0 AppleWebKit/537.36 (KHTML, like Gecko; compatible; GPTBot/1.3; +https://openai.com/gptbot)"
74.7.227.48 - - [04/Feb/2026:20:34:20 +0000] "GET /shopping/products/16222282481 HTTP/2.0" 200 25403 "https://elementalmill.com/shopping/products/1619844851" "Mozilla/5.0 AppleWebKit/537.36 (KHTML, like Gecko; compatible; GPTBot/1.3; +https://openai.com/gptbot)"
74.7.227.48 - - [04/Feb/2026:20:34:23 +0000] "GET /shopping/products/161817489 HTTP/2.0" 200 24284 "https://elementalmill.com/shopping/products/161889241" "Mozilla/5.0 AppleWebKit/537.36 (KHTML, like Gecko; compatible; GPTBot/1.3; +https://openai.com/gptbot)"
74.7.227.48 - - [04/Feb/2026:20:34:26 +0000] "GET /shopping/products/1618424874 HTTP/2.0" 200 24374 "https://elementalmill.com/shopping/products/161889241" "Mozilla/5.0 AppleWebKit/537.36 (KHTML, like Gecko; compatible; GPTBot/1.3; +https://openai.com/gptbot)"
74.7.227.48 - - [04/Feb/2026:20:34:28 +0000] "GET /shopping/products/1618362856 HTTP/2.0" 200 24617 "https://elementalmill.com/shopping/products/1619627030" "Mozilla/5.0 AppleWebKit/537.36 (KHTML, like Gecko; compatible; GPTBot/1.3; +https://openai.com/gptbot)"
74.7.227.48 - - [04/Feb/2026:20:34:31 +0000] "GET /shopping/products/1618258906 HTTP/2.0" 200 25411 "https://elementalmill.com/shopping/products/1619627030" "Mozilla/5.0 AppleWebKit/537.36 (KHTML, like Gecko; compatible; GPTBot/1.3; +https://openai.com/gptbot)"
74.7.227.48 - - [04/Feb/2026:20:34:34 +0000] "GET /shopping/products/1619511289 HTTP/2.0" 200 25075 "https://elementalmill.com/shopping/products/161889241" "Mozilla/5.0 AppleWebKit/537.36 (KHTML, like Gecko; compatible; GPTBot/1.3; +https://openai.com/gptbot)"
74.7.227.48 - - [04/Feb/2026:20:34:37 +0000] "GET /shopping/products/1619675772 HTTP/2.0" 200 24565 "https://elementalmill.com/shopping/products/1618293375" "Mozilla/5.0 AppleWebKit/537.36 (KHTML, like Gecko; compatible; GPTBot/1.3; +https://openai.com/gptbot)"
74.7.227.48 - - [04/Feb/2026:20:34:39 +0000] "GET /shopping/products/1618268432 HTTP/2.0" 200 24185 "https://elementalmill.com/shopping/products/1619844851" "Mozilla/5.0 AppleWebKit/537.36 (KHTML, like Gecko; compatible; GPTBot/1.3; +https://openai.com/gptbot)"
74.7.227.48 - - [04/Feb/2026:20:34:42 +0000] "GET /shopping/products/1618240524 HTTP/2.0" 200 24909 "https://elementalmill.com/shopping/products/16201108202" "Mozilla/5.0 AppleWebKit/537.36 (KHTML, like Gecko; compatible; GPTBot/1.3; +https://openai.com/gptbot)"
74.7.227.48 - - [04/Feb/2026:20:34:45 +0000] "GET /shopping/products/1619827684 HTTP/2.0" 200 24903 "https://elementalmill.com/shopping/products/16201108202" "Mozilla/5.0 AppleWebKit/537.36 (KHTML, like Gecko; compatible; GPTBot/1.3; +https://openai.com/gptbot)"
74.7.227.48 - - [04/Feb/2026:20:34:47 +0000] "GET /shopping/products/1618139162 HTTP/2.0" 200 24513 "https://elementalmill.com/shopping/products/1619844851" "Mozilla/5.0 AppleWebKit/537.36 (KHTML, like Gecko; compatible; GPTBot/1.3; +https://openai.com/gptbot)"
74.7.227.48 - - [04/Feb/2026:20:34:50 +0000] "GET /shopping/products/1618183908 HTTP/2.0" 200 24701 "https://elementalmill.com/shopping/products/161832265" "Mozilla/5.0 AppleWebKit/537.36 (KHTML, like Gecko; compatible; GPTBot/1.3; +https://openai.com/gptbot)"
74.7.227.48 - - [04/Feb/2026:20:34:52 +0000] "GET /shopping/products/161824473 HTTP/2.0" 200 24570 "https://elementalmill.com/shopping/products/161817489" "Mozilla/5.0 AppleWebKit/537.36 (KHTML, like Gecko; compatible; GPTBot/1.3; +https://openai.com/gptbot)"
74.7.227.48 - - [04/Feb/2026:20:34:55 +0000] "GET /shopping/products/1619600874 HTTP/2.0" 200 25149 "https://elementalmill.com/shopping/products/161896744" "Mozilla/5.0 AppleWebKit/537.36 (KHTML, like Gecko; compatible; GPTBot/1.3; +https://openai.com/gptbot)"
74.7.227.48 - - [04/Feb/2026:20:34:58 +0000] "GET /shopping/products/1619814177 HTTP/2.0" 200 25453 "https://elementalmill.com/shopping/products/1618362856" "Mozilla/5.0 AppleWebKit/537.36 (KHTML, like Gecko; compatible; GPTBot/1.3; +https://openai.com/gptbot)"
74.7.227.48 - - [04/Feb/2026:20:35:01 +0000] "GET /shopping/products/1618425471 HTTP/2.0" 200 24397 "https://elementalmill.com/shopping/products/1619799704" "Mozilla/5.0 AppleWebKit/537.36 (KHTML, like Gecko; compatible; GPTBot/1.3; +https://openai.com/gptbot)"
74.7.227.48 - - [04/Feb/2026:20:35:03 +0000] "GET /shopping/products/1619513035 HTTP/2.0" 200 24738 "https://elementalmill.com/shopping/products/1619511289" "Mozilla/5.0 AppleWebKit/537.36 (KHTML, like Gecko; compatible; GPTBot/1.3; +https://openai.com/gptbot)"
74.7.227.48 - - [04/Feb/2026:20:35:06 +0000] "GET /shopping/products/16211525158 HTTP/2.0" 200 24749 "https://elementalmill.com/shopping/products/1619675772" "Mozilla/5.0 AppleWebKit/537.36 (KHTML, like Gecko; compatible; GPTBot/1.3; +https://openai.com/gptbot)"
74.7.227.48 - - [04/Feb/2026:20:35:08 +0000] "GET /shopping/products/16211721336 HTTP/2.0" 200 24452 "https://elementalmill.com/shopping/products/1619675772" "Mozilla/5.0 AppleWebKit/537.36 (KHTML, like Gecko; compatible; GPTBot/1.3; +https://openai.com/gptbot)"
74.7.227.48 - - [04/Feb/2026:20:35:11 +0000] "GET /shopping/products/161828873 HTTP/2.0" 200 25681 "https://elementalmill.com/shopping/products/1618240524" "Mozilla/5.0 AppleWebKit/537.36 (KHTML, like Gecko; compatible; GPTBot/1.3; +https://openai.com/gptbot)"
74.7.227.48 - - [04/Feb/2026:20:35:14 +0000] "GET /shopping/products/16211633060 HTTP/2.0" 200 24297 "https://elementalmill.com/shopping/products/1618268432" "Mozilla/5.0 AppleWebKit/537.36 (KHTML, like Gecko; compatible; GPTBot/1.3; +https://openai.com/gptbot)"
74.7.227.48 - - [04/Feb/2026:20:35:16 +0000] "GET /shopping/products/1618441823 HTTP/2.0" 200 24485 "https://elementalmill.com/shopping/products/1619827684" "Mozilla/5.0 AppleWebKit/537.36 (KHTML, like Gecko; compatible; GPTBot/1.3; +https://openai.com/gptbot)"
74.7.227.48 - - [04/Feb/2026:20:35:19 +0000] "GET /shopping/products/16201021331 HTTP/2.0" 200 25821 "https://elementalmill.com/shopping/products/1618183908" "Mozilla/5.0 AppleWebKit/537.36 (KHTML, like Gecko; compatible; GPTBot/1.3; +https://openai.com/gptbot)"
74.7.227.48 - - [04/Feb/2026:20:35:22 +0000] "GET /shopping/products/1619850413 HTTP/2.0" 200 24637 "https://elementalmill.com/shopping/products/1618240524" "Mozilla/5.0 AppleWebKit/537.36 (KHTML, like Gecko; compatible; GPTBot/1.3; +https://openai.com/gptbot)"
74.7.227.48 - - [04/Feb/2026:20:35:25 +0000] "GET /shopping/products/1619814660 HTTP/2.0" 200 24677 "https://elementalmill.com/shopping/products/1619600874" "Mozilla/5.0 AppleWebKit/537.36 (KHTML, like Gecko; compatible; GPTBot/1.3; +https://openai.com/gptbot)"
74.7.227.48 - - [04/Feb/2026:20:35:28 +0000] "GET /shopping/products/16201242102 HTTP/2.0" 200 26449 "https://elementalmill.com/shopping/products/1619814177" "Mozilla/5.0 AppleWebKit/537.36 (KHTML, like Gecko; compatible; GPTBot/1.3; +https://openai.com/gptbot)"
74.7.227.48 - - [04/Feb/2026:20:35:31 +0000] "GET /shopping/products/161849530 HTTP/2.0" 200 24369 "https://elementalmill.com/shopping/products/1618425471" "Mozilla/5.0 AppleWebKit/537.36 (KHTML, like Gecko; compatible; GPTBot/1.3; +https://openai.com/gptbot)"
74.7.227.48 - - [04/Feb/2026:20:35:33 +0000] "GET /shopping/products/1618199351 HTTP/2.0" 200 24307 "https://elementalmill.com/shopping/products/1618425471" "Mozilla/5.0 AppleWebKit/537.36 (KHTML, like Gecko; compatible; GPTBot/1.3; +https://openai.com/gptbot)"
74.7.227.48 - - [04/Feb/2026:20:35:35 +0000] "GET /shopping/products/1618281013 HTTP/2.0" 200 24545 "https://elementalmill.com/shopping/products/1618139162" "Mozilla/5.0 AppleWebKit/537.36 (KHTML, like Gecko; compatible; GPTBot/1.3; +https://openai.com/gptbot)"
74.7.227.48 - - [04/Feb/2026:20:35:38 +0000] "GET /shopping/products/161874890 HTTP/2.0" 200 24677 "https://elementalmill.com/shopping/products/16211721336" "Mozilla/5.0 AppleWebKit/537.36 (KHTML, like Gecko; compatible; GPTBot/1.3; +https://openai.com/gptbot)"
74.7.227.48 - - [04/Feb/2026:20:35:41 +0000] "GET /shop/pg/161832992 HTTP/2.0" 200 24190 "https://elementalmill.com/shopping/products/161828873" "Mozilla/5.0 AppleWebKit/537.36 (KHTML, like Gecko; compatible; GPTBot/1.3; +https://openai.com/gptbot)"
74.7.227.48 - - [04/Feb/2026:20:35:43 +0000] "GET /shopping/products/161892716 HTTP/2.0" 200 24593 "https://elementalmill.com/shopping/products/161828873" "Mozilla/5.0 AppleWebKit/537.36 (KHTML, like Gecko; compatible; GPTBot/1.3; +https://openai.com/gptbot)"
74.7.227.48 - - [04/Feb/2026:20:35:46 +0000] "GET /shopping/products/16211623336 HTTP/2.0" 200 24423 "https://elementalmill.com/shopping/products/1618441823" "Mozilla/5.0 AppleWebKit/537.36 (KHTML, like Gecko; compatible; GPTBot/1.3; +https://openai.com/gptbot)"
74.7.227.48 - - [04/Feb/2026:20:35:48 +0000] "GET /category/16201000152 HTTP/2.0" 200 27183 "https://elementalmill.com/shopping/products/16201021331" "Mozilla/5.0 AppleWebKit/537.36 (KHTML, like Gecko; compatible; GPTBot/1.3; +https://openai.com/gptbot)"
74.7.227.48 - - [04/Feb/2026:20:35:50 +0000] "GET /shopping/products/1618393001 HTTP/2.0" 200 24351 "https://elementalmill.com/shopping/products/1619850413" "Mozilla/5.0 AppleWebKit/537.36 (KHTML, like Gecko; compatible; GPTBot/1.3; +https://openai.com/gptbot)"
74.7.227.48 - - [04/Feb/2026:20:35:53 +0000] "GET /shopping/products/1619642430 HTTP/2.0" 200 25454 "https://elementalmill.com/shopping/products/16211721336" "Mozilla/5.0 AppleWebKit/537.36 (KHTML, like Gecko; compatible; GPTBot/1.3; +https://openai.com/gptbot)"
74.7.227.48 - - [04/Feb/2026:20:35:56 +0000] "GET /shopping/products/1618144282 HTTP/2.0" 200 24391 "https://elementalmill.com/shopping/products/1619513035" "Mozilla/5.0 AppleWebKit/537.36 (KHTML, like Gecko; compatible; GPTBot/1.3; +https://openai.com/gptbot)"
74.7.227.48 - - [04/Feb/2026:20:35:58 +0000] "GET /shopping/products/1619568501 HTTP/2.0" 200 24223 "https://elementalmill.com/shopping/products/1619511289" "Mozilla/5.0 AppleWebKit/537.36 (KHTML, like Gecko; compatible; GPTBot/1.3; +https://openai.com/gptbot)"
74.7.227.48 - - [04/Feb/2026:20:36:01 +0000] "GET /shopping/products/16201033210 HTTP/2.0" 200 25178 "https://elementalmill.com/shopping/products/1618199351" "Mozilla/5.0 AppleWebKit/537.36 (KHTML, like Gecko; compatible; GPTBot/1.3; +https://openai.com/gptbot)"
74.7.227.48 - - [04/Feb/2026:20:36:03 +0000] "GET /shopping/products/1618428798 HTTP/2.0" 200 25058 "https://elementalmill.com/shopping/products/1618281013" "Mozilla/5.0 AppleWebKit/537.36 (KHTML, like Gecko; compatible; GPTBot/1.3; +https://openai.com/gptbot)"
74.7.227.48 - - [04/Feb/2026:20:36:06 +0000] "GET /shopping/products/1618304178 HTTP/2.0" 200 24600 "https://elementalmill.com/shopping/products/1618281013" "Mozilla/5.0 AppleWebKit/537.36 (KHTML, like Gecko; compatible; GPTBot/1.3; +https://openai.com/gptbot)"
74.7.227.48 - - [04/Feb/2026:20:36:09 +0000] "GET /shopping/products/16222232306 HTTP/2.0" 200 24502 "https://elementalmill.com/shop/pg/161832992" "Mozilla/5.0 AppleWebKit/537.36 (KHTML, like Gecko; compatible; GPTBot/1.3; +https://openai.com/gptbot)"
74.7.227.48 - - [04/Feb/2026:20:36:11 +0000] "GET /shopping/products/1619700797 HTTP/2.0" 200 24358 "https://elementalmill.com/shopping/products/1618240524" "Mozilla/5.0 AppleWebKit/537.36 (KHTML, like Gecko; compatible; GPTBot/1.3; +https://openai.com/gptbot)"
74.7.227.48 - - [04/Feb/2026:20:36:14 +0000] "GET /shopping/products/16211885658 HTTP/2.0" 200 24591 "https://elementalmill.com/shopping/products/16211623336" "Mozilla/5.0 AppleWebKit/537.36 (KHTML, like Gecko; compatible; GPTBot/1.3; +https://openai.com/gptbot)"
74.7.227.48 - - [04/Feb/2026:20:36:17 +0000] "GET /shopping/products/1619813009 HTTP/2.0" 200 24968 "https://elementalmill.com/shopping/products/1618240524" "Mozilla/5.0 AppleWebKit/537.36 (KHTML, like Gecko; compatible; GPTBot/1.3; +https://openai.com/gptbot)"
74.7.227.48 - - [04/Feb/2026:20:36:21 +0000] "GET /shopping/products/1619795839 HTTP/2.0" 200 24468 "https://elementalmill.com/shopping/products/1618393001" "Mozilla/5.0 AppleWebKit/537.36 (KHTML, like Gecko; compatible; GPTBot/1.3; +https://openai.com/gptbot)"
74.7.227.48 - - [04/Feb/2026:20:36:24 +0000] "GET /shopping/products/1618471048 HTTP/2.0" 200 24236 "https://elementalmill.com/shopping/products/1619827684" "Mozilla/5.0 AppleWebKit/537.36 (KHTML, like Gecko; compatible; GPTBot/1.3; +https://openai.com/gptbot)"
74.7.227.48 - - [04/Feb/2026:20:36:27 +0000] "GET /shopping/products/1619646398 HTTP/2.0" 200 24591 "https://elementalmill.com/shopping/products/1619827684" "Mozilla/5.0 AppleWebKit/537.36 (KHTML, like Gecko; compatible; GPTBot/1.3; +https://openai.com/gptbot)"
74.7.227.48 - - [04/Feb/2026:20:36:30 +0000] "GET /shopping/products/16222285284 HTTP/2.0" 200 25512 "https://elementalmill.com/shopping/products/1619568501" "Mozilla/5.0 AppleWebKit/537.36 (KHTML, like Gecko; compatible; GPTBot/1.3; +https://openai.com/gptbot)"
74.7.227.48 - - [04/Feb/2026:20:36:33 +0000] "GET /shopping/products/1618238469 HTTP/2.0" 200 24435 "https://elementalmill.com/shopping/products/16201033210" "Mozilla/5.0 AppleWebKit/537.36 (KHTML, like Gecko; compatible; GPTBot/1.3; +https://openai.com/gptbot)"
74.7.227.48 - - [04/Feb/2026:20:36:36 +0000] "GET /shopping/products/1619776754 HTTP/2.0" 200 24498 "https://elementalmill.com/shopping/products/161828873" "Mozilla/5.0 AppleWebKit/537.36 (KHTML, like Gecko; compatible; GPTBot/1.3; +https://openai.com/gptbot)"
74.7.227.48 - - [04/Feb/2026:20:36:39 +0000] "GET /shopping/products/1618257037 HTTP/2.0" 200 24374 "https://elementalmill.com/shopping/products/1618304178" "Mozilla/5.0 AppleWebKit/537.36 (KHTML, like Gecko; compatible; GPTBot/1.3; +https://openai.com/gptbot)"
74.7.227.48 - - [04/Feb/2026:20:36:41 +0000] "GET /shopping/products/1618265361 HTTP/2.0" 200 24906 "https://elementalmill.com/shopping/products/1618304178" "Mozilla/5.0 AppleWebKit/537.36 (KHTML, like Gecko; compatible; GPTBot/1.3; +https://openai.com/gptbot)"
74.7.227.48 - - [04/Feb/2026:20:36:44 +0000] "GET /shopping/products/1619550694 HTTP/2.0" 200 24612 "https://elementalmill.com/shopping/products/1618393001" "Mozilla/5.0 AppleWebKit/537.36 (KHTML, like Gecko; compatible; GPTBot/1.3; +https://openai.com/gptbot)"
74.7.227.48 - - [04/Feb/2026:20:36:47 +0000] "GET /shopping/products/1618422009 HTTP/2.0" 200 24463 "https://elementalmill.com/shopping/products/1618268432" "Mozilla/5.0 AppleWebKit/537.36 (KHTML, like Gecko; compatible; GPTBot/1.3; +https://openai.com/gptbot)"
74.7.227.48 - - [04/Feb/2026:20:36:50 +0000] "GET /shopping/products/16201333343 HTTP/2.0" 200 24764 "https://elementalmill.com/shopping/products/1619813009" "Mozilla/5.0 AppleWebKit/537.36 (KHTML, like Gecko; compatible; GPTBot/1.3; +https://openai.com/gptbot)"
74.7.227.48 - - [04/Feb/2026:20:36:53 +0000] "GET /shopping/products/1618263776 HTTP/2.0" 200 24622 "https://elementalmill.com/shopping/products/1619706732" "Mozilla/5.0 AppleWebKit/537.36 (KHTML, like Gecko; compatible; GPTBot/1.3; +https://openai.com/gptbot)"
74.7.227.48 - - [04/Feb/2026:20:36:56 +0000] "GET /shopping/products/1619504084 HTTP/2.0" 200 24328 "https://elementalmill.com/shopping/products/1618471048" "Mozilla/5.0 AppleWebKit/537.36 (KHTML, like Gecko; compatible; GPTBot/1.3; +https://openai.com/gptbot)"
74.7.227.48 - - [04/Feb/2026:20:36:59 +0000] "GET /shopping/products/1619658620 HTTP/2.0" 200 25172 "https://elementalmill.com/shopping/products/1619646398" "Mozilla/5.0 AppleWebKit/537.36 (KHTML, like Gecko; compatible; GPTBot/1.3; +https://openai.com/gptbot)"
74.7.227.48 - - [04/Feb/2026:20:37:02 +0000] "GET /shopping/products/1618364309 HTTP/2.0" 200 24846 "https://elementalmill.com/shopping/products/16222285284" "Mozilla/5.0 AppleWebKit/537.36 (KHTML, like Gecko; compatible; GPTBot/1.3; +https://openai.com/gptbot)"
74.7.227.48 - - [04/Feb/2026:20:37:05 +0000] "GET /shopping/products/161883709 HTTP/2.0" 200 24584 "https://elementalmill.com/shopping/products/1618238469" "Mozilla/5.0 AppleWebKit/537.36 (KHTML, like Gecko; compatible; GPTBot/1.3; +https://openai.com/gptbot)"
74.7.227.48 - - [04/Feb/2026:20:37:08 +0000] "GET /shopping/products/1619613426 HTTP/2.0" 200 24601 "https://elementalmill.com/shopping/products/1618238469" "Mozilla/5.0 AppleWebKit/537.36 (KHTML, like Gecko; compatible; GPTBot/1.3; +https://openai.com/gptbot)"
74.7.227.48 - - [04/Feb/2026:20:37:11 +0000] "GET /shopping/products/1618137740 HTTP/2.0" 200 24574 "https://elementalmill.com/shopping/products/1618471048" "Mozilla/5.0 AppleWebKit/537.36 (KHTML, like Gecko; compatible; GPTBot/1.3; +https://openai.com/gptbot)"
74.7.227.48 - - [04/Feb/2026:20:37:14 +0000] "GET /shop/pg/1618269523 HTTP/2.0" 200 24511 "https://elementalmill.com/shopping/products/1618265361" "Mozilla/5.0 AppleWebKit/537.36 (KHTML, like Gecko; compatible; GPTBot/1.3; +https://openai.com/gptbot)"
74.7.227.48 - - [04/Feb/2026:20:37:17 +0000] "GET /shopping/products/16211924919 HTTP/2.0" 200 24242 "https://elementalmill.com/shopping/products/1618265361" "Mozilla/5.0 AppleWebKit/537.36 (KHTML, like Gecko; compatible; GPTBot/1.3; +https://openai.com/gptbot)"
74.7.227.48 - - [04/Feb/2026:20:37:19 +0000] "GET /shopping/products/1619768464 HTTP/2.0" 200 24267 "https://elementalmill.com/shopping/products/1619550694" "Mozilla/5.0 AppleWebKit/537.36 (KHTML, like Gecko; compatible; GPTBot/1.3; +https://openai.com/gptbot)"
74.7.227.48 - - [04/Feb/2026:20:37:22 +0000] "GET /shopping/products/161819807 HTTP/2.0" 200 24389 "https://elementalmill.com/shopping/products/16201333343" "Mozilla/5.0 AppleWebKit/537.36 (KHTML, like Gecko; compatible; GPTBot/1.3; +https://openai.com/gptbot)"
74.7.227.48 - - [04/Feb/2026:20:37:25 +0000] "GET /shopping/products/1618283900 HTTP/2.0" 200 24667 "https://elementalmill.com/shopping/products/1618263776" "Mozilla/5.0 AppleWebKit/537.36 (KHTML, like Gecko; compatible; GPTBot/1.3; +https://openai.com/gptbot)"
74.7.227.48 - - [04/Feb/2026:20:37:28 +0000] "GET /shopping/products/1619785140 HTTP/2.0" 200 24353 "https://elementalmill.com/shopping/products/1619550694" "Mozilla/5.0 AppleWebKit/537.36 (KHTML, like Gecko; compatible; GPTBot/1.3; +https://openai.com/gptbot)"
74.7.227.48 - - [04/Feb/2026:20:37:32 +0000] "GET /shopping/products/1618436897 HTTP/2.0" 200 24477 "https://elementalmill.com/shopping/products/1619504084" "Mozilla/5.0 AppleWebKit/537.36 (KHTML, like Gecko; compatible; GPTBot/1.3; +https://openai.com/gptbot)"
74.7.227.48 - - [04/Feb/2026:20:37:35 +0000] "GET /shopping/products/1618479954 HTTP/2.0" 200 24778 "https://elementalmill.com/shopping/products/1618238469" "Mozilla/5.0 AppleWebKit/537.36 (KHTML, like Gecko; compatible; GPTBot/1.3; +https://openai.com/gptbot)"
74.7.227.48 - - [04/Feb/2026:20:37:38 +0000] "GET /shopping/products/1619970340 HTTP/2.0" 200 24587 "https://elementalmill.com/shopping/products/1618471048" "Mozilla/5.0 AppleWebKit/537.36 (KHTML, like Gecko; compatible; GPTBot/1.3; +https://openai.com/gptbot)"
74.7.227.48 - - [04/Feb/2026:20:37:41 +0000] "GET /shopping/products/1618430709 HTTP/2.0" 200 24211 "https://elementalmill.com/shopping/products/1618425471" "Mozilla/5.0 AppleWebKit/537.36 (KHTML, like Gecko; compatible; GPTBot/1.3; +https://openai.com/gptbot)"
74.7.227.48 - - [04/Feb/2026:20:37:44 +0000] "GET /shopping/products/1618463647 HTTP/2.0" 200 24407 "https://elementalmill.com/shopping/products/1618137740" "Mozilla/5.0 AppleWebKit/537.36 (KHTML, like Gecko; compatible; GPTBot/1.3; +https://openai.com/gptbot)"
74.7.227.48 - - [04/Feb/2026:20:37:47 +0000] "GET /shopping/products/16211512335 HTTP/2.0" 200 24636 "https://elementalmill.com/shop/pg/1618269523" "Mozilla/5.0 AppleWebKit/537.36 (KHTML, like Gecko; compatible; GPTBot/1.3; +https://openai.com/gptbot)"
74.7.227.48 - - [04/Feb/2026:20:37:50 +0000] "GET /shopping/products/16211662676 HTTP/2.0" 200 25798 "https://elementalmill.com/shopping/products/16211924919" "Mozilla/5.0 AppleWebKit/537.36 (KHTML, like Gecko; compatible; GPTBot/1.3; +https://openai.com/gptbot)"
74.7.227.48 - - [04/Feb/2026:20:37:53 +0000] "GET /shopping/products/16222240268 HTTP/2.0" 200 25782 "https://elementalmill.com/shopping/products/16211924919" "Mozilla/5.0 AppleWebKit/537.36 (KHTML, like Gecko; compatible; GPTBot/1.3; +https://openai.com/gptbot)"
74.7.227.48 - - [04/Feb/2026:20:37:56 +0000] "GET /shopping/products/16201404002 HTTP/2.0" 200 25315 "https://elementalmill.com/shopping/products/161819807" "Mozilla/5.0 AppleWebKit/537.36 (KHTML, like Gecko; compatible; GPTBot/1.3; +https://openai.com/gptbot)"
74.7.227.48 - - [04/Feb/2026:20:37:59 +0000] "GET /shopping/products/16222021036 HTTP/2.0" 200 25068 "https://elementalmill.com/shopping/products/16211924919" "Mozilla/5.0 AppleWebKit/537.36 (KHTML, like Gecko; compatible; GPTBot/1.3; +https://openai.com/gptbot)"
74.7.227.48 - - [04/Feb/2026:20:38:02 +0000] "GET /shopping/products/1619667536 HTTP/2.0" 200 25107 "https://elementalmill.com/shopping/products/1618137740" "Mozilla/5.0 AppleWebKit/537.36 (KHTML, like Gecko; compatible; GPTBot/1.3; +https://openai.com/gptbot)"
74.7.227.48 - - [04/Feb/2026:20:38:04 +0000] "GET /shopping/products/16201068210 HTTP/2.0" 200 24898 "https://elementalmill.com/shopping/products/1618436897" "Mozilla/5.0 AppleWebKit/537.36 (KHTML, like Gecko; compatible; GPTBot/1.3; +https://openai.com/gptbot)"
74.7.227.48 - - [04/Feb/2026:20:38:07 +0000] "GET /shopping/products/1619798950 HTTP/2.0" 200 24532 "https://elementalmill.com/shopping/products/161819807" "Mozilla/5.0 AppleWebKit/537.36 (KHTML, like Gecko; compatible; GPTBot/1.3; +https://openai.com/gptbot)"
74.7.227.48 - - [04/Feb/2026:20:38:10 +0000] "GET /shopping/products/16201029660 HTTP/2.0" 200 25143 "https://elementalmill.com/shopping/products/1619970340" "Mozilla/5.0 AppleWebKit/537.36 (KHTML, like Gecko; compatible; GPTBot/1.3; +https://openai.com/gptbot)"
74.7.227.48 - - [04/Feb/2026:20:38:14 +0000] "GET /shopping/products/16222288792 HTTP/2.0" 200 25251 "https://elementalmill.com/shopping/products/1618430709" "Mozilla/5.0 AppleWebKit/537.36 (KHTML, like Gecko; compatible; GPTBot/1.3; +https://openai.com/gptbot)"
74.7.227.48 - - [04/Feb/2026:20:38:17 +0000] "GET /shopping/products/161886397 HTTP/2.0" 200 24600 "https://elementalmill.com/shopping/products/1618463647" "Mozilla/5.0 AppleWebKit/537.36 (KHTML, like Gecko; compatible; GPTBot/1.3; +https://openai.com/gptbot)"
74.7.227.48 - - [04/Feb/2026:20:38:20 +0000] "GET /shopping/products/1619773702 HTTP/2.0" 200 24749 "https://elementalmill.com/shopping/products/1619768464" "Mozilla/5.0 AppleWebKit/537.36 (KHTML, like Gecko; compatible; GPTBot/1.3; +https://openai.com/gptbot)"
74.7.227.48 - - [04/Feb/2026:20:38:23 +0000] "GET /shopping/products/1618367944 HTTP/2.0" 200 25240 "https://elementalmill.com/shopping/products/1618137740" "Mozilla/5.0 AppleWebKit/537.36 (KHTML, like Gecko; compatible; GPTBot/1.3; +https://openai.com/gptbot)"
74.7.227.48 - - [04/Feb/2026:20:38:26 +0000] "GET /shopping/products/1618421069 HTTP/2.0" 200 24775 "https://elementalmill.com/shopping/products/16222240268" "Mozilla/5.0 AppleWebKit/537.36 (KHTML, like Gecko; compatible; GPTBot/1.3; +https://openai.com/gptbot)"
74.7.227.48 - - [04/Feb/2026:20:38:29 +0000] "GET /shopping/products/1618242902 HTTP/2.0" 200 24960 "https://elementalmill.com/shopping/products/16201404002" "Mozilla/5.0 AppleWebKit/537.36 (KHTML, like Gecko; compatible; GPTBot/1.3; +https://openai.com/gptbot)"
74.7.227.48 - - [04/Feb/2026:20:38:32 +0000] "GET /shopping/products/1618473407 HTTP/2.0" 200 24751 "https://elementalmill.com/shopping/products/16201404002" "Mozilla/5.0 AppleWebKit/537.36 (KHTML, like Gecko; compatible; GPTBot/1.3; +https://openai.com/gptbot)"
74.7.227.48 - - [04/Feb/2026:20:38:35 +0000] "GET /shopping/products/1619857073 HTTP/2.0" 200 25232 "https://elementalmill.com/shopping/products/1619844851" "Mozilla/5.0 AppleWebKit/537.36 (KHTML, like Gecko; compatible; GPTBot/1.3; +https://openai.com/gptbot)"
74.7.227.48 - - [04/Feb/2026:20:38:38 +0000] "GET /shopping/products/1619621836 HTTP/2.0" 200 24345 "https://elementalmill.com/shopping/products/16211525158" "Mozilla/5.0 AppleWebKit/537.36 (KHTML, like Gecko; compatible; GPTBot/1.3; +https://openai.com/gptbot)"
74.7.227.48 - - [04/Feb/2026:20:38:41 +0000] "GET /shopping/products/1619520186 HTTP/2.0" 200 24820 "https://elementalmill.com/shopping/products/1618281013" "Mozilla/5.0 AppleWebKit/537.36 (KHTML, like Gecko; compatible; GPTBot/1.3; +https://openai.com/gptbot)"
74.7.227.48 - - [04/Feb/2026:20:38:44 +0000] "GET /shopping/products/1619722887 HTTP/2.0" 200 24298 "https://elementalmill.com/shopping/products/16201029660" "Mozilla/5.0 AppleWebKit/537.36 (KHTML, like Gecko; compatible; GPTBot/1.3; +https://openai.com/gptbot)"
74.7.227.48 - - [04/Feb/2026:20:38:47 +0000] "GET /shopping/products/1619714479 HTTP/2.0" 200 24287 "https://elementalmill.com/shopping/products/16201029660" "Mozilla/5.0 AppleWebKit/537.36 (KHTML, like Gecko; compatible; GPTBot/1.3; +https://openai.com/gptbot)"
74.7.227.48 - - [04/Feb/2026:20:38:50 +0000] "GET /shopping/products/16222036163 HTTP/2.0" 200 24465 "https://elementalmill.com/shopping/products/161886397" "Mozilla/5.0 AppleWebKit/537.36 (KHTML, like Gecko; compatible; GPTBot/1.3; +https://openai.com/gptbot)"
74.7.227.48 - - [04/Feb/2026:20:38:53 +0000] "GET /shopping/products/1618410680 HTTP/2.0" 200 24527 "https://elementalmill.com/shop/pg/1618269523" "Mozilla/5.0 AppleWebKit/537.36 (KHTML, like Gecko; compatible; GPTBot/1.3; +https://openai.com/gptbot)"
74.7.227.48 - - [04/Feb/2026:20:38:56 +0000] "GET /shopping/products/16222023263 HTTP/2.0" 200 25352 "https://elementalmill.com/shopping/products/1618367944" "Mozilla/5.0 AppleWebKit/537.36 (KHTML, like Gecko; compatible; GPTBot/1.3; +https://openai.com/gptbot)"
74.7.227.48 - - [04/Feb/2026:20:38:59 +0000] "GET /shopping/products/1618209827 HTTP/2.0" 200 25137 "https://elementalmill.com/shopping/products/1618199351" "Mozilla/5.0 AppleWebKit/537.36 (KHTML, like Gecko; compatible; GPTBot/1.3; +https://openai.com/gptbot)"
74.7.227.48 - - [04/Feb/2026:20:39:01 +0000] "GET /shopping/products/1618379609 HTTP/2.0" 200 24951 "https://elementalmill.com/shopping/products/161889241" "Mozilla/5.0 AppleWebKit/537.36 (KHTML, like Gecko; compatible; GPTBot/1.3; +https://openai.com/gptbot)"
74.7.227.48 - - [04/Feb/2026:20:39:04 +0000] "GET /shopping/products/16201217702 HTTP/2.0" 200 24025 "https://elementalmill.com/shopping/products/1618473407" "Mozilla/5.0 AppleWebKit/537.36 (KHTML, like Gecko; compatible; GPTBot/1.3; +https://openai.com/gptbot)"
74.7.227.48 - - [04/Feb/2026:20:39:07 +0000] "GET /shopping/products/1618105969 HTTP/2.0" 200 24694 "https://elementalmill.com/shopping/products/1618424874" "Mozilla/5.0 AppleWebKit/537.36 (KHTML, like Gecko; compatible; GPTBot/1.3; +https://openai.com/gptbot)"
74.7.227.48 - - [04/Feb/2026:20:39:11 +0000] "GET /shopping/products/1619542902 HTTP/2.0" 200 24515 "https://elementalmill.com/shopping/products/1619621836" "Mozilla/5.0 AppleWebKit/537.36 (KHTML, like Gecko; compatible; GPTBot/1.3; +https://openai.com/gptbot)"
74.7.227.48 - - [04/Feb/2026:20:39:14 +0000] "GET /shopping/products/1619656277 HTTP/2.0" 200 24618 "https://elementalmill.com/shopping/products/1619621836" "Mozilla/5.0 AppleWebKit/537.36 (KHTML, like Gecko; compatible; GPTBot/1.3; +https://openai.com/gptbot)"
74.7.227.48 - - [04/Feb/2026:20:39:17 +0000] "GET /shopping/products/1619874533 HTTP/2.0" 200 24705 "https://elementalmill.com/shopping/products/1619857073" "Mozilla/5.0 AppleWebKit/537.36 (KHTML, like Gecko; compatible; GPTBot/1.3; +https://openai.com/gptbot)"
74.7.227.48 - - [04/Feb/2026:20:39:20 +0000] "GET /shopping/products/1619733064 HTTP/2.0" 200 24647 "https://elementalmill.com/shopping/products/1619505186" "Mozilla/5.0 AppleWebKit/537.36 (KHTML, like Gecko; compatible; GPTBot/1.3; +https://openai.com/gptbot)"
74.7.227.48 - - [04/Feb/2026:20:39:23 +0000] "GET /shopping/products/161891102 HTTP/2.0" 200 24662 "https://elementalmill.com/shopping/products/16222036163" "Mozilla/5.0 AppleWebKit/537.36 (KHTML, like Gecko; compatible; GPTBot/1.3; +https://openai.com/gptbot)"
74.7.227.48 - - [04/Feb/2026:20:39:26 +0000] "GET /shopping/products/1618434589 HTTP/2.0" 200 24557 "https://elementalmill.com/shopping/products/1618410680" "Mozilla/5.0 AppleWebKit/537.36 (KHTML, like Gecko; compatible; GPTBot/1.3; +https://openai.com/gptbot)"
74.7.227.48 - - [04/Feb/2026:20:39:29 +0000] "GET /shopping/products/1618492801 HTTP/2.0" 200 25306 "https://elementalmill.com/shopping/products/1618410680" "Mozilla/5.0 AppleWebKit/537.36 (KHTML, like Gecko; compatible; GPTBot/1.3; +https://openai.com/gptbot)"
104.208.113.220 - - [04/Feb/2026:20:39:29 +0000] "GET /aa.php HTTP/1.1" 404 13178 "-" "Mozilla/5.0 (Windows NT 10.0; Win64; x64) AppleWebKit/537.36 (KHTML, like Gecko) Chrome/120.0.0.0 Safari/537.36"
139.162.194.112 - - [04/Feb/2026:20:39:32 +0000] "POST /wp-cron.php?doing_wp_cron=1770237571.9943358898162841796875 HTTP/1.1" 404 13168 "-" "WordPress/6.9.1; https://elementalmill.com"
74.7.227.48 - - [04/Feb/2026:20:39:31 +0000] "GET /shopping/products/1618322402 HTTP/2.0" 200 24420 "https://elementalmill.com/shopping/products/1618209827" "Mozilla/5.0 AppleWebKit/537.36 (KHTML, like Gecko; compatible; GPTBot/1.3; +https://openai.com/gptbot)"
104.208.113.220 - - [04/Feb/2026:20:39:33 +0000] "GET /abcd.php HTTP/1.1" 404 13178 "-" "Mozilla/5.0 (Windows NT 10.0; Win64; x64) AppleWebKit/537.36 (KHTML, like Gecko) Chrome/120.0.0.0 Safari/537.36"
74.7.227.48 - - [04/Feb/2026:20:39:34 +0000] "GET /shopping/products/1618430744 HTTP/2.0" 200 24508 "https://elementalmill.com/shopping/products/1618209827" "Mozilla/5.0 AppleWebKit/537.36 (KHTML, like Gecko; compatible; GPTBot/1.3; +https://openai.com/gptbot)"
74.7.227.48 - - [04/Feb/2026:20:39:37 +0000] "GET /shopping/products/1619568255 HTTP/2.0" 200 24452 "https://elementalmill.com/shopping/products/1618209827" "Mozilla/5.0 AppleWebKit/537.36 (KHTML, like Gecko; compatible; GPTBot/1.3; +https://openai.com/gptbot)"
104.208.113.220 - - [04/Feb/2026:20:39:37 +0000] "GET /admin.php HTTP/1.1" 404 13178 "-" "Mozilla/5.0 (Windows NT 10.0; Win64; x64) AppleWebKit/537.36 (KHTML, like Gecko) Chrome/120.0.0.0 Safari/537.36"
74.7.227.48 - - [04/Feb/2026:20:39:40 +0000] "GET /shopping/products/1619918795 HTTP/2.0" 200 24521 "https://elementalmill.com/shopping/products/1618304178" "Mozilla/5.0 AppleWebKit/537.36 (KHTML, like Gecko; compatible; GPTBot/1.3; +https://openai.com/gptbot)"
104.208.113.220 - - [04/Feb/2026:20:39:41 +0000] "GET /buy.php HTTP/1.1" 404 13178 "-" "Mozilla/5.0 (Windows NT 10.0; Win64; x64) AppleWebKit/537.36 (KHTML, like Gecko) Chrome/120.0.0.0 Safari/537.36"
74.7.227.48 - - [04/Feb/2026:20:39:43 +0000] "GET /shopping/products/1619544648 HTTP/2.0" 200 24707 "https://elementalmill.com/shopping/products/1619542902" "Mozilla/5.0 AppleWebKit/537.36 (KHTML, like Gecko; compatible; GPTBot/1.3; +https://openai.com/gptbot)"
104.208.113.220 - - [04/Feb/2026:20:39:44 +0000] "GET /cgi-bin/ HTTP/1.1" 404 13178 "-" "Mozilla/5.0 (Windows NT 10.0; Win64; x64) AppleWebKit/537.36 (KHTML, like Gecko) Chrome/120.0.0.0 Safari/537.36"
74.7.227.48 - - [04/Feb/2026:20:39:46 +0000] "GET /shopping/products/16201118116 HTTP/2.0" 200 24720 "https://elementalmill.com/shopping/products/1619656277" "Mozilla/5.0 AppleWebKit/537.36 (KHTML, like Gecko; compatible; GPTBot/1.3; +https://openai.com/gptbot)"
104.208.113.220 - - [04/Feb/2026:20:39:48 +0000] "GET /edit.php HTTP/1.1" 404 13178 "-" "Mozilla/5.0 (Windows NT 10.0; Win64; x64) AppleWebKit/537.36 (KHTML, like Gecko) Chrome/120.0.0.0 Safari/537.36"
74.7.227.48 - - [04/Feb/2026:20:39:50 +0000] "GET /shopping/products/1619617356 HTTP/2.0" 200 24455 "https://elementalmill.com/shopping/products/1619656277" "Mozilla/5.0 AppleWebKit/537.36 (KHTML, like Gecko; compatible; GPTBot/1.3; +https://openai.com/gptbot)"
104.208.113.220 - - [04/Feb/2026:20:39:52 +0000] "GET /file.php HTTP/1.1" 404 13178 "-" "Mozilla/5.0 (Windows NT 10.0; Win64; x64) AppleWebKit/537.36 (KHTML, like Gecko) Chrome/120.0.0.0 Safari/537.36"
74.7.227.48 - - [04/Feb/2026:20:39:53 +0000] "GET /shopping/products/1618465595 HTTP/2.0" 200 25135 "https://elementalmill.com/shopping/products/1619733064" "Mozilla/5.0 AppleWebKit/537.36 (KHTML, like Gecko; compatible; GPTBot/1.3; +https://openai.com/gptbot)"
104.208.113.220 - - [04/Feb/2026:20:39:55 +0000] "GET /flower.php HTTP/1.1" 404 13178 "-" "Mozilla/5.0 (Windows NT 10.0; Win64; x64) AppleWebKit/537.36 (KHTML, like Gecko) Chrome/120.0.0.0 Safari/537.36"
74.7.227.48 - - [04/Feb/2026:20:39:56 +0000] "GET /shopping/products/1619812051 HTTP/2.0" 200 24660 "https://elementalmill.com/shopping/products/161891102" "Mozilla/5.0 AppleWebKit/537.36 (KHTML, like Gecko; compatible; GPTBot/1.3; +https://openai.com/gptbot)"
104.208.113.220 - - [04/Feb/2026:20:39:59 +0000] "GET /images/index.php HTTP/1.1" 301 839 "-" "Mozilla/5.0 (Windows NT 10.0; Win64; x64) AppleWebKit/537.36 (KHTML, like Gecko) Chrome/120.0.0.0 Safari/537.36"
74.7.227.48 - - [04/Feb/2026:20:39:59 +0000] "GET /shopping/products/1619932302 HTTP/2.0" 200 24141 "https://elementalmill.com/shopping/products/1618434589" "Mozilla/5.0 AppleWebKit/537.36 (KHTML, like Gecko; compatible; GPTBot/1.3; +https://openai.com/gptbot)"
104.208.113.220 - - [04/Feb/2026:20:40:02 +0000] "GET /info.php HTTP/1.1" 404 13178 "-" "Mozilla/5.0 (Windows NT 10.0; Win64; x64) AppleWebKit/537.36 (KHTML, like Gecko) Chrome/120.0.0.0 Safari/537.36"
74.7.227.48 - - [04/Feb/2026:20:40:02 +0000] "GET /shopping/products/16201222106 HTTP/2.0" 200 25012 "https://elementalmill.com/shopping/products/1618492801" "Mozilla/5.0 AppleWebKit/537.36 (KHTML, like Gecko; compatible; GPTBot/1.3; +https://openai.com/gptbot)"
74.7.227.48 - - [04/Feb/2026:20:40:05 +0000] "GET /shopping/products/1619898547 HTTP/2.0" 200 24548 "https://elementalmill.com/shopping/products/1619733064" "Mozilla/5.0 AppleWebKit/537.36 (KHTML, like Gecko; compatible; GPTBot/1.3; +https://openai.com/gptbot)"
104.208.113.220 - - [04/Feb/2026:20:40:06 +0000] "GET /ioxi-o.php HTTP/1.1" 404 13178 "-" "Mozilla/5.0 (Windows NT 10.0; Win64; x64) AppleWebKit/537.36 (KHTML, like Gecko) Chrome/120.0.0.0 Safari/537.36"
74.7.227.48 - - [04/Feb/2026:20:40:07 +0000] "GET /shopping/products/1618432291 HTTP/2.0" 200 24598 "https://elementalmill.com/shopping/products/1619733064" "Mozilla/5.0 AppleWebKit/537.36 (KHTML, like Gecko; compatible; GPTBot/1.3; +https://openai.com/gptbot)"
74.7.227.48 - - [04/Feb/2026:20:40:10 +0000] "GET /shopping/products/1618498556 HTTP/2.0" 200 25031 "https://elementalmill.com/shopping/products/1619568255" "Mozilla/5.0 AppleWebKit/537.36 (KHTML, like Gecko; compatible; GPTBot/1.3; +https://openai.com/gptbot)"
104.208.113.220 - - [04/Feb/2026:20:40:10 +0000] "GET /nc4.php HTTP/1.1" 404 13178 "-" "Mozilla/5.0 (Windows NT 10.0; Win64; x64) AppleWebKit/537.36 (KHTML, like Gecko) Chrome/120.0.0.0 Safari/537.36"
74.7.227.48 - - [04/Feb/2026:20:40:13 +0000] "GET /shopping/products/1618156534 HTTP/2.0" 200 24757 "https://elementalmill.com/shopping/products/1619568255" "Mozilla/5.0 AppleWebKit/537.36 (KHTML, like Gecko; compatible; GPTBot/1.3; +https://openai.com/gptbot)"
104.208.113.220 - - [04/Feb/2026:20:40:15 +0000] "GET /xleet.php HTTP/1.1" 404 13178 "-" "Mozilla/5.0 (Windows NT 10.0; Win64; x64) AppleWebKit/537.36 (KHTML, like Gecko) Chrome/120.0.0.0 Safari/537.36"
74.7.227.48 - - [04/Feb/2026:20:40:16 +0000] "GET /shopping/products/1618397075 HTTP/2.0" 200 24359 "https://elementalmill.com/shopping/products/1619544648" "Mozilla/5.0 AppleWebKit/537.36 (KHTML, like Gecko; compatible; GPTBot/1.3; +https://openai.com/gptbot)"
104.208.113.220 - - [04/Feb/2026:20:40:18 +0000] "GET /wp-admin/includes/ HTTP/1.1" 404 12378 "-" "Mozilla/5.0 (Windows NT 10.0; Win64; x64) AppleWebKit/537.36 (KHTML, like Gecko) Chrome/120.0.0.0 Safari/537.36"
74.7.227.48 - - [04/Feb/2026:20:40:19 +0000] "GET /shopping/products/1618381474 HTTP/2.0" 200 24488 "https://elementalmill.com/shopping/products/16201118116" "Mozilla/5.0 AppleWebKit/537.36 (KHTML, like Gecko; compatible; GPTBot/1.3; +https://openai.com/gptbot)"
104.208.113.220 - - [04/Feb/2026:20:40:22 +0000] "GET /wp-content/upgrade/index.php HTTP/1.1" 301 839 "-" "Mozilla/5.0 (Windows NT 10.0; Win64; x64) AppleWebKit/537.36 (KHTML, like Gecko) Chrome/120.0.0.0 Safari/537.36"
74.7.227.48 - - [04/Feb/2026:20:40:22 +0000] "GET /shopping/products/1618115233 HTTP/2.0" 200 24536 "https://elementalmill.com/shopping/products/1619795839" "Mozilla/5.0 AppleWebKit/537.36 (KHTML, like Gecko; compatible; GPTBot/1.3; +https://openai.com/gptbot)"
74.7.227.48 - - [04/Feb/2026:20:40:25 +0000] "GET /shopping/products/1618238762 HTTP/2.0" 200 24380 "https://elementalmill.com/shopping/products/1618465595" "Mozilla/5.0 AppleWebKit/537.36 (KHTML, like Gecko; compatible; GPTBot/1.3; +https://openai.com/gptbot)"
104.208.113.220 - - [04/Feb/2026:20:40:26 +0000] "GET /wp-content/uploads/admin.php HTTP/1.1" 404 13178 "-" "Mozilla/5.0 (Windows NT 10.0; Win64; x64) AppleWebKit/537.36 (KHTML, like Gecko) Chrome/120.0.0.0 Safari/537.36"
74.7.227.48 - - [04/Feb/2026:20:40:29 +0000] "GET /shopping/products/1619985729 HTTP/2.0" 200 24219 "https://elementalmill.com/shopping/products/1618465595" "Mozilla/5.0 AppleWebKit/537.36 (KHTML, like Gecko; compatible; GPTBot/1.3; +https://openai.com/gptbot)"
104.208.113.220 - - [04/Feb/2026:20:40:30 +0000] "GET /wp-good.php HTTP/1.1" 404 13178 "-" "Mozilla/5.0 (Windows NT 10.0; Win64; x64) AppleWebKit/537.36 (KHTML, like Gecko) Chrome/120.0.0.0 Safari/537.36"
74.7.227.48 - - [04/Feb/2026:20:40:32 +0000] "GET /shopping/products/1619614332 HTTP/2.0" 200 24614 "https://elementalmill.com/shopping/products/1618465595" "Mozilla/5.0 AppleWebKit/537.36 (KHTML, like Gecko; compatible; GPTBot/1.3; +https://openai.com/gptbot)"
139.162.194.112 - - [04/Feb/2026:20:40:32 +0000] "POST /wp-cron.php?doing_wp_cron=1770237632.8630359172821044921875 HTTP/1.1" 404 13178 "-" "WordPress/6.9.1; https://elementalmill.com"
104.208.113.220 - - [04/Feb/2026:20:40:34 +0000] "GET /wp-includes/Text/Diff/Renderer/ HTTP/1.1" 404 13178 "-" "Mozilla/5.0 (Windows NT 10.0; Win64; x64) AppleWebKit/537.36 (KHTML, like Gecko) Chrome/120.0.0.0 Safari/537.36"
74.7.227.48 - - [04/Feb/2026:20:40:35 +0000] "GET /shopping/products/16222067201 HTTP/2.0" 200 24910 "https://elementalmill.com/shopping/products/16201222106" "Mozilla/5.0 AppleWebKit/537.36 (KHTML, like Gecko; compatible; GPTBot/1.3; +https://openai.com/gptbot)"
104.208.113.220 - - [04/Feb/2026:20:40:37 +0000] "GET /wp-includes/style-engine/ HTTP/1.1" 404 13178 "-" "Mozilla/5.0 (Windows NT 10.0; Win64; x64) AppleWebKit/537.36 (KHTML, like Gecko) Chrome/120.0.0.0 Safari/537.36"
74.7.227.48 - - [04/Feb/2026:20:40:38 +0000] "GET /shopping/products/1618398090 HTTP/2.0" 200 24136 "https://elementalmill.com/shopping/products/1619898547" "Mozilla/5.0 AppleWebKit/537.36 (KHTML, like Gecko; compatible; GPTBot/1.3; +https://openai.com/gptbot)"
104.208.113.220 - - [04/Feb/2026:20:40:41 +0000] "GET /xmrlpc.php HTTP/1.1" 404 13178 "-" "Mozilla/5.0 (Windows NT 10.0; Win64; x64) AppleWebKit/537.36 (KHTML, like Gecko) Chrome/120.0.0.0 Safari/537.36"
74.7.227.48 - - [04/Feb/2026:20:40:41 +0000] "GET /shopping/products/16222212482 HTTP/2.0" 200 25738 "https://elementalmill.com/shopping/products/1618432291" "Mozilla/5.0 AppleWebKit/537.36 (KHTML, like Gecko; compatible; GPTBot/1.3; +https://openai.com/gptbot)"
104.208.113.220 - - [04/Feb/2026:20:40:44 +0000] "GET /about.php HTTP/1.1" 200 190 "-" "Mozilla/5.0 (Windows NT 10.0; Win64; x64) AppleWebKit/537.36 (KHTML, like Gecko) Chrome/120.0.0.0 Safari/537.36"
74.7.227.48 - - [04/Feb/2026:20:40:44 +0000] "GET /shopping/products/1619600858 HTTP/2.0" 200 25678 "https://elementalmill.com/shopping/products/1619943453" "Mozilla/5.0 AppleWebKit/537.36 (KHTML, like Gecko; compatible; GPTBot/1.3; +https://openai.com/gptbot)"
104.208.113.220 - - [04/Feb/2026:20:40:45 +0000] "GET /adminfuns.php HTTP/1.1" 404 13178 "-" "Mozilla/5.0 (Windows NT 10.0; Win64; x64) AppleWebKit/537.36 (KHTML, like Gecko) Chrome/120.0.0.0 Safari/537.36"
74.7.227.48 - - [04/Feb/2026:20:40:48 +0000] "GET /shop/customer/bookmark.php?shopping/products/1619998268 HTTP/2.0" 200 24697 "https://elementalmill.com/shop/customer/bookmark.php?shopping/products/16232630425" "Mozilla/5.0 AppleWebKit/537.36 (KHTML, like Gecko; compatible; GPTBot/1.3; +https://openai.com/gptbot)"
104.208.113.220 - - [04/Feb/2026:20:40:48 +0000] "GET /alfa.php HTTP/1.1" 404 13178 "-" "Mozilla/5.0 (Windows NT 10.0; Win64; x64) AppleWebKit/537.36 (KHTML, like Gecko) Chrome/120.0.0.0 Safari/537.36"
74.7.227.48 - - [04/Feb/2026:20:40:51 +0000] "GET /shopping/products/1619630830 HTTP/2.0" 200 24540 "https://elementalmill.com/shopping/products/1618397075" "Mozilla/5.0 AppleWebKit/537.36 (KHTML, like Gecko; compatible; GPTBot/1.3; +https://openai.com/gptbot)"
104.208.113.220 - - [04/Feb/2026:20:40:52 +0000] "GET /asasx.php HTTP/1.1" 404 13178 "-" "Mozilla/5.0 (Windows NT 10.0; Win64; x64) AppleWebKit/537.36 (KHTML, like Gecko) Chrome/120.0.0.0 Safari/537.36"
74.7.227.48 - - [04/Feb/2026:20:40:54 +0000] "GET /shopping/products/1618479609 HTTP/2.0" 200 24733 "https://elementalmill.com/shopping/products/1618381474" "Mozilla/5.0 AppleWebKit/537.36 (KHTML, like Gecko; compatible; GPTBot/1.3; +https://openai.com/gptbot)"
104.208.113.220 - - [04/Feb/2026:20:40:56 +0000] "GET /autoload_classmap.php HTTP/1.1" 404 13178 "-" "Mozilla/5.0 (Windows NT 10.0; Win64; x64) AppleWebKit/537.36 (KHTML, like Gecko) Chrome/120.0.0.0 Safari/537.36"
74.7.227.48 - - [04/Feb/2026:20:40:57 +0000] "GET /shopping/products/16232623209 HTTP/2.0" 200 29418 "https://elementalmill.com/shopping/products/1618263776" "Mozilla/5.0 AppleWebKit/537.36 (KHTML, like Gecko; compatible; GPTBot/1.3; +https://openai.com/gptbot)"
74.7.227.48 - - [04/Feb/2026:20:41:00 +0000] "GET /category/16201000175 HTTP/2.0" 200 26984 "https://elementalmill.com/category/16201000152" "Mozilla/5.0 AppleWebKit/537.36 (KHTML, like Gecko; compatible; GPTBot/1.3; +https://openai.com/gptbot)"
104.208.113.220 - - [04/Feb/2026:20:41:00 +0000] "GET /classwithtostring.php HTTP/1.1" 404 13178 "-" "Mozilla/5.0 (Windows NT 10.0; Win64; x64) AppleWebKit/537.36 (KHTML, like Gecko) Chrome/120.0.0.0 Safari/537.36"
74.7.227.48 - - [04/Feb/2026:20:41:02 +0000] "GET /shopping/products/161841000 HTTP/2.0" 200 25633 "https://elementalmill.com/shopping/products/1619543790" "Mozilla/5.0 AppleWebKit/537.36 (KHTML, like Gecko; compatible; GPTBot/1.3; +https://openai.com/gptbot)"
104.208.113.220 - - [04/Feb/2026:20:41:05 +0000] "GET /cong.php HTTP/1.1" 404 13178 "-" "Mozilla/5.0 (Windows NT 10.0; Win64; x64) AppleWebKit/537.36 (KHTML, like Gecko) Chrome/120.0.0.0 Safari/537.36"
74.7.227.48 - - [04/Feb/2026:20:41:05 +0000] "GET /shopping/products/161888256 HTTP/2.0" 200 24658 "https://elementalmill.com/shopping/products/1619731583" "Mozilla/5.0 AppleWebKit/537.36 (KHTML, like Gecko; compatible; GPTBot/1.3; +https://openai.com/gptbot)"
74.7.227.48 - - [04/Feb/2026:20:41:08 +0000] "GET /shopping/products/161838517 HTTP/2.0" 200 24535 "https://elementalmill.com/shopping/products/16222067201" "Mozilla/5.0 AppleWebKit/537.36 (KHTML, like Gecko; compatible; GPTBot/1.3; +https://openai.com/gptbot)"
104.208.113.220 - - [04/Feb/2026:20:41:09 +0000] "GET /file2.php HTTP/1.1" 404 13178 "-" "Mozilla/5.0 (Windows NT 10.0; Win64; x64) AppleWebKit/537.36 (KHTML, like Gecko) Chrome/120.0.0.0 Safari/537.36"
