74.7.227.48 - - [04/Feb/2026:20:41:10 +0000] "GET /shopping/products/1619906334 HTTP/2.0" 200 24519 "https://elementalmill.com/shopping/products/1618398090" "Mozilla/5.0 AppleWebKit/537.36 (KHTML, like Gecko; compatible; GPTBot/1.3; +https://openai.com/gptbot)"
104.208.113.220 - - [04/Feb/2026:20:41:13 +0000] "GET /moon.php HTTP/1.1" 404 13178 "-" "Mozilla/5.0 (Windows NT 10.0; Win64; x64) AppleWebKit/537.36 (KHTML, like Gecko) Chrome/120.0.0.0 Safari/537.36"
74.7.227.48 - - [04/Feb/2026:20:41:13 +0000] "GET /shopping/products/1619743604 HTTP/2.0" 200 24505 "https://elementalmill.com/shopping/products/16222212482" "Mozilla/5.0 AppleWebKit/537.36 (KHTML, like Gecko; compatible; GPTBot/1.3; +https://openai.com/gptbot)"
104.208.113.220 - - [04/Feb/2026:20:41:16 +0000] "GET /wp-admin/css/colors/blue/index.php HTTP/1.1" 301 20 "-" "Mozilla/5.0 (Windows NT 10.0; Win64; x64) AppleWebKit/537.36 (KHTML, like Gecko) Chrome/120.0.0.0 Safari/537.36"
74.7.227.48 - - [04/Feb/2026:20:41:16 +0000] "GET /shopping/products/1619815384 HTTP/2.0" 200 25097 "https://elementalmill.com/shopping/products/1619600858" "Mozilla/5.0 AppleWebKit/537.36 (KHTML, like Gecko; compatible; GPTBot/1.3; +https://openai.com/gptbot)"
104.208.113.220 - - [04/Feb/2026:20:41:19 +0000] "GET /wp-content/index.php HTTP/1.1" 301 839 "-" "Mozilla/5.0 (Windows NT 10.0; Win64; x64) AppleWebKit/537.36 (KHTML, like Gecko) Chrome/120.0.0.0 Safari/537.36"
74.7.227.48 - - [04/Feb/2026:20:41:20 +0000] "GET /shop/customer/bookmark.php?shopping/products/16211509865 HTTP/2.0" 200 26036 "https://elementalmill.com/shop/customer/bookmark.php?shopping/products/1619998268" "Mozilla/5.0 AppleWebKit/537.36 (KHTML, like Gecko; compatible; GPTBot/1.3; +https://openai.com/gptbot)"
104.208.113.220 - - [04/Feb/2026:20:41:22 +0000] "GET /wp-content/plugins/yanierin/akcc.php HTTP/1.1" 404 13178 "-" "Mozilla/5.0 (Windows NT 10.0; Win64; x64) AppleWebKit/537.36 (KHTML, like Gecko) Chrome/120.0.0.0 Safari/537.36"
74.7.227.48 - - [04/Feb/2026:20:41:23 +0000] "GET /shopping/products/1618207569 HTTP/2.0" 200 24455 "https://elementalmill.com/shopping/products/1619630830" "Mozilla/5.0 AppleWebKit/537.36 (KHTML, like Gecko; compatible; GPTBot/1.3; +https://openai.com/gptbot)"
74.7.227.48 - - [04/Feb/2026:20:41:26 +0000] "GET /shop/pg/479609 HTTP/2.0" 200 25180 "https://elementalmill.com/shopping/products/1618479609" "Mozilla/5.0 AppleWebKit/537.36 (KHTML, like Gecko; compatible; GPTBot/1.3; +https://openai.com/gptbot)"
104.208.113.220 - - [04/Feb/2026:20:41:27 +0000] "GET /wp-content/uploads/index.php HTTP/1.1" 301 839 "-" "Mozilla/5.0 (Windows NT 10.0; Win64; x64) AppleWebKit/537.36 (KHTML, like Gecko) Chrome/120.0.0.0 Safari/537.36"
74.7.227.48 - - [04/Feb/2026:20:41:29 +0000] "GET /shopping/products/1619742085 HTTP/2.0" 200 25490 "https://elementalmill.com/shopping/products/16232623209" "Mozilla/5.0 AppleWebKit/537.36 (KHTML, like Gecko; compatible; GPTBot/1.3; +https://openai.com/gptbot)"
104.208.113.220 - - [04/Feb/2026:20:41:30 +0000] "GET /wp-content/wp-conflg.php HTTP/1.1" 404 13178 "-" "Mozilla/5.0 (Windows NT 10.0; Win64; x64) AppleWebKit/537.36 (KHTML, like Gecko) Chrome/120.0.0.0 Safari/537.36"
74.7.227.48 - - [04/Feb/2026:20:41:32 +0000] "GET /shop/customer/bookmark.php?crsirefo_hidden=0219d3605c2e10d51c688f939542ce4335d5a8dcccdeb9746951d1e0aede9bab&goods=1257174 HTTP/2.0" 200 24581 "https://elementalmill.com/category/16201000175" "Mozilla/5.0 AppleWebKit/537.36 (KHTML, like Gecko; compatible; GPTBot/1.3; +https://openai.com/gptbot)"
104.208.113.220 - - [04/Feb/2026:20:41:34 +0000] "GET /wp-cron.php HTTP/1.1" 404 13178 "-" "Mozilla/5.0 (Windows NT 10.0; Win64; x64) AppleWebKit/537.36 (KHTML, like Gecko) Chrome/120.0.0.0 Safari/537.36"
74.7.227.48 - - [04/Feb/2026:20:41:35 +0000] "GET /shop/customer/bookmark.php?crsirefo_hidden=0219d3605c2e10d51c688f939542ce4335d5a8dcccdeb9746951d1e0aede9bab&goods=1412784 HTTP/2.0" 200 25553 "https://elementalmill.com/category/16201000175" "Mozilla/5.0 AppleWebKit/537.36 (KHTML, like Gecko; compatible; GPTBot/1.3; +https://openai.com/gptbot)"
74.7.227.48 - - [04/Feb/2026:20:41:39 +0000] "GET /shopping/products/161849730 HTTP/2.0" 200 24362 "https://elementalmill.com/shopping/products/161841000" "Mozilla/5.0 AppleWebKit/537.36 (KHTML, like Gecko; compatible; GPTBot/1.3; +https://openai.com/gptbot)"
104.208.113.220 - - [04/Feb/2026:20:41:39 +0000] "GET /wp-includes/IXR/ HTTP/1.1" 404 13178 "-" "Mozilla/5.0 (Windows NT 10.0; Win64; x64) AppleWebKit/537.36 (KHTML, like Gecko) Chrome/120.0.0.0 Safari/537.36"
139.162.194.112 - - [04/Feb/2026:20:41:41 +0000] "POST /wp-cron.php?doing_wp_cron=1770237701.5932281017303466796875 HTTP/1.1" 404 13168 "-" "WordPress/6.9.1; https://elementalmill.com"
74.7.227.48 - - [04/Feb/2026:20:41:42 +0000] "GET /shopping/products/1619613714 HTTP/2.0" 200 24279 "https://elementalmill.com/shopping/products/1618479609" "Mozilla/5.0 AppleWebKit/537.36 (KHTML, like Gecko; compatible; GPTBot/1.3; +https://openai.com/gptbot)"
104.208.113.220 - - [04/Feb/2026:20:41:43 +0000] "GET /wp-includes/block-supports/ HTTP/1.1" 404 13178 "-" "Mozilla/5.0 (Windows NT 10.0; Win64; x64) AppleWebKit/537.36 (KHTML, like Gecko) Chrome/120.0.0.0 Safari/537.36"
74.7.227.48 - - [04/Feb/2026:20:41:45 +0000] "GET /shopping/products/1619752010 HTTP/2.0" 200 24776 "https://elementalmill.com/shopping/products/16222212482" "Mozilla/5.0 AppleWebKit/537.36 (KHTML, like Gecko; compatible; GPTBot/1.3; +https://openai.com/gptbot)"
104.208.113.220 - - [04/Feb/2026:20:41:47 +0000] "GET /wp-includes/fonts/ HTTP/1.1" 404 13178 "-" "Mozilla/5.0 (Windows NT 10.0; Win64; x64) AppleWebKit/537.36 (KHTML, like Gecko) Chrome/120.0.0.0 Safari/537.36"
74.7.227.48 - - [04/Feb/2026:20:41:49 +0000] "GET /shopping/products/1619910365 HTTP/2.0" 200 24345 "https://elementalmill.com/shopping/products/16232623209" "Mozilla/5.0 AppleWebKit/537.36 (KHTML, like Gecko; compatible; GPTBot/1.3; +https://openai.com/gptbot)"
104.208.113.220 - - [04/Feb/2026:20:41:50 +0000] "GET /wp-includes/fonts/index.php HTTP/1.1" 301 839 "-" "Mozilla/5.0 (Windows NT 10.0; Win64; x64) AppleWebKit/537.36 (KHTML, like Gecko) Chrome/120.0.0.0 Safari/537.36"
74.7.227.48 - - [04/Feb/2026:20:41:52 +0000] "GET /shopping/products/1618214396 HTTP/2.0" 200 24525 "https://elementalmill.com/shopping/products/161888256" "Mozilla/5.0 AppleWebKit/537.36 (KHTML, like Gecko; compatible; GPTBot/1.3; +https://openai.com/gptbot)"
104.208.113.220 - - [04/Feb/2026:20:41:53 +0000] "GET /wp-includes/js/crop/ HTTP/1.1" 404 13178 "-" "Mozilla/5.0 (Windows NT 10.0; Win64; x64) AppleWebKit/537.36 (KHTML, like Gecko) Chrome/120.0.0.0 Safari/537.36"
74.7.227.48 - - [04/Feb/2026:20:41:56 +0000] "GET /shop/customer/bookmark.php?shopping/products/16201066899 HTTP/2.0" 200 24702 "https://elementalmill.com/shop/customer/bookmark.php?shopping/products/16211509865" "Mozilla/5.0 AppleWebKit/537.36 (KHTML, like Gecko; compatible; GPTBot/1.3; +https://openai.com/gptbot)"
104.208.113.220 - - [04/Feb/2026:20:41:57 +0000] "GET /wp-includes/rest-api/ HTTP/1.1" 404 13178 "-" "Mozilla/5.0 (Windows NT 10.0; Win64; x64) AppleWebKit/537.36 (KHTML, like Gecko) Chrome/120.0.0.0 Safari/537.36"
74.7.227.48 - - [04/Feb/2026:20:41:59 +0000] "GET /shop/customer/bookmark.php?shopping/products/1619699927 HTTP/2.0" 200 25687 "https://elementalmill.com/shop/customer/bookmark.php?shopping/products/16211509865" "Mozilla/5.0 AppleWebKit/537.36 (KHTML, like Gecko; compatible; GPTBot/1.3; +https://openai.com/gptbot)"
104.208.113.220 - - [04/Feb/2026:20:42:00 +0000] "GET /wp-includes/widgets/ HTTP/1.1" 404 13178 "-" "Mozilla/5.0 (Windows NT 10.0; Win64; x64) AppleWebKit/537.36 (KHTML, like Gecko) Chrome/120.0.0.0 Safari/537.36"
74.7.227.48 - - [04/Feb/2026:20:42:03 +0000] "GET /shopping/products/1619721156 HTTP/2.0" 200 24618 "https://elementalmill.com/shopping/products/161888256" "Mozilla/5.0 AppleWebKit/537.36 (KHTML, like Gecko; compatible; GPTBot/1.3; +https://openai.com/gptbot)"
74.7.227.48 - - [04/Feb/2026:20:42:06 +0000] "GET /shop/pg/742085 HTTP/2.0" 200 24574 "https://elementalmill.com/shopping/products/1619742085" "Mozilla/5.0 AppleWebKit/537.36 (KHTML, like Gecko; compatible; GPTBot/1.3; +https://openai.com/gptbot)"
74.7.227.48 - - [04/Feb/2026:20:42:09 +0000] "GET /shopping/products/1619794040 HTTP/2.0" 200 24258 "https://elementalmill.com/shopping/products/16222212482" "Mozilla/5.0 AppleWebKit/537.36 (KHTML, like Gecko; compatible; GPTBot/1.3; +https://openai.com/gptbot)"
74.7.227.48 - - [04/Feb/2026:20:42:13 +0000] "GET /shop/customer/bookmark.php?shopping/products/16211769695 HTTP/2.0" 200 26025 "https://elementalmill.com/shop/customer/bookmark.php?crsirefo_hidden=0219d3605c2e10d51c688f939542ce4335d5a8dcccdeb9746951d1e0aede9bab&goods=1412784" "Mozilla/5.0 AppleWebKit/537.36 (KHTML, like Gecko; compatible; GPTBot/1.3; +https://openai.com/gptbot)"
74.7.227.48 - - [04/Feb/2026:20:42:16 +0000] "GET /shop/customer/bookmark.php?shopping/products/16232636975 HTTP/2.0" 200 26080 "https://elementalmill.com/shop/customer/bookmark.php?crsirefo_hidden=0219d3605c2e10d51c688f939542ce4335d5a8dcccdeb9746951d1e0aede9bab&goods=1412784" "Mozilla/5.0 AppleWebKit/537.36 (KHTML, like Gecko; compatible; GPTBot/1.3; +https://openai.com/gptbot)"
74.7.227.48 - - [04/Feb/2026:20:42:19 +0000] "GET /shopping/products/16222164144 HTTP/2.0" 200 25326 "https://elementalmill.com/shopping/products/161849730" "Mozilla/5.0 AppleWebKit/537.36 (KHTML, like Gecko; compatible; GPTBot/1.3; +https://openai.com/gptbot)"
74.7.227.48 - - [04/Feb/2026:20:42:23 +0000] "GET /shopping/products/1618134001 HTTP/2.0" 200 24843 "https://elementalmill.com/shopping/products/161841000" "Mozilla/5.0 AppleWebKit/537.36 (KHTML, like Gecko; compatible; GPTBot/1.3; +https://openai.com/gptbot)"
74.7.227.48 - - [04/Feb/2026:20:42:27 +0000] "GET /shopping/products/1619763743 HTTP/2.0" 200 25123 "https://elementalmill.com/shopping/products/1619910365" "Mozilla/5.0 AppleWebKit/537.36 (KHTML, like Gecko; compatible; GPTBot/1.3; +https://openai.com/gptbot)"
74.7.227.48 - - [04/Feb/2026:20:42:30 +0000] "GET /shopping/products/1619602604 HTTP/2.0" 200 23911 "https://elementalmill.com/shopping/products/1619600858" "Mozilla/5.0 AppleWebKit/537.36 (KHTML, like Gecko; compatible; GPTBot/1.3; +https://openai.com/gptbot)"
74.7.227.48 - - [04/Feb/2026:20:42:33 +0000] "GET /shopping/products/1619907521 HTTP/2.0" 200 24896 "https://elementalmill.com/shopping/products/16222212482" "Mozilla/5.0 AppleWebKit/537.36 (KHTML, like Gecko; compatible; GPTBot/1.3; +https://openai.com/gptbot)"
74.7.227.48 - - [04/Feb/2026:20:42:36 +0000] "GET /shop/customer/bookmark.php?category/16199 HTTP/2.0" 200 26984 "https://elementalmill.com/shop/customer/bookmark.php?shopping/products/1619699927" "Mozilla/5.0 AppleWebKit/537.36 (KHTML, like Gecko; compatible; GPTBot/1.3; +https://openai.com/gptbot)"
74.7.227.48 - - [04/Feb/2026:20:42:38 +0000] "GET /shop/customer/bookmark.php?shopping/products/16201092376 HTTP/2.0" 200 24897 "https://elementalmill.com/shop/customer/bookmark.php?shopping/products/1619699927" "Mozilla/5.0 AppleWebKit/537.36 (KHTML, like Gecko; compatible; GPTBot/1.3; +https://openai.com/gptbot)"
74.7.227.48 - - [04/Feb/2026:20:42:42 +0000] "GET /shop/customer/bookmark.php?shopping/products/1619699908 HTTP/2.0" 200 24820 "https://elementalmill.com/shop/customer/bookmark.php?shopping/products/1619699927" "Mozilla/5.0 AppleWebKit/537.36 (KHTML, like Gecko; compatible; GPTBot/1.3; +https://openai.com/gptbot)"
74.7.227.48 - - [04/Feb/2026:20:42:45 +0000] "GET /shopping/products/1619879359 HTTP/2.0" 200 24470 "https://elementalmill.com/shopping/products/1619721156" "Mozilla/5.0 AppleWebKit/537.36 (KHTML, like Gecko; compatible; GPTBot/1.3; +https://openai.com/gptbot)"
74.7.227.48 - - [04/Feb/2026:20:42:48 +0000] "GET /shop/customer/bookmark.php?shopping/products/16211734490 HTTP/2.0" 200 24929 "https://elementalmill.com/shop/customer/bookmark.php?shopping/products/16211769695" "Mozilla/5.0 AppleWebKit/537.36 (KHTML, like Gecko; compatible; GPTBot/1.3; +https://openai.com/gptbot)"
74.7.227.48 - - [04/Feb/2026:20:42:51 +0000] "GET /shop/customer/bookmark.php?shopping/products/16201333674 HTTP/2.0" 200 25176 "https://elementalmill.com/shop/customer/bookmark.php?shopping/products/16232636975" "Mozilla/5.0 AppleWebKit/537.36 (KHTML, like Gecko; compatible; GPTBot/1.3; +https://openai.com/gptbot)"
74.7.227.48 - - [04/Feb/2026:20:42:54 +0000] "GET /shop/customer/bookmark.php?shopping/products/16201451484 HTTP/2.0" 200 24741 "https://elementalmill.com/shop/customer/bookmark.php?shopping/products/16232636975" "Mozilla/5.0 AppleWebKit/537.36 (KHTML, like Gecko; compatible; GPTBot/1.3; +https://openai.com/gptbot)"
74.7.227.48 - - [04/Feb/2026:20:42:58 +0000] "GET /shop/customer/bookmark.php?shopping/products/16211791054 HTTP/2.0" 200 25005 "https://elementalmill.com/shop/customer/bookmark.php?shopping/products/16232636975" "Mozilla/5.0 AppleWebKit/537.36 (KHTML, like Gecko; compatible; GPTBot/1.3; +https://openai.com/gptbot)"
74.7.227.48 - - [04/Feb/2026:20:43:01 +0000] "GET /shopping/products/1619980806 HTTP/2.0" 200 24346 "https://elementalmill.com/shopping/products/1619763743" "Mozilla/5.0 AppleWebKit/537.36 (KHTML, like Gecko; compatible; GPTBot/1.3; +https://openai.com/gptbot)"
74.7.227.48 - - [04/Feb/2026:20:43:04 +0000] "GET /shopping/products/1618270758 HTTP/2.0" 200 24119 "https://elementalmill.com/shopping/products/1619602604" "Mozilla/5.0 AppleWebKit/537.36 (KHTML, like Gecko; compatible; GPTBot/1.3; +https://openai.com/gptbot)"
74.7.227.48 - - [04/Feb/2026:20:43:08 +0000] "GET /shopping/products/1619779810 HTTP/2.0" 200 24411 "https://elementalmill.com/shopping/products/1619907521" "Mozilla/5.0 AppleWebKit/537.36 (KHTML, like Gecko; compatible; GPTBot/1.3; +https://openai.com/gptbot)"
74.7.227.48 - - [04/Feb/2026:20:43:11 +0000] "GET /shop/customer/bookmark.php?shopping/products/161848862 HTTP/2.0" 200 25069 "https://elementalmill.com/shop/customer/bookmark.php?category/16199" "Mozilla/5.0 AppleWebKit/537.36 (KHTML, like Gecko; compatible; GPTBot/1.3; +https://openai.com/gptbot)"
74.7.227.48 - - [04/Feb/2026:20:43:14 +0000] "GET /shop/customer/bookmark.php?shopping/products/16222217961 HTTP/2.0" 200 25927 "https://elementalmill.com/shop/customer/bookmark.php?shopping/products/16201092376" "Mozilla/5.0 AppleWebKit/537.36 (KHTML, like Gecko; compatible; GPTBot/1.3; +https://openai.com/gptbot)"
74.7.227.48 - - [04/Feb/2026:20:43:17 +0000] "GET /shop/customer/bookmark.php?crsirefo_hidden=0219d3605c2e10d51c688f939542ce4335d5a8dcccdeb9746951d1e0aede9bab&goods=734389 HTTP/2.0" 200 24622 "https://elementalmill.com/shop/customer/bookmark.php?category/16199" "Mozilla/5.0 AppleWebKit/537.36 (KHTML, like Gecko; compatible; GPTBot/1.3; +https://openai.com/gptbot)"
74.7.227.48 - - [04/Feb/2026:20:43:21 +0000] "GET /shop/customer/bookmark.php?crsirefo_hidden=0219d3605c2e10d51c688f939542ce4335d5a8dcccdeb9746951d1e0aede9bab&goods=861126 HTTP/2.0" 200 24887 "https://elementalmill.com/shop/customer/bookmark.php?category/16199" "Mozilla/5.0 AppleWebKit/537.36 (KHTML, like Gecko; compatible; GPTBot/1.3; +https://openai.com/gptbot)"
74.7.227.48 - - [04/Feb/2026:20:43:24 +0000] "GET /shop/customer/bookmark.php?crsirefo_hidden=0219d3605c2e10d51c688f939542ce4335d5a8dcccdeb9746951d1e0aede9bab&goods=983089 HTTP/2.0" 200 25480 "https://elementalmill.com/shop/customer/bookmark.php?category/16199" "Mozilla/5.0 AppleWebKit/537.36 (KHTML, like Gecko; compatible; GPTBot/1.3; +https://openai.com/gptbot)"
74.7.227.48 - - [04/Feb/2026:20:43:28 +0000] "GET /shop/customer/bookmark.php?shopping/products/16211754522 HTTP/2.0" 200 25239 "https://elementalmill.com/shop/customer/bookmark.php?shopping/products/16201092376" "Mozilla/5.0 AppleWebKit/537.36 (KHTML, like Gecko; compatible; GPTBot/1.3; +https://openai.com/gptbot)"
74.7.227.48 - - [04/Feb/2026:20:43:31 +0000] "GET /shop/customer/bookmark.php?shopping/products/16201216732 HTTP/2.0" 200 25304 "https://elementalmill.com/shop/customer/bookmark.php?shopping/products/16211734490" "Mozilla/5.0 AppleWebKit/537.36 (KHTML, like Gecko; compatible; GPTBot/1.3; +https://openai.com/gptbot)"
74.7.227.48 - - [04/Feb/2026:20:43:33 +0000] "GET /shop/customer/bookmark.php?shopping/products/16211642343 HTTP/2.0" 200 24722 "https://elementalmill.com/shop/customer/bookmark.php?shopping/products/16211791054" "Mozilla/5.0 AppleWebKit/537.36 (KHTML, like Gecko; compatible; GPTBot/1.3; +https://openai.com/gptbot)"
74.7.227.48 - - [04/Feb/2026:20:43:37 +0000] "GET /shop/customer/bookmark.php?shopping/products/16201230400 HTTP/2.0" 200 25075 "https://elementalmill.com/shop/customer/bookmark.php?shopping/products/1619699908" "Mozilla/5.0 AppleWebKit/537.36 (KHTML, like Gecko; compatible; GPTBot/1.3; +https://openai.com/gptbot)"
74.7.227.48 - - [04/Feb/2026:20:43:40 +0000] "GET /shop/customer/bookmark.php?shopping/products/16222002027 HTTP/2.0" 200 24921 "https://elementalmill.com/shop/customer/bookmark.php?shopping/products/16211791054" "Mozilla/5.0 AppleWebKit/537.36 (KHTML, like Gecko; compatible; GPTBot/1.3; +https://openai.com/gptbot)"
74.7.227.48 - - [04/Feb/2026:20:43:43 +0000] "GET /shop/customer/bookmark.php?shopping/products/16222003910 HTTP/2.0" 200 24608 "https://elementalmill.com/shop/customer/bookmark.php?shopping/products/16201333674" "Mozilla/5.0 AppleWebKit/537.36 (KHTML, like Gecko; compatible; GPTBot/1.3; +https://openai.com/gptbot)"
74.7.227.48 - - [04/Feb/2026:20:43:46 +0000] "GET /shop/customer/bookmark.php?shopping/products/16222482642 HTTP/2.0" 200 25506 "https://elementalmill.com/shop/customer/bookmark.php?shopping/products/161848862" "Mozilla/5.0 AppleWebKit/537.36 (KHTML, like Gecko; compatible; GPTBot/1.3; +https://openai.com/gptbot)"
74.7.227.48 - - [04/Feb/2026:20:43:49 +0000] "GET /shop/customer/bookmark.php?shopping/products/16222130439 HTTP/2.0" 200 24924 "https://elementalmill.com/shop/customer/bookmark.php?shopping/products/16222217961" "Mozilla/5.0 AppleWebKit/537.36 (KHTML, like Gecko; compatible; GPTBot/1.3; +https://openai.com/gptbot)"
74.7.227.48 - - [04/Feb/2026:20:43:53 +0000] "GET /shop/customer/bookmark.php?shopping/products/16201142106 HTTP/2.0" 200 25645 "https://elementalmill.com/shop/customer/bookmark.php?crsirefo_hidden=0219d3605c2e10d51c688f939542ce4335d5a8dcccdeb9746951d1e0aede9bab&goods=734389" "Mozilla/5.0 AppleWebKit/537.36 (KHTML, like Gecko; compatible; GPTBot/1.3; +https://openai.com/gptbot)"
74.7.227.48 - - [04/Feb/2026:20:43:56 +0000] "GET /shop/customer/bookmark.php?shopping/products/16211706414 HTTP/2.0" 200 26198 "https://elementalmill.com/shop/customer/bookmark.php?crsirefo_hidden=0219d3605c2e10d51c688f939542ce4335d5a8dcccdeb9746951d1e0aede9bab&goods=861126" "Mozilla/5.0 AppleWebKit/537.36 (KHTML, like Gecko; compatible; GPTBot/1.3; +https://openai.com/gptbot)"
74.7.227.48 - - [04/Feb/2026:20:43:59 +0000] "GET /shop/customer/bookmark.php?shopping/products/16201120690 HTTP/2.0" 200 25244 "https://elementalmill.com/shop/customer/bookmark.php?crsirefo_hidden=0219d3605c2e10d51c688f939542ce4335d5a8dcccdeb9746951d1e0aede9bab&goods=983089" "Mozilla/5.0 AppleWebKit/537.36 (KHTML, like Gecko; compatible; GPTBot/1.3; +https://openai.com/gptbot)"
74.7.227.48 - - [04/Feb/2026:20:44:02 +0000] "GET /shop/customer/bookmark.php?shopping/products/16201096961 HTTP/2.0" 200 24790 "https://elementalmill.com/shop/customer/bookmark.php?crsirefo_hidden=0219d3605c2e10d51c688f939542ce4335d5a8dcccdeb9746951d1e0aede9bab&goods=983089" "Mozilla/5.0 AppleWebKit/537.36 (KHTML, like Gecko; compatible; GPTBot/1.3; +https://openai.com/gptbot)"
74.7.227.48 - - [04/Feb/2026:20:44:05 +0000] "GET /shop/customer/bookmark.php?shopping/products/16222440756 HTTP/2.0" 200 25415 "https://elementalmill.com/shop/customer/bookmark.php?crsirefo_hidden=0219d3605c2e10d51c688f939542ce4335d5a8dcccdeb9746951d1e0aede9bab&goods=983089" "Mozilla/5.0 AppleWebKit/537.36 (KHTML, like Gecko; compatible; GPTBot/1.3; +https://openai.com/gptbot)"
74.7.227.48 - - [04/Feb/2026:20:44:08 +0000] "GET /shop/customer/bookmark.php?shopping/products/16222014690 HTTP/2.0" 200 26575 "https://elementalmill.com/shop/customer/bookmark.php?shopping/products/16201216732" "Mozilla/5.0 AppleWebKit/537.36 (KHTML, like Gecko; compatible; GPTBot/1.3; +https://openai.com/gptbot)"
74.7.227.48 - - [04/Feb/2026:20:44:11 +0000] "GET /shop/customer/bookmark.php?shopping/products/16222307561 HTTP/2.0" 200 24447 "https://elementalmill.com/shop/customer/bookmark.php?shopping/products/16201230400" "Mozilla/5.0 AppleWebKit/537.36 (KHTML, like Gecko; compatible; GPTBot/1.3; +https://openai.com/gptbot)"
74.7.227.48 - - [04/Feb/2026:20:44:14 +0000] "GET /shop/customer/bookmark.php?shopping/products/16222371547 HTTP/2.0" 200 25655 "https://elementalmill.com/shop/customer/bookmark.php?crsirefo_hidden=0219d3605c2e10d51c688f939542ce4335d5a8dcccdeb9746951d1e0aede9bab&goods=861126" "Mozilla/5.0 AppleWebKit/537.36 (KHTML, like Gecko; compatible; GPTBot/1.3; +https://openai.com/gptbot)"
74.7.227.48 - - [04/Feb/2026:20:44:17 +0000] "GET /shop/customer/bookmark.php?shopping/products/16211842892 HTTP/2.0" 200 25985 "https://elementalmill.com/shop/customer/bookmark.php?shopping/products/16222003910" "Mozilla/5.0 AppleWebKit/537.36 (KHTML, like Gecko; compatible; GPTBot/1.3; +https://openai.com/gptbot)"
74.7.227.48 - - [04/Feb/2026:20:44:20 +0000] "GET /shop/customer/bookmark.php?shopping/products/16222302540 HTTP/2.0" 200 24699 "https://elementalmill.com/shop/customer/bookmark.php?shopping/products/16222482642" "Mozilla/5.0 AppleWebKit/537.36 (KHTML, like Gecko; compatible; GPTBot/1.3; +https://openai.com/gptbot)"
74.7.227.48 - - [04/Feb/2026:20:44:23 +0000] "GET /shop/customer/bookmark.php?shopping/products/16222366566 HTTP/2.0" 200 25286 "https://elementalmill.com/shop/customer/bookmark.php?shopping/products/161848862" "Mozilla/5.0 AppleWebKit/537.36 (KHTML, like Gecko; compatible; GPTBot/1.3; +https://openai.com/gptbot)"
74.7.227.48 - - [04/Feb/2026:20:44:26 +0000] "GET /shop/customer/bookmark.php?shopping/products/16211593411 HTTP/2.0" 200 25386 "https://elementalmill.com/shop/customer/bookmark.php?shopping/products/16201142106" "Mozilla/5.0 AppleWebKit/537.36 (KHTML, like Gecko; compatible; GPTBot/1.3; +https://openai.com/gptbot)"
74.7.227.48 - - [04/Feb/2026:20:44:30 +0000] "GET /shop/customer/bookmark.php?shopping/products/16201167787 HTTP/2.0" 200 24608 "https://elementalmill.com/shop/customer/bookmark.php?shopping/products/16211706414" "Mozilla/5.0 AppleWebKit/537.36 (KHTML, like Gecko; compatible; GPTBot/1.3; +https://openai.com/gptbot)"
74.7.227.48 - - [04/Feb/2026:20:44:33 +0000] "GET /shop/customer/bookmark.php?shopping/products/16201150921 HTTP/2.0" 200 24939 "https://elementalmill.com/shop/customer/bookmark.php?shopping/products/16201142106" "Mozilla/5.0 AppleWebKit/537.36 (KHTML, like Gecko; compatible; GPTBot/1.3; +https://openai.com/gptbot)"
74.7.227.48 - - [04/Feb/2026:20:44:36 +0000] "GET /shop/customer/bookmark.php?shopping/products/16232525451 HTTP/2.0" 200 24793 "https://elementalmill.com/shop/customer/bookmark.php?shopping/products/16201142106" "Mozilla/5.0 AppleWebKit/537.36 (KHTML, like Gecko; compatible; GPTBot/1.3; +https://openai.com/gptbot)"
74.7.227.48 - - [04/Feb/2026:20:44:39 +0000] "GET /shop/customer/bookmark.php?shopping/products/16222306305 HTTP/2.0" 200 24758 "https://elementalmill.com/shop/customer/bookmark.php?shopping/products/16201096961" "Mozilla/5.0 AppleWebKit/537.36 (KHTML, like Gecko; compatible; GPTBot/1.3; +https://openai.com/gptbot)"
74.7.227.48 - - [04/Feb/2026:20:44:42 +0000] "GET /shop/customer/bookmark.php?shopping/products/16232555461 HTTP/2.0" 200 24813 "https://elementalmill.com/shop/customer/bookmark.php?shopping/products/16201096961" "Mozilla/5.0 AppleWebKit/537.36 (KHTML, like Gecko; compatible; GPTBot/1.3; +https://openai.com/gptbot)"
74.7.227.48 - - [04/Feb/2026:20:44:45 +0000] "GET /shop/customer/bookmark.php?shopping/products/16222380467 HTTP/2.0" 200 25441 "https://elementalmill.com/shop/customer/bookmark.php?shopping/products/16201142106" "Mozilla/5.0 AppleWebKit/537.36 (KHTML, like Gecko; compatible; GPTBot/1.3; +https://openai.com/gptbot)"
74.7.227.48 - - [04/Feb/2026:20:44:48 +0000] "GET /shop/customer/bookmark.php?shopping/products/16222009797 HTTP/2.0" 200 25324 "https://elementalmill.com/shop/customer/bookmark.php?shopping/products/16201120690" "Mozilla/5.0 AppleWebKit/537.36 (KHTML, like Gecko; compatible; GPTBot/1.3; +https://openai.com/gptbot)"
74.7.227.48 - - [04/Feb/2026:20:44:51 +0000] "GET /shop/customer/bookmark.php?shopping/products/16211852662 HTTP/2.0" 200 25393 "https://elementalmill.com/shop/customer/bookmark.php?shopping/products/16211842892" "Mozilla/5.0 AppleWebKit/537.36 (KHTML, like Gecko; compatible; GPTBot/1.3; +https://openai.com/gptbot)"
74.7.227.48 - - [04/Feb/2026:20:44:54 +0000] "GET /shop/customer/bookmark.php?shopping/products/16211934636 HTTP/2.0" 200 24644 "https://elementalmill.com/shop/customer/bookmark.php?shopping/products/16222302540" "Mozilla/5.0 AppleWebKit/537.36 (KHTML, like Gecko; compatible; GPTBot/1.3; +https://openai.com/gptbot)"
74.7.227.48 - - [04/Feb/2026:20:44:56 +0000] "GET /shop/customer/bookmark.php?shopping/products/16222121125 HTTP/2.0" 200 25855 "https://elementalmill.com/shop/customer/bookmark.php?shopping/products/16222302540" "Mozilla/5.0 AppleWebKit/537.36 (KHTML, like Gecko; compatible; GPTBot/1.3; +https://openai.com/gptbot)"
74.7.227.48 - - [04/Feb/2026:20:45:00 +0000] "GET /shop/customer/bookmark.php?shopping/products/16211610871 HTTP/2.0" 200 25027 "https://elementalmill.com/shop/customer/bookmark.php?shopping/products/16211593411" "Mozilla/5.0 AppleWebKit/537.36 (KHTML, like Gecko; compatible; GPTBot/1.3; +https://openai.com/gptbot)"
74.7.227.48 - - [04/Feb/2026:20:45:03 +0000] "GET /shop/customer/bookmark.php?shopping/products/16222068168 HTTP/2.0" 200 25910 "https://elementalmill.com/shop/customer/bookmark.php?shopping/products/16222217961" "Mozilla/5.0 AppleWebKit/537.36 (KHTML, like Gecko; compatible; GPTBot/1.3; +https://openai.com/gptbot)"
74.7.227.48 - - [04/Feb/2026:20:45:05 +0000] "GET /shop/customer/bookmark.php?shopping/products/16222386442 HTTP/2.0" 200 25154 "https://elementalmill.com/shop/customer/bookmark.php?shopping/products/16222217961" "Mozilla/5.0 AppleWebKit/537.36 (KHTML, like Gecko; compatible; GPTBot/1.3; +https://openai.com/gptbot)"
74.7.227.48 - - [04/Feb/2026:20:45:08 +0000] "GET /shop/customer/bookmark.php?shopping/products/16222257858 HTTP/2.0" 200 25395 "https://elementalmill.com/shop/customer/bookmark.php?shopping/products/16201096961" "Mozilla/5.0 AppleWebKit/537.36 (KHTML, like Gecko; compatible; GPTBot/1.3; +https://openai.com/gptbot)"
74.7.227.48 - - [04/Feb/2026:20:45:11 +0000] "GET /shop/customer/bookmark.php?shopping/products/16222242387 HTTP/2.0" 200 25031 "https://elementalmill.com/shop/customer/bookmark.php?shopping/products/16201142106" "Mozilla/5.0 AppleWebKit/537.36 (KHTML, like Gecko; compatible; GPTBot/1.3; +https://openai.com/gptbot)"
74.7.227.48 - - [04/Feb/2026:20:45:13 +0000] "GET /shop/customer/bookmark.php?shopping/products/16211804040 HTTP/2.0" 200 25104 "https://elementalmill.com/shop/customer/bookmark.php?shopping/products/16232555461" "Mozilla/5.0 AppleWebKit/537.36 (KHTML, like Gecko; compatible; GPTBot/1.3; +https://openai.com/gptbot)"
74.7.227.48 - - [04/Feb/2026:20:45:16 +0000] "GET /shop/customer/bookmark.php?shopping/products/16222323147 HTTP/2.0" 200 25361 "https://elementalmill.com/shop/customer/bookmark.php?shopping/products/16222130439" "Mozilla/5.0 AppleWebKit/537.36 (KHTML, like Gecko; compatible; GPTBot/1.3; +https://openai.com/gptbot)"
74.7.227.48 - - [04/Feb/2026:20:45:19 +0000] "GET /shop/customer/bookmark.php?shopping/products/16222268010 HTTP/2.0" 200 25214 "https://elementalmill.com/shop/customer/bookmark.php?shopping/products/16222009797" "Mozilla/5.0 AppleWebKit/537.36 (KHTML, like Gecko; compatible; GPTBot/1.3; +https://openai.com/gptbot)"
74.7.227.48 - - [04/Feb/2026:20:45:22 +0000] "GET /shop/customer/bookmark.php?category/162247 HTTP/2.0" 200 30300 "https://elementalmill.com/shop/customer/bookmark.php?shopping/products/16222482642" "Mozilla/5.0 AppleWebKit/537.36 (KHTML, like Gecko; compatible; GPTBot/1.3; +https://openai.com/gptbot)"
74.7.227.48 - - [04/Feb/2026:20:45:24 +0000] "GET /shop/customer/bookmark.php?shopping/products/16222148205 HTTP/2.0" 200 25407 "https://elementalmill.com/shop/customer/bookmark.php?shopping/products/16211934636" "Mozilla/5.0 AppleWebKit/537.36 (KHTML, like Gecko; compatible; GPTBot/1.3; +https://openai.com/gptbot)"
74.7.227.48 - - [04/Feb/2026:20:45:26 +0000] "GET /shop/customer/bookmark.php?shopping/products/16222272801 HTTP/2.0" 200 24918 "https://elementalmill.com/shop/customer/bookmark.php?shopping/products/16211934636" "Mozilla/5.0 AppleWebKit/537.36 (KHTML, like Gecko; compatible; GPTBot/1.3; +https://openai.com/gptbot)"
74.7.227.48 - - [04/Feb/2026:20:45:29 +0000] "GET /shop/customer/bookmark.php?shopping/products/16222119133 HTTP/2.0" 200 26328 "https://elementalmill.com/shop/customer/bookmark.php?shopping/products/16211610871" "Mozilla/5.0 AppleWebKit/537.36 (KHTML, like Gecko; compatible; GPTBot/1.3; +https://openai.com/gptbot)"
74.7.227.48 - - [04/Feb/2026:20:45:32 +0000] "GET /shop/customer/bookmark.php?shopping/products/1618146818 HTTP/2.0" 200 25825 "https://elementalmill.com/shop/customer/bookmark.php?shopping/products/16201142106" "Mozilla/5.0 AppleWebKit/537.36 (KHTML, like Gecko; compatible; GPTBot/1.3; +https://openai.com/gptbot)"
74.7.227.48 - - [04/Feb/2026:20:45:35 +0000] "GET /shop/customer/bookmark.php?shopping/products/16222086105 HTTP/2.0" 200 26029 "https://elementalmill.com/shop/customer/bookmark.php?shopping/products/16222386442" "Mozilla/5.0 AppleWebKit/537.36 (KHTML, like Gecko; compatible; GPTBot/1.3; +https://openai.com/gptbot)"
74.7.227.48 - - [04/Feb/2026:20:45:38 +0000] "GET /shop/customer/bookmark.php?shopping/products/16222473890 HTTP/2.0" 200 26651 "https://elementalmill.com/shop/customer/bookmark.php?shopping/products/16201092376" "Mozilla/5.0 AppleWebKit/537.36 (KHTML, like Gecko; compatible; GPTBot/1.3; +https://openai.com/gptbot)"
74.7.227.48 - - [04/Feb/2026:20:45:41 +0000] "GET /shop/customer/bookmark.php?shopping/products/16211521473 HTTP/2.0" 200 24509 "https://elementalmill.com/shop/customer/bookmark.php?shopping/products/16222440756" "Mozilla/5.0 AppleWebKit/537.36 (KHTML, like Gecko; compatible; GPTBot/1.3; +https://openai.com/gptbot)"
74.7.227.48 - - [04/Feb/2026:20:45:44 +0000] "GET /shop/customer/bookmark.php?shopping/products/16211556031 HTTP/2.0" 200 25334 "https://elementalmill.com/shop/customer/bookmark.php?shopping/products/16211804040" "Mozilla/5.0 AppleWebKit/537.36 (KHTML, like Gecko; compatible; GPTBot/1.3; +https://openai.com/gptbot)"
74.7.227.48 - - [04/Feb/2026:20:45:47 +0000] "GET /shop/customer/bookmark.php?shopping/products/16211953218 HTTP/2.0" 200 26198 "https://elementalmill.com/shop/customer/bookmark.php?shopping/products/16222257858" "Mozilla/5.0 AppleWebKit/537.36 (KHTML, like Gecko; compatible; GPTBot/1.3; +https://openai.com/gptbot)"
74.7.227.48 - - [04/Feb/2026:20:45:50 +0000] "GET /shop/customer/bookmark.php?shopping/products/16211725035 HTTP/2.0" 200 25532 "https://elementalmill.com/shop/customer/bookmark.php?shopping/products/16211610871" "Mozilla/5.0 AppleWebKit/537.36 (KHTML, like Gecko; compatible; GPTBot/1.3; +https://openai.com/gptbot)"
74.7.227.48 - - [04/Feb/2026:20:45:52 +0000] "GET /shop/customer/bookmark.php?category/162280 HTTP/2.0" 200 28316 "https://elementalmill.com/shop/customer/bookmark.php?category/162247" "Mozilla/5.0 AppleWebKit/537.36 (KHTML, like Gecko; compatible; GPTBot/1.3; +https://openai.com/gptbot)"
74.7.227.48 - - [04/Feb/2026:20:45:54 +0000] "GET /shop/customer/bookmark.php?shopping/products/161863061 HTTP/2.0" 200 24419 "https://elementalmill.com/shop/customer/bookmark.php?shopping/products/16222148205" "Mozilla/5.0 AppleWebKit/537.36 (KHTML, like Gecko; compatible; GPTBot/1.3; +https://openai.com/gptbot)"
74.7.227.48 - - [04/Feb/2026:20:45:57 +0000] "GET /shop/customer/bookmark.php?shopping/products/16222156935 HTTP/2.0" 200 24507 "https://elementalmill.com/shop/customer/bookmark.php?shopping/products/16222148205" "Mozilla/5.0 AppleWebKit/537.36 (KHTML, like Gecko; compatible; GPTBot/1.3; +https://openai.com/gptbot)"
74.7.227.48 - - [04/Feb/2026:20:46:00 +0000] "GET /shop/customer/bookmark.php?shopping/products/161869363 HTTP/2.0" 200 24813 "https://elementalmill.com/shop/customer/bookmark.php?shopping/products/16222119133" "Mozilla/5.0 AppleWebKit/537.36 (KHTML, like Gecko; compatible; GPTBot/1.3; +https://openai.com/gptbot)"
74.7.227.48 - - [04/Feb/2026:20:46:03 +0000] "GET /shop/customer/bookmark.php?shopping/products/16222399346 HTTP/2.0" 200 25518 "https://elementalmill.com/shop/customer/bookmark.php?shopping/products/16222119133" "Mozilla/5.0 AppleWebKit/537.36 (KHTML, like Gecko; compatible; GPTBot/1.3; +https://openai.com/gptbot)"
74.7.227.48 - - [04/Feb/2026:20:46:06 +0000] "GET /shop/customer/bookmark.php?shopping/products/16211679282 HTTP/2.0" 200 24830 "https://elementalmill.com/shop/customer/bookmark.php?shopping/products/16222086105" "Mozilla/5.0 AppleWebKit/537.36 (KHTML, like Gecko; compatible; GPTBot/1.3; +https://openai.com/gptbot)"
74.7.227.48 - - [04/Feb/2026:20:46:09 +0000] "GET /shop/customer/bookmark.php?shopping/products/16211552935 HTTP/2.0" 200 25577 "https://elementalmill.com/shop/customer/bookmark.php?shopping/products/16222473890" "Mozilla/5.0 AppleWebKit/537.36 (KHTML, like Gecko; compatible; GPTBot/1.3; +https://openai.com/gptbot)"
74.7.227.48 - - [04/Feb/2026:20:46:13 +0000] "GET /shop/pg/16211528386 HTTP/2.0" 200 25341 "https://elementalmill.com/shop/customer/bookmark.php?shopping/products/16211521473" "Mozilla/5.0 AppleWebKit/537.36 (KHTML, like Gecko; compatible; GPTBot/1.3; +https://openai.com/gptbot)"
74.7.227.48 - - [04/Feb/2026:20:46:16 +0000] "GET /shop/customer/bookmark.php?shopping/products/16211719623 HTTP/2.0" 200 24795 "https://elementalmill.com/shop/customer/bookmark.php?shopping/products/16211521473" "Mozilla/5.0 AppleWebKit/537.36 (KHTML, like Gecko; compatible; GPTBot/1.3; +https://openai.com/gptbot)"
74.7.227.48 - - [04/Feb/2026:20:46:19 +0000] "GET /shop/customer/bookmark.php?shopping/products/16222268973 HTTP/2.0" 200 24438 "https://elementalmill.com/shop/customer/bookmark.php?shopping/products/16222272801" "Mozilla/5.0 AppleWebKit/537.36 (KHTML, like Gecko; compatible; GPTBot/1.3; +https://openai.com/gptbot)"
74.7.227.48 - - [04/Feb/2026:20:46:22 +0000] "GET /shop/customer/bookmark.php?shopping/products/16222047757 HTTP/2.0" 200 26182 "https://elementalmill.com/shop/customer/bookmark.php?shopping/products/16222272801" "Mozilla/5.0 AppleWebKit/537.36 (KHTML, like Gecko; compatible; GPTBot/1.3; +https://openai.com/gptbot)"
74.7.227.48 - - [04/Feb/2026:20:46:25 +0000] "GET /shop/customer/bookmark.php?shopping/products/16222383815 HTTP/2.0" 200 26375 "https://elementalmill.com/shop/customer/bookmark.php?shopping/products/16222473890" "Mozilla/5.0 AppleWebKit/537.36 (KHTML, like Gecko; compatible; GPTBot/1.3; +https://openai.com/gptbot)"
74.7.227.48 - - [04/Feb/2026:20:46:28 +0000] "GET /shop/customer/bookmark.php?shopping/products/16222323900 HTTP/2.0" 200 25287 "https://elementalmill.com/shop/customer/bookmark.php?shopping/products/161863061" "Mozilla/5.0 AppleWebKit/537.36 (KHTML, like Gecko; compatible; GPTBot/1.3; +https://openai.com/gptbot)"
74.7.227.48 - - [04/Feb/2026:20:46:31 +0000] "GET /shop/customer/bookmark.php?shopping/products/16222021801 HTTP/2.0" 200 25405 "https://elementalmill.com/shop/customer/bookmark.php?shopping/products/16222156935" "Mozilla/5.0 AppleWebKit/537.36 (KHTML, like Gecko; compatible; GPTBot/1.3; +https://openai.com/gptbot)"
74.7.227.48 - - [04/Feb/2026:20:46:34 +0000] "GET /shop/customer/bookmark.php?shopping/products/16222104865 HTTP/2.0" 200 26085 "https://elementalmill.com/shop/customer/bookmark.php?shopping/products/16222156935" "Mozilla/5.0 AppleWebKit/537.36 (KHTML, like Gecko; compatible; GPTBot/1.3; +https://openai.com/gptbot)"
74.7.227.48 - - [04/Feb/2026:20:46:37 +0000] "GET /shop/customer/bookmark.php?shopping/products/16222281531 HTTP/2.0" 200 25338 "https://elementalmill.com/shop/customer/bookmark.php?shopping/products/16222272801" "Mozilla/5.0 AppleWebKit/537.36 (KHTML, like Gecko; compatible; GPTBot/1.3; +https://openai.com/gptbot)"
74.7.227.48 - - [04/Feb/2026:20:46:41 +0000] "GET /shop/customer/bookmark.php?shopping/products/16201116240 HTTP/2.0" 200 25817 "https://elementalmill.com/shop/customer/bookmark.php?shopping/products/16211679282" "Mozilla/5.0 AppleWebKit/537.36 (KHTML, like Gecko; compatible; GPTBot/1.3; +https://openai.com/gptbot)"
74.7.227.48 - - [04/Feb/2026:20:46:44 +0000] "GET /shop/customer/bookmark.php?shopping/products/1618113610 HTTP/2.0" 200 24615 "https://elementalmill.com/shop/customer/bookmark.php?category/162280" "Mozilla/5.0 AppleWebKit/537.36 (KHTML, like Gecko; compatible; GPTBot/1.3; +https://openai.com/gptbot)"
74.7.227.48 - - [04/Feb/2026:20:46:46 +0000] "GET /shop/customer/bookmark.php?shopping/products/161826734 HTTP/2.0" 200 24220 "https://elementalmill.com/shop/customer/bookmark.php?shopping/products/16222473890" "Mozilla/5.0 AppleWebKit/537.36 (KHTML, like Gecko; compatible; GPTBot/1.3; +https://openai.com/gptbot)"
74.7.227.48 - - [04/Feb/2026:20:46:49 +0000] "GET /shop/customer/bookmark.php?shopping/products/16222297258 HTTP/2.0" 200 25606 "https://elementalmill.com/shop/customer/bookmark.php?shopping/products/16211719623" "Mozilla/5.0 AppleWebKit/537.36 (KHTML, like Gecko; compatible; GPTBot/1.3; +https://openai.com/gptbot)"
74.7.227.48 - - [04/Feb/2026:20:46:53 +0000] "GET /shop/customer/bookmark.php?shopping/products/16211619024 HTTP/2.0" 200 24681 "https://elementalmill.com/shop/customer/bookmark.php?shopping/products/16222268973" "Mozilla/5.0 AppleWebKit/537.36 (KHTML, like Gecko; compatible; GPTBot/1.3; +https://openai.com/gptbot)"
74.7.227.48 - - [04/Feb/2026:20:46:56 +0000] "GET /shop/customer/bookmark.php?shopping/products/16222325567 HTTP/2.0" 200 26695 "https://elementalmill.com/shop/customer/bookmark.php?shopping/products/16222047757" "Mozilla/5.0 AppleWebKit/537.36 (KHTML, like Gecko; compatible; GPTBot/1.3; +https://openai.com/gptbot)"
74.7.227.48 - - [04/Feb/2026:20:47:00 +0000] "GET /shop/customer/bookmark.php?shopping/products/16222117877 HTTP/2.0" 200 25805 "https://elementalmill.com/shop/customer/bookmark.php?shopping/products/16222047757" "Mozilla/5.0 AppleWebKit/537.36 (KHTML, like Gecko; compatible; GPTBot/1.3; +https://openai.com/gptbot)"
74.7.227.48 - - [04/Feb/2026:20:47:03 +0000] "GET /shop/customer/bookmark.php?shopping/products/16222327392 HTTP/2.0" 200 25817 "https://elementalmill.com/shop/customer/bookmark.php?shopping/products/16222323900" "Mozilla/5.0 AppleWebKit/537.36 (KHTML, like Gecko; compatible; GPTBot/1.3; +https://openai.com/gptbot)"
74.7.227.48 - - [04/Feb/2026:20:47:06 +0000] "GET /shop/customer/bookmark.php?shopping/products/16222138624 HTTP/2.0" 200 26115 "https://elementalmill.com/shop/customer/bookmark.php?shopping/products/16222268973" "Mozilla/5.0 AppleWebKit/537.36 (KHTML, like Gecko; compatible; GPTBot/1.3; +https://openai.com/gptbot)"
74.7.227.48 - - [04/Feb/2026:20:47:08 +0000] "GET /shop/customer/bookmark.php?shopping/products/16222120579 HTTP/2.0" 200 26080 "https://elementalmill.com/shop/customer/bookmark.php?shopping/products/16222104865" "Mozilla/5.0 AppleWebKit/537.36 (KHTML, like Gecko; compatible; GPTBot/1.3; +https://openai.com/gptbot)"
74.7.227.48 - - [04/Feb/2026:20:47:11 +0000] "GET /shop/customer/bookmark.php?shopping/products/16222148607 HTTP/2.0" 200 25139 "https://elementalmill.com/shop/customer/bookmark.php?shopping/products/16222281531" "Mozilla/5.0 AppleWebKit/537.36 (KHTML, like Gecko; compatible; GPTBot/1.3; +https://openai.com/gptbot)"
74.7.227.48 - - [04/Feb/2026:20:47:14 +0000] "GET /shop/customer/bookmark.php?shopping/products/16222415765 HTTP/2.0" 200 25845 "https://elementalmill.com/shop/customer/bookmark.php?shopping/products/16201116240" "Mozilla/5.0 AppleWebKit/537.36 (KHTML, like Gecko; compatible; GPTBot/1.3; +https://openai.com/gptbot)"
74.7.227.48 - - [04/Feb/2026:20:47:17 +0000] "GET /shop/customer/bookmark.php?shopping/products/16211750498 HTTP/2.0" 200 24903 "https://elementalmill.com/shop/customer/bookmark.php?shopping/products/16222272801" "Mozilla/5.0 AppleWebKit/537.36 (KHTML, like Gecko; compatible; GPTBot/1.3; +https://openai.com/gptbot)"
74.7.227.48 - - [04/Feb/2026:20:47:20 +0000] "GET /shop/customer/bookmark.php?shopping/products/16211569176 HTTP/2.0" 200 24393 "https://elementalmill.com/shop/customer/bookmark.php?shopping/products/161826734" "Mozilla/5.0 AppleWebKit/537.36 (KHTML, like Gecko; compatible; GPTBot/1.3; +https://openai.com/gptbot)"
74.7.227.48 - - [04/Feb/2026:20:47:23 +0000] "GET /shop/customer/bookmark.php?shopping/products/161881728 HTTP/2.0" 200 25132 "https://elementalmill.com/shop/customer/bookmark.php?shopping/products/16222297258" "Mozilla/5.0 AppleWebKit/537.36 (KHTML, like Gecko; compatible; GPTBot/1.3; +https://openai.com/gptbot)"
74.7.227.48 - - [04/Feb/2026:20:47:26 +0000] "GET /shop/customer/bookmark.php?shopping/products/16222189389 HTTP/2.0" 200 25771 "https://elementalmill.com/shop/customer/bookmark.php?shopping/products/16222297258" "Mozilla/5.0 AppleWebKit/537.36 (KHTML, like Gecko; compatible; GPTBot/1.3; +https://openai.com/gptbot)"
74.7.227.48 - - [04/Feb/2026:20:47:29 +0000] "GET /shop/customer/bookmark.php?shopping/products/16222175537 HTTP/2.0" 200 24813 "https://elementalmill.com/shop/customer/bookmark.php?shopping/products/16222297258" "Mozilla/5.0 AppleWebKit/537.36 (KHTML, like Gecko; compatible; GPTBot/1.3; +https://openai.com/gptbot)"
74.7.227.48 - - [04/Feb/2026:20:47:32 +0000] "GET /shop/customer/bookmark.php?shopping/products/16222296225 HTTP/2.0" 200 25497 "https://elementalmill.com/shop/customer/bookmark.php?shopping/products/16211619024" "Mozilla/5.0 AppleWebKit/537.36 (KHTML, like Gecko; compatible; GPTBot/1.3; +https://openai.com/gptbot)"
74.7.227.48 - - [04/Feb/2026:20:47:35 +0000] "GET /shop/customer/bookmark.php?shopping/products/16201107691 HTTP/2.0" 200 24852 "https://elementalmill.com/shop/customer/bookmark.php?shopping/products/16222327392" "Mozilla/5.0 AppleWebKit/537.36 (KHTML, like Gecko; compatible; GPTBot/1.3; +https://openai.com/gptbot)"
74.7.227.48 - - [04/Feb/2026:20:47:38 +0000] "GET /shop/customer/bookmark.php?shopping/products/16211778650 HTTP/2.0" 200 24991 "https://elementalmill.com/shop/customer/bookmark.php?shopping/products/16222047757" "Mozilla/5.0 AppleWebKit/537.36 (KHTML, like Gecko; compatible; GPTBot/1.3; +https://openai.com/gptbot)"
74.7.227.48 - - [04/Feb/2026:20:47:41 +0000] "GET /shop/customer/bookmark.php?shopping/products/161851265 HTTP/2.0" 200 24772 "https://elementalmill.com/shop/customer/bookmark.php?shopping/products/16222120579" "Mozilla/5.0 AppleWebKit/537.36 (KHTML, like Gecko; compatible; GPTBot/1.3; +https://openai.com/gptbot)"
74.7.227.48 - - [04/Feb/2026:20:47:44 +0000] "GET /shop/customer/bookmark.php?shopping/products/16201138100 HTTP/2.0" 200 25287 "https://elementalmill.com/shop/customer/bookmark.php?shopping/products/16222148607" "Mozilla/5.0 AppleWebKit/537.36 (KHTML, like Gecko; compatible; GPTBot/1.3; +https://openai.com/gptbot)"
74.7.227.48 - - [04/Feb/2026:20:47:47 +0000] "GET /shop/customer/bookmark.php?shopping/products/16201417200 HTTP/2.0" 200 25269 "https://elementalmill.com/shop/customer/bookmark.php?shopping/products/16222415765" "Mozilla/5.0 AppleWebKit/537.36 (KHTML, like Gecko; compatible; GPTBot/1.3; +https://openai.com/gptbot)"
74.7.227.48 - - [04/Feb/2026:20:47:50 +0000] "GET /shop/customer/bookmark.php?shopping/products/16232552244 HTTP/2.0" 200 25699 "https://elementalmill.com/shop/customer/bookmark.php?shopping/products/16222415765" "Mozilla/5.0 AppleWebKit/537.36 (KHTML, like Gecko; compatible; GPTBot/1.3; +https://openai.com/gptbot)"
74.7.227.48 - - [04/Feb/2026:20:47:53 +0000] "GET /shop/customer/bookmark.php?shopping/products/16222239766 HTTP/2.0" 200 25444 "https://elementalmill.com/shop/customer/bookmark.php?shopping/products/16211569176" "Mozilla/5.0 AppleWebKit/537.36 (KHTML, like Gecko; compatible; GPTBot/1.3; +https://openai.com/gptbot)"
74.7.227.48 - - [04/Feb/2026:20:47:56 +0000] "GET /shop/customer/bookmark.php?shopping/products/16201356837 HTTP/2.0" 200 24915 "https://elementalmill.com/shop/customer/bookmark.php?shopping/products/161881728" "Mozilla/5.0 AppleWebKit/537.36 (KHTML, like Gecko; compatible; GPTBot/1.3; +https://openai.com/gptbot)"
74.7.227.48 - - [04/Feb/2026:20:47:59 +0000] "GET /shop/customer/bookmark.php?shopping/products/16201110138 HTTP/2.0" 200 24469 "https://elementalmill.com/shop/customer/bookmark.php?shopping/products/16222189389" "Mozilla/5.0 AppleWebKit/537.36 (KHTML, like Gecko; compatible; GPTBot/1.3; +https://openai.com/gptbot)"
74.7.227.48 - - [04/Feb/2026:20:48:02 +0000] "GET /shop/customer/bookmark.php?shopping/products/16222412282 HTTP/2.0" 200 25477 "https://elementalmill.com/shop/customer/bookmark.php?shopping/products/16222175537" "Mozilla/5.0 AppleWebKit/537.36 (KHTML, like Gecko; compatible; GPTBot/1.3; +https://openai.com/gptbot)"
74.7.227.48 - - [04/Feb/2026:20:48:05 +0000] "GET /shop/customer/bookmark.php?shopping/products/161882759 HTTP/2.0" 200 24921 "https://elementalmill.com/shop/customer/bookmark.php?shopping/products/16222175537" "Mozilla/5.0 AppleWebKit/537.36 (KHTML, like Gecko; compatible; GPTBot/1.3; +https://openai.com/gptbot)"
74.7.227.48 - - [04/Feb/2026:20:48:09 +0000] "GET /shop/customer/bookmark.php?shopping/products/16211513476 HTTP/2.0" 200 25222 "https://elementalmill.com/shop/customer/bookmark.php?shopping/products/16222399346" "Mozilla/5.0 AppleWebKit/537.36 (KHTML, like Gecko; compatible; GPTBot/1.3; +https://openai.com/gptbot)"
74.7.227.48 - - [04/Feb/2026:20:48:12 +0000] "GET /shop/customer/bookmark.php?shopping/products/16201498538 HTTP/2.0" 200 24751 "https://elementalmill.com/shop/customer/bookmark.php?shopping/products/16211778650" "Mozilla/5.0 AppleWebKit/537.36 (KHTML, like Gecko; compatible; GPTBot/1.3; +https://openai.com/gptbot)"
74.7.227.48 - - [04/Feb/2026:20:48:14 +0000] "GET /shop/customer/bookmark.php?shopping/products/16211546743 HTTP/2.0" 200 25432 "https://elementalmill.com/shop/customer/bookmark.php?shopping/products/16222002027" "Mozilla/5.0 AppleWebKit/537.36 (KHTML, like Gecko; compatible; GPTBot/1.3; +https://openai.com/gptbot)"
74.7.227.48 - - [04/Feb/2026:20:48:17 +0000] "GET /shop/customer/bookmark.php?shopping/products/16222111524 HTTP/2.0" 200 24671 "https://elementalmill.com/shop/customer/bookmark.php?shopping/products/16201138100" "Mozilla/5.0 AppleWebKit/537.36 (KHTML, like Gecko; compatible; GPTBot/1.3; +https://openai.com/gptbot)"
74.7.227.48 - - [04/Feb/2026:20:48:20 +0000] "GET /shop/customer/bookmark.php?shopping/products/16201122272 HTTP/2.0" 200 26735 "https://elementalmill.com/shop/customer/bookmark.php?shopping/products/16201417200" "Mozilla/5.0 AppleWebKit/537.36 (KHTML, like Gecko; compatible; GPTBot/1.3; +https://openai.com/gptbot)"
74.7.227.48 - - [04/Feb/2026:20:48:24 +0000] "GET /shop/customer/bookmark.php?shopping/products/16232523273 HTTP/2.0" 200 25838 "https://elementalmill.com/shop/customer/bookmark.php?shopping/products/16232552244" "Mozilla/5.0 AppleWebKit/537.36 (KHTML, like Gecko; compatible; GPTBot/1.3; +https://openai.com/gptbot)"
74.7.227.48 - - [04/Feb/2026:20:48:27 +0000] "GET /shop/customer/bookmark.php?shopping/products/16201409675 HTTP/2.0" 200 24769 "https://elementalmill.com/shop/customer/bookmark.php?shopping/products/16222086105" "Mozilla/5.0 AppleWebKit/537.36 (KHTML, like Gecko; compatible; GPTBot/1.3; +https://openai.com/gptbot)"
74.7.227.48 - - [04/Feb/2026:20:48:30 +0000] "GET /shop/customer/bookmark.php?shopping/products/16211802385 HTTP/2.0" 200 24701 "https://elementalmill.com/shop/customer/bookmark.php?shopping/products/16222386442" "Mozilla/5.0 AppleWebKit/537.36 (KHTML, like Gecko; compatible; GPTBot/1.3; +https://openai.com/gptbot)"
74.7.227.48 - - [04/Feb/2026:20:48:33 +0000] "GET /shop/customer/bookmark.php?shopping/products/16211956447 HTTP/2.0" 200 25522 "https://elementalmill.com/shop/customer/bookmark.php?shopping/products/16222121125" "Mozilla/5.0 AppleWebKit/537.36 (KHTML, like Gecko; compatible; GPTBot/1.3; +https://openai.com/gptbot)"
74.7.227.48 - - [04/Feb/2026:20:48:36 +0000] "GET /shop/customer/bookmark.php?shopping/products/16211845560 HTTP/2.0" 200 25207 "https://elementalmill.com/shop/customer/bookmark.php?shopping/products/16232555461" "Mozilla/5.0 AppleWebKit/537.36 (KHTML, like Gecko; compatible; GPTBot/1.3; +https://openai.com/gptbot)"
74.7.227.48 - - [04/Feb/2026:20:48:39 +0000] "GET /shop/customer/bookmark.php?shopping/products/16201259091 HTTP/2.0" 200 24731 "https://elementalmill.com/shop/customer/bookmark.php?shopping/products/161882759" "Mozilla/5.0 AppleWebKit/537.36 (KHTML, like Gecko; compatible; GPTBot/1.3; +https://openai.com/gptbot)"
74.7.227.48 - - [04/Feb/2026:20:48:42 +0000] "GET /shop/pg/16211520393 HTTP/2.0" 200 25098 "https://elementalmill.com/shop/customer/bookmark.php?shopping/products/16211513476" "Mozilla/5.0 AppleWebKit/537.36 (KHTML, like Gecko; compatible; GPTBot/1.3; +https://openai.com/gptbot)"
74.7.227.48 - - [04/Feb/2026:20:48:45 +0000] "GET /shop/customer/bookmark.php?shopping/products/16211964864 HTTP/2.0" 200 25243 "https://elementalmill.com/shop/customer/bookmark.php?shopping/products/16211513476" "Mozilla/5.0 AppleWebKit/537.36 (KHTML, like Gecko; compatible; GPTBot/1.3; +https://openai.com/gptbot)"
