141.98.11.169 - - [04/Feb/2026:20:14:24 +0000] "GET /wp-admin/ HTTP/1.1" 302 20 "https://elementalmill.com/wp-login.php" "Mozilla/5.0 (X11; Ubuntu; Linux x86_64) AppleWebKit/537.36 (KHTML, like Gecko) Chrome/118.0.0.0 Safari/537.36"
141.98.11.169 - - [04/Feb/2026:20:14:26 +0000] "GET /wp-admin/ HTTP/1.1" 302 20 "https://elementalmill.com/wp-login.php" "Mozilla/5.0 (X11; Ubuntu; Linux x86_64) AppleWebKit/537.36 (KHTML, like Gecko) Chrome/118.0.0.0 Safari/537.36"
74.7.227.48 - - [04/Feb/2026:20:14:26 +0000] "GET /shopping/products/161878236 HTTP/2.0" 200 24809 "https://elementalmill.com/shopping/products/1619764910" "Mozilla/5.0 AppleWebKit/537.36 (KHTML, like Gecko; compatible; GPTBot/1.3; +https://openai.com/gptbot)"
141.98.11.169 - - [04/Feb/2026:20:14:28 +0000] "GET /wp-admin/ HTTP/1.1" 302 20 "https://elementalmill.com/wp-login.php" "Mozilla/5.0 (X11; Ubuntu; Linux x86_64) AppleWebKit/537.36 (KHTML, like Gecko) Chrome/118.0.0.0 Safari/537.36"
74.7.227.48 - - [04/Feb/2026:20:14:29 +0000] "GET /shopping/products/1618406215 HTTP/2.0" 200 24465 "https://elementalmill.com/shopping/products/1619877371" "Mozilla/5.0 AppleWebKit/537.36 (KHTML, like Gecko; compatible; GPTBot/1.3; +https://openai.com/gptbot)"
141.98.11.169 - - [04/Feb/2026:20:14:31 +0000] "GET /wp-admin/ HTTP/1.1" 302 20 "https://elementalmill.com/wp-login.php" "Mozilla/5.0 (X11; Ubuntu; Linux x86_64) AppleWebKit/537.36 (KHTML, like Gecko) Chrome/118.0.0.0 Safari/537.36"
74.7.227.48 - - [04/Feb/2026:20:14:32 +0000] "GET /shopping/products/161820683 HTTP/2.0" 200 24253 "https://elementalmill.com/shopping/products/1618457360" "Mozilla/5.0 AppleWebKit/537.36 (KHTML, like Gecko; compatible; GPTBot/1.3; +https://openai.com/gptbot)"
141.98.11.169 - - [04/Feb/2026:20:14:33 +0000] "GET /wp-admin/ HTTP/1.1" 302 20 "https://elementalmill.com/wp-login.php" "Mozilla/5.0 (X11; Ubuntu; Linux x86_64) AppleWebKit/537.36 (KHTML, like Gecko) Chrome/118.0.0.0 Safari/537.36"
141.98.11.169 - - [04/Feb/2026:20:14:35 +0000] "GET /wp-admin/ HTTP/1.1" 302 20 "https://elementalmill.com/wp-login.php" "Mozilla/5.0 (X11; Ubuntu; Linux x86_64) AppleWebKit/537.36 (KHTML, like Gecko) Chrome/118.0.0.0 Safari/537.36"
74.7.227.48 - - [04/Feb/2026:20:14:35 +0000] "GET /shopping/products/1618499543 HTTP/2.0" 200 25172 "https://elementalmill.com/shopping/products/1618457360" "Mozilla/5.0 AppleWebKit/537.36 (KHTML, like Gecko; compatible; GPTBot/1.3; +https://openai.com/gptbot)"
141.98.11.169 - - [04/Feb/2026:20:14:38 +0000] "GET /wp-admin/ HTTP/1.1" 302 20 "https://elementalmill.com/wp-login.php" "Mozilla/5.0 (X11; Ubuntu; Linux x86_64) AppleWebKit/537.36 (KHTML, like Gecko) Chrome/118.0.0.0 Safari/537.36"
141.98.11.169 - - [04/Feb/2026:20:14:40 +0000] "GET /wp-admin/ HTTP/1.1" 302 20 "https://elementalmill.com/wp-login.php" "Mozilla/5.0 (X11; Ubuntu; Linux x86_64) AppleWebKit/537.36 (KHTML, like Gecko) Chrome/118.0.0.0 Safari/537.36"
74.7.227.48 - - [04/Feb/2026:20:14:39 +0000] "GET /shopping/products/16211811150 HTTP/2.0" 200 24970 "https://elementalmill.com/shopping/products/161895268" "Mozilla/5.0 AppleWebKit/537.36 (KHTML, like Gecko; compatible; GPTBot/1.3; +https://openai.com/gptbot)"
141.98.11.169 - - [04/Feb/2026:20:14:42 +0000] "GET /wp-admin/ HTTP/1.1" 302 20 "https://elementalmill.com/wp-login.php" "Mozilla/5.0 (X11; Ubuntu; Linux x86_64) AppleWebKit/537.36 (KHTML, like Gecko) Chrome/118.0.0.0 Safari/537.36"
74.7.227.48 - - [04/Feb/2026:20:14:43 +0000] "GET /shopping/products/16201222623 HTTP/2.0" 200 26021 "https://elementalmill.com/shopping/products/1618274535" "Mozilla/5.0 AppleWebKit/537.36 (KHTML, like Gecko; compatible; GPTBot/1.3; +https://openai.com/gptbot)"
141.98.11.169 - - [04/Feb/2026:20:14:44 +0000] "GET /wp-admin/ HTTP/1.1" 302 20 "https://elementalmill.com/wp-login.php" "Mozilla/5.0 (X11; Ubuntu; Linux x86_64) AppleWebKit/537.36 (KHTML, like Gecko) Chrome/118.0.0.0 Safari/537.36"
74.7.227.48 - - [04/Feb/2026:20:14:46 +0000] "GET /shopping/products/1618314275 HTTP/2.0" 200 24529 "https://elementalmill.com/shopping/products/1618265678" "Mozilla/5.0 AppleWebKit/537.36 (KHTML, like Gecko; compatible; GPTBot/1.3; +https://openai.com/gptbot)"
139.162.194.112 - - [04/Feb/2026:20:14:47 +0000] "POST /wp-cron.php?doing_wp_cron=1770236087.3094699382781982421875 HTTP/1.1" 404 13178 "-" "WordPress/6.9.1; https://elementalmill.com"
141.98.11.169 - - [04/Feb/2026:20:14:48 +0000] "GET /wp-admin/ HTTP/1.1" 302 20 "https://elementalmill.com/wp-login.php" "Mozilla/5.0 (X11; Ubuntu; Linux x86_64) AppleWebKit/537.36 (KHTML, like Gecko) Chrome/118.0.0.0 Safari/537.36"
74.7.227.48 - - [04/Feb/2026:20:14:50 +0000] "GET /shopping/products/1618168220 HTTP/2.0" 200 24394 "https://elementalmill.com/shopping/products/1618265678" "Mozilla/5.0 AppleWebKit/537.36 (KHTML, like Gecko; compatible; GPTBot/1.3; +https://openai.com/gptbot)"
141.98.11.169 - - [04/Feb/2026:20:14:51 +0000] "GET /wp-admin/profile.php HTTP/1.1" 404 12378 "https://elementalmill.com/wp-login.php" "Mozilla/5.0 (X11; Ubuntu; Linux x86_64) AppleWebKit/537.36 (KHTML, like Gecko) Chrome/118.0.0.0 Safari/537.36"
74.7.227.48 - - [04/Feb/2026:20:14:53 +0000] "GET /shopping/products/161849377 HTTP/2.0" 200 24439 "https://elementalmill.com/shopping/products/1619521832" "Mozilla/5.0 AppleWebKit/537.36 (KHTML, like Gecko; compatible; GPTBot/1.3; +https://openai.com/gptbot)"
141.98.11.169 - - [04/Feb/2026:20:14:54 +0000] "GET /wp-admin/edit.php HTTP/1.1" 404 12378 "https://elementalmill.com/wp-login.php" "Mozilla/5.0 (X11; Ubuntu; Linux x86_64) AppleWebKit/537.36 (KHTML, like Gecko) Chrome/118.0.0.0 Safari/537.36"
141.98.11.169 - - [04/Feb/2026:20:14:56 +0000] "GET /wp-admin/plugins.php HTTP/1.1" 404 12378 "https://elementalmill.com/wp-login.php" "Mozilla/5.0 (X11; Ubuntu; Linux x86_64) AppleWebKit/537.36 (KHTML, like Gecko) Chrome/118.0.0.0 Safari/537.36"
74.7.227.48 - - [04/Feb/2026:20:14:56 +0000] "GET /shopping/products/1618464526 HTTP/2.0" 200 25020 "https://elementalmill.com/shopping/products/1619752688" "Mozilla/5.0 AppleWebKit/537.36 (KHTML, like Gecko; compatible; GPTBot/1.3; +https://openai.com/gptbot)"
141.98.11.169 - - [04/Feb/2026:20:14:59 +0000] "POST /wp-login.php HTTP/1.1" 200 2934 "https://elementalmill.com/wp-login.php" "Mozilla/5.0 (Macintosh; Intel Mac OS X 10_15_7; rv:121.0) Gecko/20100101 Firefox/121.0"
74.7.227.48 - - [04/Feb/2026:20:15:00 +0000] "GET /shopping/products/1618412468 HTTP/2.0" 200 24560 "https://elementalmill.com/shopping/products/1618491745" "Mozilla/5.0 AppleWebKit/537.36 (KHTML, like Gecko; compatible; GPTBot/1.3; +https://openai.com/gptbot)"
141.98.11.169 - - [04/Feb/2026:20:15:02 +0000] "GET /wp-admin/index.php HTTP/1.1" 301 20 "https://elementalmill.com/wp-login.php" "Mozilla/5.0 (Macintosh; Intel Mac OS X 10_15_7; rv:119.0) Gecko/20100101 Firefox/119.0"
74.7.227.48 - - [04/Feb/2026:20:15:03 +0000] "GET /shopping/products/1618248476 HTTP/2.0" 200 24257 "https://elementalmill.com/shopping/products/161878236" "Mozilla/5.0 AppleWebKit/537.36 (KHTML, like Gecko; compatible; GPTBot/1.3; +https://openai.com/gptbot)"
141.98.11.169 - - [04/Feb/2026:20:15:04 +0000] "GET /wp-admin/ HTTP/1.1" 302 20 "https://elementalmill.com/wp-login.php" "Mozilla/5.0 (Macintosh; Intel Mac OS X 10_15_7; rv:119.0) Gecko/20100101 Firefox/119.0"
74.7.227.48 - - [04/Feb/2026:20:15:07 +0000] "GET /shopping/products/1618323800 HTTP/2.0" 200 25065 "https://elementalmill.com/shopping/products/1618406215" "Mozilla/5.0 AppleWebKit/537.36 (KHTML, like Gecko; compatible; GPTBot/1.3; +https://openai.com/gptbot)"
141.98.11.169 - - [04/Feb/2026:20:15:07 +0000] "GET /wp-admin/ HTTP/1.1" 302 20 "https://elementalmill.com/wp-login.php" "Mozilla/5.0 (Macintosh; Intel Mac OS X 10_15_7; rv:119.0) Gecko/20100101 Firefox/119.0"
141.98.11.169 - - [04/Feb/2026:20:15:10 +0000] "GET /wp-admin/ HTTP/1.1" 302 20 "https://elementalmill.com/wp-login.php" "Mozilla/5.0 (Macintosh; Intel Mac OS X 10_15_7; rv:119.0) Gecko/20100101 Firefox/119.0"
74.7.227.48 - - [04/Feb/2026:20:15:10 +0000] "GET /shopping/products/16201006091 HTTP/2.0" 200 24422 "https://elementalmill.com/shopping/products/161820683" "Mozilla/5.0 AppleWebKit/537.36 (KHTML, like Gecko; compatible; GPTBot/1.3; +https://openai.com/gptbot)"
141.98.11.169 - - [04/Feb/2026:20:15:13 +0000] "GET /wp-admin/ HTTP/1.1" 302 20 "https://elementalmill.com/wp-login.php" "Mozilla/5.0 (Macintosh; Intel Mac OS X 10_15_7; rv:119.0) Gecko/20100101 Firefox/119.0"
74.7.227.48 - - [04/Feb/2026:20:15:13 +0000] "GET /shopping/products/1619672730 HTTP/2.0" 200 25308 "https://elementalmill.com/shopping/products/1618499543" "Mozilla/5.0 AppleWebKit/537.36 (KHTML, like Gecko; compatible; GPTBot/1.3; +https://openai.com/gptbot)"
141.98.11.169 - - [04/Feb/2026:20:15:15 +0000] "GET /wp-admin/ HTTP/1.1" 302 20 "https://elementalmill.com/wp-login.php" "Mozilla/5.0 (Macintosh; Intel Mac OS X 10_15_7; rv:119.0) Gecko/20100101 Firefox/119.0"
74.7.227.48 - - [04/Feb/2026:20:15:16 +0000] "GET /shopping/products/1618284637 HTTP/2.0" 200 24282 "https://elementalmill.com/shopping/products/16211811150" "Mozilla/5.0 AppleWebKit/537.36 (KHTML, like Gecko; compatible; GPTBot/1.3; +https://openai.com/gptbot)"
141.98.11.169 - - [04/Feb/2026:20:15:18 +0000] "GET /wp-admin/ HTTP/1.1" 302 20 "https://elementalmill.com/wp-login.php" "Mozilla/5.0 (Macintosh; Intel Mac OS X 10_15_7; rv:119.0) Gecko/20100101 Firefox/119.0"
74.7.227.48 - - [04/Feb/2026:20:15:19 +0000] "GET /shop/pg/16201226821 HTTP/2.0" 200 24828 "https://elementalmill.com/shopping/products/16201222623" "Mozilla/5.0 AppleWebKit/537.36 (KHTML, like Gecko; compatible; GPTBot/1.3; +https://openai.com/gptbot)"
141.98.11.169 - - [04/Feb/2026:20:15:21 +0000] "GET /wp-admin/ HTTP/1.1" 302 20 "https://elementalmill.com/wp-login.php" "Mozilla/5.0 (Macintosh; Intel Mac OS X 10_15_7; rv:119.0) Gecko/20100101 Firefox/119.0"
141.98.11.169 - - [04/Feb/2026:20:15:23 +0000] "GET /wp-admin/ HTTP/1.1" 302 20 "https://elementalmill.com/wp-login.php" "Mozilla/5.0 (Macintosh; Intel Mac OS X 10_15_7; rv:119.0) Gecko/20100101 Firefox/119.0"
74.7.227.48 - - [04/Feb/2026:20:15:23 +0000] "GET /shopping/products/16211601096 HTTP/2.0" 200 24971 "https://elementalmill.com/shopping/products/16201222623" "Mozilla/5.0 AppleWebKit/537.36 (KHTML, like Gecko; compatible; GPTBot/1.3; +https://openai.com/gptbot)"
141.98.11.169 - - [04/Feb/2026:20:15:26 +0000] "GET /wp-admin/ HTTP/1.1" 302 20 "https://elementalmill.com/wp-login.php" "Mozilla/5.0 (Macintosh; Intel Mac OS X 10_15_7; rv:119.0) Gecko/20100101 Firefox/119.0"
74.7.227.48 - - [04/Feb/2026:20:15:26 +0000] "GET /shopping/products/1619640739 HTTP/2.0" 200 24546 "https://elementalmill.com/shopping/products/16222091761" "Mozilla/5.0 AppleWebKit/537.36 (KHTML, like Gecko; compatible; GPTBot/1.3; +https://openai.com/gptbot)"
141.98.11.169 - - [04/Feb/2026:20:15:28 +0000] "GET /wp-admin/ HTTP/1.1" 302 20 "https://elementalmill.com/wp-login.php" "Mozilla/5.0 (Macintosh; Intel Mac OS X 10_15_7; rv:119.0) Gecko/20100101 Firefox/119.0"
74.7.227.48 - - [04/Feb/2026:20:15:29 +0000] "GET /shopping/products/1618189085 HTTP/2.0" 200 24579 "https://elementalmill.com/shopping/products/1618265678" "Mozilla/5.0 AppleWebKit/537.36 (KHTML, like Gecko; compatible; GPTBot/1.3; +https://openai.com/gptbot)"
141.98.11.169 - - [04/Feb/2026:20:15:31 +0000] "GET /wp-admin/ HTTP/1.1" 302 20 "https://elementalmill.com/wp-login.php" "Mozilla/5.0 (Macintosh; Intel Mac OS X 10_15_7; rv:119.0) Gecko/20100101 Firefox/119.0"
141.98.11.169 - - [04/Feb/2026:20:15:33 +0000] "GET /wp-admin/ HTTP/1.1" 302 20 "https://elementalmill.com/wp-login.php" "Mozilla/5.0 (Macintosh; Intel Mac OS X 10_15_7; rv:119.0) Gecko/20100101 Firefox/119.0"
74.7.227.48 - - [04/Feb/2026:20:15:33 +0000] "GET /shopping/products/1619543790 HTTP/2.0" 200 24806 "https://elementalmill.com/shopping/products/1618265678" "Mozilla/5.0 AppleWebKit/537.36 (KHTML, like Gecko; compatible; GPTBot/1.3; +https://openai.com/gptbot)"
141.98.11.169 - - [04/Feb/2026:20:15:35 +0000] "GET /wp-admin/ HTTP/1.1" 302 20 "https://elementalmill.com/wp-login.php" "Mozilla/5.0 (Macintosh; Intel Mac OS X 10_15_7; rv:119.0) Gecko/20100101 Firefox/119.0"
74.7.227.48 - - [04/Feb/2026:20:15:36 +0000] "GET /shopping/products/1619603685 HTTP/2.0" 200 24393 "https://elementalmill.com/shopping/products/16211811150" "Mozilla/5.0 AppleWebKit/537.36 (KHTML, like Gecko; compatible; GPTBot/1.3; +https://openai.com/gptbot)"
141.98.11.169 - - [04/Feb/2026:20:15:38 +0000] "GET /wp-admin/ HTTP/1.1" 302 20 "https://elementalmill.com/wp-login.php" "Mozilla/5.0 (Macintosh; Intel Mac OS X 10_15_7; rv:119.0) Gecko/20100101 Firefox/119.0"
74.7.227.48 - - [04/Feb/2026:20:15:39 +0000] "GET /shopping/products/1618232381 HTTP/2.0" 200 25210 "https://elementalmill.com/shopping/products/1618248476" "Mozilla/5.0 AppleWebKit/537.36 (KHTML, like Gecko; compatible; GPTBot/1.3; +https://openai.com/gptbot)"
141.98.11.169 - - [04/Feb/2026:20:15:40 +0000] "GET /wp-admin/ HTTP/1.1" 302 20 "https://elementalmill.com/wp-login.php" "Mozilla/5.0 (Macintosh; Intel Mac OS X 10_15_7; rv:119.0) Gecko/20100101 Firefox/119.0"
141.98.11.169 - - [04/Feb/2026:20:15:43 +0000] "GET /wp-admin/ HTTP/1.1" 302 20 "https://elementalmill.com/wp-login.php" "Mozilla/5.0 (Macintosh; Intel Mac OS X 10_15_7; rv:119.0) Gecko/20100101 Firefox/119.0"
74.7.227.48 - - [04/Feb/2026:20:15:43 +0000] "GET /shopping/products/1618465901 HTTP/2.0" 200 24387 "https://elementalmill.com/shopping/products/1618248476" "Mozilla/5.0 AppleWebKit/537.36 (KHTML, like Gecko; compatible; GPTBot/1.3; +https://openai.com/gptbot)"
141.98.11.169 - - [04/Feb/2026:20:15:45 +0000] "GET /wp-admin/ HTTP/1.1" 302 20 "https://elementalmill.com/wp-login.php" "Mozilla/5.0 (Macintosh; Intel Mac OS X 10_15_7; rv:119.0) Gecko/20100101 Firefox/119.0"
74.7.227.48 - - [04/Feb/2026:20:15:46 +0000] "GET /shopping/products/1618174315 HTTP/2.0" 200 24851 "https://elementalmill.com/shopping/products/16201006091" "Mozilla/5.0 AppleWebKit/537.36 (KHTML, like Gecko; compatible; GPTBot/1.3; +https://openai.com/gptbot)"
139.162.194.112 - - [04/Feb/2026:20:15:48 +0000] "POST /wp-cron.php?doing_wp_cron=1770236148.2873089313507080078125 HTTP/1.1" 404 13168 "-" "WordPress/6.9.1; https://elementalmill.com"
141.98.11.169 - - [04/Feb/2026:20:15:49 +0000] "GET /wp-admin/ HTTP/1.1" 302 20 "https://elementalmill.com/wp-login.php" "Mozilla/5.0 (Macintosh; Intel Mac OS X 10_15_7; rv:119.0) Gecko/20100101 Firefox/119.0"
74.7.227.48 - - [04/Feb/2026:20:15:49 +0000] "GET /shopping/products/16211682772 HTTP/2.0" 200 24399 "https://elementalmill.com/shopping/products/1619672730" "Mozilla/5.0 AppleWebKit/537.36 (KHTML, like Gecko; compatible; GPTBot/1.3; +https://openai.com/gptbot)"
141.98.11.169 - - [04/Feb/2026:20:15:52 +0000] "GET /wp-admin/ HTTP/1.1" 302 20 "https://elementalmill.com/wp-login.php" "Mozilla/5.0 (Macintosh; Intel Mac OS X 10_15_7; rv:119.0) Gecko/20100101 Firefox/119.0"
74.7.227.48 - - [04/Feb/2026:20:15:53 +0000] "GET /shopping/products/16222336677 HTTP/2.0" 200 25898 "https://elementalmill.com/shopping/products/1619672730" "Mozilla/5.0 AppleWebKit/537.36 (KHTML, like Gecko; compatible; GPTBot/1.3; +https://openai.com/gptbot)"
141.98.11.169 - - [04/Feb/2026:20:15:54 +0000] "GET /wp-admin/ HTTP/1.1" 302 20 "https://elementalmill.com/wp-login.php" "Mozilla/5.0 (Macintosh; Intel Mac OS X 10_15_7; rv:119.0) Gecko/20100101 Firefox/119.0"
74.7.227.48 - - [04/Feb/2026:20:15:56 +0000] "GET /shopping/products/1618115739 HTTP/2.0" 200 25812 "https://elementalmill.com/shopping/products/1619764910" "Mozilla/5.0 AppleWebKit/537.36 (KHTML, like Gecko; compatible; GPTBot/1.3; +https://openai.com/gptbot)"
141.98.11.169 - - [04/Feb/2026:20:15:56 +0000] "GET /wp-admin/ HTTP/1.1" 302 20 "https://elementalmill.com/wp-login.php" "Mozilla/5.0 (Macintosh; Intel Mac OS X 10_15_7; rv:119.0) Gecko/20100101 Firefox/119.0"
141.98.11.169 - - [04/Feb/2026:20:15:59 +0000] "GET /wp-admin/ HTTP/1.1" 302 20 "https://elementalmill.com/wp-login.php" "Mozilla/5.0 (Macintosh; Intel Mac OS X 10_15_7; rv:119.0) Gecko/20100101 Firefox/119.0"
74.7.227.48 - - [04/Feb/2026:20:15:59 +0000] "GET /shopping/products/1619596128 HTTP/2.0" 200 25016 "https://elementalmill.com/shopping/products/16211601096" "Mozilla/5.0 AppleWebKit/537.36 (KHTML, like Gecko; compatible; GPTBot/1.3; +https://openai.com/gptbot)"
141.98.11.169 - - [04/Feb/2026:20:16:01 +0000] "GET /wp-admin/ HTTP/1.1" 302 20 "https://elementalmill.com/wp-login.php" "Mozilla/5.0 (Macintosh; Intel Mac OS X 10_15_7; rv:119.0) Gecko/20100101 Firefox/119.0"
74.7.227.48 - - [04/Feb/2026:20:16:02 +0000] "GET /shopping/products/1619856776 HTTP/2.0" 200 24743 "https://elementalmill.com/shopping/products/16211601096" "Mozilla/5.0 AppleWebKit/537.36 (KHTML, like Gecko; compatible; GPTBot/1.3; +https://openai.com/gptbot)"
141.98.11.169 - - [04/Feb/2026:20:16:04 +0000] "GET /wp-admin/ HTTP/1.1" 302 20 "https://elementalmill.com/wp-login.php" "Mozilla/5.0 (Macintosh; Intel Mac OS X 10_15_7; rv:119.0) Gecko/20100101 Firefox/119.0"
74.7.227.48 - - [04/Feb/2026:20:16:05 +0000] "GET /shopping/products/1618324106 HTTP/2.0" 200 24112 "https://elementalmill.com/shopping/products/1618189085" "Mozilla/5.0 AppleWebKit/537.36 (KHTML, like Gecko; compatible; GPTBot/1.3; +https://openai.com/gptbot)"
141.98.11.169 - - [04/Feb/2026:20:16:06 +0000] "GET /wp-admin/ HTTP/1.1" 302 20 "https://elementalmill.com/wp-login.php" "Mozilla/5.0 (Macintosh; Intel Mac OS X 10_15_7; rv:119.0) Gecko/20100101 Firefox/119.0"
141.98.11.169 - - [04/Feb/2026:20:16:09 +0000] "GET /wp-admin/ HTTP/1.1" 302 20 "https://elementalmill.com/wp-login.php" "Mozilla/5.0 (Macintosh; Intel Mac OS X 10_15_7; rv:119.0) Gecko/20100101 Firefox/119.0"
74.7.227.48 - - [04/Feb/2026:20:16:08 +0000] "GET /shopping/products/1618157491 HTTP/2.0" 200 24520 "https://elementalmill.com/shopping/products/1618189085" "Mozilla/5.0 AppleWebKit/537.36 (KHTML, like Gecko; compatible; GPTBot/1.3; +https://openai.com/gptbot)"
141.98.11.169 - - [04/Feb/2026:20:16:11 +0000] "GET /wp-admin/ HTTP/1.1" 302 20 "https://elementalmill.com/wp-login.php" "Mozilla/5.0 (Macintosh; Intel Mac OS X 10_15_7; rv:119.0) Gecko/20100101 Firefox/119.0"
74.7.227.48 - - [04/Feb/2026:20:16:12 +0000] "GET /shopping/products/16201186166 HTTP/2.0" 200 24614 "https://elementalmill.com/shopping/products/1619603685" "Mozilla/5.0 AppleWebKit/537.36 (KHTML, like Gecko; compatible; GPTBot/1.3; +https://openai.com/gptbot)"
141.98.11.169 - - [04/Feb/2026:20:16:14 +0000] "GET /wp-admin/ HTTP/1.1" 302 20 "https://elementalmill.com/wp-login.php" "Mozilla/5.0 (Macintosh; Intel Mac OS X 10_15_7; rv:119.0) Gecko/20100101 Firefox/119.0"
74.7.227.48 - - [04/Feb/2026:20:16:15 +0000] "GET /shopping/products/16211861169 HTTP/2.0" 200 26099 "https://elementalmill.com/shopping/products/1618232381" "Mozilla/5.0 AppleWebKit/537.36 (KHTML, like Gecko; compatible; GPTBot/1.3; +https://openai.com/gptbot)"
141.98.11.169 - - [04/Feb/2026:20:16:16 +0000] "GET /wp-admin/ HTTP/1.1" 302 20 "https://elementalmill.com/wp-login.php" "Mozilla/5.0 (Macintosh; Intel Mac OS X 10_15_7; rv:119.0) Gecko/20100101 Firefox/119.0"
141.98.11.169 - - [04/Feb/2026:20:16:18 +0000] "GET /wp-admin/ HTTP/1.1" 302 20 "https://elementalmill.com/wp-login.php" "Mozilla/5.0 (Macintosh; Intel Mac OS X 10_15_7; rv:119.0) Gecko/20100101 Firefox/119.0"
74.7.227.48 - - [04/Feb/2026:20:16:19 +0000] "GET /shopping/products/16222322707 HTTP/2.0" 200 25131 "https://elementalmill.com/shopping/products/1618232381" "Mozilla/5.0 AppleWebKit/537.36 (KHTML, like Gecko; compatible; GPTBot/1.3; +https://openai.com/gptbot)"
141.98.11.169 - - [04/Feb/2026:20:16:21 +0000] "GET /wp-admin/profile.php HTTP/1.1" 404 12378 "https://elementalmill.com/wp-login.php" "Mozilla/5.0 (Macintosh; Intel Mac OS X 10_15_7; rv:119.0) Gecko/20100101 Firefox/119.0"
74.7.227.48 - - [04/Feb/2026:20:16:22 +0000] "GET /shopping/products/1619930395 HTTP/2.0" 200 24758 "https://elementalmill.com/shopping/products/1618174315" "Mozilla/5.0 AppleWebKit/537.36 (KHTML, like Gecko; compatible; GPTBot/1.3; +https://openai.com/gptbot)"
141.98.11.169 - - [04/Feb/2026:20:16:23 +0000] "GET /wp-admin/edit.php HTTP/1.1" 404 12378 "https://elementalmill.com/wp-login.php" "Mozilla/5.0 (Macintosh; Intel Mac OS X 10_15_7; rv:119.0) Gecko/20100101 Firefox/119.0"
74.7.227.48 - - [04/Feb/2026:20:16:25 +0000] "GET /shopping/products/16211910920 HTTP/2.0" 200 25061 "https://elementalmill.com/shopping/products/16211682772" "Mozilla/5.0 AppleWebKit/537.36 (KHTML, like Gecko; compatible; GPTBot/1.3; +https://openai.com/gptbot)"
141.98.11.169 - - [04/Feb/2026:20:16:26 +0000] "GET /wp-admin/plugins.php HTTP/1.1" 404 12378 "https://elementalmill.com/wp-login.php" "Mozilla/5.0 (Macintosh; Intel Mac OS X 10_15_7; rv:119.0) Gecko/20100101 Firefox/119.0"
141.98.11.169 - - [04/Feb/2026:20:16:28 +0000] "POST /wp-login.php HTTP/1.1" 200 2934 "https://elementalmill.com/wp-login.php" "Mozilla/5.0 (Macintosh; Intel Mac OS X 13_6_1) AppleWebKit/537.36 (KHTML, like Gecko) Chrome/120.0.0.0 Safari/537.36"
74.7.227.48 - - [04/Feb/2026:20:16:29 +0000] "GET /shopping/products/16222343661 HTTP/2.0" 200 25989 "https://elementalmill.com/shopping/products/16222336677" "Mozilla/5.0 AppleWebKit/537.36 (KHTML, like Gecko; compatible; GPTBot/1.3; +https://openai.com/gptbot)"
141.98.11.169 - - [04/Feb/2026:20:16:30 +0000] "GET /wp-admin/index.php HTTP/1.1" 301 20 "https://elementalmill.com/wp-login.php" "Mozilla/5.0 (Macintosh; Intel Mac OS X 13_6_1; rv:121.0) Gecko/20100101 Firefox/121.0"
141.98.11.169 - - [04/Feb/2026:20:16:32 +0000] "GET /wp-admin/ HTTP/1.1" 302 20 "https://elementalmill.com/wp-login.php" "Mozilla/5.0 (Macintosh; Intel Mac OS X 13_6_1; rv:121.0) Gecko/20100101 Firefox/121.0"
74.7.227.48 - - [04/Feb/2026:20:16:32 +0000] "GET /shopping/products/1619869388 HTTP/2.0" 200 24379 "https://elementalmill.com/shopping/products/16211601096" "Mozilla/5.0 AppleWebKit/537.36 (KHTML, like Gecko; compatible; GPTBot/1.3; +https://openai.com/gptbot)"
141.98.11.169 - - [04/Feb/2026:20:16:35 +0000] "GET /wp-admin/ HTTP/1.1" 302 20 "https://elementalmill.com/wp-login.php" "Mozilla/5.0 (Macintosh; Intel Mac OS X 13_6_1; rv:121.0) Gecko/20100101 Firefox/121.0"
74.7.227.48 - - [04/Feb/2026:20:16:36 +0000] "GET /shopping/products/1618261741 HTTP/2.0" 200 23988 "https://elementalmill.com/shopping/products/1618189085" "Mozilla/5.0 AppleWebKit/537.36 (KHTML, like Gecko; compatible; GPTBot/1.3; +https://openai.com/gptbot)"
141.98.11.169 - - [04/Feb/2026:20:16:37 +0000] "GET /wp-admin/ HTTP/1.1" 302 20 "https://elementalmill.com/wp-login.php" "Mozilla/5.0 (Macintosh; Intel Mac OS X 13_6_1; rv:121.0) Gecko/20100101 Firefox/121.0"
141.98.11.169 - - [04/Feb/2026:20:16:39 +0000] "GET /wp-admin/ HTTP/1.1" 302 20 "https://elementalmill.com/wp-login.php" "Mozilla/5.0 (Macintosh; Intel Mac OS X 13_6_1; rv:121.0) Gecko/20100101 Firefox/121.0"
74.7.227.48 - - [04/Feb/2026:20:16:40 +0000] "GET /shopping/products/1619874236 HTTP/2.0" 200 24134 "https://elementalmill.com/shopping/products/1619856776" "Mozilla/5.0 AppleWebKit/537.36 (KHTML, like Gecko; compatible; GPTBot/1.3; +https://openai.com/gptbot)"
141.98.11.169 - - [04/Feb/2026:20:16:42 +0000] "GET /wp-admin/ HTTP/1.1" 302 20 "https://elementalmill.com/wp-login.php" "Mozilla/5.0 (Macintosh; Intel Mac OS X 13_6_1; rv:121.0) Gecko/20100101 Firefox/121.0"
141.98.11.169 - - [04/Feb/2026:20:16:44 +0000] "GET /wp-admin/ HTTP/1.1" 302 20 "https://elementalmill.com/wp-login.php" "Mozilla/5.0 (Macintosh; Intel Mac OS X 13_6_1; rv:121.0) Gecko/20100101 Firefox/121.0"
74.7.227.48 - - [04/Feb/2026:20:16:44 +0000] "GET /shopping/products/1619731583 HTTP/2.0" 200 24338 "https://elementalmill.com/shopping/products/1619856776" "Mozilla/5.0 AppleWebKit/537.36 (KHTML, like Gecko; compatible; GPTBot/1.3; +https://openai.com/gptbot)"
141.98.11.169 - - [04/Feb/2026:20:16:46 +0000] "GET /wp-admin/ HTTP/1.1" 302 20 "https://elementalmill.com/wp-login.php" "Mozilla/5.0 (Macintosh; Intel Mac OS X 13_6_1; rv:121.0) Gecko/20100101 Firefox/121.0"
74.7.227.48 - - [04/Feb/2026:20:16:48 +0000] "GET /shopping/products/16211657252 HTTP/2.0" 200 24685 "https://elementalmill.com/shopping/products/1618157491" "Mozilla/5.0 AppleWebKit/537.36 (KHTML, like Gecko; compatible; GPTBot/1.3; +https://openai.com/gptbot)"
139.162.194.112 - - [04/Feb/2026:20:16:48 +0000] "POST /wp-cron.php?doing_wp_cron=1770236208.9560179710388183593750 HTTP/1.1" 404 13168 "-" "WordPress/6.9.1; https://elementalmill.com"
141.98.11.169 - - [04/Feb/2026:20:16:50 +0000] "GET /wp-admin/ HTTP/1.1" 302 20 "https://elementalmill.com/wp-login.php" "Mozilla/5.0 (Macintosh; Intel Mac OS X 13_6_1; rv:121.0) Gecko/20100101 Firefox/121.0"
74.7.227.48 - - [04/Feb/2026:20:16:51 +0000] "GET /shopping/products/16211957115 HTTP/2.0" 200 24744 "https://elementalmill.com/shopping/products/16201186166" "Mozilla/5.0 AppleWebKit/537.36 (KHTML, like Gecko; compatible; GPTBot/1.3; +https://openai.com/gptbot)"
141.98.11.169 - - [04/Feb/2026:20:16:52 +0000] "GET /wp-admin/ HTTP/1.1" 302 20 "https://elementalmill.com/wp-login.php" "Mozilla/5.0 (Macintosh; Intel Mac OS X 13_6_1; rv:121.0) Gecko/20100101 Firefox/121.0"
141.98.11.169 - - [04/Feb/2026:20:16:54 +0000] "GET /wp-admin/ HTTP/1.1" 302 20 "https://elementalmill.com/wp-login.php" "Mozilla/5.0 (Macintosh; Intel Mac OS X 13_6_1; rv:121.0) Gecko/20100101 Firefox/121.0"
74.7.227.48 - - [04/Feb/2026:20:16:55 +0000] "GET /shopping/products/16211767710 HTTP/2.0" 200 24703 "https://elementalmill.com/shopping/products/16201186166" "Mozilla/5.0 AppleWebKit/537.36 (KHTML, like Gecko; compatible; GPTBot/1.3; +https://openai.com/gptbot)"
141.98.11.169 - - [04/Feb/2026:20:16:57 +0000] "GET /wp-admin/ HTTP/1.1" 302 20 "https://elementalmill.com/wp-login.php" "Mozilla/5.0 (Macintosh; Intel Mac OS X 13_6_1; rv:121.0) Gecko/20100101 Firefox/121.0"
74.7.227.48 - - [04/Feb/2026:20:16:58 +0000] "GET /shopping/products/161848330 HTTP/2.0" 200 25285 "https://elementalmill.com/shopping/products/16222322707" "Mozilla/5.0 AppleWebKit/537.36 (KHTML, like Gecko; compatible; GPTBot/1.3; +https://openai.com/gptbot)"
141.98.11.169 - - [04/Feb/2026:20:16:59 +0000] "GET /wp-admin/ HTTP/1.1" 302 20 "https://elementalmill.com/wp-login.php" "Mozilla/5.0 (Macintosh; Intel Mac OS X 13_6_1; rv:121.0) Gecko/20100101 Firefox/121.0"
141.98.11.169 - - [04/Feb/2026:20:17:02 +0000] "GET /wp-admin/ HTTP/1.1" 302 20 "https://elementalmill.com/wp-login.php" "Mozilla/5.0 (Macintosh; Intel Mac OS X 13_6_1; rv:121.0) Gecko/20100101 Firefox/121.0"
74.7.227.48 - - [04/Feb/2026:20:17:01 +0000] "GET /shopping/products/16222202442 HTTP/2.0" 200 25551 "https://elementalmill.com/shopping/products/16222322707" "Mozilla/5.0 AppleWebKit/537.36 (KHTML, like Gecko; compatible; GPTBot/1.3; +https://openai.com/gptbot)"
141.98.11.169 - - [04/Feb/2026:20:17:04 +0000] "GET /wp-admin/ HTTP/1.1" 302 20 "https://elementalmill.com/wp-login.php" "Mozilla/5.0 (Macintosh; Intel Mac OS X 13_6_1; rv:121.0) Gecko/20100101 Firefox/121.0"
74.7.227.48 - - [04/Feb/2026:20:17:05 +0000] "GET /shopping/products/16222167565 HTTP/2.0" 200 25652 "https://elementalmill.com/shopping/products/16201186166" "Mozilla/5.0 AppleWebKit/537.36 (KHTML, like Gecko; compatible; GPTBot/1.3; +https://openai.com/gptbot)"
141.98.11.169 - - [04/Feb/2026:20:17:07 +0000] "GET /wp-admin/ HTTP/1.1" 302 20 "https://elementalmill.com/wp-login.php" "Mozilla/5.0 (Macintosh; Intel Mac OS X 13_6_1; rv:121.0) Gecko/20100101 Firefox/121.0"
74.7.227.48 - - [04/Feb/2026:20:17:08 +0000] "GET /shopping/products/1619658055 HTTP/2.0" 200 24394 "https://elementalmill.com/shopping/products/16222322707" "Mozilla/5.0 AppleWebKit/537.36 (KHTML, like Gecko; compatible; GPTBot/1.3; +https://openai.com/gptbot)"
141.98.11.169 - - [04/Feb/2026:20:17:09 +0000] "GET /wp-admin/ HTTP/1.1" 302 20 "https://elementalmill.com/wp-login.php" "Mozilla/5.0 (Macintosh; Intel Mac OS X 13_6_1; rv:121.0) Gecko/20100101 Firefox/121.0"
141.98.11.169 - - [04/Feb/2026:20:17:11 +0000] "GET /wp-admin/ HTTP/1.1" 302 20 "https://elementalmill.com/wp-login.php" "Mozilla/5.0 (Macintosh; Intel Mac OS X 13_6_1; rv:121.0) Gecko/20100101 Firefox/121.0"
74.7.227.48 - - [04/Feb/2026:20:17:11 +0000] "GET /shopping/products/1618410807 HTTP/2.0" 200 24635 "https://elementalmill.com/shopping/products/1619930395" "Mozilla/5.0 AppleWebKit/537.36 (KHTML, like Gecko; compatible; GPTBot/1.3; +https://openai.com/gptbot)"
141.98.11.169 - - [04/Feb/2026:20:17:14 +0000] "GET /wp-admin/ HTTP/1.1" 302 20 "https://elementalmill.com/wp-login.php" "Mozilla/5.0 (Macintosh; Intel Mac OS X 13_6_1; rv:121.0) Gecko/20100101 Firefox/121.0"
74.7.227.48 - - [04/Feb/2026:20:17:14 +0000] "GET /shopping/products/1618319089 HTTP/2.0" 200 25472 "https://elementalmill.com/shopping/products/1619930395" "Mozilla/5.0 AppleWebKit/537.36 (KHTML, like Gecko; compatible; GPTBot/1.3; +https://openai.com/gptbot)"
141.98.11.169 - - [04/Feb/2026:20:17:16 +0000] "GET /wp-admin/ HTTP/1.1" 302 20 "https://elementalmill.com/wp-login.php" "Mozilla/5.0 (Macintosh; Intel Mac OS X 13_6_1; rv:121.0) Gecko/20100101 Firefox/121.0"
74.7.227.48 - - [04/Feb/2026:20:17:17 +0000] "GET /shopping/products/1619974872 HTTP/2.0" 200 24795 "https://elementalmill.com/shopping/products/1619874236" "Mozilla/5.0 AppleWebKit/537.36 (KHTML, like Gecko; compatible; GPTBot/1.3; +https://openai.com/gptbot)"
141.98.11.169 - - [04/Feb/2026:20:17:19 +0000] "GET /wp-admin/ HTTP/1.1" 302 20 "https://elementalmill.com/wp-login.php" "Mozilla/5.0 (Macintosh; Intel Mac OS X 13_6_1; rv:121.0) Gecko/20100101 Firefox/121.0"
141.98.11.169 - - [04/Feb/2026:20:17:21 +0000] "GET /wp-admin/ HTTP/1.1" 302 20 "https://elementalmill.com/wp-login.php" "Mozilla/5.0 (Macintosh; Intel Mac OS X 13_6_1; rv:121.0) Gecko/20100101 Firefox/121.0"
74.7.227.48 - - [04/Feb/2026:20:17:20 +0000] "GET /shopping/products/1619828123 HTTP/2.0" 200 24318 "https://elementalmill.com/shopping/products/16211861169" "Mozilla/5.0 AppleWebKit/537.36 (KHTML, like Gecko; compatible; GPTBot/1.3; +https://openai.com/gptbot)"
141.98.11.169 - - [04/Feb/2026:20:17:23 +0000] "GET /wp-admin/ HTTP/1.1" 302 20 "https://elementalmill.com/wp-login.php" "Mozilla/5.0 (Macintosh; Intel Mac OS X 13_6_1; rv:121.0) Gecko/20100101 Firefox/121.0"
74.7.227.48 - - [04/Feb/2026:20:17:24 +0000] "GET /shopping/products/1619842590 HTTP/2.0" 200 25079 "https://elementalmill.com/shopping/products/1619874236" "Mozilla/5.0 AppleWebKit/537.36 (KHTML, like Gecko; compatible; GPTBot/1.3; +https://openai.com/gptbot)"
141.98.11.169 - - [04/Feb/2026:20:17:26 +0000] "GET /wp-admin/ HTTP/1.1" 302 20 "https://elementalmill.com/wp-login.php" "Mozilla/5.0 (Macintosh; Intel Mac OS X 13_6_1; rv:121.0) Gecko/20100101 Firefox/121.0"
141.98.11.169 - - [04/Feb/2026:20:17:28 +0000] "GET /wp-admin/ HTTP/1.1" 302 20 "https://elementalmill.com/wp-login.php" "Mozilla/5.0 (Macintosh; Intel Mac OS X 13_6_1; rv:121.0) Gecko/20100101 Firefox/121.0"
74.7.227.48 - - [04/Feb/2026:20:17:28 +0000] "GET /shopping/products/1619743863 HTTP/2.0" 200 24558 "https://elementalmill.com/shopping/products/16211861169" "Mozilla/5.0 AppleWebKit/537.36 (KHTML, like Gecko; compatible; GPTBot/1.3; +https://openai.com/gptbot)"
141.98.11.169 - - [04/Feb/2026:20:17:31 +0000] "GET /wp-admin/ HTTP/1.1" 302 20 "https://elementalmill.com/wp-login.php" "Mozilla/5.0 (Macintosh; Intel Mac OS X 13_6_1; rv:121.0) Gecko/20100101 Firefox/121.0"
74.7.227.48 - - [04/Feb/2026:20:17:32 +0000] "GET /shopping/products/1618442851 HTTP/2.0" 200 24526 "https://elementalmill.com/shopping/products/16211767710" "Mozilla/5.0 AppleWebKit/537.36 (KHTML, like Gecko; compatible; GPTBot/1.3; +https://openai.com/gptbot)"
141.98.11.169 - - [04/Feb/2026:20:17:33 +0000] "GET /wp-admin/ HTTP/1.1" 302 20 "https://elementalmill.com/wp-login.php" "Mozilla/5.0 (Macintosh; Intel Mac OS X 13_6_1; rv:121.0) Gecko/20100101 Firefox/121.0"
141.98.11.169 - - [04/Feb/2026:20:17:35 +0000] "GET /wp-admin/ HTTP/1.1" 302 20 "https://elementalmill.com/wp-login.php" "Mozilla/5.0 (Macintosh; Intel Mac OS X 13_6_1; rv:121.0) Gecko/20100101 Firefox/121.0"
74.7.227.48 - - [04/Feb/2026:20:17:35 +0000] "GET /shopping/products/1619895531 HTTP/2.0" 200 24562 "https://elementalmill.com/shopping/products/16211861169" "Mozilla/5.0 AppleWebKit/537.36 (KHTML, like Gecko; compatible; GPTBot/1.3; +https://openai.com/gptbot)"
141.98.11.169 - - [04/Feb/2026:20:17:37 +0000] "GET /wp-admin/ HTTP/1.1" 302 20 "https://elementalmill.com/wp-login.php" "Mozilla/5.0 (Macintosh; Intel Mac OS X 13_6_1; rv:121.0) Gecko/20100101 Firefox/121.0"
74.7.227.48 - - [04/Feb/2026:20:17:39 +0000] "GET /shopping/products/1619827623 HTTP/2.0" 200 24267 "https://elementalmill.com/shopping/products/16222343661" "Mozilla/5.0 AppleWebKit/537.36 (KHTML, like Gecko; compatible; GPTBot/1.3; +https://openai.com/gptbot)"
141.98.11.169 - - [04/Feb/2026:20:17:40 +0000] "GET /wp-admin/ HTTP/1.1" 302 20 "https://elementalmill.com/wp-login.php" "Mozilla/5.0 (Macintosh; Intel Mac OS X 13_6_1; rv:121.0) Gecko/20100101 Firefox/121.0"
141.98.11.169 - - [04/Feb/2026:20:17:42 +0000] "GET /wp-admin/ HTTP/1.1" 302 20 "https://elementalmill.com/wp-login.php" "Mozilla/5.0 (Macintosh; Intel Mac OS X 13_6_1; rv:121.0) Gecko/20100101 Firefox/121.0"
74.7.227.48 - - [04/Feb/2026:20:17:42 +0000] "GET /shopping/products/1619975311 HTTP/2.0" 200 24625 "https://elementalmill.com/shopping/products/16222167565" "Mozilla/5.0 AppleWebKit/537.36 (KHTML, like Gecko; compatible; GPTBot/1.3; +https://openai.com/gptbot)"
141.98.11.169 - - [04/Feb/2026:20:17:44 +0000] "GET /wp-admin/profile.php HTTP/1.1" 404 12378 "https://elementalmill.com/wp-login.php" "Mozilla/5.0 (Macintosh; Intel Mac OS X 13_6_1; rv:121.0) Gecko/20100101 Firefox/121.0"
74.7.227.48 - - [04/Feb/2026:20:17:45 +0000] "GET /shopping/products/1619783442 HTTP/2.0" 200 24745 "https://elementalmill.com/shopping/products/1618261741" "Mozilla/5.0 AppleWebKit/537.36 (KHTML, like Gecko; compatible; GPTBot/1.3; +https://openai.com/gptbot)"
141.98.11.169 - - [04/Feb/2026:20:17:46 +0000] "GET /wp-admin/edit.php HTTP/1.1" 404 12378 "https://elementalmill.com/wp-login.php" "Mozilla/5.0 (Macintosh; Intel Mac OS X 13_6_1; rv:121.0) Gecko/20100101 Firefox/121.0"
139.162.194.112 - - [04/Feb/2026:20:17:49 +0000] "POST /wp-cron.php?doing_wp_cron=1770236269.2963979244232177734375 HTTP/1.1" 404 13168 "-" "WordPress/6.9.1; https://elementalmill.com"
74.7.227.48 - - [04/Feb/2026:20:17:48 +0000] "GET /shopping/products/1619792281 HTTP/2.0" 200 24472 "https://elementalmill.com/shopping/products/16211767710" "Mozilla/5.0 AppleWebKit/537.36 (KHTML, like Gecko; compatible; GPTBot/1.3; +https://openai.com/gptbot)"
141.98.11.169 - - [04/Feb/2026:20:17:50 +0000] "GET /wp-admin/plugins.php HTTP/1.1" 404 12378 "https://elementalmill.com/wp-login.php" "Mozilla/5.0 (Macintosh; Intel Mac OS X 13_6_1; rv:121.0) Gecko/20100101 Firefox/121.0"
141.98.11.169 - - [04/Feb/2026:20:17:53 +0000] "POST /wp-login.php HTTP/1.1" 200 2934 "https://elementalmill.com/wp-login.php" "Mozilla/5.0 (Macintosh; Intel Mac OS X 10_15_7) AppleWebKit/605.1.15 (KHTML, like Gecko) Version/16.6 Safari/605.1.15"
74.7.227.48 - - [04/Feb/2026:20:17:52 +0000] "GET /shopping/products/1619583409 HTTP/2.0" 200 24323 "https://elementalmill.com/shopping/products/16222167565" "Mozilla/5.0 AppleWebKit/537.36 (KHTML, like Gecko; compatible; GPTBot/1.3; +https://openai.com/gptbot)"
141.98.11.169 - - [04/Feb/2026:20:17:54 +0000] "GET /wp-admin/index.php HTTP/1.1" 301 20 "https://elementalmill.com/wp-login.php" "Mozilla/5.0 (Macintosh; Intel Mac OS X 13_6_1) AppleWebKit/605.1.15 (KHTML, like Gecko) Version/17.0 Safari/605.1.15"
141.98.11.169 - - [04/Feb/2026:20:17:57 +0000] "GET /wp-admin/ HTTP/1.1" 302 20 "https://elementalmill.com/wp-login.php" "Mozilla/5.0 (Macintosh; Intel Mac OS X 13_6_1) AppleWebKit/605.1.15 (KHTML, like Gecko) Version/17.0 Safari/605.1.15"
74.7.227.48 - - [04/Feb/2026:20:17:56 +0000] "GET /shopping/products/1619523712 HTTP/2.0" 200 24696 "https://elementalmill.com/shopping/products/1619974872" "Mozilla/5.0 AppleWebKit/537.36 (KHTML, like Gecko; compatible; GPTBot/1.3; +https://openai.com/gptbot)"
141.98.11.169 - - [04/Feb/2026:20:17:59 +0000] "GET /wp-admin/ HTTP/1.1" 302 20 "https://elementalmill.com/wp-login.php" "Mozilla/5.0 (Macintosh; Intel Mac OS X 13_6_1) AppleWebKit/605.1.15 (KHTML, like Gecko) Version/17.0 Safari/605.1.15"
74.7.227.48 - - [04/Feb/2026:20:18:00 +0000] "GET /shopping/products/1619678772 HTTP/2.0" 200 24529 "https://elementalmill.com/shopping/products/1619974872" "Mozilla/5.0 AppleWebKit/537.36 (KHTML, like Gecko; compatible; GPTBot/1.3; +https://openai.com/gptbot)"
141.98.11.169 - - [04/Feb/2026:20:18:02 +0000] "GET /wp-admin/ HTTP/1.1" 302 20 "https://elementalmill.com/wp-login.php" "Mozilla/5.0 (Macintosh; Intel Mac OS X 13_6_1) AppleWebKit/605.1.15 (KHTML, like Gecko) Version/17.0 Safari/605.1.15"
74.7.227.48 - - [04/Feb/2026:20:18:03 +0000] "GET /shopping/products/1618286103 HTTP/2.0" 200 24481 "https://elementalmill.com/shopping/products/1618455614" "Mozilla/5.0 AppleWebKit/537.36 (KHTML, like Gecko; compatible; GPTBot/1.3; +https://openai.com/gptbot)"
141.98.11.169 - - [04/Feb/2026:20:18:04 +0000] "GET /wp-admin/ HTTP/1.1" 302 20 "https://elementalmill.com/wp-login.php" "Mozilla/5.0 (Macintosh; Intel Mac OS X 13_6_1) AppleWebKit/605.1.15 (KHTML, like Gecko) Version/17.0 Safari/605.1.15"
141.98.11.169 - - [04/Feb/2026:20:18:06 +0000] "GET /wp-admin/ HTTP/1.1" 302 20 "https://elementalmill.com/wp-login.php" "Mozilla/5.0 (Macintosh; Intel Mac OS X 13_6_1) AppleWebKit/605.1.15 (KHTML, like Gecko) Version/17.0 Safari/605.1.15"
74.7.227.48 - - [04/Feb/2026:20:18:07 +0000] "GET /shopping/products/1619867054 HTTP/2.0" 200 25233 "https://elementalmill.com/shopping/products/1618134622" "Mozilla/5.0 AppleWebKit/537.36 (KHTML, like Gecko; compatible; GPTBot/1.3; +https://openai.com/gptbot)"
141.98.11.169 - - [04/Feb/2026:20:18:09 +0000] "GET /wp-admin/ HTTP/1.1" 302 20 "https://elementalmill.com/wp-login.php" "Mozilla/5.0 (Macintosh; Intel Mac OS X 13_6_1) AppleWebKit/605.1.15 (KHTML, like Gecko) Version/17.0 Safari/605.1.15"
74.7.227.48 - - [04/Feb/2026:20:18:10 +0000] "GET /shopping/products/1619652472 HTTP/2.0" 200 24648 "https://elementalmill.com/shopping/products/1618442851" "Mozilla/5.0 AppleWebKit/537.36 (KHTML, like Gecko; compatible; GPTBot/1.3; +https://openai.com/gptbot)"
141.98.11.169 - - [04/Feb/2026:20:18:11 +0000] "GET /wp-admin/ HTTP/1.1" 302 20 "https://elementalmill.com/wp-login.php" "Mozilla/5.0 (Macintosh; Intel Mac OS X 13_6_1) AppleWebKit/605.1.15 (KHTML, like Gecko) Version/17.0 Safari/605.1.15"
141.98.11.169 - - [04/Feb/2026:20:18:14 +0000] "GET /wp-admin/ HTTP/1.1" 302 20 "https://elementalmill.com/wp-login.php" "Mozilla/5.0 (Macintosh; Intel Mac OS X 13_6_1) AppleWebKit/605.1.15 (KHTML, like Gecko) Version/17.0 Safari/605.1.15"
74.7.227.48 - - [04/Feb/2026:20:18:13 +0000] "GET /shop/pg/895531 HTTP/2.0" 200 24174 "https://elementalmill.com/shopping/products/1619895531" "Mozilla/5.0 AppleWebKit/537.36 (KHTML, like Gecko; compatible; GPTBot/1.3; +https://openai.com/gptbot)"
141.98.11.169 - - [04/Feb/2026:20:18:16 +0000] "GET /wp-admin/ HTTP/1.1" 302 20 "https://elementalmill.com/wp-login.php" "Mozilla/5.0 (Macintosh; Intel Mac OS X 13_6_1) AppleWebKit/605.1.15 (KHTML, like Gecko) Version/17.0 Safari/605.1.15"
74.7.227.48 - - [04/Feb/2026:20:18:17 +0000] "GET /shopping/products/1618492105 HTTP/2.0" 200 25073 "https://elementalmill.com/shopping/products/1619895531" "Mozilla/5.0 AppleWebKit/537.36 (KHTML, like Gecko; compatible; GPTBot/1.3; +https://openai.com/gptbot)"
141.98.11.169 - - [04/Feb/2026:20:18:18 +0000] "GET /wp-admin/ HTTP/1.1" 302 20 "https://elementalmill.com/wp-login.php" "Mozilla/5.0 (Macintosh; Intel Mac OS X 13_6_1) AppleWebKit/605.1.15 (KHTML, like Gecko) Version/17.0 Safari/605.1.15"
141.98.11.169 - - [04/Feb/2026:20:18:20 +0000] "GET /wp-admin/ HTTP/1.1" 302 20 "https://elementalmill.com/wp-login.php" "Mozilla/5.0 (Macintosh; Intel Mac OS X 13_6_1) AppleWebKit/605.1.15 (KHTML, like Gecko) Version/17.0 Safari/605.1.15"
74.7.227.48 - - [04/Feb/2026:20:18:20 +0000] "GET /shopping/products/1619705585 HTTP/2.0" 200 24406 "https://elementalmill.com/shopping/products/1619827623" "Mozilla/5.0 AppleWebKit/537.36 (KHTML, like Gecko; compatible; GPTBot/1.3; +https://openai.com/gptbot)"
141.98.11.169 - - [04/Feb/2026:20:18:23 +0000] "GET /wp-admin/ HTTP/1.1" 302 20 "https://elementalmill.com/wp-login.php" "Mozilla/5.0 (Macintosh; Intel Mac OS X 13_6_1) AppleWebKit/605.1.15 (KHTML, like Gecko) Version/17.0 Safari/605.1.15"
141.98.11.169 - - [04/Feb/2026:20:18:25 +0000] "GET /wp-admin/ HTTP/1.1" 302 20 "https://elementalmill.com/wp-login.php" "Mozilla/5.0 (Macintosh; Intel Mac OS X 13_6_1) AppleWebKit/605.1.15 (KHTML, like Gecko) Version/17.0 Safari/605.1.15"
74.7.227.48 - - [04/Feb/2026:20:18:24 +0000] "GET /shopping/products/1619862582 HTTP/2.0" 200 24370 "https://elementalmill.com/shopping/products/1619975311" "Mozilla/5.0 AppleWebKit/537.36 (KHTML, like Gecko; compatible; GPTBot/1.3; +https://openai.com/gptbot)"
141.98.11.169 - - [04/Feb/2026:20:18:27 +0000] "GET /wp-admin/ HTTP/1.1" 302 20 "https://elementalmill.com/wp-login.php" "Mozilla/5.0 (Macintosh; Intel Mac OS X 13_6_1) AppleWebKit/605.1.15 (KHTML, like Gecko) Version/17.0 Safari/605.1.15"
74.7.227.48 - - [04/Feb/2026:20:18:28 +0000] "GET /shopping/products/1618302869 HTTP/2.0" 200 24600 "https://elementalmill.com/shopping/products/1619792281" "Mozilla/5.0 AppleWebKit/537.36 (KHTML, like Gecko; compatible; GPTBot/1.3; +https://openai.com/gptbot)"
141.98.11.169 - - [04/Feb/2026:20:18:29 +0000] "GET /wp-admin/ HTTP/1.1" 302 20 "https://elementalmill.com/wp-login.php" "Mozilla/5.0 (Macintosh; Intel Mac OS X 13_6_1) AppleWebKit/605.1.15 (KHTML, like Gecko) Version/17.0 Safari/605.1.15"
141.98.11.169 - - [04/Feb/2026:20:18:32 +0000] "GET /wp-admin/ HTTP/1.1" 302 20 "https://elementalmill.com/wp-login.php" "Mozilla/5.0 (Macintosh; Intel Mac OS X 13_6_1) AppleWebKit/605.1.15 (KHTML, like Gecko) Version/17.0 Safari/605.1.15"
74.7.227.48 - - [04/Feb/2026:20:18:31 +0000] "GET /shopping/products/1619984041 HTTP/2.0" 200 24343 "https://elementalmill.com/shopping/products/1619975311" "Mozilla/5.0 AppleWebKit/537.36 (KHTML, like Gecko; compatible; GPTBot/1.3; +https://openai.com/gptbot)"
141.98.11.169 - - [04/Feb/2026:20:18:34 +0000] "GET /wp-admin/ HTTP/1.1" 302 20 "https://elementalmill.com/wp-login.php" "Mozilla/5.0 (Macintosh; Intel Mac OS X 13_6_1) AppleWebKit/605.1.15 (KHTML, like Gecko) Version/17.0 Safari/605.1.15"
74.7.227.48 - - [04/Feb/2026:20:18:34 +0000] "GET /shopping/products/1619695942 HTTP/2.0" 200 25072 "https://elementalmill.com/shopping/products/1619975311" "Mozilla/5.0 AppleWebKit/537.36 (KHTML, like Gecko; compatible; GPTBot/1.3; +https://openai.com/gptbot)"
141.98.11.169 - - [04/Feb/2026:20:18:36 +0000] "GET /wp-admin/ HTTP/1.1" 302 20 "https://elementalmill.com/wp-login.php" "Mozilla/5.0 (Macintosh; Intel Mac OS X 13_6_1) AppleWebKit/605.1.15 (KHTML, like Gecko) Version/17.0 Safari/605.1.15"
74.7.227.48 - - [04/Feb/2026:20:18:38 +0000] "GET /shopping/products/16211685662 HTTP/2.0" 200 24881 "https://elementalmill.com/shopping/products/1619678772" "Mozilla/5.0 AppleWebKit/537.36 (KHTML, like Gecko; compatible; GPTBot/1.3; +https://openai.com/gptbot)"
141.98.11.169 - - [04/Feb/2026:20:18:38 +0000] "GET /wp-admin/ HTTP/1.1" 302 20 "https://elementalmill.com/wp-login.php" "Mozilla/5.0 (Macintosh; Intel Mac OS X 13_6_1) AppleWebKit/605.1.15 (KHTML, like Gecko) Version/17.0 Safari/605.1.15"
141.98.11.169 - - [04/Feb/2026:20:18:41 +0000] "GET /wp-admin/ HTTP/1.1" 302 20 "https://elementalmill.com/wp-login.php" "Mozilla/5.0 (Macintosh; Intel Mac OS X 13_6_1) AppleWebKit/605.1.15 (KHTML, like Gecko) Version/17.0 Safari/605.1.15"
74.7.227.48 - - [04/Feb/2026:20:18:41 +0000] "GET /shopping/products/161848677 HTTP/2.0" 200 24430 "https://elementalmill.com/shopping/products/1618286103" "Mozilla/5.0 AppleWebKit/537.36 (KHTML, like Gecko; compatible; GPTBot/1.3; +https://openai.com/gptbot)"
141.98.11.169 - - [04/Feb/2026:20:18:43 +0000] "GET /wp-admin/ HTTP/1.1" 302 20 "https://elementalmill.com/wp-login.php" "Mozilla/5.0 (Macintosh; Intel Mac OS X 13_6_1) AppleWebKit/605.1.15 (KHTML, like Gecko) Version/17.0 Safari/605.1.15"
74.7.227.48 - - [04/Feb/2026:20:18:45 +0000] "GET /category/16191000006 HTTP/2.0" 200 27892 "https://elementalmill.com/shopping/products/1619867054" "Mozilla/5.0 AppleWebKit/537.36 (KHTML, like Gecko; compatible; GPTBot/1.3; +https://openai.com/gptbot)"
141.98.11.169 - - [04/Feb/2026:20:18:45 +0000] "GET /wp-admin/ HTTP/1.1" 302 20 "https://elementalmill.com/wp-login.php" "Mozilla/5.0 (Macintosh; Intel Mac OS X 13_6_1) AppleWebKit/605.1.15 (KHTML, like Gecko) Version/17.0 Safari/605.1.15"
74.7.227.48 - - [04/Feb/2026:20:18:47 +0000] "GET /shopping/products/1619893145 HTTP/2.0" 200 24604 "https://elementalmill.com/shopping/products/1619827623" "Mozilla/5.0 AppleWebKit/537.36 (KHTML, like Gecko; compatible; GPTBot/1.3; +https://openai.com/gptbot)"
141.98.11.169 - - [04/Feb/2026:20:18:47 +0000] "GET /wp-admin/ HTTP/1.1" 302 20 "https://elementalmill.com/wp-login.php" "Mozilla/5.0 (Macintosh; Intel Mac OS X 13_6_1) AppleWebKit/605.1.15 (KHTML, like Gecko) Version/17.0 Safari/605.1.15"
139.162.194.112 - - [04/Feb/2026:20:18:49 +0000] "POST /wp-cron.php?doing_wp_cron=1770236329.8493280410766601562500 HTTP/1.1" 404 13178 "-" "WordPress/6.9.1; https://elementalmill.com"
141.98.11.169 - - [04/Feb/2026:20:18:51 +0000] "GET /wp-admin/ HTTP/1.1" 302 20 "https://elementalmill.com/wp-login.php" "Mozilla/5.0 (Macintosh; Intel Mac OS X 13_6_1) AppleWebKit/605.1.15 (KHTML, like Gecko) Version/17.0 Safari/605.1.15"
74.7.227.48 - - [04/Feb/2026:20:18:51 +0000] "GET /shopping/products/1619526483 HTTP/2.0" 200 24571 "https://elementalmill.com/shop/pg/895531" "Mozilla/5.0 AppleWebKit/537.36 (KHTML, like Gecko; compatible; GPTBot/1.3; +https://openai.com/gptbot)"
141.98.11.169 - - [04/Feb/2026:20:18:53 +0000] "GET /wp-admin/ HTTP/1.1" 302 20 "https://elementalmill.com/wp-login.php" "Mozilla/5.0 (Macintosh; Intel Mac OS X 13_6_1) AppleWebKit/605.1.15 (KHTML, like Gecko) Version/17.0 Safari/605.1.15"
141.98.11.169 - - [04/Feb/2026:20:18:55 +0000] "GET /wp-admin/ HTTP/1.1" 302 20 "https://elementalmill.com/wp-login.php" "Mozilla/5.0 (Macintosh; Intel Mac OS X 13_6_1) AppleWebKit/605.1.15 (KHTML, like Gecko) Version/17.0 Safari/605.1.15"
74.7.227.48 - - [04/Feb/2026:20:18:55 +0000] "GET /shopping/products/1619580545 HTTP/2.0" 200 24315 "https://elementalmill.com/shopping/products/1619827623" "Mozilla/5.0 AppleWebKit/537.36 (KHTML, like Gecko; compatible; GPTBot/1.3; +https://openai.com/gptbot)"
141.98.11.169 - - [04/Feb/2026:20:18:57 +0000] "GET /wp-admin/ HTTP/1.1" 302 20 "https://elementalmill.com/wp-login.php" "Mozilla/5.0 (Macintosh; Intel Mac OS X 13_6_1) AppleWebKit/605.1.15 (KHTML, like Gecko) Version/17.0 Safari/605.1.15"
74.7.227.48 - - [04/Feb/2026:20:18:58 +0000] "GET /shopping/products/1619934231 HTTP/2.0" 200 24457 "https://elementalmill.com/shopping/products/1619895531" "Mozilla/5.0 AppleWebKit/537.36 (KHTML, like Gecko; compatible; GPTBot/1.3; +https://openai.com/gptbot)"
141.98.11.169 - - [04/Feb/2026:20:19:00 +0000] "GET /wp-admin/ HTTP/1.1" 302 20 "https://elementalmill.com/wp-login.php" "Mozilla/5.0 (Macintosh; Intel Mac OS X 13_6_1) AppleWebKit/605.1.15 (KHTML, like Gecko) Version/17.0 Safari/605.1.15"
141.98.11.169 - - [04/Feb/2026:20:19:02 +0000] "GET /wp-admin/ HTTP/1.1" 302 20 "https://elementalmill.com/wp-login.php" "Mozilla/5.0 (Macintosh; Intel Mac OS X 13_6_1) AppleWebKit/605.1.15 (KHTML, like Gecko) Version/17.0 Safari/605.1.15"
74.7.227.48 - - [04/Feb/2026:20:19:02 +0000] "GET /shopping/products/1619590500 HTTP/2.0" 200 24371 "https://elementalmill.com/shopping/products/1619862582" "Mozilla/5.0 AppleWebKit/537.36 (KHTML, like Gecko; compatible; GPTBot/1.3; +https://openai.com/gptbot)"
141.98.11.169 - - [04/Feb/2026:20:19:05 +0000] "GET /wp-admin/ HTTP/1.1" 302 20 "https://elementalmill.com/wp-login.php" "Mozilla/5.0 (Macintosh; Intel Mac OS X 13_6_1) AppleWebKit/605.1.15 (KHTML, like Gecko) Version/17.0 Safari/605.1.15"
74.7.227.48 - - [04/Feb/2026:20:19:05 +0000] "GET /shopping/products/1619690604 HTTP/2.0" 200 24582 "https://elementalmill.com/shopping/products/1619862582" "Mozilla/5.0 AppleWebKit/537.36 (KHTML, like Gecko; compatible; GPTBot/1.3; +https://openai.com/gptbot)"
141.98.11.169 - - [04/Feb/2026:20:19:07 +0000] "GET /wp-admin/profile.php HTTP/1.1" 404 12378 "https://elementalmill.com/wp-login.php" "Mozilla/5.0 (Macintosh; Intel Mac OS X 13_6_1) AppleWebKit/605.1.15 (KHTML, like Gecko) Version/17.0 Safari/605.1.15"
74.7.227.48 - - [04/Feb/2026:20:19:08 +0000] "GET /shopping/products/1619513302 HTTP/2.0" 200 24141 "https://elementalmill.com/shopping/products/1619867054" "Mozilla/5.0 AppleWebKit/537.36 (KHTML, like Gecko; compatible; GPTBot/1.3; +https://openai.com/gptbot)"
141.98.11.169 - - [04/Feb/2026:20:19:10 +0000] "GET /wp-admin/edit.php HTTP/1.1" 404 12378 "https://elementalmill.com/wp-login.php" "Mozilla/5.0 (Macintosh; Intel Mac OS X 13_6_1) AppleWebKit/605.1.15 (KHTML, like Gecko) Version/17.0 Safari/605.1.15"
74.7.227.48 - - [04/Feb/2026:20:19:12 +0000] "GET /shopping/products/1618311599 HTTP/2.0" 200 24533 "https://elementalmill.com/shopping/products/1618302869" "Mozilla/5.0 AppleWebKit/537.36 (KHTML, like Gecko; compatible; GPTBot/1.3; +https://openai.com/gptbot)"
141.98.11.169 - - [04/Feb/2026:20:19:12 +0000] "GET /wp-admin/plugins.php HTTP/1.1" 404 12378 "https://elementalmill.com/wp-login.php" "Mozilla/5.0 (Macintosh; Intel Mac OS X 13_6_1) AppleWebKit/605.1.15 (KHTML, like Gecko) Version/17.0 Safari/605.1.15"
141.98.11.169 - - [04/Feb/2026:20:19:15 +0000] "POST /wp-login.php HTTP/1.1" 200 2934 "https://elementalmill.com/wp-login.php" "Mozilla/5.0 (X11; Ubuntu; Linux x86_64) AppleWebKit/537.36 (KHTML, like Gecko) Chrome/121.0.0.0 Safari/537.36"
