141.98.11.169 - - [04/Feb/2026:20:09:34 +0000] "GET /wp-admin/ HTTP/1.1" 302 20 "https://elementalmill.com/wp-login.php" "Mozilla/5.0 (X11; Linux x86_64) AppleWebKit/537.36 (KHTML, like Gecko) Chrome/120.0.0.0 Safari/537.36"
74.7.227.48 - - [04/Feb/2026:20:09:34 +0000] "GET /shopping/products/161892427 HTTP/2.0" 200 24721 "https://elementalmill.com/shopping/products/1618193394" "Mozilla/5.0 AppleWebKit/537.36 (KHTML, like Gecko; compatible; GPTBot/1.3; +https://openai.com/gptbot)"
141.98.11.169 - - [04/Feb/2026:20:09:36 +0000] "GET /wp-admin/ HTTP/1.1" 302 20 "https://elementalmill.com/wp-login.php" "Mozilla/5.0 (X11; Linux x86_64) AppleWebKit/537.36 (KHTML, like Gecko) Chrome/120.0.0.0 Safari/537.36"
74.7.227.48 - - [04/Feb/2026:20:09:37 +0000] "GET /shopping/products/16222415212 HTTP/2.0" 200 25215 "https://elementalmill.com/shopping/products/1618193394" "Mozilla/5.0 AppleWebKit/537.36 (KHTML, like Gecko; compatible; GPTBot/1.3; +https://openai.com/gptbot)"
141.98.11.169 - - [04/Feb/2026:20:09:38 +0000] "GET /wp-admin/ HTTP/1.1" 302 20 "https://elementalmill.com/wp-login.php" "Mozilla/5.0 (X11; Linux x86_64) AppleWebKit/537.36 (KHTML, like Gecko) Chrome/120.0.0.0 Safari/537.36"
139.162.194.112 - - [04/Feb/2026:20:09:41 +0000] "POST /wp-cron.php?doing_wp_cron=1770235781.1042649745941162109375 HTTP/1.1" 404 13178 "-" "WordPress/6.9.1; https://elementalmill.com"
74.7.227.48 - - [04/Feb/2026:20:09:40 +0000] "GET /shopping/products/161848597 HTTP/2.0" 200 24267 "https://elementalmill.com/shopping/products/1618363812" "Mozilla/5.0 AppleWebKit/537.36 (KHTML, like Gecko; compatible; GPTBot/1.3; +https://openai.com/gptbot)"
141.98.11.169 - - [04/Feb/2026:20:09:42 +0000] "GET /wp-admin/ HTTP/1.1" 302 20 "https://elementalmill.com/wp-login.php" "Mozilla/5.0 (X11; Linux x86_64) AppleWebKit/537.36 (KHTML, like Gecko) Chrome/120.0.0.0 Safari/537.36"
141.98.11.169 - - [04/Feb/2026:20:09:44 +0000] "GET /wp-admin/ HTTP/1.1" 302 20 "https://elementalmill.com/wp-login.php" "Mozilla/5.0 (X11; Linux x86_64) AppleWebKit/537.36 (KHTML, like Gecko) Chrome/120.0.0.0 Safari/537.36"
74.7.227.48 - - [04/Feb/2026:20:09:44 +0000] "GET /shopping/products/1618265458 HTTP/2.0" 200 24702 "https://elementalmill.com/shopping/products/1618243854" "Mozilla/5.0 AppleWebKit/537.36 (KHTML, like Gecko; compatible; GPTBot/1.3; +https://openai.com/gptbot)"
141.98.11.169 - - [04/Feb/2026:20:09:46 +0000] "GET /wp-admin/ HTTP/1.1" 302 20 "https://elementalmill.com/wp-login.php" "Mozilla/5.0 (X11; Linux x86_64) AppleWebKit/537.36 (KHTML, like Gecko) Chrome/120.0.0.0 Safari/537.36"
74.7.227.48 - - [04/Feb/2026:20:09:48 +0000] "GET /shopping/products/161890295 HTTP/2.0" 200 24385 "https://elementalmill.com/shopping/products/1619767604" "Mozilla/5.0 AppleWebKit/537.36 (KHTML, like Gecko; compatible; GPTBot/1.3; +https://openai.com/gptbot)"
141.98.11.169 - - [04/Feb/2026:20:09:49 +0000] "GET /wp-admin/ HTTP/1.1" 302 20 "https://elementalmill.com/wp-login.php" "Mozilla/5.0 (X11; Linux x86_64) AppleWebKit/537.36 (KHTML, like Gecko) Chrome/120.0.0.0 Safari/537.36"
141.98.11.169 - - [04/Feb/2026:20:09:51 +0000] "GET /wp-admin/ HTTP/1.1" 302 20 "https://elementalmill.com/wp-login.php" "Mozilla/5.0 (X11; Linux x86_64) AppleWebKit/537.36 (KHTML, like Gecko) Chrome/120.0.0.0 Safari/537.36"
74.7.227.48 - - [04/Feb/2026:20:09:51 +0000] "GET /shopping/products/1618154849 HTTP/2.0" 200 25501 "https://elementalmill.com/shop/pg/1Sitemap" "Mozilla/5.0 AppleWebKit/537.36 (KHTML, like Gecko; compatible; GPTBot/1.3; +https://openai.com/gptbot)"
141.98.11.169 - - [04/Feb/2026:20:09:54 +0000] "GET /wp-admin/ HTTP/1.1" 302 20 "https://elementalmill.com/wp-login.php" "Mozilla/5.0 (X11; Linux x86_64) AppleWebKit/537.36 (KHTML, like Gecko) Chrome/120.0.0.0 Safari/537.36"
74.7.227.48 - - [04/Feb/2026:20:09:55 +0000] "GET /shopping/products/16222498539 HTTP/2.0" 200 25144 "https://elementalmill.com/shopping/products/16222488063" "Mozilla/5.0 AppleWebKit/537.36 (KHTML, like Gecko; compatible; GPTBot/1.3; +https://openai.com/gptbot)"
141.98.11.169 - - [04/Feb/2026:20:09:56 +0000] "GET /wp-admin/ HTTP/1.1" 302 20 "https://elementalmill.com/wp-login.php" "Mozilla/5.0 (X11; Linux x86_64) AppleWebKit/537.36 (KHTML, like Gecko) Chrome/120.0.0.0 Safari/537.36"
141.98.11.169 - - [04/Feb/2026:20:09:58 +0000] "GET /wp-admin/ HTTP/1.1" 302 20 "https://elementalmill.com/wp-login.php" "Mozilla/5.0 (X11; Linux x86_64) AppleWebKit/537.36 (KHTML, like Gecko) Chrome/120.0.0.0 Safari/537.36"
74.7.227.48 - - [04/Feb/2026:20:09:58 +0000] "GET /shopping/products/16222317744 HTTP/2.0" 200 24940 "https://elementalmill.com/shopping/products/1618363812" "Mozilla/5.0 AppleWebKit/537.36 (KHTML, like Gecko; compatible; GPTBot/1.3; +https://openai.com/gptbot)"
141.98.11.169 - - [04/Feb/2026:20:10:01 +0000] "GET /wp-admin/ HTTP/1.1" 302 20 "https://elementalmill.com/wp-login.php" "Mozilla/5.0 (X11; Linux x86_64) AppleWebKit/537.36 (KHTML, like Gecko) Chrome/120.0.0.0 Safari/537.36"
74.7.227.48 - - [04/Feb/2026:20:10:02 +0000] "GET /shopping/products/1619979228 HTTP/2.0" 200 25205 "https://elementalmill.com/shopping/products/16211990411" "Mozilla/5.0 AppleWebKit/537.36 (KHTML, like Gecko; compatible; GPTBot/1.3; +https://openai.com/gptbot)"
141.98.11.169 - - [04/Feb/2026:20:10:03 +0000] "GET /wp-admin/ HTTP/1.1" 302 20 "https://elementalmill.com/wp-login.php" "Mozilla/5.0 (X11; Linux x86_64) AppleWebKit/537.36 (KHTML, like Gecko) Chrome/120.0.0.0 Safari/537.36"
141.98.11.169 - - [04/Feb/2026:20:10:06 +0000] "GET /wp-admin/ HTTP/1.1" 302 20 "https://elementalmill.com/wp-login.php" "Mozilla/5.0 (X11; Linux x86_64) AppleWebKit/537.36 (KHTML, like Gecko) Chrome/120.0.0.0 Safari/537.36"
74.7.227.48 - - [04/Feb/2026:20:10:05 +0000] "GET /shopping/products/1619815194 HTTP/2.0" 200 25211 "https://elementalmill.com/shopping/products/16211990411" "Mozilla/5.0 AppleWebKit/537.36 (KHTML, like Gecko; compatible; GPTBot/1.3; +https://openai.com/gptbot)"
141.98.11.169 - - [04/Feb/2026:20:10:08 +0000] "GET /wp-admin/ HTTP/1.1" 302 20 "https://elementalmill.com/wp-login.php" "Mozilla/5.0 (X11; Linux x86_64) AppleWebKit/537.36 (KHTML, like Gecko) Chrome/120.0.0.0 Safari/537.36"
74.7.227.48 - - [04/Feb/2026:20:10:08 +0000] "GET /shopping/products/161853929 HTTP/2.0" 200 24635 "https://elementalmill.com/shopping/products/1618313608" "Mozilla/5.0 AppleWebKit/537.36 (KHTML, like Gecko; compatible; GPTBot/1.3; +https://openai.com/gptbot)"
141.98.11.169 - - [04/Feb/2026:20:10:10 +0000] "GET /wp-admin/ HTTP/1.1" 302 20 "https://elementalmill.com/wp-login.php" "Mozilla/5.0 (X11; Linux x86_64) AppleWebKit/537.36 (KHTML, like Gecko) Chrome/120.0.0.0 Safari/537.36"
74.7.227.48 - - [04/Feb/2026:20:10:11 +0000] "GET /shopping/products/1618349096 HTTP/2.0" 200 24260 "https://elementalmill.com/shopping/products/1618342112" "Mozilla/5.0 AppleWebKit/537.36 (KHTML, like Gecko; compatible; GPTBot/1.3; +https://openai.com/gptbot)"
141.98.11.169 - - [04/Feb/2026:20:10:13 +0000] "GET /wp-admin/ HTTP/1.1" 302 20 "https://elementalmill.com/wp-login.php" "Mozilla/5.0 (X11; Linux x86_64) AppleWebKit/537.36 (KHTML, like Gecko) Chrome/120.0.0.0 Safari/537.36"
74.7.227.48 - - [04/Feb/2026:20:10:14 +0000] "GET /shopping/products/16222356473 HTTP/2.0" 200 25234 "https://elementalmill.com/shopping/products/16222488063" "Mozilla/5.0 AppleWebKit/537.36 (KHTML, like Gecko; compatible; GPTBot/1.3; +https://openai.com/gptbot)"
141.98.11.169 - - [04/Feb/2026:20:10:15 +0000] "GET /wp-admin/ HTTP/1.1" 302 20 "https://elementalmill.com/wp-login.php" "Mozilla/5.0 (X11; Linux x86_64) AppleWebKit/537.36 (KHTML, like Gecko) Chrome/120.0.0.0 Safari/537.36"
141.98.11.169 - - [04/Feb/2026:20:10:18 +0000] "GET /wp-admin/ HTTP/1.1" 302 20 "https://elementalmill.com/wp-login.php" "Mozilla/5.0 (X11; Linux x86_64) AppleWebKit/537.36 (KHTML, like Gecko) Chrome/120.0.0.0 Safari/537.36"
74.7.227.48 - - [04/Feb/2026:20:10:18 +0000] "GET /shopping/products/16222421401 HTTP/2.0" 200 26068 "https://elementalmill.com/shopping/products/161848597" "Mozilla/5.0 AppleWebKit/537.36 (KHTML, like Gecko; compatible; GPTBot/1.3; +https://openai.com/gptbot)"
141.98.11.169 - - [04/Feb/2026:20:10:20 +0000] "GET /wp-admin/ HTTP/1.1" 302 20 "https://elementalmill.com/wp-login.php" "Mozilla/5.0 (X11; Linux x86_64) AppleWebKit/537.36 (KHTML, like Gecko) Chrome/120.0.0.0 Safari/537.36"
74.7.227.48 - - [04/Feb/2026:20:10:21 +0000] "GET /shopping/products/1618384887 HTTP/2.0" 200 24568 "https://elementalmill.com/shopping/products/1618265458" "Mozilla/5.0 AppleWebKit/537.36 (KHTML, like Gecko; compatible; GPTBot/1.3; +https://openai.com/gptbot)"
141.98.11.169 - - [04/Feb/2026:20:10:23 +0000] "GET /wp-admin/ HTTP/1.1" 302 20 "https://elementalmill.com/wp-login.php" "Mozilla/5.0 (X11; Linux x86_64) AppleWebKit/537.36 (KHTML, like Gecko) Chrome/120.0.0.0 Safari/537.36"
141.98.11.169 - - [04/Feb/2026:20:10:25 +0000] "GET /wp-admin/ HTTP/1.1" 302 20 "https://elementalmill.com/wp-login.php" "Mozilla/5.0 (X11; Linux x86_64) AppleWebKit/537.36 (KHTML, like Gecko) Chrome/120.0.0.0 Safari/537.36"
74.7.227.48 - - [04/Feb/2026:20:10:25 +0000] "GET /shopping/products/16222111920 HTTP/2.0" 200 25460 "https://elementalmill.com/shopping/products/161890295" "Mozilla/5.0 AppleWebKit/537.36 (KHTML, like Gecko; compatible; GPTBot/1.3; +https://openai.com/gptbot)"
141.98.11.169 - - [04/Feb/2026:20:10:27 +0000] "GET /wp-admin/ HTTP/1.1" 302 20 "https://elementalmill.com/wp-login.php" "Mozilla/5.0 (X11; Linux x86_64) AppleWebKit/537.36 (KHTML, like Gecko) Chrome/120.0.0.0 Safari/537.36"
141.98.11.169 - - [04/Feb/2026:20:10:29 +0000] "GET /wp-admin/ HTTP/1.1" 302 20 "https://elementalmill.com/wp-login.php" "Mozilla/5.0 (X11; Linux x86_64) AppleWebKit/537.36 (KHTML, like Gecko) Chrome/120.0.0.0 Safari/537.36"
74.7.227.48 - - [04/Feb/2026:20:10:28 +0000] "GET /shopping/products/16222249029 HTTP/2.0" 200 25147 "https://elementalmill.com/shopping/products/1618154849" "Mozilla/5.0 AppleWebKit/537.36 (KHTML, like Gecko; compatible; GPTBot/1.3; +https://openai.com/gptbot)"
141.98.11.169 - - [04/Feb/2026:20:10:32 +0000] "GET /wp-admin/ HTTP/1.1" 302 20 "https://elementalmill.com/wp-login.php" "Mozilla/5.0 (X11; Linux x86_64) AppleWebKit/537.36 (KHTML, like Gecko) Chrome/120.0.0.0 Safari/537.36"
74.7.227.48 - - [04/Feb/2026:20:10:32 +0000] "GET /shopping/products/16222219010 HTTP/2.0" 200 25320 "https://elementalmill.com/shopping/products/16222498539" "Mozilla/5.0 AppleWebKit/537.36 (KHTML, like Gecko; compatible; GPTBot/1.3; +https://openai.com/gptbot)"
141.98.11.169 - - [04/Feb/2026:20:10:34 +0000] "GET /wp-admin/profile.php HTTP/1.1" 404 12378 "https://elementalmill.com/wp-login.php" "Mozilla/5.0 (X11; Linux x86_64) AppleWebKit/537.36 (KHTML, like Gecko) Chrome/120.0.0.0 Safari/537.36"
74.7.227.48 - - [04/Feb/2026:20:10:36 +0000] "GET /shopping/products/16222383668 HTTP/2.0" 200 24799 "https://elementalmill.com/shopping/products/16222498539" "Mozilla/5.0 AppleWebKit/537.36 (KHTML, like Gecko; compatible; GPTBot/1.3; +https://openai.com/gptbot)"
141.98.11.169 - - [04/Feb/2026:20:10:36 +0000] "GET /wp-admin/edit.php HTTP/1.1" 404 12378 "https://elementalmill.com/wp-login.php" "Mozilla/5.0 (X11; Linux x86_64) AppleWebKit/537.36 (KHTML, like Gecko) Chrome/120.0.0.0 Safari/537.36"
74.7.227.48 - - [04/Feb/2026:20:10:39 +0000] "GET /category/162210716 HTTP/2.0" 200 27383 "https://elementalmill.com/shopping/products/16222498539" "Mozilla/5.0 AppleWebKit/537.36 (KHTML, like Gecko; compatible; GPTBot/1.3; +https://openai.com/gptbot)"
141.98.11.169 - - [04/Feb/2026:20:10:39 +0000] "GET /wp-admin/plugins.php HTTP/1.1" 404 12378 "https://elementalmill.com/wp-login.php" "Mozilla/5.0 (X11; Linux x86_64) AppleWebKit/537.36 (KHTML, like Gecko) Chrome/120.0.0.0 Safari/537.36"
139.162.194.112 - - [04/Feb/2026:20:10:41 +0000] "POST /wp-cron.php?doing_wp_cron=1770235841.7334949970245361328125 HTTP/1.1" 404 13168 "-" "WordPress/6.9.1; https://elementalmill.com"
74.7.227.48 - - [04/Feb/2026:20:10:41 +0000] "GET /shop/pg/815194 HTTP/2.0" 200 24321 "https://elementalmill.com/shopping/products/1619815194" "Mozilla/5.0 AppleWebKit/537.36 (KHTML, like Gecko; compatible; GPTBot/1.3; +https://openai.com/gptbot)"
141.98.11.169 - - [04/Feb/2026:20:10:42 +0000] "POST /wp-login.php HTTP/1.1" 200 2934 "https://elementalmill.com/wp-login.php" "Mozilla/5.0 (Macintosh; Intel Mac OS X 13_6_1) AppleWebKit/605.1.15 (KHTML, like Gecko) Version/17.2 Safari/605.1.15"
141.98.11.169 - - [04/Feb/2026:20:10:44 +0000] "GET /wp-admin/index.php HTTP/1.1" 301 20 "https://elementalmill.com/wp-login.php" "Mozilla/5.0 (Macintosh; Intel Mac OS X 13_6_1; rv:119.0) Gecko/20100101 Firefox/119.0"
74.7.227.48 - - [04/Feb/2026:20:10:44 +0000] "GET /shopping/products/1619545066 HTTP/2.0" 200 24582 "https://elementalmill.com/shopping/products/1619979228" "Mozilla/5.0 AppleWebKit/537.36 (KHTML, like Gecko; compatible; GPTBot/1.3; +https://openai.com/gptbot)"
141.98.11.169 - - [04/Feb/2026:20:10:46 +0000] "GET /wp-admin/ HTTP/1.1" 302 20 "https://elementalmill.com/wp-login.php" "Mozilla/5.0 (Macintosh; Intel Mac OS X 13_6_1; rv:119.0) Gecko/20100101 Firefox/119.0"
74.7.227.48 - - [04/Feb/2026:20:10:48 +0000] "GET /shopping/products/1619956040 HTTP/2.0" 200 25136 "https://elementalmill.com/shopping/products/1618265458" "Mozilla/5.0 AppleWebKit/537.36 (KHTML, like Gecko; compatible; GPTBot/1.3; +https://openai.com/gptbot)"
141.98.11.169 - - [04/Feb/2026:20:10:49 +0000] "GET /wp-admin/ HTTP/1.1" 302 20 "https://elementalmill.com/wp-login.php" "Mozilla/5.0 (Macintosh; Intel Mac OS X 13_6_1; rv:119.0) Gecko/20100101 Firefox/119.0"
141.98.11.169 - - [04/Feb/2026:20:10:51 +0000] "GET /wp-admin/ HTTP/1.1" 302 20 "https://elementalmill.com/wp-login.php" "Mozilla/5.0 (Macintosh; Intel Mac OS X 13_6_1; rv:119.0) Gecko/20100101 Firefox/119.0"
74.7.227.48 - - [04/Feb/2026:20:10:51 +0000] "GET /shopping/products/1619631256 HTTP/2.0" 200 25250 "https://elementalmill.com/shopping/products/1618349096" "Mozilla/5.0 AppleWebKit/537.36 (KHTML, like Gecko; compatible; GPTBot/1.3; +https://openai.com/gptbot)"
141.98.11.169 - - [04/Feb/2026:20:10:53 +0000] "GET /wp-admin/ HTTP/1.1" 302 20 "https://elementalmill.com/wp-login.php" "Mozilla/5.0 (Macintosh; Intel Mac OS X 13_6_1; rv:119.0) Gecko/20100101 Firefox/119.0"
74.7.227.48 - - [04/Feb/2026:20:10:54 +0000] "GET /shopping/products/1619790314 HTTP/2.0" 200 24739 "https://elementalmill.com/shopping/products/1619815194" "Mozilla/5.0 AppleWebKit/537.36 (KHTML, like Gecko; compatible; GPTBot/1.3; +https://openai.com/gptbot)"
141.98.11.169 - - [04/Feb/2026:20:10:56 +0000] "GET /wp-admin/ HTTP/1.1" 302 20 "https://elementalmill.com/wp-login.php" "Mozilla/5.0 (Macintosh; Intel Mac OS X 13_6_1; rv:119.0) Gecko/20100101 Firefox/119.0"
74.7.227.48 - - [04/Feb/2026:20:10:57 +0000] "GET /shopping/products/1618190749 HTTP/2.0" 200 24594 "https://elementalmill.com/shopping/products/161848597" "Mozilla/5.0 AppleWebKit/537.36 (KHTML, like Gecko; compatible; GPTBot/1.3; +https://openai.com/gptbot)"
141.98.11.169 - - [04/Feb/2026:20:10:58 +0000] "GET /wp-admin/ HTTP/1.1" 302 20 "https://elementalmill.com/wp-login.php" "Mozilla/5.0 (Macintosh; Intel Mac OS X 13_6_1; rv:119.0) Gecko/20100101 Firefox/119.0"
141.98.11.169 - - [04/Feb/2026:20:11:00 +0000] "GET /wp-admin/ HTTP/1.1" 302 20 "https://elementalmill.com/wp-login.php" "Mozilla/5.0 (Macintosh; Intel Mac OS X 13_6_1; rv:119.0) Gecko/20100101 Firefox/119.0"
74.7.227.48 - - [04/Feb/2026:20:11:00 +0000] "GET /shopping/products/16211615414 HTTP/2.0" 200 24479 "https://elementalmill.com/shopping/products/16222111920" "Mozilla/5.0 AppleWebKit/537.36 (KHTML, like Gecko; compatible; GPTBot/1.3; +https://openai.com/gptbot)"
141.98.11.169 - - [04/Feb/2026:20:11:02 +0000] "GET /wp-admin/ HTTP/1.1" 302 20 "https://elementalmill.com/wp-login.php" "Mozilla/5.0 (Macintosh; Intel Mac OS X 13_6_1; rv:119.0) Gecko/20100101 Firefox/119.0"
74.7.227.48 - - [04/Feb/2026:20:11:03 +0000] "GET /shopping/products/1619922885 HTTP/2.0" 200 24527 "https://elementalmill.com/shopping/products/16222421401" "Mozilla/5.0 AppleWebKit/537.36 (KHTML, like Gecko; compatible; GPTBot/1.3; +https://openai.com/gptbot)"
141.98.11.169 - - [04/Feb/2026:20:11:05 +0000] "GET /wp-admin/ HTTP/1.1" 302 20 "https://elementalmill.com/wp-login.php" "Mozilla/5.0 (Macintosh; Intel Mac OS X 13_6_1; rv:119.0) Gecko/20100101 Firefox/119.0"
141.98.11.169 - - [04/Feb/2026:20:11:07 +0000] "GET /wp-admin/ HTTP/1.1" 302 20 "https://elementalmill.com/wp-login.php" "Mozilla/5.0 (Macintosh; Intel Mac OS X 13_6_1; rv:119.0) Gecko/20100101 Firefox/119.0"
74.7.227.48 - - [04/Feb/2026:20:11:06 +0000] "GET /shopping/products/1619578642 HTTP/2.0" 200 24699 "https://elementalmill.com/shopping/products/16222219010" "Mozilla/5.0 AppleWebKit/537.36 (KHTML, like Gecko; compatible; GPTBot/1.3; +https://openai.com/gptbot)"
141.98.11.169 - - [04/Feb/2026:20:11:10 +0000] "GET /wp-admin/ HTTP/1.1" 302 20 "https://elementalmill.com/wp-login.php" "Mozilla/5.0 (Macintosh; Intel Mac OS X 13_6_1; rv:119.0) Gecko/20100101 Firefox/119.0"
74.7.227.48 - - [04/Feb/2026:20:11:10 +0000] "GET /shopping/products/1618207355 HTTP/2.0" 200 24221 "https://elementalmill.com/shopping/products/16222383668" "Mozilla/5.0 AppleWebKit/537.36 (KHTML, like Gecko; compatible; GPTBot/1.3; +https://openai.com/gptbot)"
141.98.11.169 - - [04/Feb/2026:20:11:12 +0000] "GET /wp-admin/ HTTP/1.1" 302 20 "https://elementalmill.com/wp-login.php" "Mozilla/5.0 (Macintosh; Intel Mac OS X 13_6_1; rv:119.0) Gecko/20100101 Firefox/119.0"
74.7.227.48 - - [04/Feb/2026:20:11:13 +0000] "GET /shopping/products/1618388736 HTTP/2.0" 200 24397 "https://elementalmill.com/category/162210716" "Mozilla/5.0 AppleWebKit/537.36 (KHTML, like Gecko; compatible; GPTBot/1.3; +https://openai.com/gptbot)"
141.98.11.169 - - [04/Feb/2026:20:11:14 +0000] "GET /wp-admin/ HTTP/1.1" 302 20 "https://elementalmill.com/wp-login.php" "Mozilla/5.0 (Macintosh; Intel Mac OS X 13_6_1; rv:119.0) Gecko/20100101 Firefox/119.0"
141.98.11.169 - - [04/Feb/2026:20:11:17 +0000] "GET /wp-admin/ HTTP/1.1" 302 20 "https://elementalmill.com/wp-login.php" "Mozilla/5.0 (Macintosh; Intel Mac OS X 13_6_1; rv:119.0) Gecko/20100101 Firefox/119.0"
74.7.227.48 - - [04/Feb/2026:20:11:17 +0000] "GET /shopping/products/1619540577 HTTP/2.0" 200 24553 "https://elementalmill.com/shopping/products/16222383668" "Mozilla/5.0 AppleWebKit/537.36 (KHTML, like Gecko; compatible; GPTBot/1.3; +https://openai.com/gptbot)"
141.98.11.169 - - [04/Feb/2026:20:11:19 +0000] "GET /wp-admin/ HTTP/1.1" 302 20 "https://elementalmill.com/wp-login.php" "Mozilla/5.0 (Macintosh; Intel Mac OS X 13_6_1; rv:119.0) Gecko/20100101 Firefox/119.0"
74.7.227.48 - - [04/Feb/2026:20:11:20 +0000] "GET /shopping/products/1619676445 HTTP/2.0" 200 24218 "https://elementalmill.com/shopping/products/1618384887" "Mozilla/5.0 AppleWebKit/537.36 (KHTML, like Gecko; compatible; GPTBot/1.3; +https://openai.com/gptbot)"
141.98.11.169 - - [04/Feb/2026:20:11:21 +0000] "GET /wp-admin/ HTTP/1.1" 302 20 "https://elementalmill.com/wp-login.php" "Mozilla/5.0 (Macintosh; Intel Mac OS X 13_6_1; rv:119.0) Gecko/20100101 Firefox/119.0"
141.98.11.169 - - [04/Feb/2026:20:11:23 +0000] "GET /wp-admin/ HTTP/1.1" 302 20 "https://elementalmill.com/wp-login.php" "Mozilla/5.0 (Macintosh; Intel Mac OS X 13_6_1; rv:119.0) Gecko/20100101 Firefox/119.0"
74.7.227.48 - - [04/Feb/2026:20:11:23 +0000] "GET /shopping/products/1619883450 HTTP/2.0" 200 25342 "https://elementalmill.com/shopping/products/1619956040" "Mozilla/5.0 AppleWebKit/537.36 (KHTML, like Gecko; compatible; GPTBot/1.3; +https://openai.com/gptbot)"
141.98.11.169 - - [04/Feb/2026:20:11:26 +0000] "GET /wp-admin/ HTTP/1.1" 302 20 "https://elementalmill.com/wp-login.php" "Mozilla/5.0 (Macintosh; Intel Mac OS X 13_6_1; rv:119.0) Gecko/20100101 Firefox/119.0"
74.7.227.48 - - [04/Feb/2026:20:11:26 +0000] "GET /shopping/products/1619540234 HTTP/2.0" 200 25216 "https://elementalmill.com/shopping/products/1619815194" "Mozilla/5.0 AppleWebKit/537.36 (KHTML, like Gecko; compatible; GPTBot/1.3; +https://openai.com/gptbot)"
141.98.11.169 - - [04/Feb/2026:20:11:28 +0000] "GET /wp-admin/ HTTP/1.1" 302 20 "https://elementalmill.com/wp-login.php" "Mozilla/5.0 (Macintosh; Intel Mac OS X 13_6_1; rv:119.0) Gecko/20100101 Firefox/119.0"
74.7.227.48 - - [04/Feb/2026:20:11:29 +0000] "GET /shopping/products/1619806028 HTTP/2.0" 200 25122 "https://elementalmill.com/shopping/products/1619790314" "Mozilla/5.0 AppleWebKit/537.36 (KHTML, like Gecko; compatible; GPTBot/1.3; +https://openai.com/gptbot)"
141.98.11.169 - - [04/Feb/2026:20:11:30 +0000] "GET /wp-admin/ HTTP/1.1" 302 20 "https://elementalmill.com/wp-login.php" "Mozilla/5.0 (Macintosh; Intel Mac OS X 13_6_1; rv:119.0) Gecko/20100101 Firefox/119.0"
141.98.11.169 - - [04/Feb/2026:20:11:33 +0000] "GET /wp-admin/ HTTP/1.1" 302 20 "https://elementalmill.com/wp-login.php" "Mozilla/5.0 (Macintosh; Intel Mac OS X 13_6_1; rv:119.0) Gecko/20100101 Firefox/119.0"
74.7.227.48 - - [04/Feb/2026:20:11:32 +0000] "GET /shopping/products/1619625752 HTTP/2.0" 200 24303 "https://elementalmill.com/shopping/products/161853929" "Mozilla/5.0 AppleWebKit/537.36 (KHTML, like Gecko; compatible; GPTBot/1.3; +https://openai.com/gptbot)"
141.98.11.169 - - [04/Feb/2026:20:11:35 +0000] "GET /wp-admin/ HTTP/1.1" 302 20 "https://elementalmill.com/wp-login.php" "Mozilla/5.0 (Macintosh; Intel Mac OS X 13_6_1; rv:119.0) Gecko/20100101 Firefox/119.0"
74.7.227.48 - - [04/Feb/2026:20:11:35 +0000] "GET /shopping/products/16211699712 HTTP/2.0" 200 24424 "https://elementalmill.com/shopping/products/16211615414" "Mozilla/5.0 AppleWebKit/537.36 (KHTML, like Gecko; compatible; GPTBot/1.3; +https://openai.com/gptbot)"
141.98.11.169 - - [04/Feb/2026:20:11:37 +0000] "GET /wp-admin/ HTTP/1.1" 302 20 "https://elementalmill.com/wp-login.php" "Mozilla/5.0 (Macintosh; Intel Mac OS X 13_6_1; rv:119.0) Gecko/20100101 Firefox/119.0"
74.7.227.48 - - [04/Feb/2026:20:11:39 +0000] "GET /shop/pg/922885 HTTP/2.0" 200 24317 "https://elementalmill.com/shopping/products/1619922885" "Mozilla/5.0 AppleWebKit/537.36 (KHTML, like Gecko; compatible; GPTBot/1.3; +https://openai.com/gptbot)"
141.98.11.169 - - [04/Feb/2026:20:11:40 +0000] "GET /wp-admin/ HTTP/1.1" 302 20 "https://elementalmill.com/wp-login.php" "Mozilla/5.0 (Macintosh; Intel Mac OS X 13_6_1; rv:119.0) Gecko/20100101 Firefox/119.0"
139.162.194.112 - - [04/Feb/2026:20:11:42 +0000] "POST /wp-cron.php?doing_wp_cron=1770235902.7108430862426757812500 HTTP/1.1" 404 13178 "-" "WordPress/6.9.1; https://elementalmill.com"
141.98.11.169 - - [04/Feb/2026:20:11:43 +0000] "GET /wp-admin/ HTTP/1.1" 302 20 "https://elementalmill.com/wp-login.php" "Mozilla/5.0 (Macintosh; Intel Mac OS X 13_6_1; rv:119.0) Gecko/20100101 Firefox/119.0"
74.7.227.48 - - [04/Feb/2026:20:11:43 +0000] "GET /shopping/products/1619930704 HTTP/2.0" 200 24431 "https://elementalmill.com/shopping/products/1619578642" "Mozilla/5.0 AppleWebKit/537.36 (KHTML, like Gecko; compatible; GPTBot/1.3; +https://openai.com/gptbot)"
141.98.11.169 - - [04/Feb/2026:20:11:46 +0000] "GET /wp-admin/ HTTP/1.1" 302 20 "https://elementalmill.com/wp-login.php" "Mozilla/5.0 (Macintosh; Intel Mac OS X 13_6_1; rv:119.0) Gecko/20100101 Firefox/119.0"
74.7.227.48 - - [04/Feb/2026:20:11:47 +0000] "GET /shop/pg/207355 HTTP/2.0" 200 24247 "https://elementalmill.com/shopping/products/1618207355" "Mozilla/5.0 AppleWebKit/537.36 (KHTML, like Gecko; compatible; GPTBot/1.3; +https://openai.com/gptbot)"
141.98.11.169 - - [04/Feb/2026:20:11:48 +0000] "GET /wp-admin/ HTTP/1.1" 302 20 "https://elementalmill.com/wp-login.php" "Mozilla/5.0 (Macintosh; Intel Mac OS X 13_6_1; rv:119.0) Gecko/20100101 Firefox/119.0"
74.7.227.48 - - [04/Feb/2026:20:11:50 +0000] "GET /shopping/products/16201312362 HTTP/2.0" 200 26077 "https://elementalmill.com/shopping/products/1618388736" "Mozilla/5.0 AppleWebKit/537.36 (KHTML, like Gecko; compatible; GPTBot/1.3; +https://openai.com/gptbot)"
141.98.11.169 - - [04/Feb/2026:20:11:51 +0000] "GET /wp-admin/ HTTP/1.1" 302 20 "https://elementalmill.com/wp-login.php" "Mozilla/5.0 (Macintosh; Intel Mac OS X 13_6_1; rv:119.0) Gecko/20100101 Firefox/119.0"
141.98.11.169 - - [04/Feb/2026:20:11:54 +0000] "GET /wp-admin/ HTTP/1.1" 302 20 "https://elementalmill.com/wp-login.php" "Mozilla/5.0 (Macintosh; Intel Mac OS X 13_6_1; rv:119.0) Gecko/20100101 Firefox/119.0"
74.7.227.48 - - [04/Feb/2026:20:11:53 +0000] "GET /shopping/products/1618183407 HTTP/2.0" 200 24560 "https://elementalmill.com/shopping/products/1619922885" "Mozilla/5.0 AppleWebKit/537.36 (KHTML, like Gecko; compatible; GPTBot/1.3; +https://openai.com/gptbot)"
141.98.11.169 - - [04/Feb/2026:20:11:56 +0000] "GET /wp-admin/ HTTP/1.1" 302 20 "https://elementalmill.com/wp-login.php" "Mozilla/5.0 (Macintosh; Intel Mac OS X 13_6_1; rv:119.0) Gecko/20100101 Firefox/119.0"
74.7.227.48 - - [04/Feb/2026:20:11:57 +0000] "GET /shopping/products/1618417336 HTTP/2.0" 200 24765 "https://elementalmill.com/shopping/products/1618207355" "Mozilla/5.0 AppleWebKit/537.36 (KHTML, like Gecko; compatible; GPTBot/1.3; +https://openai.com/gptbot)"
141.98.11.169 - - [04/Feb/2026:20:11:58 +0000] "GET /wp-admin/profile.php HTTP/1.1" 404 12378 "https://elementalmill.com/wp-login.php" "Mozilla/5.0 (Macintosh; Intel Mac OS X 13_6_1; rv:119.0) Gecko/20100101 Firefox/119.0"
141.98.11.169 - - [04/Feb/2026:20:12:01 +0000] "GET /wp-admin/edit.php HTTP/1.1" 404 12378 "https://elementalmill.com/wp-login.php" "Mozilla/5.0 (Macintosh; Intel Mac OS X 13_6_1; rv:119.0) Gecko/20100101 Firefox/119.0"
104.244.72.22 - - [04/Feb/2026:20:12:03 +0000] "GET /testsitemap.xml HTTP/1.1" 200 36 "-" "google,yahoo,bot,googlebot"
74.7.227.48 - - [04/Feb/2026:20:12:01 +0000] "GET /shopping/products/1619904270 HTTP/2.0" 200 24186 "https://elementalmill.com/shopping/products/1619956040" "Mozilla/5.0 AppleWebKit/537.36 (KHTML, like Gecko; compatible; GPTBot/1.3; +https://openai.com/gptbot)"
141.98.11.169 - - [04/Feb/2026:20:12:04 +0000] "GET /wp-admin/plugins.php HTTP/1.1" 404 12378 "https://elementalmill.com/wp-login.php" "Mozilla/5.0 (Macintosh; Intel Mac OS X 13_6_1; rv:119.0) Gecko/20100101 Firefox/119.0"
74.7.227.48 - - [04/Feb/2026:20:12:05 +0000] "GET /shopping/products/1619742212 HTTP/2.0" 200 24636 "https://elementalmill.com/shopping/products/1619540234" "Mozilla/5.0 AppleWebKit/537.36 (KHTML, like Gecko; compatible; GPTBot/1.3; +https://openai.com/gptbot)"
141.98.11.169 - - [04/Feb/2026:20:12:07 +0000] "POST /wp-login.php HTTP/1.1" 200 2934 "https://elementalmill.com/wp-login.php" "Mozilla/5.0 (X11; Ubuntu; Linux x86_64) AppleWebKit/537.36 (KHTML, like Gecko) Chrome/120.0.0.0 Safari/537.36"
74.7.227.48 - - [04/Feb/2026:20:12:08 +0000] "GET /shopping/products/1619947604 HTTP/2.0" 200 24299 "https://elementalmill.com/shopping/products/16222356473" "Mozilla/5.0 AppleWebKit/537.36 (KHTML, like Gecko; compatible; GPTBot/1.3; +https://openai.com/gptbot)"
141.98.11.169 - - [04/Feb/2026:20:12:09 +0000] "GET /wp-admin/index.php HTTP/1.1" 301 20 "https://elementalmill.com/wp-login.php" "Mozilla/5.0 (Windows NT 11.0; Win64; x64; rv:119.0) Gecko/20100101 Firefox/119.0"
74.7.227.48 - - [04/Feb/2026:20:12:11 +0000] "GET /shop/pg/1619629919 HTTP/2.0" 200 24430 "https://elementalmill.com/shopping/products/1619625752" "Mozilla/5.0 AppleWebKit/537.36 (KHTML, like Gecko; compatible; GPTBot/1.3; +https://openai.com/gptbot)"
141.98.11.169 - - [04/Feb/2026:20:12:11 +0000] "GET /wp-admin/ HTTP/1.1" 302 20 "https://elementalmill.com/wp-login.php" "Mozilla/5.0 (Windows NT 11.0; Win64; x64; rv:119.0) Gecko/20100101 Firefox/119.0"
141.98.11.169 - - [04/Feb/2026:20:12:14 +0000] "GET /wp-admin/ HTTP/1.1" 302 20 "https://elementalmill.com/wp-login.php" "Mozilla/5.0 (Windows NT 11.0; Win64; x64; rv:119.0) Gecko/20100101 Firefox/119.0"
74.7.227.48 - - [04/Feb/2026:20:12:14 +0000] "GET /shopping/products/1618209406 HTTP/2.0" 200 23825 "https://elementalmill.com/shopping/products/1619625752" "Mozilla/5.0 AppleWebKit/537.36 (KHTML, like Gecko; compatible; GPTBot/1.3; +https://openai.com/gptbot)"
141.98.11.169 - - [04/Feb/2026:20:12:17 +0000] "GET /wp-admin/ HTTP/1.1" 302 20 "https://elementalmill.com/wp-login.php" "Mozilla/5.0 (Windows NT 11.0; Win64; x64; rv:119.0) Gecko/20100101 Firefox/119.0"
74.7.227.48 - - [04/Feb/2026:20:12:17 +0000] "GET /shopping/products/1619586839 HTTP/2.0" 200 24988 "https://elementalmill.com/shop/pg/922885" "Mozilla/5.0 AppleWebKit/537.36 (KHTML, like Gecko; compatible; GPTBot/1.3; +https://openai.com/gptbot)"
141.98.11.169 - - [04/Feb/2026:20:12:19 +0000] "GET /wp-admin/ HTTP/1.1" 302 20 "https://elementalmill.com/wp-login.php" "Mozilla/5.0 (Windows NT 11.0; Win64; x64; rv:119.0) Gecko/20100101 Firefox/119.0"
74.7.227.48 - - [04/Feb/2026:20:12:20 +0000] "GET /shopping/products/1618359418 HTTP/2.0" 200 25305 "https://elementalmill.com/shopping/products/1619625752" "Mozilla/5.0 AppleWebKit/537.36 (KHTML, like Gecko; compatible; GPTBot/1.3; +https://openai.com/gptbot)"
141.98.11.169 - - [04/Feb/2026:20:12:22 +0000] "GET /wp-admin/ HTTP/1.1" 302 20 "https://elementalmill.com/wp-login.php" "Mozilla/5.0 (Windows NT 11.0; Win64; x64; rv:119.0) Gecko/20100101 Firefox/119.0"
141.98.11.169 - - [04/Feb/2026:20:12:24 +0000] "GET /wp-admin/ HTTP/1.1" 302 20 "https://elementalmill.com/wp-login.php" "Mozilla/5.0 (Windows NT 11.0; Win64; x64; rv:119.0) Gecko/20100101 Firefox/119.0"
74.7.227.48 - - [04/Feb/2026:20:12:24 +0000] "GET /shopping/products/1618246909 HTTP/2.0" 200 24428 "https://elementalmill.com/shopping/products/1619625752" "Mozilla/5.0 AppleWebKit/537.36 (KHTML, like Gecko; compatible; GPTBot/1.3; +https://openai.com/gptbot)"
141.98.11.169 - - [04/Feb/2026:20:12:27 +0000] "GET /wp-admin/ HTTP/1.1" 302 20 "https://elementalmill.com/wp-login.php" "Mozilla/5.0 (Windows NT 11.0; Win64; x64; rv:119.0) Gecko/20100101 Firefox/119.0"
74.7.227.48 - - [04/Feb/2026:20:12:28 +0000] "GET /shopping/products/16222001772 HTTP/2.0" 200 24974 "https://elementalmill.com/shopping/products/16201312362" "Mozilla/5.0 AppleWebKit/537.36 (KHTML, like Gecko; compatible; GPTBot/1.3; +https://openai.com/gptbot)"
141.98.11.169 - - [04/Feb/2026:20:12:29 +0000] "GET /wp-admin/ HTTP/1.1" 302 20 "https://elementalmill.com/wp-login.php" "Mozilla/5.0 (Windows NT 11.0; Win64; x64; rv:119.0) Gecko/20100101 Firefox/119.0"
74.7.227.48 - - [04/Feb/2026:20:12:31 +0000] "GET /shopping/products/1618375411 HTTP/2.0" 200 24844 "https://elementalmill.com/shopping/products/1619922885" "Mozilla/5.0 AppleWebKit/537.36 (KHTML, like Gecko; compatible; GPTBot/1.3; +https://openai.com/gptbot)"
141.98.11.169 - - [04/Feb/2026:20:12:32 +0000] "GET /wp-admin/ HTTP/1.1" 302 20 "https://elementalmill.com/wp-login.php" "Mozilla/5.0 (Windows NT 11.0; Win64; x64; rv:119.0) Gecko/20100101 Firefox/119.0"
141.98.11.169 - - [04/Feb/2026:20:12:35 +0000] "GET /wp-admin/ HTTP/1.1" 302 20 "https://elementalmill.com/wp-login.php" "Mozilla/5.0 (Windows NT 11.0; Win64; x64; rv:119.0) Gecko/20100101 Firefox/119.0"
74.7.227.48 - - [04/Feb/2026:20:12:34 +0000] "GET /shopping/products/16222300233 HTTP/2.0" 200 25015 "https://elementalmill.com/shopping/products/1618417336" "Mozilla/5.0 AppleWebKit/537.36 (KHTML, like Gecko; compatible; GPTBot/1.3; +https://openai.com/gptbot)"
141.98.11.169 - - [04/Feb/2026:20:12:37 +0000] "GET /wp-admin/ HTTP/1.1" 302 20 "https://elementalmill.com/wp-login.php" "Mozilla/5.0 (Windows NT 11.0; Win64; x64; rv:119.0) Gecko/20100101 Firefox/119.0"
74.7.227.48 - - [04/Feb/2026:20:12:38 +0000] "GET /shopping/products/16211762286 HTTP/2.0" 200 25600 "https://elementalmill.com/shopping/products/1619904270" "Mozilla/5.0 AppleWebKit/537.36 (KHTML, like Gecko; compatible; GPTBot/1.3; +https://openai.com/gptbot)"
141.98.11.169 - - [04/Feb/2026:20:12:40 +0000] "GET /wp-admin/ HTTP/1.1" 302 20 "https://elementalmill.com/wp-login.php" "Mozilla/5.0 (Windows NT 11.0; Win64; x64; rv:119.0) Gecko/20100101 Firefox/119.0"
74.7.227.48 - - [04/Feb/2026:20:12:41 +0000] "GET /shopping/products/1618243490 HTTP/2.0" 200 24419 "https://elementalmill.com/shopping/products/1618417336" "Mozilla/5.0 AppleWebKit/537.36 (KHTML, like Gecko; compatible; GPTBot/1.3; +https://openai.com/gptbot)"
141.98.11.169 - - [04/Feb/2026:20:12:42 +0000] "GET /wp-admin/ HTTP/1.1" 302 20 "https://elementalmill.com/wp-login.php" "Mozilla/5.0 (Windows NT 11.0; Win64; x64; rv:119.0) Gecko/20100101 Firefox/119.0"
139.162.194.112 - - [04/Feb/2026:20:12:44 +0000] "POST /wp-cron.php?doing_wp_cron=1770235964.8716950416564941406250 HTTP/1.1" 404 13168 "-" "WordPress/6.9.1; https://elementalmill.com"
74.7.227.48 - - [04/Feb/2026:20:12:44 +0000] "GET /shopping/products/1618440577 HTTP/2.0" 200 24681 "https://elementalmill.com/shopping/products/1619947604" "Mozilla/5.0 AppleWebKit/537.36 (KHTML, like Gecko; compatible; GPTBot/1.3; +https://openai.com/gptbot)"
141.98.11.169 - - [04/Feb/2026:20:12:46 +0000] "GET /wp-admin/ HTTP/1.1" 302 20 "https://elementalmill.com/wp-login.php" "Mozilla/5.0 (Windows NT 11.0; Win64; x64; rv:119.0) Gecko/20100101 Firefox/119.0"
74.7.227.48 - - [04/Feb/2026:20:12:47 +0000] "GET /shopping/products/16211608216 HTTP/2.0" 200 26119 "https://elementalmill.com/shop/pg/1619629919" "Mozilla/5.0 AppleWebKit/537.36 (KHTML, like Gecko; compatible; GPTBot/1.3; +https://openai.com/gptbot)"
141.98.11.169 - - [04/Feb/2026:20:12:48 +0000] "GET /wp-admin/ HTTP/1.1" 302 20 "https://elementalmill.com/wp-login.php" "Mozilla/5.0 (Windows NT 11.0; Win64; x64; rv:119.0) Gecko/20100101 Firefox/119.0"
141.98.11.169 - - [04/Feb/2026:20:12:50 +0000] "GET /wp-admin/ HTTP/1.1" 302 20 "https://elementalmill.com/wp-login.php" "Mozilla/5.0 (Windows NT 11.0; Win64; x64; rv:119.0) Gecko/20100101 Firefox/119.0"
74.7.227.48 - - [04/Feb/2026:20:12:50 +0000] "GET /shopping/products/16222011303 HTTP/2.0" 200 26159 "https://elementalmill.com/shop/pg/1619629919" "Mozilla/5.0 AppleWebKit/537.36 (KHTML, like Gecko; compatible; GPTBot/1.3; +https://openai.com/gptbot)"
141.98.11.169 - - [04/Feb/2026:20:12:53 +0000] "GET /wp-admin/ HTTP/1.1" 302 20 "https://elementalmill.com/wp-login.php" "Mozilla/5.0 (Windows NT 11.0; Win64; x64; rv:119.0) Gecko/20100101 Firefox/119.0"
141.98.11.169 - - [04/Feb/2026:20:12:55 +0000] "GET /wp-admin/ HTTP/1.1" 302 20 "https://elementalmill.com/wp-login.php" "Mozilla/5.0 (Windows NT 11.0; Win64; x64; rv:119.0) Gecko/20100101 Firefox/119.0"
74.7.227.48 - - [04/Feb/2026:20:12:54 +0000] "GET /shopping/products/16211760114 HTTP/2.0" 200 24737 "https://elementalmill.com/shopping/products/1619586839" "Mozilla/5.0 AppleWebKit/537.36 (KHTML, like Gecko; compatible; GPTBot/1.3; +https://openai.com/gptbot)"
141.98.11.169 - - [04/Feb/2026:20:12:57 +0000] "GET /wp-admin/ HTTP/1.1" 302 20 "https://elementalmill.com/wp-login.php" "Mozilla/5.0 (Windows NT 11.0; Win64; x64; rv:119.0) Gecko/20100101 Firefox/119.0"
74.7.227.48 - - [04/Feb/2026:20:12:58 +0000] "GET /shopping/products/16222136224 HTTP/2.0" 200 24789 "https://elementalmill.com/shopping/products/1619586839" "Mozilla/5.0 AppleWebKit/537.36 (KHTML, like Gecko; compatible; GPTBot/1.3; +https://openai.com/gptbot)"
141.98.11.169 - - [04/Feb/2026:20:13:00 +0000] "GET /wp-admin/ HTTP/1.1" 302 20 "https://elementalmill.com/wp-login.php" "Mozilla/5.0 (Windows NT 11.0; Win64; x64; rv:119.0) Gecko/20100101 Firefox/119.0"
141.98.11.169 - - [04/Feb/2026:20:13:02 +0000] "GET /wp-admin/ HTTP/1.1" 302 20 "https://elementalmill.com/wp-login.php" "Mozilla/5.0 (Windows NT 11.0; Win64; x64; rv:119.0) Gecko/20100101 Firefox/119.0"
74.7.227.48 - - [04/Feb/2026:20:13:01 +0000] "GET /shopping/products/16211777206 HTTP/2.0" 200 25926 "https://elementalmill.com/shopping/products/1618246909" "Mozilla/5.0 AppleWebKit/537.36 (KHTML, like Gecko; compatible; GPTBot/1.3; +https://openai.com/gptbot)"
141.98.11.169 - - [04/Feb/2026:20:13:04 +0000] "GET /wp-admin/ HTTP/1.1" 302 20 "https://elementalmill.com/wp-login.php" "Mozilla/5.0 (Windows NT 11.0; Win64; x64; rv:119.0) Gecko/20100101 Firefox/119.0"
74.7.227.48 - - [04/Feb/2026:20:13:05 +0000] "GET /shopping/products/1619665757 HTTP/2.0" 200 24720 "https://elementalmill.com/shopping/products/1619947604" "Mozilla/5.0 AppleWebKit/537.36 (KHTML, like Gecko; compatible; GPTBot/1.3; +https://openai.com/gptbot)"
141.98.11.169 - - [04/Feb/2026:20:13:07 +0000] "GET /wp-admin/ HTTP/1.1" 302 20 "https://elementalmill.com/wp-login.php" "Mozilla/5.0 (Windows NT 11.0; Win64; x64; rv:119.0) Gecko/20100101 Firefox/119.0"
74.7.227.48 - - [04/Feb/2026:20:13:08 +0000] "GET /shopping/products/1618419082 HTTP/2.0" 200 24794 "https://elementalmill.com/shopping/products/1618417336" "Mozilla/5.0 AppleWebKit/537.36 (KHTML, like Gecko; compatible; GPTBot/1.3; +https://openai.com/gptbot)"
141.98.11.169 - - [04/Feb/2026:20:13:09 +0000] "GET /wp-admin/ HTTP/1.1" 302 20 "https://elementalmill.com/wp-login.php" "Mozilla/5.0 (Windows NT 11.0; Win64; x64; rv:119.0) Gecko/20100101 Firefox/119.0"
74.7.227.48 - - [04/Feb/2026:20:13:11 +0000] "GET /shopping/products/1619752688 HTTP/2.0" 200 24451 "https://elementalmill.com/shopping/products/1619742212" "Mozilla/5.0 AppleWebKit/537.36 (KHTML, like Gecko; compatible; GPTBot/1.3; +https://openai.com/gptbot)"
141.98.11.169 - - [04/Feb/2026:20:13:12 +0000] "GET /wp-admin/ HTTP/1.1" 302 20 "https://elementalmill.com/wp-login.php" "Mozilla/5.0 (Windows NT 11.0; Win64; x64; rv:119.0) Gecko/20100101 Firefox/119.0"
141.98.11.169 - - [04/Feb/2026:20:13:14 +0000] "GET /wp-admin/ HTTP/1.1" 302 20 "https://elementalmill.com/wp-login.php" "Mozilla/5.0 (Windows NT 11.0; Win64; x64; rv:119.0) Gecko/20100101 Firefox/119.0"
74.7.227.48 - - [04/Feb/2026:20:13:14 +0000] "GET /shopping/products/1618434549 HTTP/2.0" 200 25186 "https://elementalmill.com/shopping/products/16211762286" "Mozilla/5.0 AppleWebKit/537.36 (KHTML, like Gecko; compatible; GPTBot/1.3; +https://openai.com/gptbot)"
141.98.11.169 - - [04/Feb/2026:20:13:17 +0000] "GET /wp-admin/ HTTP/1.1" 302 20 "https://elementalmill.com/wp-login.php" "Mozilla/5.0 (Windows NT 11.0; Win64; x64; rv:119.0) Gecko/20100101 Firefox/119.0"
74.7.227.48 - - [04/Feb/2026:20:13:17 +0000] "GET /shopping/products/1619691542 HTTP/2.0" 200 25516 "https://elementalmill.com/shopping/products/16211762286" "Mozilla/5.0 AppleWebKit/537.36 (KHTML, like Gecko; compatible; GPTBot/1.3; +https://openai.com/gptbot)"
141.98.11.169 - - [04/Feb/2026:20:13:19 +0000] "GET /wp-admin/ HTTP/1.1" 302 20 "https://elementalmill.com/wp-login.php" "Mozilla/5.0 (Windows NT 11.0; Win64; x64; rv:119.0) Gecko/20100101 Firefox/119.0"
74.7.227.48 - - [04/Feb/2026:20:13:21 +0000] "GET /shopping/products/1618455614 HTTP/2.0" 200 25205 "https://elementalmill.com/shopping/products/16211762286" "Mozilla/5.0 AppleWebKit/537.36 (KHTML, like Gecko; compatible; GPTBot/1.3; +https://openai.com/gptbot)"
141.98.11.169 - - [04/Feb/2026:20:13:22 +0000] "GET /wp-admin/ HTTP/1.1" 302 20 "https://elementalmill.com/wp-login.php" "Mozilla/5.0 (Windows NT 11.0; Win64; x64; rv:119.0) Gecko/20100101 Firefox/119.0"
141.98.11.169 - - [04/Feb/2026:20:13:24 +0000] "GET /wp-admin/ HTTP/1.1" 302 20 "https://elementalmill.com/wp-login.php" "Mozilla/5.0 (Windows NT 11.0; Win64; x64; rv:119.0) Gecko/20100101 Firefox/119.0"
74.7.227.48 - - [04/Feb/2026:20:13:23 +0000] "GET /shopping/products/1618301772 HTTP/2.0" 200 25206 "https://elementalmill.com/shopping/products/1618417336" "Mozilla/5.0 AppleWebKit/537.36 (KHTML, like Gecko; compatible; GPTBot/1.3; +https://openai.com/gptbot)"
141.98.11.169 - - [04/Feb/2026:20:13:26 +0000] "GET /wp-admin/profile.php HTTP/1.1" 404 12378 "https://elementalmill.com/wp-login.php" "Mozilla/5.0 (Windows NT 11.0; Win64; x64; rv:119.0) Gecko/20100101 Firefox/119.0"
74.7.227.48 - - [04/Feb/2026:20:13:27 +0000] "GET /shopping/products/1618444747 HTTP/2.0" 200 24265 "https://elementalmill.com/shopping/products/1619947604" "Mozilla/5.0 AppleWebKit/537.36 (KHTML, like Gecko; compatible; GPTBot/1.3; +https://openai.com/gptbot)"
141.98.11.169 - - [04/Feb/2026:20:13:29 +0000] "GET /wp-admin/edit.php HTTP/1.1" 404 12378 "https://elementalmill.com/wp-login.php" "Mozilla/5.0 (Windows NT 11.0; Win64; x64; rv:119.0) Gecko/20100101 Firefox/119.0"
74.7.227.48 - - [04/Feb/2026:20:13:29 +0000] "GET /shopping/products/1618454545 HTTP/2.0" 200 24289 "https://elementalmill.com/shopping/products/1618440577" "Mozilla/5.0 AppleWebKit/537.36 (KHTML, like Gecko; compatible; GPTBot/1.3; +https://openai.com/gptbot)"
141.98.11.169 - - [04/Feb/2026:20:13:31 +0000] "GET /wp-admin/plugins.php HTTP/1.1" 404 12378 "https://elementalmill.com/wp-login.php" "Mozilla/5.0 (Windows NT 11.0; Win64; x64; rv:119.0) Gecko/20100101 Firefox/119.0"
74.7.227.48 - - [04/Feb/2026:20:13:33 +0000] "GET /shopping/products/16222035684 HTTP/2.0" 200 24894 "https://elementalmill.com/shopping/products/1618246909" "Mozilla/5.0 AppleWebKit/537.36 (KHTML, like Gecko; compatible; GPTBot/1.3; +https://openai.com/gptbot)"
141.98.11.169 - - [04/Feb/2026:20:13:34 +0000] "POST /wp-login.php HTTP/1.1" 200 2934 "https://elementalmill.com/wp-login.php" "Mozilla/5.0 (X11; Linux x86_64) AppleWebKit/537.36 (KHTML, like Gecko) Chrome/119.0.0.0 Safari/537.36"
141.98.11.169 - - [04/Feb/2026:20:13:36 +0000] "GET /wp-admin/index.php HTTP/1.1" 301 20 "https://elementalmill.com/wp-login.php" "Mozilla/5.0 (X11; Ubuntu; Linux x86_64) AppleWebKit/537.36 (KHTML, like Gecko) Chrome/118.0.0.0 Safari/537.36"
74.7.227.48 - - [04/Feb/2026:20:13:36 +0000] "GET /shopping/products/16222091761 HTTP/2.0" 200 24673 "https://elementalmill.com/shopping/products/16211699712" "Mozilla/5.0 AppleWebKit/537.36 (KHTML, like Gecko; compatible; GPTBot/1.3; +https://openai.com/gptbot)"
141.98.11.169 - - [04/Feb/2026:20:13:38 +0000] "GET /wp-admin/ HTTP/1.1" 302 20 "https://elementalmill.com/wp-login.php" "Mozilla/5.0 (X11; Ubuntu; Linux x86_64) AppleWebKit/537.36 (KHTML, like Gecko) Chrome/118.0.0.0 Safari/537.36"
74.7.227.48 - - [04/Feb/2026:20:13:39 +0000] "GET /shopping/products/16222107977 HTTP/2.0" 200 24957 "https://elementalmill.com/shopping/products/161848597" "Mozilla/5.0 AppleWebKit/537.36 (KHTML, like Gecko; compatible; GPTBot/1.3; +https://openai.com/gptbot)"
141.98.11.169 - - [04/Feb/2026:20:13:41 +0000] "GET /wp-admin/ HTTP/1.1" 302 20 "https://elementalmill.com/wp-login.php" "Mozilla/5.0 (X11; Ubuntu; Linux x86_64) AppleWebKit/537.36 (KHTML, like Gecko) Chrome/118.0.0.0 Safari/537.36"
74.7.227.48 - - [04/Feb/2026:20:13:43 +0000] "GET /shopping/products/1619877371 HTTP/2.0" 200 24743 "https://elementalmill.com/shopping/products/1618419082" "Mozilla/5.0 AppleWebKit/537.36 (KHTML, like Gecko; compatible; GPTBot/1.3; +https://openai.com/gptbot)"
141.98.11.169 - - [04/Feb/2026:20:13:43 +0000] "GET /wp-admin/ HTTP/1.1" 302 20 "https://elementalmill.com/wp-login.php" "Mozilla/5.0 (X11; Ubuntu; Linux x86_64) AppleWebKit/537.36 (KHTML, like Gecko) Chrome/118.0.0.0 Safari/537.36"
74.7.227.48 - - [04/Feb/2026:20:13:46 +0000] "GET /shopping/products/1618134622 HTTP/2.0" 200 25236 "https://elementalmill.com/shopping/products/1619752688" "Mozilla/5.0 AppleWebKit/537.36 (KHTML, like Gecko; compatible; GPTBot/1.3; +https://openai.com/gptbot)"
139.162.194.112 - - [04/Feb/2026:20:13:46 +0000] "POST /wp-cron.php?doing_wp_cron=1770236026.0005469322204589843750 HTTP/1.1" 404 13168 "-" "WordPress/6.9.1; https://elementalmill.com"
141.98.11.169 - - [04/Feb/2026:20:13:47 +0000] "GET /wp-admin/ HTTP/1.1" 302 20 "https://elementalmill.com/wp-login.php" "Mozilla/5.0 (X11; Ubuntu; Linux x86_64) AppleWebKit/537.36 (KHTML, like Gecko) Chrome/118.0.0.0 Safari/537.36"
74.7.227.48 - - [04/Feb/2026:20:13:49 +0000] "GET /shopping/products/1619764910 HTTP/2.0" 200 25255 "https://elementalmill.com/shopping/products/1619752688" "Mozilla/5.0 AppleWebKit/537.36 (KHTML, like Gecko; compatible; GPTBot/1.3; +https://openai.com/gptbot)"
141.98.11.169 - - [04/Feb/2026:20:13:49 +0000] "GET /wp-admin/ HTTP/1.1" 302 20 "https://elementalmill.com/wp-login.php" "Mozilla/5.0 (X11; Ubuntu; Linux x86_64) AppleWebKit/537.36 (KHTML, like Gecko) Chrome/118.0.0.0 Safari/537.36"
141.98.11.169 - - [04/Feb/2026:20:13:52 +0000] "GET /wp-admin/ HTTP/1.1" 302 20 "https://elementalmill.com/wp-login.php" "Mozilla/5.0 (X11; Ubuntu; Linux x86_64) AppleWebKit/537.36 (KHTML, like Gecko) Chrome/118.0.0.0 Safari/537.36"
74.7.227.48 - - [04/Feb/2026:20:13:52 +0000] "GET /shopping/products/1618419857 HTTP/2.0" 200 24965 "https://elementalmill.com/shopping/products/1619691542" "Mozilla/5.0 AppleWebKit/537.36 (KHTML, like Gecko; compatible; GPTBot/1.3; +https://openai.com/gptbot)"
141.98.11.169 - - [04/Feb/2026:20:13:54 +0000] "GET /wp-admin/ HTTP/1.1" 302 20 "https://elementalmill.com/wp-login.php" "Mozilla/5.0 (X11; Ubuntu; Linux x86_64) AppleWebKit/537.36 (KHTML, like Gecko) Chrome/118.0.0.0 Safari/537.36"
74.7.227.48 - - [04/Feb/2026:20:13:55 +0000] "GET /shopping/products/1618457360 HTTP/2.0" 200 25006 "https://elementalmill.com/shopping/products/1619691542" "Mozilla/5.0 AppleWebKit/537.36 (KHTML, like Gecko; compatible; GPTBot/1.3; +https://openai.com/gptbot)"
141.98.11.169 - - [04/Feb/2026:20:13:56 +0000] "GET /wp-admin/ HTTP/1.1" 302 20 "https://elementalmill.com/wp-login.php" "Mozilla/5.0 (X11; Ubuntu; Linux x86_64) AppleWebKit/537.36 (KHTML, like Gecko) Chrome/118.0.0.0 Safari/537.36"
74.7.227.48 - - [04/Feb/2026:20:13:58 +0000] "GET /shopping/products/1618265678 HTTP/2.0" 200 24361 "https://elementalmill.com/shopping/products/1619691542" "Mozilla/5.0 AppleWebKit/537.36 (KHTML, like Gecko; compatible; GPTBot/1.3; +https://openai.com/gptbot)"
141.98.11.169 - - [04/Feb/2026:20:13:59 +0000] "GET /wp-admin/ HTTP/1.1" 302 20 "https://elementalmill.com/wp-login.php" "Mozilla/5.0 (X11; Ubuntu; Linux x86_64) AppleWebKit/537.36 (KHTML, like Gecko) Chrome/118.0.0.0 Safari/537.36"
141.98.11.169 - - [04/Feb/2026:20:14:01 +0000] "GET /wp-admin/ HTTP/1.1" 302 20 "https://elementalmill.com/wp-login.php" "Mozilla/5.0 (X11; Ubuntu; Linux x86_64) AppleWebKit/537.36 (KHTML, like Gecko) Chrome/118.0.0.0 Safari/537.36"
74.7.227.48 - - [04/Feb/2026:20:14:01 +0000] "GET /shopping/products/161895268 HTTP/2.0" 200 25303 "https://elementalmill.com/shopping/products/1618444747" "Mozilla/5.0 AppleWebKit/537.36 (KHTML, like Gecko; compatible; GPTBot/1.3; +https://openai.com/gptbot)"
141.98.11.169 - - [04/Feb/2026:20:14:04 +0000] "GET /wp-admin/ HTTP/1.1" 302 20 "https://elementalmill.com/wp-login.php" "Mozilla/5.0 (X11; Ubuntu; Linux x86_64) AppleWebKit/537.36 (KHTML, like Gecko) Chrome/118.0.0.0 Safari/537.36"
141.98.11.169 - - [04/Feb/2026:20:14:06 +0000] "GET /wp-admin/ HTTP/1.1" 302 20 "https://elementalmill.com/wp-login.php" "Mozilla/5.0 (X11; Ubuntu; Linux x86_64) AppleWebKit/537.36 (KHTML, like Gecko) Chrome/118.0.0.0 Safari/537.36"
74.7.227.48 - - [04/Feb/2026:20:14:05 +0000] "GET /shopping/products/1618274535 HTTP/2.0" 200 24772 "https://elementalmill.com/shopping/products/1618444747" "Mozilla/5.0 AppleWebKit/537.36 (KHTML, like Gecko; compatible; GPTBot/1.3; +https://openai.com/gptbot)"
141.98.11.169 - - [04/Feb/2026:20:14:08 +0000] "GET /wp-admin/ HTTP/1.1" 302 20 "https://elementalmill.com/wp-login.php" "Mozilla/5.0 (X11; Ubuntu; Linux x86_64) AppleWebKit/537.36 (KHTML, like Gecko) Chrome/118.0.0.0 Safari/537.36"
74.7.227.48 - - [04/Feb/2026:20:14:09 +0000] "GET /shopping/products/1618268254 HTTP/2.0" 200 24583 "https://elementalmill.com/shopping/products/1619752688" "Mozilla/5.0 AppleWebKit/537.36 (KHTML, like Gecko; compatible; GPTBot/1.3; +https://openai.com/gptbot)"
141.98.11.169 - - [04/Feb/2026:20:14:11 +0000] "GET /wp-admin/ HTTP/1.1" 302 20 "https://elementalmill.com/wp-login.php" "Mozilla/5.0 (X11; Ubuntu; Linux x86_64) AppleWebKit/537.36 (KHTML, like Gecko) Chrome/118.0.0.0 Safari/537.36"
141.98.11.169 - - [04/Feb/2026:20:14:13 +0000] "GET /wp-admin/ HTTP/1.1" 302 20 "https://elementalmill.com/wp-login.php" "Mozilla/5.0 (X11; Ubuntu; Linux x86_64) AppleWebKit/537.36 (KHTML, like Gecko) Chrome/118.0.0.0 Safari/537.36"
74.7.227.48 - - [04/Feb/2026:20:14:13 +0000] "GET /shopping/products/1619716483 HTTP/2.0" 200 24597 "https://elementalmill.com/shopping/products/16222091761" "Mozilla/5.0 AppleWebKit/537.36 (KHTML, like Gecko; compatible; GPTBot/1.3; +https://openai.com/gptbot)"
141.98.11.169 - - [04/Feb/2026:20:14:15 +0000] "GET /wp-admin/ HTTP/1.1" 302 20 "https://elementalmill.com/wp-login.php" "Mozilla/5.0 (X11; Ubuntu; Linux x86_64) AppleWebKit/537.36 (KHTML, like Gecko) Chrome/118.0.0.0 Safari/537.36"
74.7.227.48 - - [04/Feb/2026:20:14:16 +0000] "GET /shopping/products/1619521832 HTTP/2.0" 200 24816 "https://elementalmill.com/shopping/products/16222107977" "Mozilla/5.0 AppleWebKit/537.36 (KHTML, like Gecko; compatible; GPTBot/1.3; +https://openai.com/gptbot)"
141.98.11.169 - - [04/Feb/2026:20:14:17 +0000] "GET /wp-admin/ HTTP/1.1" 302 20 "https://elementalmill.com/wp-login.php" "Mozilla/5.0 (X11; Ubuntu; Linux x86_64) AppleWebKit/537.36 (KHTML, like Gecko) Chrome/118.0.0.0 Safari/537.36"
141.98.11.169 - - [04/Feb/2026:20:14:19 +0000] "GET /wp-admin/ HTTP/1.1" 302 20 "https://elementalmill.com/wp-login.php" "Mozilla/5.0 (X11; Ubuntu; Linux x86_64) AppleWebKit/537.36 (KHTML, like Gecko) Chrome/118.0.0.0 Safari/537.36"
74.7.227.48 - - [04/Feb/2026:20:14:19 +0000] "GET /shopping/products/1619644256 HTTP/2.0" 200 24577 "https://elementalmill.com/shopping/products/1619877371" "Mozilla/5.0 AppleWebKit/537.36 (KHTML, like Gecko; compatible; GPTBot/1.3; +https://openai.com/gptbot)"
141.98.11.169 - - [04/Feb/2026:20:14:21 +0000] "GET /wp-admin/ HTTP/1.1" 302 20 "https://elementalmill.com/wp-login.php" "Mozilla/5.0 (X11; Ubuntu; Linux x86_64) AppleWebKit/537.36 (KHTML, like Gecko) Chrome/118.0.0.0 Safari/537.36"
74.7.227.48 - - [04/Feb/2026:20:14:22 +0000] "GET /shopping/products/1618491745 HTTP/2.0" 200 25333 "https://elementalmill.com/shopping/products/1618434549" "Mozilla/5.0 AppleWebKit/537.36 (KHTML, like Gecko; compatible; GPTBot/1.3; +https://openai.com/gptbot)"
