74.7.227.48 - - [04/Feb/2026:20:19:15 +0000] "GET /shopping/products/1618498738 HTTP/2.0" 200 25425 "https://elementalmill.com/shopping/products/1619862582" "Mozilla/5.0 AppleWebKit/537.36 (KHTML, like Gecko; compatible; GPTBot/1.3; +https://openai.com/gptbot)"
141.98.11.169 - - [04/Feb/2026:20:19:17 +0000] "GET /wp-admin/index.php HTTP/1.1" 301 20 "https://elementalmill.com/wp-login.php" "Mozilla/5.0 (Macintosh; Intel Mac OS X 13_6_1) AppleWebKit/537.36 (KHTML, like Gecko) Chrome/121.0.0.0 Safari/537.36"
74.7.227.48 - - [04/Feb/2026:20:19:18 +0000] "GET /shopping/products/1618367977 HTTP/2.0" 200 25017 "https://elementalmill.com/shopping/products/1619827623" "Mozilla/5.0 AppleWebKit/537.36 (KHTML, like Gecko; compatible; GPTBot/1.3; +https://openai.com/gptbot)"
141.98.11.169 - - [04/Feb/2026:20:19:19 +0000] "GET /wp-admin/ HTTP/1.1" 302 20 "https://elementalmill.com/wp-login.php" "Mozilla/5.0 (Macintosh; Intel Mac OS X 13_6_1) AppleWebKit/537.36 (KHTML, like Gecko) Chrome/121.0.0.0 Safari/537.36"
141.98.11.169 - - [04/Feb/2026:20:19:21 +0000] "GET /wp-admin/ HTTP/1.1" 302 20 "https://elementalmill.com/wp-login.php" "Mozilla/5.0 (Macintosh; Intel Mac OS X 13_6_1) AppleWebKit/537.36 (KHTML, like Gecko) Chrome/121.0.0.0 Safari/537.36"
74.7.227.48 - - [04/Feb/2026:20:19:21 +0000] "GET /shop/customer/bookmark.php?crsirefo_hidden=0219d3605c2e10d51c688f939542ce4335d5a8dcccdeb9746951d1e0aede9bab&goods=506072 HTTP/2.0" 200 24874 "https://elementalmill.com/category/16191000006" "Mozilla/5.0 AppleWebKit/537.36 (KHTML, like Gecko; compatible; GPTBot/1.3; +https://openai.com/gptbot)"
141.98.11.169 - - [04/Feb/2026:20:19:24 +0000] "GET /wp-admin/ HTTP/1.1" 302 20 "https://elementalmill.com/wp-login.php" "Mozilla/5.0 (Macintosh; Intel Mac OS X 13_6_1) AppleWebKit/537.36 (KHTML, like Gecko) Chrome/121.0.0.0 Safari/537.36"
74.7.227.48 - - [04/Feb/2026:20:19:25 +0000] "GET /shop/customer/bookmark.php?crsirefo_hidden=0219d3605c2e10d51c688f939542ce4335d5a8dcccdeb9746951d1e0aede9bab&goods=857016 HTTP/2.0" 200 25385 "https://elementalmill.com/category/16191000006" "Mozilla/5.0 AppleWebKit/537.36 (KHTML, like Gecko; compatible; GPTBot/1.3; +https://openai.com/gptbot)"
141.98.11.169 - - [04/Feb/2026:20:19:26 +0000] "GET /wp-admin/ HTTP/1.1" 302 20 "https://elementalmill.com/wp-login.php" "Mozilla/5.0 (Macintosh; Intel Mac OS X 13_6_1) AppleWebKit/537.36 (KHTML, like Gecko) Chrome/121.0.0.0 Safari/537.36"
141.98.11.169 - - [04/Feb/2026:20:19:28 +0000] "GET /wp-admin/ HTTP/1.1" 302 20 "https://elementalmill.com/wp-login.php" "Mozilla/5.0 (Macintosh; Intel Mac OS X 13_6_1) AppleWebKit/537.36 (KHTML, like Gecko) Chrome/121.0.0.0 Safari/537.36"
74.7.227.48 - - [04/Feb/2026:20:19:28 +0000] "GET /shopping/products/1618436836 HTTP/2.0" 200 24816 "https://elementalmill.com/shopping/products/1619893145" "Mozilla/5.0 AppleWebKit/537.36 (KHTML, like Gecko; compatible; GPTBot/1.3; +https://openai.com/gptbot)"
141.98.11.169 - - [04/Feb/2026:20:19:31 +0000] "GET /wp-admin/ HTTP/1.1" 302 20 "https://elementalmill.com/wp-login.php" "Mozilla/5.0 (Macintosh; Intel Mac OS X 13_6_1) AppleWebKit/537.36 (KHTML, like Gecko) Chrome/121.0.0.0 Safari/537.36"
74.7.227.48 - - [04/Feb/2026:20:19:32 +0000] "GET /shopping/products/1619920538 HTTP/2.0" 200 24811 "https://elementalmill.com/shopping/products/1619580545" "Mozilla/5.0 AppleWebKit/537.36 (KHTML, like Gecko; compatible; GPTBot/1.3; +https://openai.com/gptbot)"
141.98.11.169 - - [04/Feb/2026:20:19:33 +0000] "GET /wp-admin/ HTTP/1.1" 302 20 "https://elementalmill.com/wp-login.php" "Mozilla/5.0 (Macintosh; Intel Mac OS X 13_6_1) AppleWebKit/537.36 (KHTML, like Gecko) Chrome/121.0.0.0 Safari/537.36"
141.98.11.169 - - [04/Feb/2026:20:19:35 +0000] "GET /wp-admin/ HTTP/1.1" 302 20 "https://elementalmill.com/wp-login.php" "Mozilla/5.0 (Macintosh; Intel Mac OS X 13_6_1) AppleWebKit/537.36 (KHTML, like Gecko) Chrome/121.0.0.0 Safari/537.36"
74.7.227.48 - - [04/Feb/2026:20:19:35 +0000] "GET /shopping/products/1618297524 HTTP/2.0" 200 24426 "https://elementalmill.com/category/16191000006" "Mozilla/5.0 AppleWebKit/537.36 (KHTML, like Gecko; compatible; GPTBot/1.3; +https://openai.com/gptbot)"
141.98.11.169 - - [04/Feb/2026:20:19:38 +0000] "GET /wp-admin/ HTTP/1.1" 302 20 "https://elementalmill.com/wp-login.php" "Mozilla/5.0 (Macintosh; Intel Mac OS X 13_6_1) AppleWebKit/537.36 (KHTML, like Gecko) Chrome/121.0.0.0 Safari/537.36"
74.7.227.48 - - [04/Feb/2026:20:19:39 +0000] "GET /shopping/products/1619907113 HTTP/2.0" 200 24381 "https://elementalmill.com/shopping/products/1619893145" "Mozilla/5.0 AppleWebKit/537.36 (KHTML, like Gecko; compatible; GPTBot/1.3; +https://openai.com/gptbot)"
141.98.11.169 - - [04/Feb/2026:20:19:40 +0000] "GET /wp-admin/ HTTP/1.1" 302 20 "https://elementalmill.com/wp-login.php" "Mozilla/5.0 (Macintosh; Intel Mac OS X 13_6_1) AppleWebKit/537.36 (KHTML, like Gecko) Chrome/121.0.0.0 Safari/537.36"
74.7.227.48 - - [04/Feb/2026:20:19:42 +0000] "GET /category/161910110 HTTP/2.0" 200 27060 "https://elementalmill.com/shopping/products/1619690604" "Mozilla/5.0 AppleWebKit/537.36 (KHTML, like Gecko; compatible; GPTBot/1.3; +https://openai.com/gptbot)"
141.98.11.169 - - [04/Feb/2026:20:19:43 +0000] "GET /wp-admin/ HTTP/1.1" 302 20 "https://elementalmill.com/wp-login.php" "Mozilla/5.0 (Macintosh; Intel Mac OS X 13_6_1) AppleWebKit/537.36 (KHTML, like Gecko) Chrome/121.0.0.0 Safari/537.36"
141.98.11.169 - - [04/Feb/2026:20:19:45 +0000] "GET /wp-admin/ HTTP/1.1" 302 20 "https://elementalmill.com/wp-login.php" "Mozilla/5.0 (Macintosh; Intel Mac OS X 13_6_1) AppleWebKit/537.36 (KHTML, like Gecko) Chrome/121.0.0.0 Safari/537.36"
74.7.227.48 - - [04/Feb/2026:20:19:45 +0000] "GET /shopping/products/1619855745 HTTP/2.0" 200 24676 "https://elementalmill.com/shopping/products/1619690604" "Mozilla/5.0 AppleWebKit/537.36 (KHTML, like Gecko; compatible; GPTBot/1.3; +https://openai.com/gptbot)"
141.98.11.169 - - [04/Feb/2026:20:19:47 +0000] "GET /wp-admin/ HTTP/1.1" 302 20 "https://elementalmill.com/wp-login.php" "Mozilla/5.0 (Macintosh; Intel Mac OS X 13_6_1) AppleWebKit/537.36 (KHTML, like Gecko) Chrome/121.0.0.0 Safari/537.36"
74.7.227.48 - - [04/Feb/2026:20:19:48 +0000] "GET /shopping/products/16211610767 HTTP/2.0" 200 26147 "https://elementalmill.com/shopping/products/1618311599" "Mozilla/5.0 AppleWebKit/537.36 (KHTML, like Gecko; compatible; GPTBot/1.3; +https://openai.com/gptbot)"
141.98.11.169 - - [04/Feb/2026:20:19:49 +0000] "GET /wp-admin/ HTTP/1.1" 302 20 "https://elementalmill.com/wp-login.php" "Mozilla/5.0 (Macintosh; Intel Mac OS X 13_6_1) AppleWebKit/537.36 (KHTML, like Gecko) Chrome/121.0.0.0 Safari/537.36"
139.162.194.112 - - [04/Feb/2026:20:19:51 +0000] "POST /wp-cron.php?doing_wp_cron=1770236391.8004519939422607421875 HTTP/1.1" 404 13168 "-" "WordPress/6.9.1; https://elementalmill.com"
74.7.227.48 - - [04/Feb/2026:20:19:51 +0000] "GET /shopping/products/1619851580 HTTP/2.0" 200 24470 "https://elementalmill.com/shopping/products/1619690604" "Mozilla/5.0 AppleWebKit/537.36 (KHTML, like Gecko; compatible; GPTBot/1.3; +https://openai.com/gptbot)"
141.98.11.169 - - [04/Feb/2026:20:19:52 +0000] "GET /wp-admin/ HTTP/1.1" 302 20 "https://elementalmill.com/wp-login.php" "Mozilla/5.0 (Macintosh; Intel Mac OS X 13_6_1) AppleWebKit/537.36 (KHTML, like Gecko) Chrome/121.0.0.0 Safari/537.36"
141.98.11.169 - - [04/Feb/2026:20:19:55 +0000] "GET /wp-admin/ HTTP/1.1" 302 20 "https://elementalmill.com/wp-login.php" "Mozilla/5.0 (Macintosh; Intel Mac OS X 13_6_1) AppleWebKit/537.36 (KHTML, like Gecko) Chrome/121.0.0.0 Safari/537.36"
74.7.227.48 - - [04/Feb/2026:20:19:54 +0000] "GET /shopping/products/16211614115 HTTP/2.0" 200 24408 "https://elementalmill.com/shopping/products/1618367977" "Mozilla/5.0 AppleWebKit/537.36 (KHTML, like Gecko; compatible; GPTBot/1.3; +https://openai.com/gptbot)"
141.98.11.169 - - [04/Feb/2026:20:19:57 +0000] "GET /wp-admin/ HTTP/1.1" 302 20 "https://elementalmill.com/wp-login.php" "Mozilla/5.0 (Macintosh; Intel Mac OS X 13_6_1) AppleWebKit/537.36 (KHTML, like Gecko) Chrome/121.0.0.0 Safari/537.36"
74.7.227.48 - - [04/Feb/2026:20:19:58 +0000] "GET /shop/customer/bookmark.php?shopping/products/16211760812 HTTP/2.0" 200 25418 "https://elementalmill.com/shop/customer/bookmark.php?crsirefo_hidden=0219d3605c2e10d51c688f939542ce4335d5a8dcccdeb9746951d1e0aede9bab&goods=506072" "Mozilla/5.0 AppleWebKit/537.36 (KHTML, like Gecko; compatible; GPTBot/1.3; +https://openai.com/gptbot)"
141.98.11.169 - - [04/Feb/2026:20:20:00 +0000] "GET /wp-admin/ HTTP/1.1" 302 20 "https://elementalmill.com/wp-login.php" "Mozilla/5.0 (Macintosh; Intel Mac OS X 13_6_1) AppleWebKit/537.36 (KHTML, like Gecko) Chrome/121.0.0.0 Safari/537.36"
74.7.227.48 - - [04/Feb/2026:20:20:01 +0000] "GET /shop/customer/bookmark.php?shopping/products/16201202169 HTTP/2.0" 200 24743 "https://elementalmill.com/shop/customer/bookmark.php?crsirefo_hidden=0219d3605c2e10d51c688f939542ce4335d5a8dcccdeb9746951d1e0aede9bab&goods=857016" "Mozilla/5.0 AppleWebKit/537.36 (KHTML, like Gecko; compatible; GPTBot/1.3; +https://openai.com/gptbot)"
141.98.11.169 - - [04/Feb/2026:20:20:02 +0000] "GET /wp-admin/ HTTP/1.1" 302 20 "https://elementalmill.com/wp-login.php" "Mozilla/5.0 (Macintosh; Intel Mac OS X 13_6_1) AppleWebKit/537.36 (KHTML, like Gecko) Chrome/121.0.0.0 Safari/537.36"
141.98.11.169 - - [04/Feb/2026:20:20:04 +0000] "GET /wp-admin/ HTTP/1.1" 302 20 "https://elementalmill.com/wp-login.php" "Mozilla/5.0 (Macintosh; Intel Mac OS X 13_6_1) AppleWebKit/537.36 (KHTML, like Gecko) Chrome/121.0.0.0 Safari/537.36"
74.7.227.48 - - [04/Feb/2026:20:20:04 +0000] "GET /shop/customer/bookmark.php?shopping/products/16222287665 HTTP/2.0" 200 25526 "https://elementalmill.com/shop/customer/bookmark.php?crsirefo_hidden=0219d3605c2e10d51c688f939542ce4335d5a8dcccdeb9746951d1e0aede9bab&goods=857016" "Mozilla/5.0 AppleWebKit/537.36 (KHTML, like Gecko; compatible; GPTBot/1.3; +https://openai.com/gptbot)"
141.98.11.169 - - [04/Feb/2026:20:20:07 +0000] "GET /wp-admin/ HTTP/1.1" 302 20 "https://elementalmill.com/wp-login.php" "Mozilla/5.0 (Macintosh; Intel Mac OS X 13_6_1) AppleWebKit/537.36 (KHTML, like Gecko) Chrome/121.0.0.0 Safari/537.36"
74.7.227.48 - - [04/Feb/2026:20:20:07 +0000] "GET /shop/customer/bookmark.php?shopping/products/16232530702 HTTP/2.0" 200 24737 "https://elementalmill.com/shop/customer/bookmark.php?crsirefo_hidden=0219d3605c2e10d51c688f939542ce4335d5a8dcccdeb9746951d1e0aede9bab&goods=506072" "Mozilla/5.0 AppleWebKit/537.36 (KHTML, like Gecko; compatible; GPTBot/1.3; +https://openai.com/gptbot)"
141.98.11.169 - - [04/Feb/2026:20:20:09 +0000] "GET /wp-admin/ HTTP/1.1" 302 20 "https://elementalmill.com/wp-login.php" "Mozilla/5.0 (Macintosh; Intel Mac OS X 13_6_1) AppleWebKit/537.36 (KHTML, like Gecko) Chrome/121.0.0.0 Safari/537.36"
74.7.227.48 - - [04/Feb/2026:20:20:10 +0000] "GET /shopping/products/1618274708 HTTP/2.0" 200 24536 "https://elementalmill.com/shopping/products/1618436836" "Mozilla/5.0 AppleWebKit/537.36 (KHTML, like Gecko; compatible; GPTBot/1.3; +https://openai.com/gptbot)"
141.98.11.169 - - [04/Feb/2026:20:20:12 +0000] "GET /wp-admin/ HTTP/1.1" 302 20 "https://elementalmill.com/wp-login.php" "Mozilla/5.0 (Macintosh; Intel Mac OS X 13_6_1) AppleWebKit/537.36 (KHTML, like Gecko) Chrome/121.0.0.0 Safari/537.36"
74.7.227.48 - - [04/Feb/2026:20:20:13 +0000] "GET /shopping/products/1618462313 HTTP/2.0" 200 24284 "https://elementalmill.com/shopping/products/1618436836" "Mozilla/5.0 AppleWebKit/537.36 (KHTML, like Gecko; compatible; GPTBot/1.3; +https://openai.com/gptbot)"
141.98.11.169 - - [04/Feb/2026:20:20:14 +0000] "GET /wp-admin/ HTTP/1.1" 302 20 "https://elementalmill.com/wp-login.php" "Mozilla/5.0 (Macintosh; Intel Mac OS X 13_6_1) AppleWebKit/537.36 (KHTML, like Gecko) Chrome/121.0.0.0 Safari/537.36"
141.98.11.169 - - [04/Feb/2026:20:20:16 +0000] "GET /wp-admin/ HTTP/1.1" 302 20 "https://elementalmill.com/wp-login.php" "Mozilla/5.0 (Macintosh; Intel Mac OS X 13_6_1) AppleWebKit/537.36 (KHTML, like Gecko) Chrome/121.0.0.0 Safari/537.36"
74.7.227.48 - - [04/Feb/2026:20:20:17 +0000] "GET /shop/customer/bookmark.php?crsirefo_hidden=0219d3605c2e10d51c688f939542ce4335d5a8dcccdeb9746951d1e0aede9bab&goods=711041 HTTP/2.0" 200 25503 "https://elementalmill.com/category/161910110" "Mozilla/5.0 AppleWebKit/537.36 (KHTML, like Gecko; compatible; GPTBot/1.3; +https://openai.com/gptbot)"
141.98.11.169 - - [04/Feb/2026:20:20:19 +0000] "GET /wp-admin/ HTTP/1.1" 302 20 "https://elementalmill.com/wp-login.php" "Mozilla/5.0 (Macintosh; Intel Mac OS X 13_6_1) AppleWebKit/537.36 (KHTML, like Gecko) Chrome/121.0.0.0 Safari/537.36"
74.7.227.48 - - [04/Feb/2026:20:20:20 +0000] "GET /shopping/products/1618336189 HTTP/2.0" 200 24393 "https://elementalmill.com/shopping/products/1619855745" "Mozilla/5.0 AppleWebKit/537.36 (KHTML, like Gecko; compatible; GPTBot/1.3; +https://openai.com/gptbot)"
141.98.11.169 - - [04/Feb/2026:20:20:21 +0000] "GET /wp-admin/ HTTP/1.1" 302 20 "https://elementalmill.com/wp-login.php" "Mozilla/5.0 (Macintosh; Intel Mac OS X 13_6_1) AppleWebKit/537.36 (KHTML, like Gecko) Chrome/121.0.0.0 Safari/537.36"
141.98.11.169 - - [04/Feb/2026:20:20:24 +0000] "GET /wp-admin/ HTTP/1.1" 302 20 "https://elementalmill.com/wp-login.php" "Mozilla/5.0 (Macintosh; Intel Mac OS X 13_6_1) AppleWebKit/537.36 (KHTML, like Gecko) Chrome/121.0.0.0 Safari/537.36"
74.7.227.48 - - [04/Feb/2026:20:20:23 +0000] "GET /shopping/products/1618445500 HTTP/2.0" 200 24315 "https://elementalmill.com/shopping/products/1619580545" "Mozilla/5.0 AppleWebKit/537.36 (KHTML, like Gecko; compatible; GPTBot/1.3; +https://openai.com/gptbot)"
141.98.11.169 - - [04/Feb/2026:20:20:26 +0000] "GET /wp-admin/ HTTP/1.1" 302 20 "https://elementalmill.com/wp-login.php" "Mozilla/5.0 (Macintosh; Intel Mac OS X 13_6_1) AppleWebKit/537.36 (KHTML, like Gecko) Chrome/121.0.0.0 Safari/537.36"
74.7.227.48 - - [04/Feb/2026:20:20:27 +0000] "GET /shopping/products/16211655253 HTTP/2.0" 200 23937 "https://elementalmill.com/shopping/products/1619851580" "Mozilla/5.0 AppleWebKit/537.36 (KHTML, like Gecko; compatible; GPTBot/1.3; +https://openai.com/gptbot)"
141.98.11.169 - - [04/Feb/2026:20:20:28 +0000] "GET /wp-admin/ HTTP/1.1" 302 20 "https://elementalmill.com/wp-login.php" "Mozilla/5.0 (Macintosh; Intel Mac OS X 13_6_1) AppleWebKit/537.36 (KHTML, like Gecko) Chrome/121.0.0.0 Safari/537.36"
74.7.227.48 - - [04/Feb/2026:20:20:30 +0000] "GET /shopping/products/16211691158 HTTP/2.0" 200 24567 "https://elementalmill.com/shopping/products/16211614115" "Mozilla/5.0 AppleWebKit/537.36 (KHTML, like Gecko; compatible; GPTBot/1.3; +https://openai.com/gptbot)"
141.98.11.169 - - [04/Feb/2026:20:20:31 +0000] "GET /wp-admin/profile.php HTTP/1.1" 404 12378 "https://elementalmill.com/wp-login.php" "Mozilla/5.0 (Macintosh; Intel Mac OS X 13_6_1) AppleWebKit/537.36 (KHTML, like Gecko) Chrome/121.0.0.0 Safari/537.36"
141.98.11.169 - - [04/Feb/2026:20:20:33 +0000] "GET /wp-admin/edit.php HTTP/1.1" 404 12378 "https://elementalmill.com/wp-login.php" "Mozilla/5.0 (Macintosh; Intel Mac OS X 13_6_1) AppleWebKit/537.36 (KHTML, like Gecko) Chrome/121.0.0.0 Safari/537.36"
74.7.227.48 - - [04/Feb/2026:20:20:33 +0000] "GET /shopping/products/1619744378 HTTP/2.0" 200 24450 "https://elementalmill.com/shopping/products/1619513302" "Mozilla/5.0 AppleWebKit/537.36 (KHTML, like Gecko; compatible; GPTBot/1.3; +https://openai.com/gptbot)"
141.98.11.169 - - [04/Feb/2026:20:20:36 +0000] "GET /wp-admin/plugins.php HTTP/1.1" 404 12378 "https://elementalmill.com/wp-login.php" "Mozilla/5.0 (Macintosh; Intel Mac OS X 13_6_1) AppleWebKit/537.36 (KHTML, like Gecko) Chrome/121.0.0.0 Safari/537.36"
74.7.227.48 - - [04/Feb/2026:20:20:36 +0000] "GET /shop/customer/bookmark.php?shopping/products/16201010848 HTTP/2.0" 200 25925 "https://elementalmill.com/shop/customer/bookmark.php?shopping/products/16201202169" "Mozilla/5.0 AppleWebKit/537.36 (KHTML, like Gecko; compatible; GPTBot/1.3; +https://openai.com/gptbot)"
141.98.11.169 - - [04/Feb/2026:20:20:38 +0000] "POST /wp-login.php HTTP/1.1" 200 2959 "https://elementalmill.com/wp-login.php" "Mozilla/5.0 (Macintosh; Intel Mac OS X 13_6_1) AppleWebKit/605.1.15 (KHTML, like Gecko) Version/16.6 Safari/605.1.15"
74.7.227.48 - - [04/Feb/2026:20:20:39 +0000] "GET /shop/customer/bookmark.php?shopping/products/16222122486 HTTP/2.0" 200 25450 "https://elementalmill.com/shop/customer/bookmark.php?shopping/products/16222287665" "Mozilla/5.0 AppleWebKit/537.36 (KHTML, like Gecko; compatible; GPTBot/1.3; +https://openai.com/gptbot)"
141.98.11.169 - - [04/Feb/2026:20:20:40 +0000] "GET /wp-admin/index.php HTTP/1.1" 301 20 "https://elementalmill.com/wp-login.php" "Mozilla/5.0 (Windows NT 11.0; Win64; x64) AppleWebKit/537.36 (KHTML, like Gecko) Chrome/118.0.0.0 Safari/537.36"
203.59.224.59 - - [04/Feb/2026:20:20:42 +0000] "POST /xmlrpc.php HTTP/1.1" 404 66442 "-" "Mozilla/5.0 (Windows NT 10.0; Win64; x64) AppleWebKit/537.36 (KHTML, like Gecko) Chrome/129.0.6668.103 Safari/537.36"
34.140.64.181 - - [04/Feb/2026:20:20:42 +0000] "POST /xmlrpc.php HTTP/1.1" 404 66442 "-" "Mozilla/5.0 (Windows NT 11.0; Win64; x64) AppleWebKit/537.36 (KHTML, like Gecko) Chrome/129.0.6668.59 Safari/537.36"
141.98.11.169 - - [04/Feb/2026:20:20:43 +0000] "GET /wp-admin/ HTTP/1.1" 302 20 "https://elementalmill.com/wp-login.php" "Mozilla/5.0 (Windows NT 11.0; Win64; x64) AppleWebKit/537.36 (KHTML, like Gecko) Chrome/118.0.0.0 Safari/537.36"
74.7.227.48 - - [04/Feb/2026:20:20:43 +0000] "GET /shop/customer/bookmark.php?shopping/products/16211559134 HTTP/2.0" 200 25117 "https://elementalmill.com/shop/customer/bookmark.php?shopping/products/16232530702" "Mozilla/5.0 AppleWebKit/537.36 (KHTML, like Gecko; compatible; GPTBot/1.3; +https://openai.com/gptbot)"
39.108.89.127 - - [04/Feb/2026:20:20:43 +0000] "POST /xmlrpc.php HTTP/1.1" 404 66442 "-" "Mozilla/5.0 (Macintosh; Intel Mac OS X 15_0_1) AppleWebKit/605.1.15 (KHTML, like Gecko) Version/18.0.1 Safari/605.1.15"
141.98.11.169 - - [04/Feb/2026:20:20:45 +0000] "GET /wp-admin/ HTTP/1.1" 302 20 "https://elementalmill.com/wp-login.php" "Mozilla/5.0 (Windows NT 11.0; Win64; x64) AppleWebKit/537.36 (KHTML, like Gecko) Chrome/118.0.0.0 Safari/537.36"
74.7.227.48 - - [04/Feb/2026:20:20:46 +0000] "GET /shop/customer/bookmark.php?shopping/products/16201151385 HTTP/2.0" 200 25226 "https://elementalmill.com/shop/customer/bookmark.php?shopping/products/16232530702" "Mozilla/5.0 AppleWebKit/537.36 (KHTML, like Gecko; compatible; GPTBot/1.3; +https://openai.com/gptbot)"
141.98.11.169 - - [04/Feb/2026:20:20:48 +0000] "GET /wp-admin/ HTTP/1.1" 302 20 "https://elementalmill.com/wp-login.php" "Mozilla/5.0 (Windows NT 11.0; Win64; x64) AppleWebKit/537.36 (KHTML, like Gecko) Chrome/118.0.0.0 Safari/537.36"
74.7.227.48 - - [04/Feb/2026:20:20:49 +0000] "GET /shopping/products/1619540723 HTTP/2.0" 200 24732 "https://elementalmill.com/shopping/products/1618274708" "Mozilla/5.0 AppleWebKit/537.36 (KHTML, like Gecko; compatible; GPTBot/1.3; +https://openai.com/gptbot)"
141.98.11.169 - - [04/Feb/2026:20:20:50 +0000] "GET /wp-admin/ HTTP/1.1" 302 20 "https://elementalmill.com/wp-login.php" "Mozilla/5.0 (Windows NT 11.0; Win64; x64) AppleWebKit/537.36 (KHTML, like Gecko) Chrome/118.0.0.0 Safari/537.36"
139.162.194.112 - - [04/Feb/2026:20:20:53 +0000] "POST /wp-cron.php?doing_wp_cron=1770236453.0724799633026123046875 HTTP/1.1" 404 13168 "-" "WordPress/6.9.1; https://elementalmill.com"
14.225.192.195 - - [04/Feb/2026:20:20:53 +0000] "POST /xmlrpc.php HTTP/1.1" 404 66442 "-" "Mozilla/5.0 (Windows NT 10.0; Win64; x64) AppleWebKit/537.36 (KHTML, like Gecko) Chrome/129.0.6668.50 Safari/537.36"
74.7.227.48 - - [04/Feb/2026:20:20:53 +0000] "GET /shop/customer/bookmark.php?shopping/products/16222225015 HTTP/2.0" 200 25957 "https://elementalmill.com/shop/customer/bookmark.php?crsirefo_hidden=0219d3605c2e10d51c688f939542ce4335d5a8dcccdeb9746951d1e0aede9bab&goods=711041" "Mozilla/5.0 AppleWebKit/537.36 (KHTML, like Gecko; compatible; GPTBot/1.3; +https://openai.com/gptbot)"
141.98.11.169 - - [04/Feb/2026:20:20:54 +0000] "GET /wp-admin/ HTTP/1.1" 302 20 "https://elementalmill.com/wp-login.php" "Mozilla/5.0 (Windows NT 11.0; Win64; x64) AppleWebKit/537.36 (KHTML, like Gecko) Chrome/118.0.0.0 Safari/537.36"
141.98.11.169 - - [04/Feb/2026:20:20:56 +0000] "GET /wp-admin/ HTTP/1.1" 302 20 "https://elementalmill.com/wp-login.php" "Mozilla/5.0 (Windows NT 11.0; Win64; x64) AppleWebKit/537.36 (KHTML, like Gecko) Chrome/118.0.0.0 Safari/537.36"
74.7.227.48 - - [04/Feb/2026:20:20:56 +0000] "GET /shop/customer/bookmark.php?shopping/products/16211898563 HTTP/2.0" 200 25233 "https://elementalmill.com/shop/customer/bookmark.php?crsirefo_hidden=0219d3605c2e10d51c688f939542ce4335d5a8dcccdeb9746951d1e0aede9bab&goods=711041" "Mozilla/5.0 AppleWebKit/537.36 (KHTML, like Gecko; compatible; GPTBot/1.3; +https://openai.com/gptbot)"
141.98.11.169 - - [04/Feb/2026:20:20:59 +0000] "GET /wp-admin/ HTTP/1.1" 302 20 "https://elementalmill.com/wp-login.php" "Mozilla/5.0 (Windows NT 11.0; Win64; x64) AppleWebKit/537.36 (KHTML, like Gecko) Chrome/118.0.0.0 Safari/537.36"
62.192.188.82 - - [04/Feb/2026:20:20:58 +0000] "POST /xmlrpc.php HTTP/1.1" 404 66442 "-" "Mozilla/5.0 (Macintosh; Intel Mac OS X 10_15_7) AppleWebKit/537.36 (KHTML, like Gecko) Chrome/129.0.6668.58 Safari/537.36"
74.7.227.48 - - [04/Feb/2026:20:20:59 +0000] "GET /shopping/products/1618199029 HTTP/2.0" 200 24707 "https://elementalmill.com/shopping/products/1618274708" "Mozilla/5.0 AppleWebKit/537.36 (KHTML, like Gecko; compatible; GPTBot/1.3; +https://openai.com/gptbot)"
141.98.11.169 - - [04/Feb/2026:20:21:01 +0000] "GET /wp-admin/ HTTP/1.1" 302 20 "https://elementalmill.com/wp-login.php" "Mozilla/5.0 (Windows NT 11.0; Win64; x64) AppleWebKit/537.36 (KHTML, like Gecko) Chrome/118.0.0.0 Safari/537.36"
74.7.227.48 - - [04/Feb/2026:20:21:02 +0000] "GET /shopping/products/1618411395 HTTP/2.0" 200 24206 "https://elementalmill.com/category/161910110" "Mozilla/5.0 AppleWebKit/537.36 (KHTML, like Gecko; compatible; GPTBot/1.3; +https://openai.com/gptbot)"
141.98.11.169 - - [04/Feb/2026:20:21:04 +0000] "GET /wp-admin/ HTTP/1.1" 302 20 "https://elementalmill.com/wp-login.php" "Mozilla/5.0 (Windows NT 11.0; Win64; x64) AppleWebKit/537.36 (KHTML, like Gecko) Chrome/118.0.0.0 Safari/537.36"
141.98.11.169 - - [04/Feb/2026:20:21:06 +0000] "GET /wp-admin/ HTTP/1.1" 302 20 "https://elementalmill.com/wp-login.php" "Mozilla/5.0 (Windows NT 11.0; Win64; x64) AppleWebKit/537.36 (KHTML, like Gecko) Chrome/118.0.0.0 Safari/537.36"
74.7.227.48 - - [04/Feb/2026:20:21:06 +0000] "GET /shopping/products/1619573375 HTTP/2.0" 200 24436 "https://elementalmill.com/shopping/products/1618442851" "Mozilla/5.0 AppleWebKit/537.36 (KHTML, like Gecko; compatible; GPTBot/1.3; +https://openai.com/gptbot)"
46.101.96.32 - - [04/Feb/2026:20:21:07 +0000] "POST /xmlrpc.php HTTP/1.1" 404 66442 "-" "Mozilla/5.0 (Windows NT 10.0; Win64; x64) AppleWebKit/537.36 (KHTML, like Gecko) Chrome/129.0.6668.89 Safari/537.36"
141.98.11.169 - - [04/Feb/2026:20:21:08 +0000] "GET /wp-admin/ HTTP/1.1" 302 20 "https://elementalmill.com/wp-login.php" "Mozilla/5.0 (Windows NT 11.0; Win64; x64) AppleWebKit/537.36 (KHTML, like Gecko) Chrome/118.0.0.0 Safari/537.36"
165.154.24.24 - - [04/Feb/2026:20:21:09 +0000] "POST /xmlrpc.php HTTP/1.1" 404 66442 "-" "Mozilla/5.0 (Macintosh; Intel Mac OS X 10_15_7) AppleWebKit/537.36 (KHTML, like Gecko) Chrome/129.0.6668.100 Safari/537.36"
74.7.227.48 - - [04/Feb/2026:20:21:09 +0000] "GET /shopping/products/16211967977 HTTP/2.0" 200 24722 "https://elementalmill.com/shopping/products/1619744378" "Mozilla/5.0 AppleWebKit/537.36 (KHTML, like Gecko; compatible; GPTBot/1.3; +https://openai.com/gptbot)"
141.98.11.169 - - [04/Feb/2026:20:21:11 +0000] "GET /wp-admin/ HTTP/1.1" 302 20 "https://elementalmill.com/wp-login.php" "Mozilla/5.0 (Windows NT 11.0; Win64; x64) AppleWebKit/537.36 (KHTML, like Gecko) Chrome/118.0.0.0 Safari/537.36"
74.7.227.48 - - [04/Feb/2026:20:21:12 +0000] "GET /shop/customer/bookmark.php?shopping/products/16201023070 HTTP/2.0" 200 24442 "https://elementalmill.com/shop/customer/bookmark.php?shopping/products/16201010848" "Mozilla/5.0 AppleWebKit/537.36 (KHTML, like Gecko; compatible; GPTBot/1.3; +https://openai.com/gptbot)"
141.98.11.169 - - [04/Feb/2026:20:21:13 +0000] "GET /wp-admin/ HTTP/1.1" 302 20 "https://elementalmill.com/wp-login.php" "Mozilla/5.0 (Windows NT 11.0; Win64; x64) AppleWebKit/537.36 (KHTML, like Gecko) Chrome/118.0.0.0 Safari/537.36"
14.225.192.195 - - [04/Feb/2026:20:21:13 +0000] "POST /xmlrpc.php HTTP/1.1" 404 66442 "-" "Mozilla/5.0 (Windows NT 10.0; Win64; x64) AppleWebKit/537.36 (KHTML, like Gecko) Chrome/130.0.6723.91 Safari/537.36"
141.98.11.169 - - [04/Feb/2026:20:21:16 +0000] "GET /wp-admin/ HTTP/1.1" 302 20 "https://elementalmill.com/wp-login.php" "Mozilla/5.0 (Windows NT 11.0; Win64; x64) AppleWebKit/537.36 (KHTML, like Gecko) Chrome/118.0.0.0 Safari/537.36"
74.7.227.48 - - [04/Feb/2026:20:21:15 +0000] "GET /shopping/products/1618194475 HTTP/2.0" 200 24724 "https://elementalmill.com/shopping/products/1619792281" "Mozilla/5.0 AppleWebKit/537.36 (KHTML, like Gecko; compatible; GPTBot/1.3; +https://openai.com/gptbot)"
141.98.11.169 - - [04/Feb/2026:20:21:18 +0000] "GET /wp-admin/ HTTP/1.1" 302 20 "https://elementalmill.com/wp-login.php" "Mozilla/5.0 (Windows NT 11.0; Win64; x64) AppleWebKit/537.36 (KHTML, like Gecko) Chrome/118.0.0.0 Safari/537.36"
74.7.227.48 - - [04/Feb/2026:20:21:19 +0000] "GET /shop/customer/bookmark.php?shopping/products/16211905747 HTTP/2.0" 200 24863 "https://elementalmill.com/shop/customer/bookmark.php?shopping/products/16211559134" "Mozilla/5.0 AppleWebKit/537.36 (KHTML, like Gecko; compatible; GPTBot/1.3; +https://openai.com/gptbot)"
141.98.11.169 - - [04/Feb/2026:20:21:20 +0000] "GET /wp-admin/ HTTP/1.1" 302 20 "https://elementalmill.com/wp-login.php" "Mozilla/5.0 (Windows NT 11.0; Win64; x64) AppleWebKit/537.36 (KHTML, like Gecko) Chrome/118.0.0.0 Safari/537.36"
74.7.227.48 - - [04/Feb/2026:20:21:22 +0000] "GET /shopping/products/1618482054 HTTP/2.0" 200 24424 "https://elementalmill.com/shopping/products/1619862582" "Mozilla/5.0 AppleWebKit/537.36 (KHTML, like Gecko; compatible; GPTBot/1.3; +https://openai.com/gptbot)"
141.98.11.169 - - [04/Feb/2026:20:21:23 +0000] "GET /wp-admin/ HTTP/1.1" 302 20 "https://elementalmill.com/wp-login.php" "Mozilla/5.0 (Windows NT 11.0; Win64; x64) AppleWebKit/537.36 (KHTML, like Gecko) Chrome/118.0.0.0 Safari/537.36"
141.98.11.169 - - [04/Feb/2026:20:21:25 +0000] "GET /wp-admin/ HTTP/1.1" 302 20 "https://elementalmill.com/wp-login.php" "Mozilla/5.0 (Windows NT 11.0; Win64; x64) AppleWebKit/537.36 (KHTML, like Gecko) Chrome/118.0.0.0 Safari/537.36"
74.7.227.48 - - [04/Feb/2026:20:21:25 +0000] "GET /shopping/products/1618410038 HTTP/2.0" 200 24475 "https://elementalmill.com/shopping/products/1619540723" "Mozilla/5.0 AppleWebKit/537.36 (KHTML, like Gecko; compatible; GPTBot/1.3; +https://openai.com/gptbot)"
141.98.11.169 - - [04/Feb/2026:20:21:28 +0000] "GET /wp-admin/ HTTP/1.1" 302 20 "https://elementalmill.com/wp-login.php" "Mozilla/5.0 (Windows NT 11.0; Win64; x64) AppleWebKit/537.36 (KHTML, like Gecko) Chrome/118.0.0.0 Safari/537.36"
74.7.227.48 - - [04/Feb/2026:20:21:29 +0000] "GET /shopping/products/1618393394 HTTP/2.0" 200 24567 "https://elementalmill.com/shopping/products/1619540723" "Mozilla/5.0 AppleWebKit/537.36 (KHTML, like Gecko; compatible; GPTBot/1.3; +https://openai.com/gptbot)"
141.98.11.169 - - [04/Feb/2026:20:21:30 +0000] "GET /wp-admin/ HTTP/1.1" 302 20 "https://elementalmill.com/wp-login.php" "Mozilla/5.0 (Windows NT 11.0; Win64; x64) AppleWebKit/537.36 (KHTML, like Gecko) Chrome/118.0.0.0 Safari/537.36"
141.98.11.169 - - [04/Feb/2026:20:21:32 +0000] "GET /wp-admin/ HTTP/1.1" 302 20 "https://elementalmill.com/wp-login.php" "Mozilla/5.0 (Windows NT 11.0; Win64; x64) AppleWebKit/537.36 (KHTML, like Gecko) Chrome/118.0.0.0 Safari/537.36"
74.7.227.48 - - [04/Feb/2026:20:21:32 +0000] "GET /shopping/products/1619520757 HTTP/2.0" 200 24660 "https://elementalmill.com/shop/pg/895531" "Mozilla/5.0 AppleWebKit/537.36 (KHTML, like Gecko; compatible; GPTBot/1.3; +https://openai.com/gptbot)"
141.98.11.169 - - [04/Feb/2026:20:21:35 +0000] "GET /wp-admin/ HTTP/1.1" 302 20 "https://elementalmill.com/wp-login.php" "Mozilla/5.0 (Windows NT 11.0; Win64; x64) AppleWebKit/537.36 (KHTML, like Gecko) Chrome/118.0.0.0 Safari/537.36"
74.7.227.48 - - [04/Feb/2026:20:21:36 +0000] "GET /shopping/products/161892877 HTTP/2.0" 200 24561 "https://elementalmill.com/shopping/products/1618199029" "Mozilla/5.0 AppleWebKit/537.36 (KHTML, like Gecko; compatible; GPTBot/1.3; +https://openai.com/gptbot)"
141.98.11.169 - - [04/Feb/2026:20:21:37 +0000] "GET /wp-admin/ HTTP/1.1" 302 20 "https://elementalmill.com/wp-login.php" "Mozilla/5.0 (Windows NT 11.0; Win64; x64) AppleWebKit/537.36 (KHTML, like Gecko) Chrome/118.0.0.0 Safari/537.36"
141.98.11.169 - - [04/Feb/2026:20:21:39 +0000] "GET /wp-admin/ HTTP/1.1" 302 20 "https://elementalmill.com/wp-login.php" "Mozilla/5.0 (Windows NT 11.0; Win64; x64) AppleWebKit/537.36 (KHTML, like Gecko) Chrome/118.0.0.0 Safari/537.36"
74.7.227.48 - - [04/Feb/2026:20:21:39 +0000] "GET /shopping/products/161882747 HTTP/2.0" 200 24307 "https://elementalmill.com/shopping/products/1618411395" "Mozilla/5.0 AppleWebKit/537.36 (KHTML, like Gecko; compatible; GPTBot/1.3; +https://openai.com/gptbot)"
141.98.11.169 - - [04/Feb/2026:20:21:42 +0000] "GET /wp-admin/ HTTP/1.1" 302 20 "https://elementalmill.com/wp-login.php" "Mozilla/5.0 (Windows NT 11.0; Win64; x64) AppleWebKit/537.36 (KHTML, like Gecko) Chrome/118.0.0.0 Safari/537.36"
74.7.227.48 - - [04/Feb/2026:20:21:42 +0000] "GET /shopping/products/16222061605 HTTP/2.0" 200 24439 "https://elementalmill.com/shopping/products/1619573375" "Mozilla/5.0 AppleWebKit/537.36 (KHTML, like Gecko; compatible; GPTBot/1.3; +https://openai.com/gptbot)"
141.98.11.169 - - [04/Feb/2026:20:21:44 +0000] "GET /wp-admin/ HTTP/1.1" 302 20 "https://elementalmill.com/wp-login.php" "Mozilla/5.0 (Windows NT 11.0; Win64; x64) AppleWebKit/537.36 (KHTML, like Gecko) Chrome/118.0.0.0 Safari/537.36"
141.98.11.169 - - [04/Feb/2026:20:21:46 +0000] "GET /wp-admin/ HTTP/1.1" 302 20 "https://elementalmill.com/wp-login.php" "Mozilla/5.0 (Windows NT 11.0; Win64; x64) AppleWebKit/537.36 (KHTML, like Gecko) Chrome/118.0.0.0 Safari/537.36"
74.7.227.48 - - [04/Feb/2026:20:21:46 +0000] "GET /shopping/products/1618426397 HTTP/2.0" 200 24300 "https://elementalmill.com/shopping/products/1618199029" "Mozilla/5.0 AppleWebKit/537.36 (KHTML, like Gecko; compatible; GPTBot/1.3; +https://openai.com/gptbot)"
141.98.11.169 - - [04/Feb/2026:20:21:48 +0000] "GET /wp-admin/ HTTP/1.1" 302 20 "https://elementalmill.com/wp-login.php" "Mozilla/5.0 (Windows NT 11.0; Win64; x64) AppleWebKit/537.36 (KHTML, like Gecko) Chrome/118.0.0.0 Safari/537.36"
74.7.227.48 - - [04/Feb/2026:20:21:49 +0000] "GET /shop/customer/bookmark.php?shopping/products/16222062814 HTTP/2.0" 200 25113 "https://elementalmill.com/shop/customer/bookmark.php?shopping/products/16201023070" "Mozilla/5.0 AppleWebKit/537.36 (KHTML, like Gecko; compatible; GPTBot/1.3; +https://openai.com/gptbot)"
141.98.11.169 - - [04/Feb/2026:20:21:50 +0000] "GET /wp-admin/ HTTP/1.1" 302 20 "https://elementalmill.com/wp-login.php" "Mozilla/5.0 (Windows NT 11.0; Win64; x64) AppleWebKit/537.36 (KHTML, like Gecko) Chrome/118.0.0.0 Safari/537.36"
74.7.227.48 - - [04/Feb/2026:20:21:52 +0000] "GET /shop/customer/bookmark.php?shopping/products/16222076618 HTTP/2.0" 200 25187 "https://elementalmill.com/shop/customer/bookmark.php?shopping/products/16201023070" "Mozilla/5.0 AppleWebKit/537.36 (KHTML, like Gecko; compatible; GPTBot/1.3; +https://openai.com/gptbot)"
139.162.194.112 - - [04/Feb/2026:20:21:53 +0000] "POST /wp-cron.php?doing_wp_cron=1770236513.0921750068664550781250 HTTP/1.1" 404 13168 "-" "WordPress/6.9.1; https://elementalmill.com"
141.98.11.169 - - [04/Feb/2026:20:21:54 +0000] "GET /wp-admin/ HTTP/1.1" 302 20 "https://elementalmill.com/wp-login.php" "Mozilla/5.0 (Windows NT 11.0; Win64; x64) AppleWebKit/537.36 (KHTML, like Gecko) Chrome/118.0.0.0 Safari/537.36"
74.7.227.48 - - [04/Feb/2026:20:21:55 +0000] "GET /shopping/products/16211711077 HTTP/2.0" 200 25283 "https://elementalmill.com/shopping/products/1618194475" "Mozilla/5.0 AppleWebKit/537.36 (KHTML, like Gecko; compatible; GPTBot/1.3; +https://openai.com/gptbot)"
141.98.11.169 - - [04/Feb/2026:20:21:56 +0000] "GET /wp-admin/profile.php HTTP/1.1" 404 12378 "https://elementalmill.com/wp-login.php" "Mozilla/5.0 (Windows NT 11.0; Win64; x64) AppleWebKit/537.36 (KHTML, like Gecko) Chrome/118.0.0.0 Safari/537.36"
141.98.11.169 - - [04/Feb/2026:20:21:58 +0000] "GET /wp-admin/edit.php HTTP/1.1" 404 12378 "https://elementalmill.com/wp-login.php" "Mozilla/5.0 (Windows NT 11.0; Win64; x64) AppleWebKit/537.36 (KHTML, like Gecko) Chrome/118.0.0.0 Safari/537.36"
74.7.227.48 - - [04/Feb/2026:20:21:58 +0000] "GET /shopping/products/1618152652 HTTP/2.0" 200 24322 "https://elementalmill.com/shopping/products/1618286103" "Mozilla/5.0 AppleWebKit/537.36 (KHTML, like Gecko; compatible; GPTBot/1.3; +https://openai.com/gptbot)"
141.98.11.169 - - [04/Feb/2026:20:22:01 +0000] "GET /wp-admin/plugins.php HTTP/1.1" 404 12378 "https://elementalmill.com/wp-login.php" "Mozilla/5.0 (Windows NT 11.0; Win64; x64) AppleWebKit/537.36 (KHTML, like Gecko) Chrome/118.0.0.0 Safari/537.36"
74.7.227.48 - - [04/Feb/2026:20:22:01 +0000] "GET /shopping/products/1619557468 HTTP/2.0" 200 24270 "https://elementalmill.com/shopping/products/1618410038" "Mozilla/5.0 AppleWebKit/537.36 (KHTML, like Gecko; compatible; GPTBot/1.3; +https://openai.com/gptbot)"
141.98.11.169 - - [04/Feb/2026:20:22:03 +0000] "POST /wp-login.php HTTP/1.1" 200 2959 "https://elementalmill.com/wp-login.php" "Mozilla/5.0 (Macintosh; Intel Mac OS X 13_6_1) AppleWebKit/605.1.15 (KHTML, like Gecko) Version/16.6 Safari/605.1.15"
141.98.11.169 - - [04/Feb/2026:20:22:05 +0000] "GET /wp-admin/index.php HTTP/1.1" 301 20 "https://elementalmill.com/wp-login.php" "Mozilla/5.0 (Macintosh; Intel Mac OS X 13_6_1; rv:119.0) Gecko/20100101 Firefox/119.0"
74.7.227.48 - - [04/Feb/2026:20:22:04 +0000] "GET /shopping/products/1619769373 HTTP/2.0" 200 24304 "https://elementalmill.com/shopping/products/1618410038" "Mozilla/5.0 AppleWebKit/537.36 (KHTML, like Gecko; compatible; GPTBot/1.3; +https://openai.com/gptbot)"
141.98.11.169 - - [04/Feb/2026:20:22:07 +0000] "GET /wp-admin/ HTTP/1.1" 302 20 "https://elementalmill.com/wp-login.php" "Mozilla/5.0 (Macintosh; Intel Mac OS X 13_6_1; rv:119.0) Gecko/20100101 Firefox/119.0"
74.7.227.48 - - [04/Feb/2026:20:22:07 +0000] "GET /shopping/products/1618248672 HTTP/2.0" 200 24657 "https://elementalmill.com/shopping/products/1619792281" "Mozilla/5.0 AppleWebKit/537.36 (KHTML, like Gecko; compatible; GPTBot/1.3; +https://openai.com/gptbot)"
141.98.11.169 - - [04/Feb/2026:20:22:09 +0000] "GET /wp-admin/ HTTP/1.1" 302 20 "https://elementalmill.com/wp-login.php" "Mozilla/5.0 (Macintosh; Intel Mac OS X 13_6_1; rv:119.0) Gecko/20100101 Firefox/119.0"
74.7.227.48 - - [04/Feb/2026:20:22:11 +0000] "GET /shopping/products/161870685 HTTP/2.0" 200 24712 "https://elementalmill.com/shopping/products/161892877" "Mozilla/5.0 AppleWebKit/537.36 (KHTML, like Gecko; compatible; GPTBot/1.3; +https://openai.com/gptbot)"
141.98.11.169 - - [04/Feb/2026:20:22:12 +0000] "GET /wp-admin/ HTTP/1.1" 302 20 "https://elementalmill.com/wp-login.php" "Mozilla/5.0 (Macintosh; Intel Mac OS X 13_6_1; rv:119.0) Gecko/20100101 Firefox/119.0"
74.7.227.48 - - [04/Feb/2026:20:22:14 +0000] "GET /shopping/products/16222417522 HTTP/2.0" 200 25187 "https://elementalmill.com/shopping/products/161892877" "Mozilla/5.0 AppleWebKit/537.36 (KHTML, like Gecko; compatible; GPTBot/1.3; +https://openai.com/gptbot)"
141.98.11.169 - - [04/Feb/2026:20:22:14 +0000] "GET /wp-admin/ HTTP/1.1" 302 20 "https://elementalmill.com/wp-login.php" "Mozilla/5.0 (Macintosh; Intel Mac OS X 13_6_1; rv:119.0) Gecko/20100101 Firefox/119.0"
141.98.11.169 - - [04/Feb/2026:20:22:17 +0000] "GET /wp-admin/ HTTP/1.1" 302 20 "https://elementalmill.com/wp-login.php" "Mozilla/5.0 (Macintosh; Intel Mac OS X 13_6_1; rv:119.0) Gecko/20100101 Firefox/119.0"
74.7.227.48 - - [04/Feb/2026:20:22:17 +0000] "GET /shopping/products/1618207980 HTTP/2.0" 200 25116 "https://elementalmill.com/shopping/products/161882747" "Mozilla/5.0 AppleWebKit/537.36 (KHTML, like Gecko; compatible; GPTBot/1.3; +https://openai.com/gptbot)"
141.98.11.169 - - [04/Feb/2026:20:22:19 +0000] "GET /wp-admin/ HTTP/1.1" 302 20 "https://elementalmill.com/wp-login.php" "Mozilla/5.0 (Macintosh; Intel Mac OS X 13_6_1; rv:119.0) Gecko/20100101 Firefox/119.0"
74.7.227.48 - - [04/Feb/2026:20:22:20 +0000] "GET /shopping/products/1619803199 HTTP/2.0" 200 24939 "https://elementalmill.com/shopping/products/1618426397" "Mozilla/5.0 AppleWebKit/537.36 (KHTML, like Gecko; compatible; GPTBot/1.3; +https://openai.com/gptbot)"
141.98.11.169 - - [04/Feb/2026:20:22:21 +0000] "GET /wp-admin/ HTTP/1.1" 302 20 "https://elementalmill.com/wp-login.php" "Mozilla/5.0 (Macintosh; Intel Mac OS X 13_6_1; rv:119.0) Gecko/20100101 Firefox/119.0"
74.7.227.48 - - [04/Feb/2026:20:22:23 +0000] "GET /shopping/products/1618452919 HTTP/2.0" 200 24732 "https://elementalmill.com/shopping/products/1618426397" "Mozilla/5.0 AppleWebKit/537.36 (KHTML, like Gecko; compatible; GPTBot/1.3; +https://openai.com/gptbot)"
141.98.11.169 - - [04/Feb/2026:20:22:24 +0000] "GET /wp-admin/ HTTP/1.1" 302 20 "https://elementalmill.com/wp-login.php" "Mozilla/5.0 (Macintosh; Intel Mac OS X 13_6_1; rv:119.0) Gecko/20100101 Firefox/119.0"
141.98.11.169 - - [04/Feb/2026:20:22:26 +0000] "GET /wp-admin/ HTTP/1.1" 302 20 "https://elementalmill.com/wp-login.php" "Mozilla/5.0 (Macintosh; Intel Mac OS X 13_6_1; rv:119.0) Gecko/20100101 Firefox/119.0"
74.7.227.48 - - [04/Feb/2026:20:22:26 +0000] "GET /shopping/products/1619701519 HTTP/2.0" 200 24978 "https://elementalmill.com/shopping/products/16211610767" "Mozilla/5.0 AppleWebKit/537.36 (KHTML, like Gecko; compatible; GPTBot/1.3; +https://openai.com/gptbot)"
141.98.11.169 - - [04/Feb/2026:20:22:29 +0000] "GET /wp-admin/ HTTP/1.1" 302 20 "https://elementalmill.com/wp-login.php" "Mozilla/5.0 (Macintosh; Intel Mac OS X 13_6_1; rv:119.0) Gecko/20100101 Firefox/119.0"
74.7.227.48 - - [04/Feb/2026:20:22:30 +0000] "GET /shopping/products/1619735521 HTTP/2.0" 200 24769 "https://elementalmill.com/shopping/products/1618393394" "Mozilla/5.0 AppleWebKit/537.36 (KHTML, like Gecko; compatible; GPTBot/1.3; +https://openai.com/gptbot)"
141.98.11.169 - - [04/Feb/2026:20:22:31 +0000] "GET /wp-admin/ HTTP/1.1" 302 20 "https://elementalmill.com/wp-login.php" "Mozilla/5.0 (Macintosh; Intel Mac OS X 13_6_1; rv:119.0) Gecko/20100101 Firefox/119.0"
74.7.227.48 - - [04/Feb/2026:20:22:33 +0000] "GET /shopping/products/1618389746 HTTP/2.0" 200 24382 "https://elementalmill.com/shopping/products/1618152652" "Mozilla/5.0 AppleWebKit/537.36 (KHTML, like Gecko; compatible; GPTBot/1.3; +https://openai.com/gptbot)"
141.98.11.169 - - [04/Feb/2026:20:22:34 +0000] "GET /wp-admin/ HTTP/1.1" 302 20 "https://elementalmill.com/wp-login.php" "Mozilla/5.0 (Macintosh; Intel Mac OS X 13_6_1; rv:119.0) Gecko/20100101 Firefox/119.0"
141.98.11.169 - - [04/Feb/2026:20:22:36 +0000] "GET /wp-admin/ HTTP/1.1" 302 20 "https://elementalmill.com/wp-login.php" "Mozilla/5.0 (Macintosh; Intel Mac OS X 13_6_1; rv:119.0) Gecko/20100101 Firefox/119.0"
74.7.227.48 - - [04/Feb/2026:20:22:37 +0000] "GET /shopping/products/1619917374 HTTP/2.0" 200 24869 "https://elementalmill.com/shopping/products/1619520757" "Mozilla/5.0 AppleWebKit/537.36 (KHTML, like Gecko; compatible; GPTBot/1.3; +https://openai.com/gptbot)"
141.98.11.169 - - [04/Feb/2026:20:22:39 +0000] "GET /wp-admin/ HTTP/1.1" 302 20 "https://elementalmill.com/wp-login.php" "Mozilla/5.0 (Macintosh; Intel Mac OS X 13_6_1; rv:119.0) Gecko/20100101 Firefox/119.0"
74.7.227.48 - - [04/Feb/2026:20:22:40 +0000] "GET /shopping/products/16211660902 HTTP/2.0" 200 24654 "https://elementalmill.com/shopping/products/1619769373" "Mozilla/5.0 AppleWebKit/537.36 (KHTML, like Gecko; compatible; GPTBot/1.3; +https://openai.com/gptbot)"
141.98.11.169 - - [04/Feb/2026:20:22:42 +0000] "GET /wp-admin/ HTTP/1.1" 302 20 "https://elementalmill.com/wp-login.php" "Mozilla/5.0 (Macintosh; Intel Mac OS X 13_6_1; rv:119.0) Gecko/20100101 Firefox/119.0"
74.7.227.48 - - [04/Feb/2026:20:22:43 +0000] "GET /shopping/products/161880607 HTTP/2.0" 200 24324 "https://elementalmill.com/shopping/products/1618248672" "Mozilla/5.0 AppleWebKit/537.36 (KHTML, like Gecko; compatible; GPTBot/1.3; +https://openai.com/gptbot)"
141.98.11.169 - - [04/Feb/2026:20:22:45 +0000] "GET /wp-admin/ HTTP/1.1" 302 20 "https://elementalmill.com/wp-login.php" "Mozilla/5.0 (Macintosh; Intel Mac OS X 13_6_1; rv:119.0) Gecko/20100101 Firefox/119.0"
141.98.11.169 - - [04/Feb/2026:20:22:47 +0000] "GET /wp-admin/ HTTP/1.1" 302 20 "https://elementalmill.com/wp-login.php" "Mozilla/5.0 (Macintosh; Intel Mac OS X 13_6_1; rv:119.0) Gecko/20100101 Firefox/119.0"
74.7.227.48 - - [04/Feb/2026:20:22:47 +0000] "GET /shopping/products/1619774202 HTTP/2.0" 200 24175 "https://elementalmill.com/shopping/products/161870685" "Mozilla/5.0 AppleWebKit/537.36 (KHTML, like Gecko; compatible; GPTBot/1.3; +https://openai.com/gptbot)"
141.98.11.169 - - [04/Feb/2026:20:22:49 +0000] "GET /wp-admin/ HTTP/1.1" 302 20 "https://elementalmill.com/wp-login.php" "Mozilla/5.0 (Macintosh; Intel Mac OS X 13_6_1; rv:119.0) Gecko/20100101 Firefox/119.0"
74.7.227.48 - - [04/Feb/2026:20:22:50 +0000] "GET /shopping/products/16222202451 HTTP/2.0" 200 25515 "https://elementalmill.com/shopping/products/16222417522" "Mozilla/5.0 AppleWebKit/537.36 (KHTML, like Gecko; compatible; GPTBot/1.3; +https://openai.com/gptbot)"
141.98.11.169 - - [04/Feb/2026:20:22:52 +0000] "GET /wp-admin/ HTTP/1.1" 302 20 "https://elementalmill.com/wp-login.php" "Mozilla/5.0 (Macintosh; Intel Mac OS X 13_6_1; rv:119.0) Gecko/20100101 Firefox/119.0"
74.7.227.48 - - [04/Feb/2026:20:22:53 +0000] "GET /shopping/products/1619829596 HTTP/2.0" 200 24541 "https://elementalmill.com/shopping/products/1618207980" "Mozilla/5.0 AppleWebKit/537.36 (KHTML, like Gecko; compatible; GPTBot/1.3; +https://openai.com/gptbot)"
139.162.194.112 - - [04/Feb/2026:20:22:54 +0000] "POST /wp-cron.php?doing_wp_cron=1770236574.6527469158172607421875 HTTP/1.1" 404 13168 "-" "WordPress/6.9.1; https://elementalmill.com"
141.98.11.169 - - [04/Feb/2026:20:22:55 +0000] "GET /wp-admin/ HTTP/1.1" 302 20 "https://elementalmill.com/wp-login.php" "Mozilla/5.0 (Macintosh; Intel Mac OS X 13_6_1; rv:119.0) Gecko/20100101 Firefox/119.0"
74.7.227.48 - - [04/Feb/2026:20:22:57 +0000] "GET /shopping/products/1619810183 HTTP/2.0" 200 24721 "https://elementalmill.com/shopping/products/1619803199" "Mozilla/5.0 AppleWebKit/537.36 (KHTML, like Gecko; compatible; GPTBot/1.3; +https://openai.com/gptbot)"
141.98.11.169 - - [04/Feb/2026:20:22:58 +0000] "GET /wp-admin/ HTTP/1.1" 302 20 "https://elementalmill.com/wp-login.php" "Mozilla/5.0 (Macintosh; Intel Mac OS X 13_6_1; rv:119.0) Gecko/20100101 Firefox/119.0"
141.98.11.169 - - [04/Feb/2026:20:23:00 +0000] "GET /wp-admin/ HTTP/1.1" 302 20 "https://elementalmill.com/wp-login.php" "Mozilla/5.0 (Macintosh; Intel Mac OS X 13_6_1; rv:119.0) Gecko/20100101 Firefox/119.0"
74.7.227.48 - - [04/Feb/2026:20:23:00 +0000] "GET /shopping/products/1618181397 HTTP/2.0" 200 24916 "https://elementalmill.com/shopping/products/1618452919" "Mozilla/5.0 AppleWebKit/537.36 (KHTML, like Gecko; compatible; GPTBot/1.3; +https://openai.com/gptbot)"
141.98.11.169 - - [04/Feb/2026:20:23:02 +0000] "GET /wp-admin/ HTTP/1.1" 302 20 "https://elementalmill.com/wp-login.php" "Mozilla/5.0 (Macintosh; Intel Mac OS X 13_6_1; rv:119.0) Gecko/20100101 Firefox/119.0"
74.7.227.48 - - [04/Feb/2026:20:23:03 +0000] "GET /shopping/products/1618318974 HTTP/2.0" 200 24428 "https://elementalmill.com/shopping/products/1618452919" "Mozilla/5.0 AppleWebKit/537.36 (KHTML, like Gecko; compatible; GPTBot/1.3; +https://openai.com/gptbot)"
141.98.11.169 - - [04/Feb/2026:20:23:05 +0000] "GET /wp-admin/ HTTP/1.1" 302 20 "https://elementalmill.com/wp-login.php" "Mozilla/5.0 (Macintosh; Intel Mac OS X 13_6_1; rv:119.0) Gecko/20100101 Firefox/119.0"
74.7.227.48 - - [04/Feb/2026:20:23:05 +0000] "GET /shopping/products/1619697471 HTTP/2.0" 200 24903 "https://elementalmill.com/shopping/products/1618248672" "Mozilla/5.0 AppleWebKit/537.36 (KHTML, like Gecko; compatible; GPTBot/1.3; +https://openai.com/gptbot)"
141.98.11.169 - - [04/Feb/2026:20:23:07 +0000] "GET /wp-admin/ HTTP/1.1" 302 20 "https://elementalmill.com/wp-login.php" "Mozilla/5.0 (Macintosh; Intel Mac OS X 13_6_1; rv:119.0) Gecko/20100101 Firefox/119.0"
74.7.227.48 - - [04/Feb/2026:20:23:08 +0000] "GET /shopping/products/1619556240 HTTP/2.0" 200 24837 "https://elementalmill.com/shopping/products/1618389746" "Mozilla/5.0 AppleWebKit/537.36 (KHTML, like Gecko; compatible; GPTBot/1.3; +https://openai.com/gptbot)"
141.98.11.169 - - [04/Feb/2026:20:23:09 +0000] "GET /wp-admin/ HTTP/1.1" 302 20 "https://elementalmill.com/wp-login.php" "Mozilla/5.0 (Macintosh; Intel Mac OS X 13_6_1; rv:119.0) Gecko/20100101 Firefox/119.0"
74.7.227.48 - - [04/Feb/2026:20:23:11 +0000] "GET /shopping/products/16211861519 HTTP/2.0" 200 25234 "https://elementalmill.com/shopping/products/1619917374" "Mozilla/5.0 AppleWebKit/537.36 (KHTML, like Gecko; compatible; GPTBot/1.3; +https://openai.com/gptbot)"
141.98.11.169 - - [04/Feb/2026:20:23:12 +0000] "GET /wp-admin/ HTTP/1.1" 302 20 "https://elementalmill.com/wp-login.php" "Mozilla/5.0 (Macintosh; Intel Mac OS X 13_6_1; rv:119.0) Gecko/20100101 Firefox/119.0"
141.98.11.169 - - [04/Feb/2026:20:23:14 +0000] "GET /wp-admin/ HTTP/1.1" 302 20 "https://elementalmill.com/wp-login.php" "Mozilla/5.0 (Macintosh; Intel Mac OS X 13_6_1; rv:119.0) Gecko/20100101 Firefox/119.0"
74.7.227.48 - - [04/Feb/2026:20:23:14 +0000] "GET /shopping/products/1619920866 HTTP/2.0" 200 24244 "https://elementalmill.com/shopping/products/1619917374" "Mozilla/5.0 AppleWebKit/537.36 (KHTML, like Gecko; compatible; GPTBot/1.3; +https://openai.com/gptbot)"
141.98.11.169 - - [04/Feb/2026:20:23:16 +0000] "GET /wp-admin/ HTTP/1.1" 302 20 "https://elementalmill.com/wp-login.php" "Mozilla/5.0 (Macintosh; Intel Mac OS X 13_6_1; rv:119.0) Gecko/20100101 Firefox/119.0"
74.7.227.48 - - [04/Feb/2026:20:23:17 +0000] "GET /shopping/products/16211662648 HTTP/2.0" 200 25245 "https://elementalmill.com/shopping/products/16211660902" "Mozilla/5.0 AppleWebKit/537.36 (KHTML, like Gecko; compatible; GPTBot/1.3; +https://openai.com/gptbot)"
141.98.11.169 - - [04/Feb/2026:20:23:19 +0000] "GET /wp-admin/ HTTP/1.1" 302 20 "https://elementalmill.com/wp-login.php" "Mozilla/5.0 (Macintosh; Intel Mac OS X 13_6_1; rv:119.0) Gecko/20100101 Firefox/119.0"
74.7.227.48 - - [04/Feb/2026:20:23:20 +0000] "GET /shopping/products/16211962362 HTTP/2.0" 200 25156 "https://elementalmill.com/shopping/products/161880607" "Mozilla/5.0 AppleWebKit/537.36 (KHTML, like Gecko; compatible; GPTBot/1.3; +https://openai.com/gptbot)"
141.98.11.169 - - [04/Feb/2026:20:23:21 +0000] "GET /wp-admin/profile.php HTTP/1.1" 404 12378 "https://elementalmill.com/wp-login.php" "Mozilla/5.0 (Macintosh; Intel Mac OS X 13_6_1; rv:119.0) Gecko/20100101 Firefox/119.0"
74.7.227.48 - - [04/Feb/2026:20:23:23 +0000] "GET /shopping/products/16222218165 HTTP/2.0" 200 25234 "https://elementalmill.com/shopping/products/16222202451" "Mozilla/5.0 AppleWebKit/537.36 (KHTML, like Gecko; compatible; GPTBot/1.3; +https://openai.com/gptbot)"
141.98.11.169 - - [04/Feb/2026:20:23:23 +0000] "GET /wp-admin/edit.php HTTP/1.1" 404 12378 "https://elementalmill.com/wp-login.php" "Mozilla/5.0 (Macintosh; Intel Mac OS X 13_6_1; rv:119.0) Gecko/20100101 Firefox/119.0"
141.98.11.169 - - [04/Feb/2026:20:23:26 +0000] "GET /wp-admin/plugins.php HTTP/1.1" 404 12378 "https://elementalmill.com/wp-login.php" "Mozilla/5.0 (Macintosh; Intel Mac OS X 13_6_1; rv:119.0) Gecko/20100101 Firefox/119.0"
74.7.227.48 - - [04/Feb/2026:20:23:26 +0000] "GET /shopping/products/161825327 HTTP/2.0" 200 24228 "https://elementalmill.com/shopping/products/1619829596" "Mozilla/5.0 AppleWebKit/537.36 (KHTML, like Gecko; compatible; GPTBot/1.3; +https://openai.com/gptbot)"
74.7.227.48 - - [04/Feb/2026:20:23:29 +0000] "GET /shopping/products/16222320022 HTTP/2.0" 200 25556 "https://elementalmill.com/shopping/products/16222202451" "Mozilla/5.0 AppleWebKit/537.36 (KHTML, like Gecko; compatible; GPTBot/1.3; +https://openai.com/gptbot)"
74.7.227.48 - - [04/Feb/2026:20:23:32 +0000] "GET /shopping/products/1618136873 HTTP/2.0" 200 24827 "https://elementalmill.com/shopping/products/161880607" "Mozilla/5.0 AppleWebKit/537.36 (KHTML, like Gecko; compatible; GPTBot/1.3; +https://openai.com/gptbot)"
74.7.227.48 - - [04/Feb/2026:20:23:36 +0000] "GET /shopping/products/16211531351 HTTP/2.0" 200 24212 "https://elementalmill.com/shopping/products/1618318974" "Mozilla/5.0 AppleWebKit/537.36 (KHTML, like Gecko; compatible; GPTBot/1.3; +https://openai.com/gptbot)"
74.7.227.48 - - [04/Feb/2026:20:23:39 +0000] "GET /shopping/products/1618306018 HTTP/2.0" 200 24278 "https://elementalmill.com/shopping/products/1619810183" "Mozilla/5.0 AppleWebKit/537.36 (KHTML, like Gecko; compatible; GPTBot/1.3; +https://openai.com/gptbot)"
74.7.227.48 - - [04/Feb/2026:20:23:42 +0000] "GET /shopping/products/1619707947 HTTP/2.0" 200 24662 "https://elementalmill.com/shopping/products/1619697471" "Mozilla/5.0 AppleWebKit/537.36 (KHTML, like Gecko; compatible; GPTBot/1.3; +https://openai.com/gptbot)"
74.7.227.48 - - [04/Feb/2026:20:23:45 +0000] "GET /shopping/products/1619544299 HTTP/2.0" 200 25577 "https://elementalmill.com/shopping/products/16211861519" "Mozilla/5.0 AppleWebKit/537.36 (KHTML, like Gecko; compatible; GPTBot/1.3; +https://openai.com/gptbot)"
