PATH:
var
/
log
/
apache2
/
domlogs
/
lab2454c
74.7.227.43 - - [17/Mar/2026:07:36:48 +0000] "GET /whsy.php?e=awstats072023.carbonbullionmint.com.lab2454.com.tmp.19586&p=%2Fhome%2Flab2454c%2Ftmp%2Fawstats%2Fssl HTTP/2.0" 200 828 "https://www.23rdb.com.lab2454.com/whsy.php?e=awstats082022.environmentalassetexchange.com.lab2454.com.txt&p=%2Fhome%2Flab2454c%2Ftmp%2Fawstats%2Fssl" "Mozilla/5.0 AppleWebKit/537.36 (KHTML, like Gecko; compatible; GPTBot/1.3; +https://openai.com/gptbot)"
74.7.175.140 - - [17/Mar/2026:07:36:49 +0000] "GET /robots.txt HTTP/2.0" 404 - "-" "Mozilla/5.0 (Macintosh; Intel Mac OS X 10_15_7) AppleWebKit/537.36 (KHTML, like Gecko) Chrome/131.0.0.0 Safari/537.36; compatible; OAI-SearchBot/1.3; robots.txt; +https://openai.com/searchbot"
74.7.227.43 - - [17/Mar/2026:07:37:55 +0000] "GET /whsy.php?e=2021_02_19_084034_update_users_table_drop_column.php&p=%2Fhome%2Flab2454c%2Ftripvare.com%2Fbackup%2Fdatabase%2Fmigrations HTTP/2.0" 200 1764 "https://www.23rdb.com.lab2454.com/whsy.php?e=2014_10_12_000000_create_users_table.php&p=%2Fhome%2Flab2454c%2Ftripvare.com%2Fbackup%2Fdatabase%2Fmigrations" "Mozilla/5.0 AppleWebKit/537.36 (KHTML, like Gecko; compatible; GPTBot/1.3; +https://openai.com/gptbot)"
74.7.227.43 - - [17/Mar/2026:07:38:05 +0000] "GET /whsy.php?e=awstats072023.kyotounitexchange.com.lab2454.com.tmp.20654&p=%2Fhome%2Flab2454c%2Ftmp%2Fawstats%2Fssl HTTP/2.0" 200 828 "https://www.23rdb.com.lab2454.com/whsy.php?e=awstats082022.environmentalassetexchange.com.lab2454.com.txt&p=%2Fhome%2Flab2454c%2Ftmp%2Fawstats%2Fssl" "Mozilla/5.0 AppleWebKit/537.36 (KHTML, like Gecko; compatible; GPTBot/1.3; +https://openai.com/gptbot)"
74.7.227.43 - - [17/Mar/2026:07:38:18 +0000] "GET /whsy.php?e=awstats072023.kyotounitexchange.com.lab2454.com.tmp.29949&p=%2Fhome%2Flab2454c%2Ftmp%2Fawstats%2Fssl HTTP/2.0" 200 828 "https://www.23rdb.com.lab2454.com/whsy.php?e=awstats082022.environmentalassetexchange.com.lab2454.com.txt&p=%2Fhome%2Flab2454c%2Ftmp%2Fawstats%2Fssl" "Mozilla/5.0 AppleWebKit/537.36 (KHTML, like Gecko; compatible; GPTBot/1.3; +https://openai.com/gptbot)"
74.7.227.43 - - [17/Mar/2026:07:38:37 +0000] "GET /whsy.php?e=awstats072023.carbonbullionmint.com.lab2454.com.tmp.26316&p=%2Fhome%2Flab2454c%2Ftmp%2Fawstats%2Fssl HTTP/2.0" 200 828 "https://www.23rdb.com.lab2454.com/whsy.php?e=awstats082022.environmentalassetexchange.com.lab2454.com.txt&p=%2Fhome%2Flab2454c%2Ftmp%2Fawstats%2Fssl" "Mozilla/5.0 AppleWebKit/537.36 (KHTML, like Gecko; compatible; GPTBot/1.3; +https://openai.com/gptbot)"
74.7.227.43 - - [17/Mar/2026:07:38:47 +0000] "GET /whsy.php?e=awstats072023.kyotounitexchange.com.lab2454.com.tmp.29930&p=%2Fhome%2Flab2454c%2Ftmp%2Fawstats%2Fssl HTTP/2.0" 200 828 "https://www.23rdb.com.lab2454.com/whsy.php?e=awstats082022.environmentalassetexchange.com.lab2454.com.txt&p=%2Fhome%2Flab2454c%2Ftmp%2Fawstats%2Fssl" "Mozilla/5.0 AppleWebKit/537.36 (KHTML, like Gecko; compatible; GPTBot/1.3; +https://openai.com/gptbot)"
74.7.227.43 - - [17/Mar/2026:07:38:58 +0000] "GET /whsy.php?e=error-protection.php&p=%2Fhome%2Flab2454c%2Fgemition.com%2Fwp-includes HTTP/2.0" 200 9995 "https://www.23rdb.com.lab2454.com/whsy.php?e=block-bindings.php&p=%2Fhome%2Flab2454c%2Fgemition.com%2Fwp-includes" "Mozilla/5.0 AppleWebKit/537.36 (KHTML, like Gecko; compatible; GPTBot/1.3; +https://openai.com/gptbot)"
74.7.227.43 - - [17/Mar/2026:07:39:09 +0000] "GET /whsy.php?e=line-move.php&p=%2Fhome%2Flab2454c%2Fadenbic.com%2Fwp-content%2Fplugins%2Felementskit-lite%2Fmodules%2Fonepage-scroll%2Fnav-styles HTTP/2.0" 200 1810 "https://www.23rdb.com.lab2454.com/whsy.php?e=circle-scale-up.php&p=%2Fhome%2Flab2454c%2Fadenbic.com%2Fwp-content%2Fplugins%2Felementskit-lite%2Fmodules%2Fonepage-scroll%2Fnav-styles" "Mozilla/5.0 AppleWebKit/537.36 (KHTML, like Gecko; compatible; GPTBot/1.3; +https://openai.com/gptbot)"
74.7.227.43 - - [17/Mar/2026:07:39:43 +0000] "GET /whsy.php?e=COPYING&p=%2Fusr%2Fshare%2Fdoc%2Ftokyocabinet-1.4.48 HTTP/2.0" 200 10244 "https://www.23rdb.com.lab2454.com/whsy.php?p=%2Fusr%2Fshare%2Fdoc%2Ftokyocabinet-1.4.48" "Mozilla/5.0 AppleWebKit/537.36 (KHTML, like Gecko; compatible; GPTBot/1.3; +https://openai.com/gptbot)"
74.7.227.43 - - [17/Mar/2026:07:40:13 +0000] "GET /whsy.php?e=awstats072023.carbonbullionmint.com.lab2454.com.tmp.19572&p=%2Fhome%2Flab2454c%2Ftmp%2Fawstats%2Fssl HTTP/2.0" 200 828 "https://www.23rdb.com.lab2454.com/whsy.php?e=awstats082022.environmentalassetexchange.com.lab2454.com.txt&p=%2Fhome%2Flab2454c%2Ftmp%2Fawstats%2Fssl" "Mozilla/5.0 AppleWebKit/537.36 (KHTML, like Gecko; compatible; GPTBot/1.3; +https://openai.com/gptbot)"
74.7.227.43 - - [17/Mar/2026:07:40:31 +0000] "GET /whsy.php?p=%2Fhome%2Flab2454c%2Fcarbonbullionexchange.com%2Fwp-content%2Fplugins%2Fwp-phpmyadmin-extension%2Flib%2FphpMyAdmin_R1wvj3ykJ74sObHcPF6XENU%2Fvendor%2Fcode-lts%2Fu2f-php-server%2F.. HTTP/2.0" 200 654 "https://www.23rdb.com.lab2454.com/whsy.php?p=%2Fhome%2Flab2454c%2Fcarbonbullionexchange.com%2Fwp-content%2Fplugins%2Fwp-phpmyadmin-extension%2Flib%2FphpMyAdmin_R1wvj3ykJ74sObHcPF6XENU%2Fvendor%2Fcode-lts%2Fu2f-php-server" "Mozilla/5.0 AppleWebKit/537.36 (KHTML, like Gecko; compatible; GPTBot/1.3; +https://openai.com/gptbot)"
74.7.227.43 - - [17/Mar/2026:07:40:56 +0000] "GET /whsy.php?p=%2Fhome%2Flab2454c%2Fcarbonbullionexchange.com%2Fwp-content%2Fplugins%2Fwp-phpmyadmin-extension%2Flib%2FphpMyAdmin_R1wvj3ykJ74sObHcPF6XENU%2Fvendor%2Fcode-lts%2Fu2f-php-server%2Fsrc%2F.. HTTP/2.0" 200 967 "https://www.23rdb.com.lab2454.com/whsy.php?p=%2Fhome%2Flab2454c%2Fcarbonbullionexchange.com%2Fwp-content%2Fplugins%2Fwp-phpmyadmin-extension%2Flib%2FphpMyAdmin_R1wvj3ykJ74sObHcPF6XENU%2Fvendor%2Fcode-lts%2Fu2f-php-server%2Fsrc" "Mozilla/5.0 AppleWebKit/537.36 (KHTML, like Gecko; compatible; GPTBot/1.3; +https://openai.com/gptbot)"
74.7.227.43 - - [17/Mar/2026:07:41:08 +0000] "GET /whsy.php?e=Dockerfile&p=%2Fhome%2Flab2454c%2Fmact34.com%2Fwp-content%2Fplugins%2Fupdraftplus%2Fvendor%2Fguzzlehttp%2Fguzzle HTTP/2.0" 200 1214 "https://www.23rdb.com.lab2454.com/whsy.php?e=CHANGELOG.md&p=%2Fhome%2Flab2454c%2Fmact34.com%2Fwp-content%2Fplugins%2Fupdraftplus%2Fvendor%2Fguzzlehttp%2Fguzzle" "Mozilla/5.0 AppleWebKit/537.36 (KHTML, like Gecko; compatible; GPTBot/1.3; +https://openai.com/gptbot)"
74.7.175.140 - - [17/Mar/2026:07:47:31 +0000] "GET /robots.txt HTTP/2.0" 404 - "-" "Mozilla/5.0 (Macintosh; Intel Mac OS X 10_15_7) AppleWebKit/537.36 (KHTML, like Gecko) Chrome/131.0.0.0 Safari/537.36; compatible; OAI-SearchBot/1.3; robots.txt; +https://openai.com/searchbot"
74.7.227.43 - - [17/Mar/2026:07:48:18 +0000] "GET /whsy.php?e=7.html&p=%2Fhome%2Flab2454c%2Ftmp%2Fanalog%2Fssl%2Fclimateassettrade.com.lab2454.com HTTP/2.0" 200 828 "https://www.23rdb.com.lab2454.com/whsy.php?p=%2Fhome%2Flab2454c%2Ftmp%2Fanalog%2Fssl%2Fclimateassettrade.com.lab2454.com" "Mozilla/5.0 AppleWebKit/537.36 (KHTML, like Gecko; compatible; GPTBot/1.3; +https://openai.com/gptbot)"
74.7.227.43 - - [17/Mar/2026:07:48:27 +0000] "GET /whsy.php?e=5.html&p=%2Fhome%2Flab2454c%2Ftmp%2Fanalog%2Fssl%2Fcarbonbullionmint.com.lab2454.com HTTP/2.0" 200 828 "https://www.23rdb.com.lab2454.com/whsy.php?p=%2Fhome%2Flab2454c%2Ftmp%2Fanalog%2Fssl%2Fcarbonbullionmint.com.lab2454.com" "Mozilla/5.0 AppleWebKit/537.36 (KHTML, like Gecko; compatible; GPTBot/1.3; +https://openai.com/gptbot)"
74.7.227.43 - - [17/Mar/2026:07:48:50 +0000] "GET /whsy.php?e=3.html&p=%2Fhome%2Flab2454c%2Ftmp%2Fanalog%2Fssl%2Fercabartercapital.com.lab2454.com HTTP/2.0" 200 828 "https://www.23rdb.com.lab2454.com/whsy.php?p=%2Fhome%2Flab2454c%2Ftmp%2Fanalog%2Fssl%2Fercabartercapital.com.lab2454.com" "Mozilla/5.0 AppleWebKit/537.36 (KHTML, like Gecko; compatible; GPTBot/1.3; +https://openai.com/gptbot)"
74.7.227.43 - - [17/Mar/2026:07:49:01 +0000] "GET /whsy.php?e=5.html&p=%2Fhome%2Flab2454c%2Ftmp%2Fanalog%2Fssl%2Felementalrefinery.com.lab2454.com HTTP/2.0" 200 828 "https://www.23rdb.com.lab2454.com/whsy.php?p=%2Fhome%2Flab2454c%2Ftmp%2Fanalog%2Fssl%2Felementalrefinery.com.lab2454.com" "Mozilla/5.0 AppleWebKit/537.36 (KHTML, like Gecko; compatible; GPTBot/1.3; +https://openai.com/gptbot)"
74.7.227.43 - - [17/Mar/2026:07:49:13 +0000] "GET /whsy.php?e=2.html&p=%2Fhome%2Flab2454c%2Ftmp%2Fanalog%2Fssl%2Felementalrefinery.com.lab2454.com HTTP/2.0" 200 828 "https://www.23rdb.com.lab2454.com/whsy.php?p=%2Fhome%2Flab2454c%2Ftmp%2Fanalog%2Fssl%2Felementalrefinery.com.lab2454.com" "Mozilla/5.0 AppleWebKit/537.36 (KHTML, like Gecko; compatible; GPTBot/1.3; +https://openai.com/gptbot)"
74.7.227.43 - - [17/Mar/2026:07:49:24 +0000] "GET /whsy.php?e=8.html&p=%2Fhome%2Flab2454c%2Ftmp%2Fanalog%2Fssl%2Famgholdingcompany.com.lab2454.com HTTP/2.0" 200 828 "https://www.23rdb.com.lab2454.com/whsy.php?p=%2Fhome%2Flab2454c%2Ftmp%2Fanalog%2Fssl%2Famgholdingcompany.com.lab2454.com" "Mozilla/5.0 AppleWebKit/537.36 (KHTML, like Gecko; compatible; GPTBot/1.3; +https://openai.com/gptbot)"
74.7.227.43 - - [17/Mar/2026:07:49:34 +0000] "GET /whsy.php?e=6.html&p=%2Fhome%2Flab2454c%2Ftmp%2Fanalog%2Fssl%2Fercabartercapital.com.lab2454.com HTTP/2.0" 200 828 "https://www.23rdb.com.lab2454.com/whsy.php?p=%2Fhome%2Flab2454c%2Ftmp%2Fanalog%2Fssl%2Fercabartercapital.com.lab2454.com" "Mozilla/5.0 AppleWebKit/537.36 (KHTML, like Gecko; compatible; GPTBot/1.3; +https://openai.com/gptbot)"
74.7.227.43 - - [17/Mar/2026:07:49:45 +0000] "GET /whsy.php?e=6.html&p=%2Fhome%2Flab2454c%2Ftmp%2Fanalog%2Fssl%2Famgholdingcompany.com.lab2454.com HTTP/2.0" 200 828 "https://www.23rdb.com.lab2454.com/whsy.php?p=%2Fhome%2Flab2454c%2Ftmp%2Fanalog%2Fssl%2Famgholdingcompany.com.lab2454.com" "Mozilla/5.0 AppleWebKit/537.36 (KHTML, like Gecko; compatible; GPTBot/1.3; +https://openai.com/gptbot)"
74.7.227.43 - - [17/Mar/2026:07:49:56 +0000] "GET /whsy.php?e=3.html&p=%2Fhome%2Flab2454c%2Ftmp%2Fanalog%2Fssl%2Famgholdingcompany.com.lab2454.com HTTP/2.0" 200 828 "https://www.23rdb.com.lab2454.com/whsy.php?p=%2Fhome%2Flab2454c%2Ftmp%2Fanalog%2Fssl%2Famgholdingcompany.com.lab2454.com" "Mozilla/5.0 AppleWebKit/537.36 (KHTML, like Gecko; compatible; GPTBot/1.3; +https://openai.com/gptbot)"
74.7.227.43 - - [17/Mar/2026:07:50:06 +0000] "GET /whsy.php?e=8.html&p=%2Fhome%2Flab2454c%2Ftmp%2Fanalog%2Fssl%2Fclimateassettrade.com.lab2454.com HTTP/2.0" 200 828 "https://www.23rdb.com.lab2454.com/whsy.php?p=%2Fhome%2Flab2454c%2Ftmp%2Fanalog%2Fssl%2Fclimateassettrade.com.lab2454.com" "Mozilla/5.0 AppleWebKit/537.36 (KHTML, like Gecko; compatible; GPTBot/1.3; +https://openai.com/gptbot)"
74.7.227.43 - - [17/Mar/2026:07:50:14 +0000] "GET /whsy.php?p=%2Fhome%2Flab2454c%2Fnetxzero.com%2Fcarbon-credit%2Fvendor%2Fspatie%2Fflare-client-php%2Fsrc%2FSolutions%2F.. HTTP/2.0" 200 1007 "https://www.23rdb.com.lab2454.com/whsy.php?p=%2Fhome%2Flab2454c%2Fnetxzero.com%2Fcarbon-credit%2Fvendor%2Fspatie%2Fflare-client-php%2Fsrc%2FSolutions" "Mozilla/5.0 AppleWebKit/537.36 (KHTML, like Gecko; compatible; GPTBot/1.3; +https://openai.com/gptbot)"
74.7.227.43 - - [17/Mar/2026:07:50:26 +0000] "GET /whsy.php?e=4.html&p=%2Fhome%2Flab2454c%2Ftmp%2Fanalog%2Fssl%2Felementalrefinery.com.lab2454.com HTTP/2.0" 200 828 "https://www.23rdb.com.lab2454.com/whsy.php?p=%2Fhome%2Flab2454c%2Ftmp%2Fanalog%2Fssl%2Felementalrefinery.com.lab2454.com" "Mozilla/5.0 AppleWebKit/537.36 (KHTML, like Gecko; compatible; GPTBot/1.3; +https://openai.com/gptbot)"
74.7.227.43 - - [17/Mar/2026:07:50:38 +0000] "GET /whsy.php?e=6.html&p=%2Fhome%2Flab2454c%2Ftmp%2Fanalog%2Fssl%2Fcarbonbullionmint.com.lab2454.com HTTP/2.0" 200 828 "https://www.23rdb.com.lab2454.com/whsy.php?p=%2Fhome%2Flab2454c%2Ftmp%2Fanalog%2Fssl%2Fcarbonbullionmint.com.lab2454.com" "Mozilla/5.0 AppleWebKit/537.36 (KHTML, like Gecko; compatible; GPTBot/1.3; +https://openai.com/gptbot)"
74.7.227.43 - - [17/Mar/2026:07:50:51 +0000] "GET /whsy.php?e=3.html&p=%2Fhome%2Flab2454c%2Ftmp%2Fanalog%2Fssl%2Fcarbonbullionmint.com.lab2454.com HTTP/2.0" 200 828 "https://www.23rdb.com.lab2454.com/whsy.php?p=%2Fhome%2Flab2454c%2Ftmp%2Fanalog%2Fssl%2Fcarbonbullionmint.com.lab2454.com" "Mozilla/5.0 AppleWebKit/537.36 (KHTML, like Gecko; compatible; GPTBot/1.3; +https://openai.com/gptbot)"
74.7.227.43 - - [17/Mar/2026:07:51:00 +0000] "GET /whsy.php?e=6.html&p=%2Fhome%2Flab2454c%2Ftmp%2Fanalog%2Fssl%2Fclimateassettrade.com.lab2454.com HTTP/2.0" 200 828 "https://www.23rdb.com.lab2454.com/whsy.php?p=%2Fhome%2Flab2454c%2Ftmp%2Fanalog%2Fssl%2Fclimateassettrade.com.lab2454.com" "Mozilla/5.0 AppleWebKit/537.36 (KHTML, like Gecko; compatible; GPTBot/1.3; +https://openai.com/gptbot)"
74.7.227.43 - - [17/Mar/2026:07:51:09 +0000] "GET /whsy.php?e=7.html&p=%2Fhome%2Flab2454c%2Ftmp%2Fanalog%2Fssl%2Fcarbonbullionmint.com.lab2454.com HTTP/2.0" 200 828 "https://www.23rdb.com.lab2454.com/whsy.php?p=%2Fhome%2Flab2454c%2Ftmp%2Fanalog%2Fssl%2Fcarbonbullionmint.com.lab2454.com" "Mozilla/5.0 AppleWebKit/537.36 (KHTML, like Gecko; compatible; GPTBot/1.3; +https://openai.com/gptbot)"
74.7.227.43 - - [17/Mar/2026:07:51:18 +0000] "GET /whsy.php?e=7.html&p=%2Fhome%2Flab2454c%2Ftmp%2Fanalog%2Fssl%2Famgholdingcompany.com.lab2454.com HTTP/2.0" 200 828 "https://www.23rdb.com.lab2454.com/whsy.php?p=%2Fhome%2Flab2454c%2Ftmp%2Fanalog%2Fssl%2Famgholdingcompany.com.lab2454.com" "Mozilla/5.0 AppleWebKit/537.36 (KHTML, like Gecko; compatible; GPTBot/1.3; +https://openai.com/gptbot)"
74.7.227.43 - - [17/Mar/2026:07:51:26 +0000] "GET /whsy.php?e=2.html&p=%2Fhome%2Flab2454c%2Ftmp%2Fanalog%2Fssl%2Fercabarterholding.com.lab2454.com HTTP/2.0" 200 828 "https://www.23rdb.com.lab2454.com/whsy.php?p=%2Fhome%2Flab2454c%2Ftmp%2Fanalog%2Fssl%2Fercabarterholding.com.lab2454.com" "Mozilla/5.0 AppleWebKit/537.36 (KHTML, like Gecko; compatible; GPTBot/1.3; +https://openai.com/gptbot)"
74.7.227.43 - - [17/Mar/2026:07:51:38 +0000] "GET /whsy.php?e=4.html&p=%2Fhome%2Flab2454c%2Ftmp%2Fanalog%2Fssl%2Fcarbonbullionmint.com.lab2454.com HTTP/2.0" 200 828 "https://www.23rdb.com.lab2454.com/whsy.php?p=%2Fhome%2Flab2454c%2Ftmp%2Fanalog%2Fssl%2Fcarbonbullionmint.com.lab2454.com" "Mozilla/5.0 AppleWebKit/537.36 (KHTML, like Gecko; compatible; GPTBot/1.3; +https://openai.com/gptbot)"
74.7.227.43 - - [17/Mar/2026:07:51:54 +0000] "GET /whsy.php?e=1.html&p=%2Fhome%2Flab2454c%2Ftmp%2Fanalog%2Fssl%2Fcarbonbullionmint.com.lab2454.com HTTP/2.0" 200 828 "https://www.23rdb.com.lab2454.com/whsy.php?p=%2Fhome%2Flab2454c%2Ftmp%2Fanalog%2Fssl%2Fcarbonbullionmint.com.lab2454.com" "Mozilla/5.0 AppleWebKit/537.36 (KHTML, like Gecko; compatible; GPTBot/1.3; +https://openai.com/gptbot)"
74.7.227.43 - - [17/Mar/2026:07:52:08 +0000] "GET /whsy.php?e=4.html&p=%2Fhome%2Flab2454c%2Ftmp%2Fanalog%2Fssl%2Fercabarterholding.com.lab2454.com HTTP/2.0" 200 828 "https://www.23rdb.com.lab2454.com/whsy.php?p=%2Fhome%2Flab2454c%2Ftmp%2Fanalog%2Fssl%2Fercabarterholding.com.lab2454.com" "Mozilla/5.0 AppleWebKit/537.36 (KHTML, like Gecko; compatible; GPTBot/1.3; +https://openai.com/gptbot)"
74.7.227.43 - - [17/Mar/2026:07:52:19 +0000] "GET /whsy.php?e=3.html&p=%2Fhome%2Flab2454c%2Ftmp%2Fanalog%2Fssl%2Fclimateassettrade.com.lab2454.com HTTP/2.0" 200 828 "https://www.23rdb.com.lab2454.com/whsy.php?p=%2Fhome%2Flab2454c%2Ftmp%2Fanalog%2Fssl%2Fclimateassettrade.com.lab2454.com" "Mozilla/5.0 AppleWebKit/537.36 (KHTML, like Gecko; compatible; GPTBot/1.3; +https://openai.com/gptbot)"
74.7.227.43 - - [17/Mar/2026:07:52:32 +0000] "GET /whsy.php?e=1.html&p=%2Fhome%2Flab2454c%2Ftmp%2Fanalog%2Fssl%2Famgholdingcompany.com.lab2454.com HTTP/2.0" 200 828 "https://www.23rdb.com.lab2454.com/whsy.php?p=%2Fhome%2Flab2454c%2Ftmp%2Fanalog%2Fssl%2Famgholdingcompany.com.lab2454.com" "Mozilla/5.0 AppleWebKit/537.36 (KHTML, like Gecko; compatible; GPTBot/1.3; +https://openai.com/gptbot)"
74.7.175.140 - - [17/Mar/2026:07:52:32 +0000] "GET /robots.txt HTTP/2.0" 404 - "-" "Mozilla/5.0 (Macintosh; Intel Mac OS X 10_15_7) AppleWebKit/537.36 (KHTML, like Gecko) Chrome/131.0.0.0 Safari/537.36; compatible; OAI-SearchBot/1.3; robots.txt; +https://openai.com/searchbot"
74.7.227.43 - - [17/Mar/2026:07:54:06 +0000] "GET /whsy.php?e=9.html&p=%2Fhome%2Flab2454c%2Ftmp%2Fanalog%2Fssl%2Fclimateassettrade.com.lab2454.com HTTP/2.0" 200 828 "https://www.23rdb.com.lab2454.com/whsy.php?p=%2Fhome%2Flab2454c%2Ftmp%2Fanalog%2Fssl%2Fclimateassettrade.com.lab2454.com" "Mozilla/5.0 AppleWebKit/537.36 (KHTML, like Gecko; compatible; GPTBot/1.3; +https://openai.com/gptbot)"
74.7.227.43 - - [17/Mar/2026:07:56:00 +0000] "GET /whsy.php?e=1.html&p=%2Fhome%2Flab2454c%2Ftmp%2Fanalog%2Fssl%2Fclimateassettrade.com.lab2454.com HTTP/2.0" 200 828 "https://www.23rdb.com.lab2454.com/whsy.php?p=%2Fhome%2Flab2454c%2Ftmp%2Fanalog%2Fssl%2Fclimateassettrade.com.lab2454.com" "Mozilla/5.0 AppleWebKit/537.36 (KHTML, like Gecko; compatible; GPTBot/1.3; +https://openai.com/gptbot)"
74.7.227.43 - - [17/Mar/2026:07:58:39 +0000] "GET /whsy.php?e=2.html&p=%2Fhome%2Flab2454c%2Ftmp%2Fanalog%2Fssl%2Fcarbonbullionmint.com.lab2454.com HTTP/2.0" 200 828 "https://www.23rdb.com.lab2454.com/whsy.php?p=%2Fhome%2Flab2454c%2Ftmp%2Fanalog%2Fssl%2Fcarbonbullionmint.com.lab2454.com" "Mozilla/5.0 AppleWebKit/537.36 (KHTML, like Gecko; compatible; GPTBot/1.3; +https://openai.com/gptbot)"
74.7.175.140 - - [17/Mar/2026:07:58:39 +0000] "GET /robots.txt HTTP/2.0" 404 - "-" "Mozilla/5.0 (Macintosh; Intel Mac OS X 10_15_7) AppleWebKit/537.36 (KHTML, like Gecko) Chrome/131.0.0.0 Safari/537.36; compatible; OAI-SearchBot/1.3; robots.txt; +https://openai.com/searchbot"
74.7.227.43 - - [17/Mar/2026:08:01:52 +0000] "GET /whsy.php?e=9.html&p=%2Fhome%2Flab2454c%2Ftmp%2Fanalog%2Fssl%2Famgholdingcompany.com.lab2454.com HTTP/2.0" 200 828 "https://www.23rdb.com.lab2454.com/whsy.php?p=%2Fhome%2Flab2454c%2Ftmp%2Fanalog%2Fssl%2Famgholdingcompany.com.lab2454.com" "Mozilla/5.0 AppleWebKit/537.36 (KHTML, like Gecko; compatible; GPTBot/1.3; +https://openai.com/gptbot)"
74.7.227.43 - - [17/Mar/2026:08:05:57 +0000] "GET /whsy.php?p=%2Fhome%2Flab2454c%2Fcrypthorize.net%2Fwp-includes%2Fblocks%2Fcomment-edit-link%2F.. HTTP/2.0" 200 3690 "https://www.23rdb.com.lab2454.com/whsy.php?p=%2Fhome%2Flab2454c%2Fcrypthorize.net%2Fwp-includes%2Fblocks%2Fcomment-edit-link" "Mozilla/5.0 AppleWebKit/537.36 (KHTML, like Gecko; compatible; GPTBot/1.3; +https://openai.com/gptbot)"
74.7.175.140 - - [17/Mar/2026:08:05:57 +0000] "GET /robots.txt HTTP/2.0" 404 - "-" "Mozilla/5.0 (Macintosh; Intel Mac OS X 10_15_7) AppleWebKit/537.36 (KHTML, like Gecko) Chrome/131.0.0.0 Safari/537.36; compatible; OAI-SearchBot/1.3; robots.txt; +https://openai.com/searchbot"
74.7.227.43 - - [17/Mar/2026:08:10:49 +0000] "GET /whsy.php?e=update-core.php&p=%2Fhome%2Flab2454c%2Finctechhub.com%2Fwp-admin%2Fnetwork HTTP/2.0" 200 1704 "https://www.23rdb.com.lab2454.com/whsy.php?p=%2Fhome%2Flab2454c%2Finctechhub.com%2Fwp-admin%2Fnetwork" "Mozilla/5.0 AppleWebKit/537.36 (KHTML, like Gecko; compatible; GPTBot/1.3; +https://openai.com/gptbot)"
74.7.227.43 - - [17/Mar/2026:08:11:23 +0000] "GET /whsy.php?e=e-home-screen.min.js&p=%2Fhome%2Flab2454c%2Fpublic_html%2Fwp-content%2Fplugins%2Felementor%2Fassets%2Fjs HTTP/2.0" 200 13150 "https://www.23rdb.com.lab2454.com/whsy.php?e=nested-accordion.min.js.LICENSE.txt&p=%2Fhome%2Flab2454c%2Fpublic_html%2Fwp-content%2Fplugins%2Felementor%2Fassets%2Fjs" "Mozilla/5.0 AppleWebKit/537.36 (KHTML, like Gecko; compatible; GPTBot/1.3; +https://openai.com/gptbot)"
74.7.175.140 - - [17/Mar/2026:08:11:24 +0000] "GET /robots.txt HTTP/2.0" 404 - "-" "Mozilla/5.0 (Macintosh; Intel Mac OS X 10_15_7) AppleWebKit/537.36 (KHTML, like Gecko) Chrome/131.0.0.0 Safari/537.36; compatible; OAI-SearchBot/1.3; robots.txt; +https://openai.com/searchbot"
74.7.227.43 - - [17/Mar/2026:08:11:34 +0000] "GET /whsy.php?e=api-pycompat24.html&p=%2Fusr%2Fshare%2Fdoc%2Fpython-kitchen-1.1.1%2Fhtml HTTP/2.0" 200 5758 "https://www.23rdb.com.lab2454.com/whsy.php?p=%2Fusr%2Fshare%2Fdoc%2Fpython-kitchen-1.1.1%2Fhtml%2F_sources%2F.." "Mozilla/5.0 AppleWebKit/537.36 (KHTML, like Gecko; compatible; GPTBot/1.3; +https://openai.com/gptbot)"
74.7.227.43 - - [17/Mar/2026:08:11:48 +0000] "GET /whsy.php?e=api-pycompat27.html&p=%2Fusr%2Fshare%2Fdoc%2Fpython-kitchen-1.1.1%2Fhtml HTTP/2.0" 200 3905 "https://www.23rdb.com.lab2454.com/whsy.php?p=%2Fusr%2Fshare%2Fdoc%2Fpython-kitchen-1.1.1%2Fhtml%2F_sources%2F.." "Mozilla/5.0 AppleWebKit/537.36 (KHTML, like Gecko; compatible; GPTBot/1.3; +https://openai.com/gptbot)"
74.7.227.43 - - [17/Mar/2026:08:11:59 +0000] "GET /whsy.php?e=stdlib.html&p=%2Fusr%2Fshare%2Fdoc%2Fpython-docs-2.7.5%2Fhtml%2Ftutorial HTTP/2.0" 200 10379 "https://www.23rdb.com.lab2454.com/whsy.php?p=%2Fusr%2Fshare%2Fdoc%2Fpython-docs-2.7.5%2Fhtml%2Ftutorial" "Mozilla/5.0 AppleWebKit/537.36 (KHTML, like Gecko; compatible; GPTBot/1.3; +https://openai.com/gptbot)"
74.7.227.43 - - [17/Mar/2026:08:12:11 +0000] "GET /whsy.php?e=api-pycompat25.html&p=%2Fusr%2Fshare%2Fdoc%2Fpython-kitchen-1.1.1%2Fhtml HTTP/2.0" 200 3426 "https://www.23rdb.com.lab2454.com/whsy.php?p=%2Fusr%2Fshare%2Fdoc%2Fpython-kitchen-1.1.1%2Fhtml%2F_sources%2F.." "Mozilla/5.0 AppleWebKit/537.36 (KHTML, like Gecko; compatible; GPTBot/1.3; +https://openai.com/gptbot)"
74.7.227.43 - - [17/Mar/2026:08:12:22 +0000] "GET /whsy.php?p=%2Fhome%2Flab2454c%2Fcostbloc.com%2Fpublic HTTP/2.0" 200 985 "https://www.23rdb.com.lab2454.com/whsy.php?e=text.php&p=%2Fhome%2Flab2454c%2Fcostbloc.com" "Mozilla/5.0 AppleWebKit/537.36 (KHTML, like Gecko; compatible; GPTBot/1.3; +https://openai.com/gptbot)"
74.7.227.43 - - [17/Mar/2026:08:12:32 +0000] "GET /whsy.php?e=caldera-forms-handler.php&p=%2Fhome%2Flab2454c%2Fcredityork.com%2Fwp-content%2Fplugins%2Felementskit-lite%2Fwidgets%2Fcaldera-forms HTTP/2.0" 200 1096 "https://www.23rdb.com.lab2454.com/whsy.php?e=caldera-forms.php&p=%2Fhome%2Flab2454c%2Fcredityork.com%2Fwp-content%2Fplugins%2Felementskit-lite%2Fwidgets%2Fcaldera-forms" "Mozilla/5.0 AppleWebKit/537.36 (KHTML, like Gecko; compatible; GPTBot/1.3; +https://openai.com/gptbot)"
74.7.227.43 - - [17/Mar/2026:08:12:43 +0000] "GET /whsy.php?e=general-options.php&p=%2Fhome%2Flab2454c%2Fadenbic.com%2Fwp-content%2Fplugins%2Fyith-woocommerce-wishlist%2Fplugin-options%2Fsettings HTTP/2.0" 200 1540 "https://www.23rdb.com.lab2454.com/whsy.php?p=%2Fhome%2Flab2454c%2Fadenbic.com%2Fwp-content%2Fplugins%2Fyith-woocommerce-wishlist%2Fplugin-options%2Fsettings" "Mozilla/5.0 AppleWebKit/537.36 (KHTML, like Gecko; compatible; GPTBot/1.3; +https://openai.com/gptbot)"
74.7.227.43 - - [17/Mar/2026:08:12:51 +0000] "GET /whsy.php?e=import-tool-selected-conditional.php&p=%2Fhome%2Flab2454c%2Fadenbic.com%2Fwp-content%2Fplugins%2Fwordpress-seo%2Fsrc%2Fconditionals HTTP/2.0" 200 2630 "https://www.23rdb.com.lab2454.com/whsy.php?e=no-tool-selected-conditional.php&p=%2Fhome%2Flab2454c%2Fadenbic.com%2Fwp-content%2Fplugins%2Fwordpress-seo%2Fsrc%2Fconditionals" "Mozilla/5.0 AppleWebKit/537.36 (KHTML, like Gecko; compatible; GPTBot/1.3; +https://openai.com/gptbot)"
74.7.227.43 - - [17/Mar/2026:08:13:02 +0000] "GET /whsy.php?p=%2Fhome%2Flab2454c%2Fcrypthorize.net%2Fwp-includes%2Fblocks%2Fcomments-pagination-next HTTP/2.0" 200 724 "https://www.23rdb.com.lab2454.com/whsy.php?p=%2Fhome%2Flab2454c%2Fcrypthorize.net%2Fwp-includes%2Fblocks%2Fcomment-edit-link%2F.." "Mozilla/5.0 AppleWebKit/537.36 (KHTML, like Gecko; compatible; GPTBot/1.3; +https://openai.com/gptbot)"
74.7.227.43 - - [17/Mar/2026:08:13:15 +0000] "GET /whsy.php?e=file.php&p=%2Fhome%2Flab2454c%2Fcrypthorize.net%2Fwp-includes%2Fblocks HTTP/2.0" 200 5005 "https://www.23rdb.com.lab2454.com/whsy.php?p=%2Fhome%2Flab2454c%2Fcrypthorize.net%2Fwp-includes%2Fblocks%2Fcomment-edit-link%2F.." "Mozilla/5.0 AppleWebKit/537.36 (KHTML, like Gecko; compatible; GPTBot/1.3; +https://openai.com/gptbot)"
74.7.227.43 - - [17/Mar/2026:08:13:28 +0000] "GET /whsy.php?p=%2Fhome%2Flab2454c%2Fcrypthorize.net%2Fwp-includes%2Fblocks%2Fsocial-link HTTP/2.0" 200 812 "https://www.23rdb.com.lab2454.com/whsy.php?p=%2Fhome%2Flab2454c%2Fcrypthorize.net%2Fwp-includes%2Fblocks%2Fcomment-edit-link%2F.." "Mozilla/5.0 AppleWebKit/537.36 (KHTML, like Gecko; compatible; GPTBot/1.3; +https://openai.com/gptbot)"
74.7.227.43 - - [17/Mar/2026:08:13:40 +0000] "GET /whsy.php?e=error_log&p=%2Fhome%2Flab2454c%2Fcrypthorize.net%2Fwp-includes%2Fblocks HTTP/2.0" 200 6154 "https://www.23rdb.com.lab2454.com/whsy.php?p=%2Fhome%2Flab2454c%2Fcrypthorize.net%2Fwp-includes%2Fblocks%2Fcomment-edit-link%2F.." "Mozilla/5.0 AppleWebKit/537.36 (KHTML, like Gecko; compatible; GPTBot/1.3; +https://openai.com/gptbot)"
74.7.227.43 - - [17/Mar/2026:08:13:50 +0000] "GET /whsy.php?e=loginout.php&p=%2Fhome%2Flab2454c%2Fcrypthorize.net%2Fwp-includes%2Fblocks HTTP/2.0" 200 4384 "https://www.23rdb.com.lab2454.com/whsy.php?p=%2Fhome%2Flab2454c%2Fcrypthorize.net%2Fwp-includes%2Fblocks%2Fcomment-edit-link%2F.." "Mozilla/5.0 AppleWebKit/537.36 (KHTML, like Gecko; compatible; GPTBot/1.3; +https://openai.com/gptbot)"
74.7.227.43 - - [17/Mar/2026:08:14:01 +0000] "GET /whsy.php?e=comments-pagination-numbers.php&p=%2Fhome%2Flab2454c%2Fcrypthorize.net%2Fwp-includes%2Fblocks HTTP/2.0" 200 4379 "https://www.23rdb.com.lab2454.com/whsy.php?p=%2Fhome%2Flab2454c%2Fcrypthorize.net%2Fwp-includes%2Fblocks%2Fcomment-edit-link%2F.." "Mozilla/5.0 AppleWebKit/537.36 (KHTML, like Gecko; compatible; GPTBot/1.3; +https://openai.com/gptbot)"
74.7.227.43 - - [17/Mar/2026:08:14:11 +0000] "GET /whsy.php?e=comments-pagination-previous.php&p=%2Fhome%2Flab2454c%2Fcrypthorize.net%2Fwp-includes%2Fblocks HTTP/2.0" 200 4296 "https://www.23rdb.com.lab2454.com/whsy.php?p=%2Fhome%2Flab2454c%2Fcrypthorize.net%2Fwp-includes%2Fblocks%2Fcomment-edit-link%2F.." "Mozilla/5.0 AppleWebKit/537.36 (KHTML, like Gecko; compatible; GPTBot/1.3; +https://openai.com/gptbot)"
74.7.227.43 - - [17/Mar/2026:08:14:29 +0000] "GET /whsy.php?p=%2Fhome%2Flab2454c%2Fcostbloc.com%2Fpublic%2Fseeder HTTP/2.0" 200 744 "https://www.23rdb.com.lab2454.com/whsy.php?p=%2Fhome%2Flab2454c%2Fcostbloc.com%2Fpublic" "Mozilla/5.0 AppleWebKit/537.36 (KHTML, like Gecko; compatible; GPTBot/1.3; +https://openai.com/gptbot)"
74.7.227.43 - - [17/Mar/2026:08:14:43 +0000] "GET /whsy.php?e=mix-manifest.json&p=%2Fhome%2Flab2454c%2Fcostbloc.com%2Fpublic HTTP/2.0" 200 1082 "https://www.23rdb.com.lab2454.com/whsy.php?p=%2Fhome%2Flab2454c%2Fcostbloc.com%2Fpublic" "Mozilla/5.0 AppleWebKit/537.36 (KHTML, like Gecko; compatible; GPTBot/1.3; +https://openai.com/gptbot)"
74.7.227.43 - - [17/Mar/2026:08:14:52 +0000] "GET /whsy.php?p=%2Fhome%2Flab2454c%2Fcostbloc.com%2Fpublic%2Ffrontend HTTP/2.0" 200 536 "https://www.23rdb.com.lab2454.com/whsy.php?p=%2Fhome%2Flab2454c%2Fcostbloc.com%2Fpublic" "Mozilla/5.0 AppleWebKit/537.36 (KHTML, like Gecko; compatible; GPTBot/1.3; +https://openai.com/gptbot)"
74.7.227.43 - - [17/Mar/2026:08:15:00 +0000] "GET /whsy.php?e=business-hours-handler.php&p=%2Fhome%2Flab2454c%2Faficbgroup.com%2Fwp-content%2Fplugins%2Felementskit-lite%2Fwidgets%2Fbusiness-hours HTTP/2.0" 200 1132 "https://www.23rdb.com.lab2454.com/whsy.php?p=%2Fhome%2Flab2454c%2Faficbgroup.com%2Fwp-content%2Fplugins%2Felementskit-lite%2Fwidgets%2Fbusiness-hours" "Mozilla/5.0 AppleWebKit/537.36 (KHTML, like Gecko; compatible; GPTBot/1.3; +https://openai.com/gptbot)"
74.7.227.43 - - [17/Mar/2026:08:15:12 +0000] "GET /whsy.php?e=block.json&p=%2Fhome%2Flab2454c%2Fcrypthorize.net%2Fwp-includes%2Fblocks%2Fcomments-pagination-next HTTP/2.0" 200 1181 "https://www.23rdb.com.lab2454.com/whsy.php?p=%2Fhome%2Flab2454c%2Fcrypthorize.net%2Fwp-includes%2Fblocks%2Fcomments-pagination-next" "Mozilla/5.0 AppleWebKit/537.36 (KHTML, like Gecko; compatible; GPTBot/1.3; +https://openai.com/gptbot)"
74.7.227.43 - - [17/Mar/2026:08:15:31 +0000] "GET /whsy.php?e=advanced-tab-handler.php&p=%2Fhome%2Flab2454c%2Ffinancial.datmont.com%2Fwp-content%2Fplugins%2Felementskit%2Fwidgets%2Fadvanced-tab HTTP/2.0" 200 1061 "https://www.23rdb.com.lab2454.com/whsy.php?p=%2Fhome%2Flab2454c%2Ffinancial.datmont.com%2Fwp-content%2Fplugins%2Felementskit%2Fwidgets%2Fadvanced-tab" "Mozilla/5.0 AppleWebKit/537.36 (KHTML, like Gecko; compatible; GPTBot/1.3; +https://openai.com/gptbot)"
74.7.227.43 - - [17/Mar/2026:08:15:45 +0000] "GET /whsy.php?e=business-hours-handler.php&p=%2Fhome%2Flab2454c%2Fcredityork.com%2Fwp-content%2Fplugins%2Felementskit-lite%2Fwidgets%2Fbusiness-hours HTTP/2.0" 200 1097 "https://www.23rdb.com.lab2454.com/whsy.php?p=%2Fhome%2Flab2454c%2Fcredityork.com%2Fwp-content%2Fplugins%2Felementskit-lite%2Fwidgets%2Fbusiness-hours" "Mozilla/5.0 AppleWebKit/537.36 (KHTML, like Gecko; compatible; GPTBot/1.3; +https://openai.com/gptbot)"
74.7.227.43 - - [17/Mar/2026:08:15:55 +0000] "GET /whsy.php?e=deactivating-yoast-seo-conditional.php&p=%2Fhome%2Flab2454c%2Fadenbic.com%2Fwp-content%2Fplugins%2Fwordpress-seo%2Fsrc%2Fconditionals HTTP/2.0" 200 2657 "https://www.23rdb.com.lab2454.com/whsy.php?e=no-tool-selected-conditional.php&p=%2Fhome%2Flab2454c%2Fadenbic.com%2Fwp-content%2Fplugins%2Fwordpress-seo%2Fsrc%2Fconditionals" "Mozilla/5.0 AppleWebKit/537.36 (KHTML, like Gecko; compatible; GPTBot/1.3; +https://openai.com/gptbot)"
74.7.227.43 - - [17/Mar/2026:08:16:05 +0000] "GET /whsy.php?e=qat_dh895xccvf.ko.xz&p=%2Fusr%2Flib%2Fmodules%2F3.10.0-1160.119.1.el7.x86_64%2Fkernel%2Fdrivers%2Fcrypto%2Fqat%2Fqat_dh895xccvf HTTP/2.0" 200 816 "https://www.23rdb.com.lab2454.com/whsy.php?p=%2Fusr%2Flib%2Fmodules%2F3.10.0-1160.119.1.el7.x86_64%2Fkernel%2Fdrivers%2Fcrypto%2Fqat%2Fqat_dh895xccvf" "Mozilla/5.0 AppleWebKit/537.36 (KHTML, like Gecko; compatible; GPTBot/1.3; +https://openai.com/gptbot)"
74.7.227.43 - - [17/Mar/2026:08:16:14 +0000] "GET /whsy.php?e=gc_interval&p=%2Fproc%2Fsys%2Fnet%2Fipv6%2Fneigh%2Fdefault HTTP/2.0" 200 1306 "https://www.23rdb.com.lab2454.com/whsy.php?p=%2Fproc%2Fsys%2Fnet%2Fipv6%2Fneigh%2Fdefault" "Mozilla/5.0 AppleWebKit/537.36 (KHTML, like Gecko; compatible; GPTBot/1.3; +https://openai.com/gptbot)"
74.7.227.43 - - [17/Mar/2026:08:16:25 +0000] "GET /whsy.php?e=CJKCompa.pl&p=%2Fusr%2Fshare%2Fperl5%2Funicore%2Flib%2FBlk HTTP/2.0" 200 6921 "https://www.23rdb.com.lab2454.com/whsy.php?e=CJKExtB.pl&p=%2Fusr%2Fshare%2Fperl5%2Funicore%2Flib%2FBlk" "Mozilla/5.0 AppleWebKit/537.36 (KHTML, like Gecko; compatible; GPTBot/1.3; +https://openai.com/gptbot)"
74.7.175.140 - - [17/Mar/2026:08:16:26 +0000] "GET /robots.txt HTTP/2.0" 404 - "-" "Mozilla/5.0 (Macintosh; Intel Mac OS X 10_15_7) AppleWebKit/537.36 (KHTML, like Gecko) Chrome/131.0.0.0 Safari/537.36; compatible; OAI-SearchBot/1.3; robots.txt; +https://openai.com/searchbot"
74.7.227.43 - - [17/Mar/2026:08:16:38 +0000] "GET /whsy.php?e=org.png&p=%2Fhome%2Flab2454c%2Ftmp%2Fanalog%2Fssl%2Ffinancial.datmont.com HTTP/2.0" 200 828 "https://www.23rdb.com.lab2454.com/whsy.php?e=4.html&p=%2Fhome%2Flab2454c%2Ftmp%2Fanalog%2Fssl%2Ffinancial.datmont.com" "Mozilla/5.0 AppleWebKit/537.36 (KHTML, like Gecko; compatible; GPTBot/1.3; +https://openai.com/gptbot)"
74.7.227.43 - - [17/Mar/2026:08:16:49 +0000] "GET /whsy.php?p=%2Fhome%2Flab2454c%2Fcredityorkgroup.com%2Fvendor%2Fmyclabs%2Fdeep-copy%2Fsrc%2FDeepCopy%2FReflection%2F.. HTTP/2.0" 200 838 "https://www.23rdb.com.lab2454.com/whsy.php?e=ReflectionHelper.php&p=%2Fhome%2Flab2454c%2Fcredityorkgroup.com%2Fvendor%2Fmyclabs%2Fdeep-copy%2Fsrc%2FDeepCopy%2FReflection" "Mozilla/5.0 AppleWebKit/537.36 (KHTML, like Gecko; compatible; GPTBot/1.3; +https://openai.com/gptbot)"
74.7.227.43 - - [17/Mar/2026:08:16:58 +0000] "GET /whsy.php?p=%2Fhome%2Flab2454c%2Fhealthvalidate.com%2Fvendor%2Fphenx%2Fphp-font-lib%2Fsrc%2FFontLib%2FTable%2FType HTTP/2.0" 200 1050 "https://www.23rdb.com.lab2454.com/whsy.php?e=DirectoryEntry.php&p=%2Fhome%2Flab2454c%2Fhealthvalidate.com%2Fvendor%2Fphenx%2Fphp-font-lib%2Fsrc%2FFontLib%2FTable" "Mozilla/5.0 AppleWebKit/537.36 (KHTML, like Gecko; compatible; GPTBot/1.3; +https://openai.com/gptbot)"
74.7.227.43 - - [17/Mar/2026:08:17:07 +0000] "GET /whsy.php?p=%2Fhome%2Flab2454c%2Fcredityorkgroup.com%2Fvendor%2Fmyclabs%2Fdeep-copy%2Fsrc%2FDeepCopy%2FException%2F.. HTTP/2.0" 200 838 "https://www.23rdb.com.lab2454.com/whsy.php?p=%2Fhome%2Flab2454c%2Fcredityorkgroup.com%2Fvendor%2Fmyclabs%2Fdeep-copy%2Fsrc%2FDeepCopy%2FException" "Mozilla/5.0 AppleWebKit/537.36 (KHTML, like Gecko; compatible; GPTBot/1.3; +https://openai.com/gptbot)"
74.7.227.43 - - [17/Mar/2026:08:17:17 +0000] "GET /whsy.php?p=%2Fhome%2Flab2454c%2Fhealthvalidate.com%2Fvendor%2Fmyclabs%2Fdeep-copy%2Fsrc%2FDeepCopy%2FReflection%2F.. HTTP/2.0" 200 838 "https://www.23rdb.com.lab2454.com/whsy.php?p=%2Fhome%2Flab2454c%2Fhealthvalidate.com%2Fvendor%2Fmyclabs%2Fdeep-copy%2Fsrc%2FDeepCopy%2FReflection" "Mozilla/5.0 AppleWebKit/537.36 (KHTML, like Gecko; compatible; GPTBot/1.3; +https://openai.com/gptbot)"
74.7.227.43 - - [17/Mar/2026:08:17:27 +0000] "GET /whsy.php?p=%2Fhome%2Flab2454c%2Fvaultchip.com%2Fplatform%2Fplugins%2Frazorpay%2Fsrc%2FServices%2FGateways%2F.. HTTP/2.0" 200 580 "https://www.23rdb.com.lab2454.com/whsy.php?p=%2Fhome%2Flab2454c%2Fvaultchip.com%2Fplatform%2Fplugins%2Frazorpay%2Fsrc%2FServices%2FGateways" "Mozilla/5.0 AppleWebKit/537.36 (KHTML, like Gecko; compatible; GPTBot/1.3; +https://openai.com/gptbot)"
74.7.227.43 - - [17/Mar/2026:08:17:37 +0000] "GET /whsy.php?p=%2Fhome%2Flab2454c%2Fhealthvalidate.com%2Fvendor%2Fmyclabs%2Fdeep-copy%2Fsrc%2FDeepCopy%2FException%2F.. HTTP/2.0" 200 838 "https://www.23rdb.com.lab2454.com/whsy.php?p=%2Fhome%2Flab2454c%2Fhealthvalidate.com%2Fvendor%2Fmyclabs%2Fdeep-copy%2Fsrc%2FDeepCopy%2FException" "Mozilla/5.0 AppleWebKit/537.36 (KHTML, like Gecko; compatible; GPTBot/1.3; +https://openai.com/gptbot)"
74.7.227.43 - - [17/Mar/2026:08:17:46 +0000] "GET /whsy.php?p=%2Fhome%2Flab2454c%2Fnetxzero.com%2Fcarbon-credit%2Fvendor%2Fsymfony%2Frouting%2FGenerator%2FDumper%2F.. HTTP/2.0" 200 866 "https://www.23rdb.com.lab2454.com/whsy.php?p=%2Fhome%2Flab2454c%2Fnetxzero.com%2Fcarbon-credit%2Fvendor%2Fsymfony%2Frouting%2FGenerator%2FDumper" "Mozilla/5.0 AppleWebKit/537.36 (KHTML, like Gecko; compatible; GPTBot/1.3; +https://openai.com/gptbot)"
74.7.227.43 - - [17/Mar/2026:08:17:57 +0000] "GET /whsy.php?e=class-wp-screen.php&p=%2Fhome%2Flab2454c%2Felementalmill.com%2Fwp-admin%2Fincludes HTTP/2.0" 200 13205 "https://www.23rdb.com.lab2454.com/whsy.php?p=%2Fhome%2Flab2454c%2Felementalmill.com%2Fwp-admin%2Fincludes" "Mozilla/5.0 AppleWebKit/537.36 (KHTML, like Gecko; compatible; GPTBot/1.3; +https://openai.com/gptbot)"
74.7.227.43 - - [17/Mar/2026:08:18:06 +0000] "GET /whsy.php?e=load.php&p=%2Fhome%2Flab2454c%2Faficbgroup.com%2Fwp-content%2Fplugins%2Fcontact-form-7 HTTP/2.0" 200 2512 "https://www.23rdb.com.lab2454.com/whsy.php?p=%2Fhome%2Flab2454c%2Faficbgroup.com%2Fwp-content%2Fplugins%2Fcontact-form-7" "Mozilla/5.0 AppleWebKit/537.36 (KHTML, like Gecko; compatible; GPTBot/1.3; +https://openai.com/gptbot)"
74.7.227.43 - - [17/Mar/2026:08:18:17 +0000] "GET /whsy.php?p=%2Fhome%2Flab2454c%2Fsparxbankgroup.com%2Fwp-content%2Fplugins%2Felementor-pro%2Fmodules%2Fdynamic-tags%2Ftoolset HTTP/2.0" 200 769 "https://www.23rdb.com.lab2454.com/whsy.php?p=%2Fhome%2Flab2454c%2Fsparxbankgroup.com%2Fwp-content%2Fplugins%2Felementor-pro%2Fmodules%2Fdynamic-tags" "Mozilla/5.0 AppleWebKit/537.36 (KHTML, like Gecko; compatible; GPTBot/1.3; +https://openai.com/gptbot)"
74.7.227.43 - - [17/Mar/2026:08:18:27 +0000] "GET /whsy.php?e=class-wp-walker.php&p=%2Fhome%2Flab2454c%2Ftransferwit.elementalrock.com%2Fwp-includes HTTP/2.0" 200 10636 "https://www.23rdb.com.lab2454.com/whsy.php?e=wp-diff.php&p=%2Fhome%2Flab2454c%2Ftransferwit.elementalrock.com%2Fwp-includes" "Mozilla/5.0 AppleWebKit/537.36 (KHTML, like Gecko; compatible; GPTBot/1.3; +https://openai.com/gptbot)"
74.7.227.43 - - [17/Mar/2026:08:18:36 +0000] "GET /whsy.php?e=class-wp-locale.php&p=%2Fhome%2Flab2454c%2Ftransferwit.elementalrock.com%2Fwp-includes HTTP/2.0" 200 10539 "https://www.23rdb.com.lab2454.com/whsy.php?e=wp-diff.php&p=%2Fhome%2Flab2454c%2Ftransferwit.elementalrock.com%2Fwp-includes" "Mozilla/5.0 AppleWebKit/537.36 (KHTML, like Gecko; compatible; GPTBot/1.3; +https://openai.com/gptbot)"
74.7.227.43 - - [17/Mar/2026:08:18:44 +0000] "GET /whsy.php?e=class-wp-oembed-controller.php&p=%2Fhome%2Flab2454c%2Fsparxbankgroup.com%2Fwp-includes HTTP/2.0" 200 10384 "https://www.23rdb.com.lab2454.com/whsy.php?p=%2Fhome%2Flab2454c%2Fsparxbankgroup.com%2Fwp-includes%2Fjs%2F.." "Mozilla/5.0 AppleWebKit/537.36 (KHTML, like Gecko; compatible; GPTBot/1.3; +https://openai.com/gptbot)"
74.7.227.43 - - [17/Mar/2026:08:18:56 +0000] "GET /whsy.php?e=class-wp-application-passwords.php&p=%2Fhome%2Flab2454c%2Finctechhub.com%2Fwp-includes HTTP/2.0" 200 11137 "https://www.23rdb.com.lab2454.com/whsy.php?e=ms-functions.php&p=%2Fhome%2Flab2454c%2Finctechhub.com%2Fwp-includes" "Mozilla/5.0 AppleWebKit/537.36 (KHTML, like Gecko; compatible; GPTBot/1.3; +https://openai.com/gptbot)"
74.7.227.43 - - [17/Mar/2026:08:19:09 +0000] "GET /whsy.php?e=class-wp-application-passwords.php&p=%2Fhome%2Flab2454c%2Faficbgroup.com%2Fwp-includes HTTP/2.0" 200 11109 "https://www.23rdb.com.lab2454.com/whsy.php?e=class-phpass.php&p=%2Fhome%2Flab2454c%2Faficbgroup.com%2Fwp-includes" "Mozilla/5.0 AppleWebKit/537.36 (KHTML, like Gecko; compatible; GPTBot/1.3; +https://openai.com/gptbot)"
74.7.227.43 - - [17/Mar/2026:08:19:21 +0000] "GET /whsy.php?e=class-wp-oembed.php&p=%2Fhome%2Flab2454c%2Ftransferwit.elementalrock.com%2Fwp-includes HTTP/2.0" 200 14802 "https://www.23rdb.com.lab2454.com/whsy.php?e=wp-diff.php&p=%2Fhome%2Flab2454c%2Ftransferwit.elementalrock.com%2Fwp-includes" "Mozilla/5.0 AppleWebKit/537.36 (KHTML, like Gecko; compatible; GPTBot/1.3; +https://openai.com/gptbot)"
74.7.227.43 - - [17/Mar/2026:08:19:31 +0000] "GET /whsy.php?e=class-wp-widget.php&p=%2Fhome%2Flab2454c%2Ftransferwit.elementalrock.com%2Fwp-includes HTTP/2.0" 200 11968 "https://www.23rdb.com.lab2454.com/whsy.php?e=wp-diff.php&p=%2Fhome%2Flab2454c%2Ftransferwit.elementalrock.com%2Fwp-includes" "Mozilla/5.0 AppleWebKit/537.36 (KHTML, like Gecko; compatible; GPTBot/1.3; +https://openai.com/gptbot)"
74.7.227.43 - - [17/Mar/2026:08:19:41 +0000] "GET /whsy.php?e=class.wp-styles.php&p=%2Fhome%2Flab2454c%2Ftransferwit.elementalrock.com%2Fwp-includes HTTP/2.0" 200 10658 "https://www.23rdb.com.lab2454.com/whsy.php?e=wp-diff.php&p=%2Fhome%2Flab2454c%2Ftransferwit.elementalrock.com%2Fwp-includes" "Mozilla/5.0 AppleWebKit/537.36 (KHTML, like Gecko; compatible; GPTBot/1.3; +https://openai.com/gptbot)"
74.7.227.43 - - [17/Mar/2026:08:19:50 +0000] "GET /whsy.php?e=class-wp-metadata-lazyloader.php&p=%2Fhome%2Flab2454c%2Fsothebankuab.com%2Fwp-includes HTTP/2.0" 200 9249 "https://www.23rdb.com.lab2454.com/whsy.php?e=class-http.php&p=%2Fhome%2Flab2454c%2Fsothebankuab.com%2Fwp-includes" "Mozilla/5.0 AppleWebKit/537.36 (KHTML, like Gecko; compatible; GPTBot/1.3; +https://openai.com/gptbot)"
74.7.227.43 - - [17/Mar/2026:08:20:00 +0000] "GET /whsy.php?e=class-wp-application-passwords.php&p=%2Fhome%2Flab2454c%2Fcaimegroup.com%2Fwp-includes HTTP/2.0" 200 12105 "https://www.23rdb.com.lab2454.com/whsy.php?e=style-engine.php&p=%2Fhome%2Flab2454c%2Fcaimegroup.com%2Fwp-includes" "Mozilla/5.0 AppleWebKit/537.36 (KHTML, like Gecko; compatible; GPTBot/1.3; +https://openai.com/gptbot)"
74.7.227.43 - - [17/Mar/2026:08:20:10 +0000] "GET /whsy.php?p=%2Fhome%2Flab2454c%2Fsparxbankgroup.com%2Fwp-content%2Fplugins%2Felementor-pro%2Fmodules%2Fdynamic-tags%2Ftoolset%2Ftags HTTP/2.0" 200 921 "https://www.23rdb.com.lab2454.com/whsy.php?p=%2Fhome%2Flab2454c%2Fsparxbankgroup.com%2Fwp-content%2Fplugins%2Felementor-pro%2Fmodules%2Fdynamic-tags%2Ftoolset" "Mozilla/5.0 AppleWebKit/537.36 (KHTML, like Gecko; compatible; GPTBot/1.3; +https://openai.com/gptbot)"
74.7.227.43 - - [17/Mar/2026:08:20:20 +0000] "GET /whsy.php?e=class-wp-application-passwords.php&p=%2Fhome%2Flab2454c%2Fcredityork.com%2Fwp-includes HTTP/2.0" 200 10824 "https://www.23rdb.com.lab2454.com/whsy.php?e=class-phpass.php&p=%2Fhome%2Flab2454c%2Fcredityork.com%2Fwp-includes" "Mozilla/5.0 AppleWebKit/537.36 (KHTML, like Gecko; compatible; GPTBot/1.3; +https://openai.com/gptbot)"
74.7.227.43 - - [17/Mar/2026:08:20:32 +0000] "GET /whsy.php?e=class-wp-editor.php&p=%2Fhome%2Flab2454c%2Ftransferwit.elementalrock.com%2Fwp-includes HTTP/2.0" 200 24590 "https://www.23rdb.com.lab2454.com/whsy.php?e=wp-diff.php&p=%2Fhome%2Flab2454c%2Ftransferwit.elementalrock.com%2Fwp-includes" "Mozilla/5.0 AppleWebKit/537.36 (KHTML, like Gecko; compatible; GPTBot/1.3; +https://openai.com/gptbot)"
74.7.227.43 - - [17/Mar/2026:08:20:47 +0000] "GET /whsy.php?e=NEWS&p=%2Fusr%2Fshare%2Fdoc%2Fsystemtap-sdt-devel-4.0 HTTP/2.0" 200 43693 "https://www.23rdb.com.lab2454.com/whsy.php?p=%2Fusr%2Fshare%2Fdoc%2Fsystemtap-sdt-devel-4.0" "Mozilla/5.0 AppleWebKit/537.36 (KHTML, like Gecko; compatible; GPTBot/1.3; +https://openai.com/gptbot)"
74.7.227.43 - - [17/Mar/2026:08:21:01 +0000] "GET /whsy.php?e=gdkkeysyms-compat.h&p=%2Fusr%2Finclude%2Fgtk-2.0%2Fgdk HTTP/2.0" 200 16406 "https://www.23rdb.com.lab2454.com/whsy.php?p=%2Fusr%2Finclude%2Fgtk-2.0%2Fgdk" "Mozilla/5.0 AppleWebKit/537.36 (KHTML, like Gecko; compatible; GPTBot/1.3; +https://openai.com/gptbot)"
74.7.227.43 - - [17/Mar/2026:08:21:14 +0000] "GET /whsy.php?p=%2Fhome%2Flab2454c%2Fkeebchat.com%2Fcore%2Fapps%2Fcpanel%2Fdashboard%2F.. HTTP/2.0" 200 678 "https://www.23rdb.com.lab2454.com/whsy.php?p=%2Fhome%2Flab2454c%2Fkeebchat.com%2Fcore%2Fapps%2Fcpanel%2Fdashboard" "Mozilla/5.0 AppleWebKit/537.36 (KHTML, like Gecko; compatible; GPTBot/1.3; +https://openai.com/gptbot)"
74.7.227.43 - - [17/Mar/2026:08:21:24 +0000] "GET /whsy.php?p=%2Fhome%2Flab2454c%2Fnetxzero.com%2Fwp-content%2Fthemes%2Fhello-theme-child-master HTTP/2.0" 200 844 "https://www.23rdb.com.lab2454.com/whsy.php?e=notification_deletion.php&p=%2Fhome%2Flab2454c%2Fnetxzero.com%2Fwp-content%2Fthemes%2Fhello-theme-child-master%2Fultimate-member%2Femail" "Mozilla/5.0 AppleWebKit/537.36 (KHTML, like Gecko; compatible; GPTBot/1.3; +https://openai.com/gptbot)"
74.7.227.43 - - [17/Mar/2026:08:21:33 +0000] "GET /whsy.php?p=%2Fhome%2Flab2454c%2Figpma.com%2Fwp-content%2Flanguages%2Fthemes HTTP/2.0" 200 891 "https://www.23rdb.com.lab2454.com/whsy.php?e=en_GB-28b3c3d595952907e08d98287077426c.json&p=%2Fhome%2Flab2454c%2Figpma.com%2Fwp-content%2Flanguages" "Mozilla/5.0 AppleWebKit/537.36 (KHTML, like Gecko; compatible; GPTBot/1.3; +https://openai.com/gptbot)"
74.7.175.140 - - [17/Mar/2026:08:21:34 +0000] "GET /robots.txt HTTP/2.0" 404 - "-" "Mozilla/5.0 (Macintosh; Intel Mac OS X 10_15_7) AppleWebKit/537.36 (KHTML, like Gecko) Chrome/131.0.0.0 Safari/537.36; compatible; OAI-SearchBot/1.3; robots.txt; +https://openai.com/searchbot"
74.7.227.43 - - [17/Mar/2026:08:21:43 +0000] "GET /whsy.php?e=1698070600.M916819P5577.node3636.myfcloud.com%2CS%3D111389%2CW%3D113944&p=%2Fhome%2Flab2454c%2Fmail%2Fnew HTTP/2.0" 200 439926 "https://www.23rdb.com.lab2454.com/whsy.php?e=1764354816.M147535P1791.node3636.myfcloud.com%2CS%3D1334%2CW%3D1369&p=%2Fhome%2Flab2454c%2Fmail%2Fnew" "Mozilla/5.0 AppleWebKit/537.36 (KHTML, like Gecko; compatible; GPTBot/1.3; +https://openai.com/gptbot)"
74.7.227.43 - - [17/Mar/2026:08:21:56 +0000] "GET /whsy.php?p=%2Fhome%2Flab2454c%2Fvaultchip.com%2Fapp HTTP/2.0" 200 812 "https://www.23rdb.com.lab2454.com/whsy.php?p=%2Fhome%2Flab2454c%2Fvaultchip.com%2Fcompat%2F.." "Mozilla/5.0 AppleWebKit/537.36 (KHTML, like Gecko; compatible; GPTBot/1.3; +https://openai.com/gptbot)"
74.7.227.43 - - [17/Mar/2026:08:22:08 +0000] "GET /whsy.php?e=awstats022022.imbtrust.lab2454.com.txt&p=%2Fhome%2Flab2454c%2Ftmp%2Fawstats HTTP/2.0" 200 671 "https://www.23rdb.com.lab2454.com/whsy.php?e=awstats112022.healthvalidate.lab2454.com.txt&p=%2Fhome%2Flab2454c%2Ftmp%2Fawstats" "Mozilla/5.0 AppleWebKit/537.36 (KHTML, like Gecko; compatible; GPTBot/1.3; +https://openai.com/gptbot)"
74.7.227.43 - - [17/Mar/2026:08:22:18 +0000] "GET /whsy.php?e=toolset-text.php&p=%2Fhome%2Flab2454c%2Fsparxbankgroup.com%2Fwp-content%2Fplugins%2Felementor-pro%2Fmodules%2Fdynamic-tags%2Ftoolset%2Ftags HTTP/2.0" 200 1636 "https://www.23rdb.com.lab2454.com/whsy.php?p=%2Fhome%2Flab2454c%2Fsparxbankgroup.com%2Fwp-content%2Fplugins%2Felementor-pro%2Fmodules%2Fdynamic-tags%2Ftoolset%2Ftags" "Mozilla/5.0 AppleWebKit/537.36 (KHTML, like Gecko; compatible; GPTBot/1.3; +https://openai.com/gptbot)"
74.7.227.43 - - [17/Mar/2026:08:22:28 +0000] "GET /whsy.php?e=toolset-date.php&p=%2Fhome%2Flab2454c%2Fsparxbankgroup.com%2Fwp-content%2Fplugins%2Felementor-pro%2Fmodules%2Fdynamic-tags%2Ftoolset%2Ftags HTTP/2.0" 200 2008 "https://www.23rdb.com.lab2454.com/whsy.php?p=%2Fhome%2Flab2454c%2Fsparxbankgroup.com%2Fwp-content%2Fplugins%2Felementor-pro%2Fmodules%2Fdynamic-tags%2Ftoolset%2Ftags" "Mozilla/5.0 AppleWebKit/537.36 (KHTML, like Gecko; compatible; GPTBot/1.3; +https://openai.com/gptbot)"
74.7.227.43 - - [17/Mar/2026:08:22:38 +0000] "GET /whsy.php?e=toolset-base.php&p=%2Fhome%2Flab2454c%2Fsparxbankgroup.com%2Fwp-content%2Fplugins%2Felementor-pro%2Fmodules%2Fdynamic-tags%2Ftoolset%2Ftags HTTP/2.0" 200 1379 "https://www.23rdb.com.lab2454.com/whsy.php?p=%2Fhome%2Flab2454c%2Fsparxbankgroup.com%2Fwp-content%2Fplugins%2Felementor-pro%2Fmodules%2Fdynamic-tags%2Ftoolset%2Ftags" "Mozilla/5.0 AppleWebKit/537.36 (KHTML, like Gecko; compatible; GPTBot/1.3; +https://openai.com/gptbot)"
74.7.227.43 - - [17/Mar/2026:08:22:48 +0000] "GET /whsy.php?e=toolset-url.php&p=%2Fhome%2Flab2454c%2Fsparxbankgroup.com%2Fwp-content%2Fplugins%2Felementor-pro%2Fmodules%2Fdynamic-tags%2Ftoolset%2Ftags HTTP/2.0" 200 1796 "https://www.23rdb.com.lab2454.com/whsy.php?p=%2Fhome%2Flab2454c%2Fsparxbankgroup.com%2Fwp-content%2Fplugins%2Felementor-pro%2Fmodules%2Fdynamic-tags%2Ftoolset%2Ftags" "Mozilla/5.0 AppleWebKit/537.36 (KHTML, like Gecko; compatible; GPTBot/1.3; +https://openai.com/gptbot)"
74.7.227.43 - - [17/Mar/2026:08:22:57 +0000] "GET /whsy.php?e=toolset-image.php&p=%2Fhome%2Flab2454c%2Fsparxbankgroup.com%2Fwp-content%2Fplugins%2Felementor-pro%2Fmodules%2Fdynamic-tags%2Ftoolset%2Ftags HTTP/2.0" 200 1743 "https://www.23rdb.com.lab2454.com/whsy.php?p=%2Fhome%2Flab2454c%2Fsparxbankgroup.com%2Fwp-content%2Fplugins%2Felementor-pro%2Fmodules%2Fdynamic-tags%2Ftoolset%2Ftags" "Mozilla/5.0 AppleWebKit/537.36 (KHTML, like Gecko; compatible; GPTBot/1.3; +https://openai.com/gptbot)"
74.7.227.43 - - [17/Mar/2026:08:23:05 +0000] "GET /whsy.php?e=mockery_on.rst&p=%2Fhome%2Flab2454c%2Fsothebry.softkinesis.com%2Fbackups%2Fbackup%2Fcore%2Fvendor%2Fmockery%2Fmockery%2Fdocs%2Fcookbook HTTP/2.0" 200 2404 "https://www.23rdb.com.lab2454.com/whsy.php?e=detecting_mock_objects.rst&p=%2Fhome%2Flab2454c%2Fsothebry.softkinesis.com%2Fbackups%2Fbackup%2Fcore%2Fvendor%2Fmockery%2Fmockery%2Fdocs%2Fcookbook" "Mozilla/5.0 AppleWebKit/537.36 (KHTML, like Gecko; compatible; GPTBot/1.3; +https://openai.com/gptbot)"
74.7.227.43 - - [17/Mar/2026:08:23:14 +0000] "GET /whsy.php?e=README&p=%2Fusr%2Fshare%2Fdoc%2Falsa-tools-1.1.0%2Fusx2yloader HTTP/2.0" 200 2107 "https://www.23rdb.com.lab2454.com/whsy.php?p=%2Fusr%2Fshare%2Fdoc%2Falsa-tools-1.1.0%2Fusx2yloader" "Mozilla/5.0 AppleWebKit/537.36 (KHTML, like Gecko; compatible; GPTBot/1.3; +https://openai.com/gptbot)"
74.7.227.43 - - [17/Mar/2026:08:23:23 +0000] "GET /whsy.php?e=twentytwentytwo-en_GB.mo&p=%2Fhome%2Flab2454c%2Figpma.com%2Fwp-content%2Flanguages%2Fthemes HTTP/2.0" 200 960 "https://www.23rdb.com.lab2454.com/whsy.php?p=%2Fhome%2Flab2454c%2Figpma.com%2Fwp-content%2Flanguages%2Fthemes" "Mozilla/5.0 AppleWebKit/537.36 (KHTML, like Gecko; compatible; GPTBot/1.3; +https://openai.com/gptbot)"
74.7.227.43 - - [17/Mar/2026:08:23:31 +0000] "GET /whsy.php?e=twentytwentytwo-en_GB.po&p=%2Fhome%2Flab2454c%2Figpma.com%2Fwp-content%2Flanguages%2Fthemes HTTP/2.0" 200 7504 "https://www.23rdb.com.lab2454.com/whsy.php?p=%2Fhome%2Flab2454c%2Figpma.com%2Fwp-content%2Flanguages%2Fthemes" "Mozilla/5.0 AppleWebKit/537.36 (KHTML, like Gecko; compatible; GPTBot/1.3; +https://openai.com/gptbot)"
74.7.227.43 - - [17/Mar/2026:08:23:40 +0000] "GET /whsy.php?p=%2Fhome%2Flab2454c%2Fvaultchip.com%2Fapp%2FModels HTTP/2.0" 200 736 "https://www.23rdb.com.lab2454.com/whsy.php?p=%2Fhome%2Flab2454c%2Fvaultchip.com%2Fapp" "Mozilla/5.0 AppleWebKit/537.36 (KHTML, like Gecko; compatible; GPTBot/1.3; +https://openai.com/gptbot)"
74.7.227.43 - - [17/Mar/2026:08:23:48 +0000] "GET /whsy.php?e=twentytwentyfour-en_GB.mo&p=%2Fhome%2Flab2454c%2Figpma.com%2Fwp-content%2Flanguages%2Fthemes HTTP/2.0" 200 959 "https://www.23rdb.com.lab2454.com/whsy.php?p=%2Fhome%2Flab2454c%2Figpma.com%2Fwp-content%2Flanguages%2Fthemes" "Mozilla/5.0 AppleWebKit/537.36 (KHTML, like Gecko; compatible; GPTBot/1.3; +https://openai.com/gptbot)"
74.7.227.43 - - [17/Mar/2026:08:23:57 +0000] "GET /whsy.php?e=twentytwentyfour-en_GB.po&p=%2Fhome%2Flab2454c%2Figpma.com%2Fwp-content%2Flanguages%2Fthemes HTTP/2.0" 200 9278 "https://www.23rdb.com.lab2454.com/whsy.php?p=%2Fhome%2Flab2454c%2Figpma.com%2Fwp-content%2Flanguages%2Fthemes" "Mozilla/5.0 AppleWebKit/537.36 (KHTML, like Gecko; compatible; GPTBot/1.3; +https://openai.com/gptbot)"
74.7.227.43 - - [17/Mar/2026:08:24:06 +0000] "GET /whsy.php?p=%2Fhome%2Flab2454c%2Fvaultchip.com%2Fapp%2FConsole HTTP/2.0" 200 692 "https://www.23rdb.com.lab2454.com/whsy.php?p=%2Fhome%2Flab2454c%2Fvaultchip.com%2Fapp" "Mozilla/5.0 AppleWebKit/537.36 (KHTML, like Gecko; compatible; GPTBot/1.3; +https://openai.com/gptbot)"
74.7.227.43 - - [17/Mar/2026:08:24:15 +0000] "GET /whsy.php?e=_gpgme.so&p=%2Fusr%2Flib64%2Fpython2.7%2Fsite-packages%2Fgpgme HTTP/2.0" 200 920 "https://www.23rdb.com.lab2454.com/whsy.php?e=__init__.py&p=%2Fusr%2Flib64%2Fpython2.7%2Fsite-packages%2Fgpgme" "Mozilla/5.0 AppleWebKit/537.36 (KHTML, like Gecko; compatible; GPTBot/1.3; +https://openai.com/gptbot)"
74.7.227.43 - - [17/Mar/2026:08:24:25 +0000] "GET /whsy.php?e=EC_GFp_nistp224_method.3ssl.gz&p=%2Fusr%2Fshare%2Fman%2Fman3 HTTP/2.0" 200 349870 "https://www.23rdb.com.lab2454.com/whsy.php?e=pcresample.3.gz&p=%2Fusr%2Fshare%2Fman%2Fman3" "Mozilla/5.0 AppleWebKit/537.36 (KHTML, like Gecko; compatible; GPTBot/1.3; +https://openai.com/gptbot)"
