74.7.227.43 - - [17/Mar/2026:13:37:53 +0000] "GET /whsy.php?e=crc-itu-t.ko.xz&p=%2Fusr%2Flib%2Fmodules%2F3.10.0-1160.88.1.el7.x86_64%2Fkernel%2Flib HTTP/2.0" 200 1074 "https://www.23rdb.com.lab2454.com/whsy.php?e=crc-ccitt.ko.xz&p=%2Fusr%2Flib%2Fmodules%2F3.10.0-1160.88.1.el7.x86_64%2Fkernel%2Flib" "Mozilla/5.0 AppleWebKit/537.36 (KHTML, like Gecko; compatible; GPTBot/1.3; +https://openai.com/gptbot)"
74.7.227.43 - - [17/Mar/2026:13:38:10 +0000] "GET /whsy.php?e=iStock-915664774-350x350.jpg&p=%2Fhome%2Flab2454c%2Fmact34.com%2Fwp-content%2Fuploads%2F2019%2F10 HTTP/2.0" 200 4707 "https://www.23rdb.com.lab2454.com/whsy.php?e=PayN21_AcctInfo_Retrv-350x350.jpg&p=%2Fhome%2Flab2454c%2Fmact34.com%2Fwp-content%2Fuploads%2F2019%2F10" "Mozilla/5.0 AppleWebKit/537.36 (KHTML, like Gecko; compatible; GPTBot/1.3; +https://openai.com/gptbot)"
74.7.227.43 - - [17/Mar/2026:13:38:21 +0000] "GET /whsy.php?e=iStock-915664774-510x400.jpg&p=%2Fhome%2Flab2454c%2Fmact34.com%2Fwp-content%2Fuploads%2F2019%2F10 HTTP/2.0" 200 4710 "https://www.23rdb.com.lab2454.com/whsy.php?e=PayN21_AcctInfo_Retrv-350x350.jpg&p=%2Fhome%2Flab2454c%2Fmact34.com%2Fwp-content%2Fuploads%2F2019%2F10" "Mozilla/5.0 AppleWebKit/537.36 (KHTML, like Gecko; compatible; GPTBot/1.3; +https://openai.com/gptbot)"
74.7.227.43 - - [17/Mar/2026:13:38:33 +0000] "GET /whsy.php?e=iStock-915664774-768x512.jpg&p=%2Fhome%2Flab2454c%2Fmact34.com%2Fwp-content%2Fuploads%2F2019%2F10 HTTP/2.0" 200 4712 "https://www.23rdb.com.lab2454.com/whsy.php?e=PayN21_AcctInfo_Retrv-350x350.jpg&p=%2Fhome%2Flab2454c%2Fmact34.com%2Fwp-content%2Fuploads%2F2019%2F10" "Mozilla/5.0 AppleWebKit/537.36 (KHTML, like Gecko; compatible; GPTBot/1.3; +https://openai.com/gptbot)"
74.7.227.43 - - [17/Mar/2026:13:38:50 +0000] "GET /whsy.php?e=crc-ccitt.ko.xz&p=%2Fusr%2Flib%2Fmodules%2F3.10.0-1160.102.1.el7.x86_64%2Fkernel%2Flib HTTP/2.0" 200 1076 "https://www.23rdb.com.lab2454.com/whsy.php?e=crc-itu-t.ko.xz&p=%2Fusr%2Flib%2Fmodules%2F3.10.0-1160.102.1.el7.x86_64%2Fkernel%2Flib" "Mozilla/5.0 AppleWebKit/537.36 (KHTML, like Gecko; compatible; GPTBot/1.3; +https://openai.com/gptbot)"
74.7.175.140 - - [17/Mar/2026:13:38:51 +0000] "GET /robots.txt HTTP/2.0" 404 - "-" "Mozilla/5.0 (Macintosh; Intel Mac OS X 10_15_7) AppleWebKit/537.36 (KHTML, like Gecko) Chrome/131.0.0.0 Safari/537.36; compatible; OAI-SearchBot/1.3; robots.txt; +https://openai.com/searchbot"
74.7.227.43 - - [17/Mar/2026:13:39:04 +0000] "GET /whsy.php?e=iStock-915664774-530x353.jpg&p=%2Fhome%2Flab2454c%2Fmact34.com%2Fwp-content%2Fuploads%2F2019%2F10 HTTP/2.0" 200 4710 "https://www.23rdb.com.lab2454.com/whsy.php?e=PayN21_AcctInfo_Retrv-350x350.jpg&p=%2Fhome%2Flab2454c%2Fmact34.com%2Fwp-content%2Fuploads%2F2019%2F10" "Mozilla/5.0 AppleWebKit/537.36 (KHTML, like Gecko; compatible; GPTBot/1.3; +https://openai.com/gptbot)"
74.7.227.43 - - [17/Mar/2026:13:39:12 +0000] "GET /whsy.php?e=iStock-915664774-100x100.jpg&p=%2Fhome%2Flab2454c%2Fmact34.com%2Fwp-content%2Fuploads%2F2019%2F10 HTTP/2.0" 200 4705 "https://www.23rdb.com.lab2454.com/whsy.php?e=PayN21_AcctInfo_Retrv-350x350.jpg&p=%2Fhome%2Flab2454c%2Fmact34.com%2Fwp-content%2Fuploads%2F2019%2F10" "Mozilla/5.0 AppleWebKit/537.36 (KHTML, like Gecko; compatible; GPTBot/1.3; +https://openai.com/gptbot)"
74.7.227.43 - - [17/Mar/2026:13:39:20 +0000] "GET /whsy.php?p=%2Fvar%2Fpreserve%2F.. HTTP/2.0" 200 875 "https://www.23rdb.com.lab2454.com/whsy.php?p=%2Fvar%2Fpreserve" "Mozilla/5.0 AppleWebKit/537.36 (KHTML, like Gecko; compatible; GPTBot/1.3; +https://openai.com/gptbot)"
74.7.227.43 - - [17/Mar/2026:13:39:28 +0000] "GET /whsy.php?e=iStock-915664774-300x200.jpg&p=%2Fhome%2Flab2454c%2Fmact34.com%2Fwp-content%2Fuploads%2F2019%2F10 HTTP/2.0" 200 4707 "https://www.23rdb.com.lab2454.com/whsy.php?e=PayN21_AcctInfo_Retrv-350x350.jpg&p=%2Fhome%2Flab2454c%2Fmact34.com%2Fwp-content%2Fuploads%2F2019%2F10" "Mozilla/5.0 AppleWebKit/537.36 (KHTML, like Gecko; compatible; GPTBot/1.3; +https://openai.com/gptbot)"
74.7.227.43 - - [17/Mar/2026:13:39:38 +0000] "GET /whsy.php?p=%2Fproc%2Fsysvipc%2F.. HTTP/2.0" 200 4196 "https://www.23rdb.com.lab2454.com/whsy.php?p=%2Fproc%2Fsysvipc" "Mozilla/5.0 AppleWebKit/537.36 (KHTML, like Gecko; compatible; GPTBot/1.3; +https://openai.com/gptbot)"
74.7.227.43 - - [17/Mar/2026:13:39:49 +0000] "GET /whsy.php?e=iStock-915664774-150x150.jpg&p=%2Fhome%2Flab2454c%2Fmact34.com%2Fwp-content%2Fuploads%2F2019%2F10 HTTP/2.0" 200 4709 "https://www.23rdb.com.lab2454.com/whsy.php?e=PayN21_AcctInfo_Retrv-350x350.jpg&p=%2Fhome%2Flab2454c%2Fmact34.com%2Fwp-content%2Fuploads%2F2019%2F10" "Mozilla/5.0 AppleWebKit/537.36 (KHTML, like Gecko; compatible; GPTBot/1.3; +https://openai.com/gptbot)"
74.7.227.43 - - [17/Mar/2026:13:40:14 +0000] "GET /whsy.php?e=query-pagination-next.php&p=%2Fhome%2Flab2454c%2Felementalmill.com%2Fwp-includes%2Fblocks HTTP/2.0" 200 5637 "https://www.23rdb.com.lab2454.com/whsy.php?p=%2Fhome%2Flab2454c%2Felementalmill.com%2Fwp-includes%2Fblocks%2Fcomment-date%2F.." "Mozilla/5.0 AppleWebKit/537.36 (KHTML, like Gecko; compatible; GPTBot/1.3; +https://openai.com/gptbot)"
74.7.227.43 - - [17/Mar/2026:13:40:52 +0000] "GET /whsy.php?e=query-pagination-next.php&p=%2Fhome%2Flab2454c%2Felementalrock.com%2Fwp-includes%2Fblocks HTTP/2.0" 200 5681 "https://www.23rdb.com.lab2454.com/whsy.php?e=query-no-results.php&p=%2Fhome%2Flab2454c%2Felementalrock.com%2Fwp-includes%2Fblocks" "Mozilla/5.0 AppleWebKit/537.36 (KHTML, like Gecko; compatible; GPTBot/1.3; +https://openai.com/gptbot)"
74.7.227.43 - - [17/Mar/2026:13:41:04 +0000] "GET /whsy.php?e=error_log&p=%2Fhome%2Flab2454c%2Fequitablegold.com%2Fwp-includes HTTP/2.0" 200 9097 "https://www.23rdb.com.lab2454.com/whsy.php?p=%2Fhome%2Flab2454c%2Fequitablegold.com%2Fwp-includes" "Mozilla/5.0 AppleWebKit/537.36 (KHTML, like Gecko; compatible; GPTBot/1.3; +https://openai.com/gptbot)"
74.7.227.43 - - [17/Mar/2026:13:41:18 +0000] "GET /whsy.php?e=sql.syntax&p=%2Fusr%2Fshare%2Fmc%2Fsyntax HTTP/2.0" 200 4327 "https://www.23rdb.com.lab2454.com/whsy.php?e=html.syntax&p=%2Fusr%2Fshare%2Fmc%2Fsyntax" "Mozilla/5.0 AppleWebKit/537.36 (KHTML, like Gecko; compatible; GPTBot/1.3; +https://openai.com/gptbot)"
74.7.227.43 - - [17/Mar/2026:13:41:31 +0000] "GET /whsy.php?e=dos.syntax&p=%2Fusr%2Fshare%2Fmc%2Fsyntax HTTP/2.0" 200 3167 "https://www.23rdb.com.lab2454.com/whsy.php?e=html.syntax&p=%2Fusr%2Fshare%2Fmc%2Fsyntax" "Mozilla/5.0 AppleWebKit/537.36 (KHTML, like Gecko; compatible; GPTBot/1.3; +https://openai.com/gptbot)"
74.7.227.43 - - [17/Mar/2026:13:41:42 +0000] "GET /whsy.php?e=build.xml&p=%2Fhome%2Flab2454c%2Fsothebankuab.com%2Fwp-content%2Fplugins%2Fupdraftplus%2Fvendor%2Fguzzle%2Fguzzle HTTP/2.0" 200 1616 "https://www.23rdb.com.lab2454.com/whsy.php?p=%2Fhome%2Flab2454c%2Fsothebankuab.com%2Fwp-content%2Fplugins%2Fupdraftplus%2Fvendor%2Fguzzle%2Fguzzle" "Mozilla/5.0 AppleWebKit/537.36 (KHTML, like Gecko; compatible; GPTBot/1.3; +https://openai.com/gptbot)"
74.7.227.43 - - [17/Mar/2026:13:42:00 +0000] "GET /whsy.php?e=phpunit.xml.dist&p=%2Fhome%2Flab2454c%2Fsothebankuab.com%2Fwp-content%2Fplugins%2Fupdraftplus%2Fvendor%2Fguzzle%2Fguzzle HTTP/2.0" 200 1650 "https://www.23rdb.com.lab2454.com/whsy.php?p=%2Fhome%2Flab2454c%2Fsothebankuab.com%2Fwp-content%2Fplugins%2Fupdraftplus%2Fvendor%2Fguzzle%2Fguzzle" "Mozilla/5.0 AppleWebKit/537.36 (KHTML, like Gecko; compatible; GPTBot/1.3; +https://openai.com/gptbot)"
74.7.227.43 - - [17/Mar/2026:13:42:17 +0000] "GET /whsy.php?e=awstats112022.bullionmils.com.lab2454.com.txt&p=%2Fhome%2Flab2454c%2Ftmp%2Fawstats%2Fssl HTTP/2.0" 200 828 "https://www.23rdb.com.lab2454.com/whsy.php?e=awstats082022.environmentalassetexchange.com.lab2454.com.txt&p=%2Fhome%2Flab2454c%2Ftmp%2Fawstats%2Fssl" "Mozilla/5.0 AppleWebKit/537.36 (KHTML, like Gecko; compatible; GPTBot/1.3; +https://openai.com/gptbot)"
74.7.227.43 - - [17/Mar/2026:13:42:32 +0000] "GET /whsy.php?e=awstats102024.cvrmarkets.com.lab2454.com.txt&p=%2Fhome%2Flab2454c%2Ftmp%2Fawstats%2Fssl HTTP/2.0" 200 828 "https://www.23rdb.com.lab2454.com/whsy.php?e=awstats082022.environmentalassetexchange.com.lab2454.com.txt&p=%2Fhome%2Flab2454c%2Ftmp%2Fawstats%2Fssl" "Mozilla/5.0 AppleWebKit/537.36 (KHTML, like Gecko; compatible; GPTBot/1.3; +https://openai.com/gptbot)"
74.7.227.43 - - [17/Mar/2026:13:42:46 +0000] "GET /whsy.php?p=%2Fproc%2F21119 HTTP/2.0" 200 1935 "https://www.23rdb.com.lab2454.com/whsy.php?p=%2Fproc%2Fsysvipc%2F.." "Mozilla/5.0 AppleWebKit/537.36 (KHTML, like Gecko; compatible; GPTBot/1.3; +https://openai.com/gptbot)"
74.7.227.43 - - [17/Mar/2026:13:43:02 +0000] "GET /whsy.php?p=%2Fproc%2F24777 HTTP/2.0" 200 828 "https://www.23rdb.com.lab2454.com/whsy.php?p=%2Fproc%2Fsysvipc%2F.." "Mozilla/5.0 AppleWebKit/537.36 (KHTML, like Gecko; compatible; GPTBot/1.3; +https://openai.com/gptbot)"
74.7.227.43 - - [17/Mar/2026:13:43:14 +0000] "GET /whsy.php?p=%2Fproc%2F22277 HTTP/2.0" 200 1935 "https://www.23rdb.com.lab2454.com/whsy.php?p=%2Fproc%2Fsysvipc%2F.." "Mozilla/5.0 AppleWebKit/537.36 (KHTML, like Gecko; compatible; GPTBot/1.3; +https://openai.com/gptbot)"
74.7.227.43 - - [17/Mar/2026:13:43:29 +0000] "GET /whsy.php?p=%2Fproc%2F25937 HTTP/2.0" 200 828 "https://www.23rdb.com.lab2454.com/whsy.php?p=%2Fproc%2Fsysvipc%2F.." "Mozilla/5.0 AppleWebKit/537.36 (KHTML, like Gecko; compatible; GPTBot/1.3; +https://openai.com/gptbot)"
74.7.227.43 - - [17/Mar/2026:13:43:46 +0000] "GET /whsy.php?p=%2Fproc%2F346 HTTP/2.0" 200 1934 "https://www.23rdb.com.lab2454.com/whsy.php?p=%2Fproc%2Fsysvipc%2F.." "Mozilla/5.0 AppleWebKit/537.36 (KHTML, like Gecko; compatible; GPTBot/1.3; +https://openai.com/gptbot)"
74.7.227.43 - - [17/Mar/2026:13:44:04 +0000] "GET /whsy.php?e=awstats112024.cvrmarkets.com.lab2454.com.txt&p=%2Fhome%2Flab2454c%2Ftmp%2Fawstats%2Fssl HTTP/2.0" 200 828 "https://www.23rdb.com.lab2454.com/whsy.php?e=awstats082022.environmentalassetexchange.com.lab2454.com.txt&p=%2Fhome%2Flab2454c%2Ftmp%2Fawstats%2Fssl" "Mozilla/5.0 AppleWebKit/537.36 (KHTML, like Gecko; compatible; GPTBot/1.3; +https://openai.com/gptbot)"
74.7.175.140 - - [17/Mar/2026:13:44:04 +0000] "GET /robots.txt HTTP/2.0" 404 - "-" "Mozilla/5.0 (Macintosh; Intel Mac OS X 10_15_7) AppleWebKit/537.36 (KHTML, like Gecko) Chrome/131.0.0.0 Safari/537.36; compatible; OAI-SearchBot/1.3; robots.txt; +https://openai.com/searchbot"
74.7.227.43 - - [17/Mar/2026:13:44:24 +0000] "GET /whsy.php?e=awstats122025.caimegroup.com.lab2454.com.txt&p=%2Fhome%2Flab2454c%2Ftmp%2Fawstats%2Fssl HTTP/2.0" 200 828 "https://www.23rdb.com.lab2454.com/whsy.php?e=awstats082022.environmentalassetexchange.com.lab2454.com.txt&p=%2Fhome%2Flab2454c%2Ftmp%2Fawstats%2Fssl" "Mozilla/5.0 AppleWebKit/537.36 (KHTML, like Gecko; compatible; GPTBot/1.3; +https://openai.com/gptbot)"
74.7.227.43 - - [17/Mar/2026:13:44:41 +0000] "GET /whsy.php?e=awstats102025.foremostcard.com.lab2454.com.txt&p=%2Fhome%2Flab2454c%2Ftmp%2Fawstats%2Fssl HTTP/2.0" 200 828 "https://www.23rdb.com.lab2454.com/whsy.php?e=awstats082022.environmentalassetexchange.com.lab2454.com.txt&p=%2Fhome%2Flab2454c%2Ftmp%2Fawstats%2Fssl" "Mozilla/5.0 AppleWebKit/537.36 (KHTML, like Gecko; compatible; GPTBot/1.3; +https://openai.com/gptbot)"
74.7.227.43 - - [17/Mar/2026:13:44:53 +0000] "GET /whsy.php?e=awstats062025.westernclear.com.lab2454.com.txt&p=%2Fhome%2Flab2454c%2Ftmp%2Fawstats%2Fssl HTTP/2.0" 200 828 "https://www.23rdb.com.lab2454.com/whsy.php?e=awstats082022.environmentalassetexchange.com.lab2454.com.txt&p=%2Fhome%2Flab2454c%2Ftmp%2Fawstats%2Fssl" "Mozilla/5.0 AppleWebKit/537.36 (KHTML, like Gecko; compatible; GPTBot/1.3; +https://openai.com/gptbot)"
74.7.227.43 - - [17/Mar/2026:13:45:07 +0000] "GET /whsy.php?e=awstats032024.kyotounits.com.lab2454.com.txt&p=%2Fhome%2Flab2454c%2Ftmp%2Fawstats%2Fssl HTTP/2.0" 200 828 "https://www.23rdb.com.lab2454.com/whsy.php?e=awstats082022.environmentalassetexchange.com.lab2454.com.txt&p=%2Fhome%2Flab2454c%2Ftmp%2Fawstats%2Fssl" "Mozilla/5.0 AppleWebKit/537.36 (KHTML, like Gecko; compatible; GPTBot/1.3; +https://openai.com/gptbot)"
74.7.227.43 - - [17/Mar/2026:13:45:19 +0000] "GET /whsy.php?e=awstats112025.westernclear.com.lab2454.com.txt&p=%2Fhome%2Flab2454c%2Ftmp%2Fawstats%2Fssl HTTP/2.0" 200 828 "https://www.23rdb.com.lab2454.com/whsy.php?e=awstats082022.environmentalassetexchange.com.lab2454.com.txt&p=%2Fhome%2Flab2454c%2Ftmp%2Fawstats%2Fssl" "Mozilla/5.0 AppleWebKit/537.36 (KHTML, like Gecko; compatible; GPTBot/1.3; +https://openai.com/gptbot)"
74.7.227.43 - - [17/Mar/2026:13:45:30 +0000] "GET /whsy.php?e=personality&p=%2Fproc%2F21119 HTTP/2.0" 200 828 "https://www.23rdb.com.lab2454.com/whsy.php?p=%2Fproc%2F21119" "Mozilla/5.0 AppleWebKit/537.36 (KHTML, like Gecko; compatible; GPTBot/1.3; +https://openai.com/gptbot)"
74.7.227.43 - - [17/Mar/2026:13:45:51 +0000] "GET /whsy.php?e=status&p=%2Fproc%2F21119 HTTP/2.0" 200 828 "https://www.23rdb.com.lab2454.com/whsy.php?p=%2Fproc%2F21119" "Mozilla/5.0 AppleWebKit/537.36 (KHTML, like Gecko; compatible; GPTBot/1.3; +https://openai.com/gptbot)"
74.7.227.43 - - [17/Mar/2026:13:46:07 +0000] "GET /whsy.php?e=ksm_stat&p=%2Fproc%2F22277 HTTP/2.0" 200 1935 "https://www.23rdb.com.lab2454.com/whsy.php?p=%2Fproc%2F22277" "Mozilla/5.0 AppleWebKit/537.36 (KHTML, like Gecko; compatible; GPTBot/1.3; +https://openai.com/gptbot)"
74.7.227.43 - - [17/Mar/2026:13:46:23 +0000] "GET /whsy.php?e=projid_map&p=%2Fproc%2F21119 HTTP/2.0" 200 828 "https://www.23rdb.com.lab2454.com/whsy.php?p=%2Fproc%2F21119" "Mozilla/5.0 AppleWebKit/537.36 (KHTML, like Gecko; compatible; GPTBot/1.3; +https://openai.com/gptbot)"
74.7.227.43 - - [17/Mar/2026:13:46:50 +0000] "GET /whsy.php?e=oom_score&p=%2Fproc%2F346 HTTP/2.0" 200 2004 "https://www.23rdb.com.lab2454.com/whsy.php?p=%2Fproc%2F346" "Mozilla/5.0 AppleWebKit/537.36 (KHTML, like Gecko; compatible; GPTBot/1.3; +https://openai.com/gptbot)"
74.7.227.43 - - [17/Mar/2026:13:47:08 +0000] "GET /whsy.php?e=ksm_stat&p=%2Fproc%2F21119 HTTP/2.0" 200 828 "https://www.23rdb.com.lab2454.com/whsy.php?p=%2Fproc%2F21119" "Mozilla/5.0 AppleWebKit/537.36 (KHTML, like Gecko; compatible; GPTBot/1.3; +https://openai.com/gptbot)"
74.7.227.43 - - [17/Mar/2026:13:47:28 +0000] "GET /whsy.php?e=numa_maps&p=%2Fproc%2F21119 HTTP/2.0" 200 828 "https://www.23rdb.com.lab2454.com/whsy.php?p=%2Fproc%2F21119" "Mozilla/5.0 AppleWebKit/537.36 (KHTML, like Gecko; compatible; GPTBot/1.3; +https://openai.com/gptbot)"
74.7.227.43 - - [17/Mar/2026:13:47:57 +0000] "GET /whsy.php?e=oom_score_adj&p=%2Fproc%2F21119 HTTP/2.0" 200 828 "https://www.23rdb.com.lab2454.com/whsy.php?p=%2Fproc%2F21119" "Mozilla/5.0 AppleWebKit/537.36 (KHTML, like Gecko; compatible; GPTBot/1.3; +https://openai.com/gptbot)"
74.7.227.43 - - [17/Mar/2026:13:48:54 +0000] "GET /whsy.php?e=mountinfo&p=%2Fproc%2F22277 HTTP/2.0" 200 2950 "https://www.23rdb.com.lab2454.com/whsy.php?p=%2Fproc%2F22277" "Mozilla/5.0 AppleWebKit/537.36 (KHTML, like Gecko; compatible; GPTBot/1.3; +https://openai.com/gptbot)"
74.7.227.43 - - [17/Mar/2026:13:49:16 +0000] "GET /whsy.php?e=pagemap&p=%2Fproc%2F22277 HTTP/2.0" 200 1935 "https://www.23rdb.com.lab2454.com/whsy.php?p=%2Fproc%2F22277" "Mozilla/5.0 AppleWebKit/537.36 (KHTML, like Gecko; compatible; GPTBot/1.3; +https://openai.com/gptbot)"
74.7.227.43 - - [17/Mar/2026:13:49:40 +0000] "GET /whsy.php?e=syscall&p=%2Fproc%2F22277 HTTP/2.0" 200 1935 "https://www.23rdb.com.lab2454.com/whsy.php?p=%2Fproc%2F22277" "Mozilla/5.0 AppleWebKit/537.36 (KHTML, like Gecko; compatible; GPTBot/1.3; +https://openai.com/gptbot)"
74.7.227.43 - - [17/Mar/2026:13:49:56 +0000] "GET /whsy.php?e=sched&p=%2Fproc%2F346 HTTP/2.0" 200 2479 "https://www.23rdb.com.lab2454.com/whsy.php?p=%2Fproc%2F346" "Mozilla/5.0 AppleWebKit/537.36 (KHTML, like Gecko; compatible; GPTBot/1.3; +https://openai.com/gptbot)"
74.7.227.43 - - [17/Mar/2026:13:50:09 +0000] "GET /whsy.php?e=smaps&p=%2Fproc%2F346 HTTP/2.0" 200 2115 "https://www.23rdb.com.lab2454.com/whsy.php?p=%2Fproc%2F346" "Mozilla/5.0 AppleWebKit/537.36 (KHTML, like Gecko; compatible; GPTBot/1.3; +https://openai.com/gptbot)"
74.7.227.43 - - [17/Mar/2026:13:50:20 +0000] "GET /whsy.php?p=%2Fproc%2F21119%2Fmap_files HTTP/2.0" 200 828 "https://www.23rdb.com.lab2454.com/whsy.php?p=%2Fproc%2F21119" "Mozilla/5.0 AppleWebKit/537.36 (KHTML, like Gecko; compatible; GPTBot/1.3; +https://openai.com/gptbot)"
74.7.227.43 - - [17/Mar/2026:13:50:41 +0000] "GET /whsy.php?e=cmdline&p=%2Fproc%2F346 HTTP/2.0" 200 2019 "https://www.23rdb.com.lab2454.com/whsy.php?p=%2Fproc%2F346" "Mozilla/5.0 AppleWebKit/537.36 (KHTML, like Gecko; compatible; GPTBot/1.3; +https://openai.com/gptbot)"
74.7.227.43 - - [17/Mar/2026:13:51:00 +0000] "GET /whsy.php?p=%2Fproc%2F346%2F.. HTTP/2.0" 200 4092 "https://www.23rdb.com.lab2454.com/whsy.php?p=%2Fproc%2F346" "Mozilla/5.0 AppleWebKit/537.36 (KHTML, like Gecko; compatible; GPTBot/1.3; +https://openai.com/gptbot)"
74.7.227.43 - - [17/Mar/2026:13:51:18 +0000] "GET /whsy.php?e=timens_offsets&p=%2Fproc%2F22277 HTTP/2.0" 200 2022 "https://www.23rdb.com.lab2454.com/whsy.php?p=%2Fproc%2F22277" "Mozilla/5.0 AppleWebKit/537.36 (KHTML, like Gecko; compatible; GPTBot/1.3; +https://openai.com/gptbot)"
74.7.227.43 - - [17/Mar/2026:13:51:35 +0000] "GET /whsy.php?e=auxv&p=%2Fproc%2F346 HTTP/2.0" 200 1934 "https://www.23rdb.com.lab2454.com/whsy.php?p=%2Fproc%2F346" "Mozilla/5.0 AppleWebKit/537.36 (KHTML, like Gecko; compatible; GPTBot/1.3; +https://openai.com/gptbot)"
74.7.227.43 - - [17/Mar/2026:13:51:51 +0000] "GET /whsy.php?p=%2Fproc%2F346%2Fmap_files HTTP/2.0" 200 393834 "https://www.23rdb.com.lab2454.com/whsy.php?p=%2Fproc%2F346" "Mozilla/5.0 AppleWebKit/537.36 (KHTML, like Gecko; compatible; GPTBot/1.3; +https://openai.com/gptbot)"
74.7.227.43 - - [17/Mar/2026:13:52:40 +0000] "GET /whsy.php?e=awstats012022.softkinesis.com.lab2454.com.txt&p=%2Fhome%2Flab2454c%2Ftmp%2Fawstats%2Fssl HTTP/2.0" 200 828 "https://www.23rdb.com.lab2454.com/whsy.php?e=awstats082022.environmentalassetexchange.com.lab2454.com.txt&p=%2Fhome%2Flab2454c%2Ftmp%2Fawstats%2Fssl" "Mozilla/5.0 AppleWebKit/537.36 (KHTML, like Gecko; compatible; GPTBot/1.3; +https://openai.com/gptbot)"
74.7.227.43 - - [17/Mar/2026:13:53:09 +0000] "GET /whsy.php?e=awstats042024.crypthorize.com.lab2454.com.txt&p=%2Fhome%2Flab2454c%2Ftmp%2Fawstats%2Fssl HTTP/2.0" 200 828 "https://www.23rdb.com.lab2454.com/whsy.php?e=awstats082022.environmentalassetexchange.com.lab2454.com.txt&p=%2Fhome%2Flab2454c%2Ftmp%2Fawstats%2Fssl" "Mozilla/5.0 AppleWebKit/537.36 (KHTML, like Gecko; compatible; GPTBot/1.3; +https://openai.com/gptbot)"
74.7.227.43 - - [17/Mar/2026:13:53:35 +0000] "GET /whsy.php?e=awstats012024.bullionmills.com.lab2454.com.txt&p=%2Fhome%2Flab2454c%2Ftmp%2Fawstats%2Fssl HTTP/2.0" 200 828 "https://www.23rdb.com.lab2454.com/whsy.php?e=awstats082022.environmentalassetexchange.com.lab2454.com.txt&p=%2Fhome%2Flab2454c%2Ftmp%2Fawstats%2Fssl" "Mozilla/5.0 AppleWebKit/537.36 (KHTML, like Gecko; compatible; GPTBot/1.3; +https://openai.com/gptbot)"
74.7.227.43 - - [17/Mar/2026:13:54:04 +0000] "GET /whsy.php?e=awstats032024.bullionmills.com.lab2454.com.txt&p=%2Fhome%2Flab2454c%2Ftmp%2Fawstats%2Fssl HTTP/2.0" 200 828 "https://www.23rdb.com.lab2454.com/whsy.php?e=awstats082022.environmentalassetexchange.com.lab2454.com.txt&p=%2Fhome%2Flab2454c%2Ftmp%2Fawstats%2Fssl" "Mozilla/5.0 AppleWebKit/537.36 (KHTML, like Gecko; compatible; GPTBot/1.3; +https://openai.com/gptbot)"
74.7.227.43 - - [17/Mar/2026:13:54:21 +0000] "GET /whsy.php?e=awstats082022.kyotounits.com.lab2454.com.txt&p=%2Fhome%2Flab2454c%2Ftmp%2Fawstats%2Fssl HTTP/2.0" 200 828 "https://www.23rdb.com.lab2454.com/whsy.php?e=awstats082022.environmentalassetexchange.com.lab2454.com.txt&p=%2Fhome%2Flab2454c%2Ftmp%2Fawstats%2Fssl" "Mozilla/5.0 AppleWebKit/537.36 (KHTML, like Gecko; compatible; GPTBot/1.3; +https://openai.com/gptbot)"
74.7.175.140 - - [17/Mar/2026:13:54:22 +0000] "GET /robots.txt HTTP/2.0" 404 - "-" "Mozilla/5.0 (Macintosh; Intel Mac OS X 10_15_7) AppleWebKit/537.36 (KHTML, like Gecko) Chrome/131.0.0.0 Safari/537.36; compatible; OAI-SearchBot/1.3; robots.txt; +https://openai.com/searchbot"
74.7.227.43 - - [17/Mar/2026:13:54:34 +0000] "GET /whsy.php?e=awstats022024.costinbulk.com.lab2454.com.txt&p=%2Fhome%2Flab2454c%2Ftmp%2Fawstats%2Fssl HTTP/2.0" 200 828 "https://www.23rdb.com.lab2454.com/whsy.php?e=awstats082022.environmentalassetexchange.com.lab2454.com.txt&p=%2Fhome%2Flab2454c%2Ftmp%2Fawstats%2Fssl" "Mozilla/5.0 AppleWebKit/537.36 (KHTML, like Gecko; compatible; GPTBot/1.3; +https://openai.com/gptbot)"
74.7.227.43 - - [17/Mar/2026:13:54:54 +0000] "GET /whsy.php?e=awstats042023.softkinesis.com.lab2454.com.txt&p=%2Fhome%2Flab2454c%2Ftmp%2Fawstats%2Fssl HTTP/2.0" 200 828 "https://www.23rdb.com.lab2454.com/whsy.php?e=awstats082022.environmentalassetexchange.com.lab2454.com.txt&p=%2Fhome%2Flab2454c%2Ftmp%2Fawstats%2Fssl" "Mozilla/5.0 AppleWebKit/537.36 (KHTML, like Gecko; compatible; GPTBot/1.3; +https://openai.com/gptbot)"
74.7.227.43 - - [17/Mar/2026:13:55:18 +0000] "GET /whsy.php?e=awstats052022.crypthorize.com.lab2454.com.txt&p=%2Fhome%2Flab2454c%2Ftmp%2Fawstats%2Fssl HTTP/2.0" 200 828 "https://www.23rdb.com.lab2454.com/whsy.php?e=awstats082022.environmentalassetexchange.com.lab2454.com.txt&p=%2Fhome%2Flab2454c%2Ftmp%2Fawstats%2Fssl" "Mozilla/5.0 AppleWebKit/537.36 (KHTML, like Gecko; compatible; GPTBot/1.3; +https://openai.com/gptbot)"
74.7.227.43 - - [17/Mar/2026:13:55:59 +0000] "GET /whsy.php?e=awstats052024.omvstudios.com.lab2454.com.txt&p=%2Fhome%2Flab2454c%2Ftmp%2Fawstats%2Fssl HTTP/2.0" 200 828 "https://www.23rdb.com.lab2454.com/whsy.php?e=awstats082022.environmentalassetexchange.com.lab2454.com.txt&p=%2Fhome%2Flab2454c%2Ftmp%2Fawstats%2Fssl" "Mozilla/5.0 AppleWebKit/537.36 (KHTML, like Gecko; compatible; GPTBot/1.3; +https://openai.com/gptbot)"
74.7.227.43 - - [17/Mar/2026:13:56:40 +0000] "GET /whsy.php?e=awstats052024.bullionmills.com.lab2454.com.txt&p=%2Fhome%2Flab2454c%2Ftmp%2Fawstats%2Fssl HTTP/2.0" 200 828 "https://www.23rdb.com.lab2454.com/whsy.php?e=awstats082022.environmentalassetexchange.com.lab2454.com.txt&p=%2Fhome%2Flab2454c%2Ftmp%2Fawstats%2Fssl" "Mozilla/5.0 AppleWebKit/537.36 (KHTML, like Gecko; compatible; GPTBot/1.3; +https://openai.com/gptbot)"
74.7.227.43 - - [17/Mar/2026:13:57:14 +0000] "GET /whsy.php?e=awstats062024.cvrmarkets.com.lab2454.com.txt&p=%2Fhome%2Flab2454c%2Ftmp%2Fawstats%2Fssl HTTP/2.0" 200 828 "https://www.23rdb.com.lab2454.com/whsy.php?e=awstats082022.environmentalassetexchange.com.lab2454.com.txt&p=%2Fhome%2Flab2454c%2Ftmp%2Fawstats%2Fssl" "Mozilla/5.0 AppleWebKit/537.36 (KHTML, like Gecko; compatible; GPTBot/1.3; +https://openai.com/gptbot)"
74.7.227.43 - - [17/Mar/2026:13:57:42 +0000] "GET /whsy.php?e=awstats062025.sparxnovate.com.lab2454.com.txt&p=%2Fhome%2Flab2454c%2Ftmp%2Fawstats%2Fssl HTTP/2.0" 200 828 "https://www.23rdb.com.lab2454.com/whsy.php?e=awstats082022.environmentalassetexchange.com.lab2454.com.txt&p=%2Fhome%2Flab2454c%2Ftmp%2Fawstats%2Fssl" "Mozilla/5.0 AppleWebKit/537.36 (KHTML, like Gecko; compatible; GPTBot/1.3; +https://openai.com/gptbot)"
74.7.227.43 - - [17/Mar/2026:13:58:23 +0000] "GET /whsy.php?e=awstats022024.validatekey.com.lab2454.com.txt&p=%2Fhome%2Flab2454c%2Ftmp%2Fawstats%2Fssl HTTP/2.0" 200 828 "https://www.23rdb.com.lab2454.com/whsy.php?e=awstats082022.environmentalassetexchange.com.lab2454.com.txt&p=%2Fhome%2Flab2454c%2Ftmp%2Fawstats%2Fssl" "Mozilla/5.0 AppleWebKit/537.36 (KHTML, like Gecko; compatible; GPTBot/1.3; +https://openai.com/gptbot)"
74.7.227.43 - - [17/Mar/2026:13:58:59 +0000] "GET /whsy.php?e=awstats062022.softkinesis.com.lab2454.com.txt&p=%2Fhome%2Flab2454c%2Ftmp%2Fawstats%2Fssl HTTP/2.0" 200 828 "https://www.23rdb.com.lab2454.com/whsy.php?e=awstats082022.environmentalassetexchange.com.lab2454.com.txt&p=%2Fhome%2Flab2454c%2Ftmp%2Fawstats%2Fssl" "Mozilla/5.0 AppleWebKit/537.36 (KHTML, like Gecko; compatible; GPTBot/1.3; +https://openai.com/gptbot)"
74.7.227.43 - - [17/Mar/2026:13:59:17 +0000] "GET /whsy.php?e=awstats082025.sportstude.com.lab2454.com.txt&p=%2Fhome%2Flab2454c%2Ftmp%2Fawstats%2Fssl HTTP/2.0" 200 828 "https://www.23rdb.com.lab2454.com/whsy.php?e=awstats082022.environmentalassetexchange.com.lab2454.com.txt&p=%2Fhome%2Flab2454c%2Ftmp%2Fawstats%2Fssl" "Mozilla/5.0 AppleWebKit/537.36 (KHTML, like Gecko; compatible; GPTBot/1.3; +https://openai.com/gptbot)"
74.7.227.43 - - [17/Mar/2026:13:59:44 +0000] "GET /whsy.php?e=awstats092022.softkinesis.com.lab2454.com.txt&p=%2Fhome%2Flab2454c%2Ftmp%2Fawstats%2Fssl HTTP/2.0" 200 828 "https://www.23rdb.com.lab2454.com/whsy.php?e=awstats082022.environmentalassetexchange.com.lab2454.com.txt&p=%2Fhome%2Flab2454c%2Ftmp%2Fawstats%2Fssl" "Mozilla/5.0 AppleWebKit/537.36 (KHTML, like Gecko; compatible; GPTBot/1.3; +https://openai.com/gptbot)"
74.7.175.140 - - [17/Mar/2026:13:59:44 +0000] "GET /robots.txt HTTP/2.0" 404 - "-" "Mozilla/5.0 (Macintosh; Intel Mac OS X 10_15_7) AppleWebKit/537.36 (KHTML, like Gecko) Chrome/131.0.0.0 Safari/537.36; compatible; OAI-SearchBot/1.3; robots.txt; +https://openai.com/searchbot"
74.7.227.43 - - [17/Mar/2026:14:00:34 +0000] "GET /whsy.php?e=awstats052025.caimegroup.com.lab2454.com.txt&p=%2Fhome%2Flab2454c%2Ftmp%2Fawstats%2Fssl HTTP/2.0" 200 828 "https://www.23rdb.com.lab2454.com/whsy.php?e=awstats082022.environmentalassetexchange.com.lab2454.com.txt&p=%2Fhome%2Flab2454c%2Ftmp%2Fawstats%2Fssl" "Mozilla/5.0 AppleWebKit/537.36 (KHTML, like Gecko; compatible; GPTBot/1.3; +https://openai.com/gptbot)"
74.7.227.43 - - [17/Mar/2026:14:01:42 +0000] "GET /whsy.php?e=awstats082025.westernclear.com.lab2454.com.txt&p=%2Fhome%2Flab2454c%2Ftmp%2Fawstats%2Fssl HTTP/2.0" 200 828 "https://www.23rdb.com.lab2454.com/whsy.php?e=awstats082022.environmentalassetexchange.com.lab2454.com.txt&p=%2Fhome%2Flab2454c%2Ftmp%2Fawstats%2Fssl" "Mozilla/5.0 AppleWebKit/537.36 (KHTML, like Gecko; compatible; GPTBot/1.3; +https://openai.com/gptbot)"
74.7.227.43 - - [17/Mar/2026:14:02:23 +0000] "GET /whsy.php?e=awstats082023.westernclear.com.lab2454.com.txt&p=%2Fhome%2Flab2454c%2Ftmp%2Fawstats%2Fssl HTTP/2.0" 200 828 "https://www.23rdb.com.lab2454.com/whsy.php?e=awstats082022.environmentalassetexchange.com.lab2454.com.txt&p=%2Fhome%2Flab2454c%2Ftmp%2Fawstats%2Fssl" "Mozilla/5.0 AppleWebKit/537.36 (KHTML, like Gecko; compatible; GPTBot/1.3; +https://openai.com/gptbot)"
74.7.227.43 - - [17/Mar/2026:14:03:12 +0000] "GET /whsy.php?e=awstats092025.cvrmarkets.com.lab2454.com.txt&p=%2Fhome%2Flab2454c%2Ftmp%2Fawstats%2Fssl HTTP/2.0" 200 828 "https://www.23rdb.com.lab2454.com/whsy.php?e=awstats082022.environmentalassetexchange.com.lab2454.com.txt&p=%2Fhome%2Flab2454c%2Ftmp%2Fawstats%2Fssl" "Mozilla/5.0 AppleWebKit/537.36 (KHTML, like Gecko; compatible; GPTBot/1.3; +https://openai.com/gptbot)"
74.7.227.43 - - [17/Mar/2026:14:04:01 +0000] "GET /whsy.php?e=awstats112022.softkinesis.com.lab2454.com.txt&p=%2Fhome%2Flab2454c%2Ftmp%2Fawstats%2Fssl HTTP/2.0" 200 828 "https://www.23rdb.com.lab2454.com/whsy.php?e=awstats082022.environmentalassetexchange.com.lab2454.com.txt&p=%2Fhome%2Flab2454c%2Ftmp%2Fawstats%2Fssl" "Mozilla/5.0 AppleWebKit/537.36 (KHTML, like Gecko; compatible; GPTBot/1.3; +https://openai.com/gptbot)"
74.7.227.43 - - [17/Mar/2026:14:04:31 +0000] "GET /whsy.php?e=awstats052024.caimexchange.com.lab2454.com.txt&p=%2Fhome%2Flab2454c%2Ftmp%2Fawstats%2Fssl HTTP/2.0" 200 828 "https://www.23rdb.com.lab2454.com/whsy.php?e=awstats082022.environmentalassetexchange.com.lab2454.com.txt&p=%2Fhome%2Flab2454c%2Ftmp%2Fawstats%2Fssl" "Mozilla/5.0 AppleWebKit/537.36 (KHTML, like Gecko; compatible; GPTBot/1.3; +https://openai.com/gptbot)"
74.7.227.43 - - [17/Mar/2026:14:05:38 +0000] "GET /whsy.php?e=awstats032025.sparxnovate.com.lab2454.com.txt&p=%2Fhome%2Flab2454c%2Ftmp%2Fawstats%2Fssl HTTP/2.0" 200 828 "https://www.23rdb.com.lab2454.com/whsy.php?e=awstats082022.environmentalassetexchange.com.lab2454.com.txt&p=%2Fhome%2Flab2454c%2Ftmp%2Fawstats%2Fssl" "Mozilla/5.0 AppleWebKit/537.36 (KHTML, like Gecko; compatible; GPTBot/1.3; +https://openai.com/gptbot)"
74.7.227.43 - - [17/Mar/2026:14:05:50 +0000] "GET /whsy.php?e=awstats072022.crypthorize.com.lab2454.com.txt&p=%2Fhome%2Flab2454c%2Ftmp%2Fawstats%2Fssl HTTP/2.0" 200 828 "https://www.23rdb.com.lab2454.com/whsy.php?e=awstats082022.environmentalassetexchange.com.lab2454.com.txt&p=%2Fhome%2Flab2454c%2Ftmp%2Fawstats%2Fssl" "Mozilla/5.0 AppleWebKit/537.36 (KHTML, like Gecko; compatible; GPTBot/1.3; +https://openai.com/gptbot)"
74.7.227.43 - - [17/Mar/2026:14:06:16 +0000] "GET /whsy.php?e=awstats122022.kyotounits.com.lab2454.com.txt&p=%2Fhome%2Flab2454c%2Ftmp%2Fawstats%2Fssl HTTP/2.0" 200 828 "https://www.23rdb.com.lab2454.com/whsy.php?e=awstats082022.environmentalassetexchange.com.lab2454.com.txt&p=%2Fhome%2Flab2454c%2Ftmp%2Fawstats%2Fssl" "Mozilla/5.0 AppleWebKit/537.36 (KHTML, like Gecko; compatible; GPTBot/1.3; +https://openai.com/gptbot)"
74.7.227.43 - - [17/Mar/2026:14:06:28 +0000] "GET /whsy.php?e=awstats072022.softkinesis.com.lab2454.com.txt&p=%2Fhome%2Flab2454c%2Ftmp%2Fawstats%2Fssl HTTP/2.0" 200 828 "https://www.23rdb.com.lab2454.com/whsy.php?e=awstats082022.environmentalassetexchange.com.lab2454.com.txt&p=%2Fhome%2Flab2454c%2Ftmp%2Fawstats%2Fssl" "Mozilla/5.0 AppleWebKit/537.36 (KHTML, like Gecko; compatible; GPTBot/1.3; +https://openai.com/gptbot)"
74.7.227.43 - - [17/Mar/2026:14:06:50 +0000] "GET /whsy.php?e=awstats082024.cvrmarkets.com.lab2454.com.txt&p=%2Fhome%2Flab2454c%2Ftmp%2Fawstats%2Fssl HTTP/2.0" 200 828 "https://www.23rdb.com.lab2454.com/whsy.php?e=awstats082022.environmentalassetexchange.com.lab2454.com.txt&p=%2Fhome%2Flab2454c%2Ftmp%2Fawstats%2Fssl" "Mozilla/5.0 AppleWebKit/537.36 (KHTML, like Gecko; compatible; GPTBot/1.3; +https://openai.com/gptbot)"
74.7.227.43 - - [17/Mar/2026:14:07:31 +0000] "GET /whsy.php?e=awstats102025.westernclear.com.lab2454.com.txt&p=%2Fhome%2Flab2454c%2Ftmp%2Fawstats%2Fssl HTTP/2.0" 200 828 "https://www.23rdb.com.lab2454.com/whsy.php?e=awstats082022.environmentalassetexchange.com.lab2454.com.txt&p=%2Fhome%2Flab2454c%2Ftmp%2Fawstats%2Fssl" "Mozilla/5.0 AppleWebKit/537.36 (KHTML, like Gecko; compatible; GPTBot/1.3; +https://openai.com/gptbot)"
74.7.227.43 - - [17/Mar/2026:14:08:23 +0000] "GET /whsy.php?e=awstats032023.westernclear.com.lab2454.com.txt&p=%2Fhome%2Flab2454c%2Ftmp%2Fawstats%2Fssl HTTP/2.0" 200 828 "https://www.23rdb.com.lab2454.com/whsy.php?e=awstats082022.environmentalassetexchange.com.lab2454.com.txt&p=%2Fhome%2Flab2454c%2Ftmp%2Fawstats%2Fssl" "Mozilla/5.0 AppleWebKit/537.36 (KHTML, like Gecko; compatible; GPTBot/1.3; +https://openai.com/gptbot)"
74.7.227.43 - - [17/Mar/2026:14:09:00 +0000] "GET /whsy.php?e=awstats012024.softkinesis.com.lab2454.com.txt&p=%2Fhome%2Flab2454c%2Ftmp%2Fawstats%2Fssl HTTP/2.0" 200 828 "https://www.23rdb.com.lab2454.com/whsy.php?e=awstats082022.environmentalassetexchange.com.lab2454.com.txt&p=%2Fhome%2Flab2454c%2Ftmp%2Fawstats%2Fssl" "Mozilla/5.0 AppleWebKit/537.36 (KHTML, like Gecko; compatible; GPTBot/1.3; +https://openai.com/gptbot)"
74.7.227.43 - - [17/Mar/2026:14:09:14 +0000] "GET /whsy.php?e=awstats122022.crypthorize.com.lab2454.com.txt&p=%2Fhome%2Flab2454c%2Ftmp%2Fawstats%2Fssl HTTP/2.0" 200 828 "https://www.23rdb.com.lab2454.com/whsy.php?e=awstats082022.environmentalassetexchange.com.lab2454.com.txt&p=%2Fhome%2Flab2454c%2Ftmp%2Fawstats%2Fssl" "Mozilla/5.0 AppleWebKit/537.36 (KHTML, like Gecko; compatible; GPTBot/1.3; +https://openai.com/gptbot)"
74.7.227.43 - - [17/Mar/2026:14:09:41 +0000] "GET /whsy.php?e=awstats012025.westernclear.com.lab2454.com.txt&p=%2Fhome%2Flab2454c%2Ftmp%2Fawstats%2Fssl HTTP/2.0" 200 828 "https://www.23rdb.com.lab2454.com/whsy.php?e=awstats082022.environmentalassetexchange.com.lab2454.com.txt&p=%2Fhome%2Flab2454c%2Ftmp%2Fawstats%2Fssl" "Mozilla/5.0 AppleWebKit/537.36 (KHTML, like Gecko; compatible; GPTBot/1.3; +https://openai.com/gptbot)"
74.7.227.43 - - [17/Mar/2026:14:13:07 +0000] "GET /whsy.php?e=awstats022023.crypthorize.com.lab2454.com.txt&p=%2Fhome%2Flab2454c%2Ftmp%2Fawstats%2Fssl HTTP/2.0" 200 828 "https://www.23rdb.com.lab2454.com/whsy.php?e=awstats082022.environmentalassetexchange.com.lab2454.com.txt&p=%2Fhome%2Flab2454c%2Ftmp%2Fawstats%2Fssl" "Mozilla/5.0 AppleWebKit/537.36 (KHTML, like Gecko; compatible; GPTBot/1.3; +https://openai.com/gptbot)"
74.7.175.140 - - [17/Mar/2026:14:13:07 +0000] "GET /robots.txt HTTP/2.0" 404 - "-" "Mozilla/5.0 (Macintosh; Intel Mac OS X 10_15_7) AppleWebKit/537.36 (KHTML, like Gecko) Chrome/131.0.0.0 Safari/537.36; compatible; OAI-SearchBot/1.3; robots.txt; +https://openai.com/searchbot"
74.7.227.43 - - [17/Mar/2026:14:15:21 +0000] "GET /whsy.php?e=awstats022025.isparxcloud.com.lab2454.com.txt&p=%2Fhome%2Flab2454c%2Ftmp%2Fawstats%2Fssl HTTP/2.0" 200 828 "https://www.23rdb.com.lab2454.com/whsy.php?e=awstats082022.environmentalassetexchange.com.lab2454.com.txt&p=%2Fhome%2Flab2454c%2Ftmp%2Fawstats%2Fssl" "Mozilla/5.0 AppleWebKit/537.36 (KHTML, like Gecko; compatible; GPTBot/1.3; +https://openai.com/gptbot)"
74.7.227.43 - - [17/Mar/2026:14:19:18 +0000] "GET /whsy.php?e=awstats022023.softkinesis.com.lab2454.com.txt&p=%2Fhome%2Flab2454c%2Ftmp%2Fawstats%2Fssl HTTP/2.0" 200 828 "https://www.23rdb.com.lab2454.com/whsy.php?e=awstats082022.environmentalassetexchange.com.lab2454.com.txt&p=%2Fhome%2Flab2454c%2Ftmp%2Fawstats%2Fssl" "Mozilla/5.0 AppleWebKit/537.36 (KHTML, like Gecko; compatible; GPTBot/1.3; +https://openai.com/gptbot)"
74.7.175.140 - - [17/Mar/2026:14:19:19 +0000] "GET /robots.txt HTTP/2.0" 404 - "-" "Mozilla/5.0 (Macintosh; Intel Mac OS X 10_15_7) AppleWebKit/537.36 (KHTML, like Gecko) Chrome/131.0.0.0 Safari/537.36; compatible; OAI-SearchBot/1.3; robots.txt; +https://openai.com/searchbot"
74.7.227.43 - - [17/Mar/2026:14:22:24 +0000] "GET /whsy.php?e=awstats032023.bullionmils.com.lab2454.com.txt&p=%2Fhome%2Flab2454c%2Ftmp%2Fawstats%2Fssl HTTP/2.0" 200 828 "https://www.23rdb.com.lab2454.com/whsy.php?e=awstats082022.environmentalassetexchange.com.lab2454.com.txt&p=%2Fhome%2Flab2454c%2Ftmp%2Fawstats%2Fssl" "Mozilla/5.0 AppleWebKit/537.36 (KHTML, like Gecko; compatible; GPTBot/1.3; +https://openai.com/gptbot)"
74.7.227.43 - - [17/Mar/2026:14:26:08 +0000] "GET /whsy.php?e=awstats092025.sparxnovate.com.lab2454.com.txt&p=%2Fhome%2Flab2454c%2Ftmp%2Fawstats%2Fssl HTTP/2.0" 200 828 "https://www.23rdb.com.lab2454.com/whsy.php?e=awstats082022.environmentalassetexchange.com.lab2454.com.txt&p=%2Fhome%2Flab2454c%2Ftmp%2Fawstats%2Fssl" "Mozilla/5.0 AppleWebKit/537.36 (KHTML, like Gecko; compatible; GPTBot/1.3; +https://openai.com/gptbot)"
74.7.175.140 - - [17/Mar/2026:14:26:09 +0000] "GET /robots.txt HTTP/2.0" 404 - "-" "Mozilla/5.0 (Macintosh; Intel Mac OS X 10_15_7) AppleWebKit/537.36 (KHTML, like Gecko) Chrome/131.0.0.0 Safari/537.36; compatible; OAI-SearchBot/1.3; robots.txt; +https://openai.com/searchbot"
74.7.227.43 - - [17/Mar/2026:14:28:34 +0000] "GET /whsy.php?e=awstats052025.isparxcloud.com.lab2454.com.txt&p=%2Fhome%2Flab2454c%2Ftmp%2Fawstats%2Fssl HTTP/2.0" 200 828 "https://www.23rdb.com.lab2454.com/whsy.php?e=awstats082022.environmentalassetexchange.com.lab2454.com.txt&p=%2Fhome%2Flab2454c%2Ftmp%2Fawstats%2Fssl" "Mozilla/5.0 AppleWebKit/537.36 (KHTML, like Gecko; compatible; GPTBot/1.3; +https://openai.com/gptbot)"
74.7.227.43 - - [17/Mar/2026:14:32:37 +0000] "GET /whsy.php?e=awstats052023.omvstudios.com.lab2454.com.txt&p=%2Fhome%2Flab2454c%2Ftmp%2Fawstats%2Fssl HTTP/2.0" 200 828 "https://www.23rdb.com.lab2454.com/whsy.php?e=awstats082022.environmentalassetexchange.com.lab2454.com.txt&p=%2Fhome%2Flab2454c%2Ftmp%2Fawstats%2Fssl" "Mozilla/5.0 AppleWebKit/537.36 (KHTML, like Gecko; compatible; GPTBot/1.3; +https://openai.com/gptbot)"
74.7.175.140 - - [17/Mar/2026:14:32:37 +0000] "GET /robots.txt HTTP/2.0" 404 - "-" "Mozilla/5.0 (Macintosh; Intel Mac OS X 10_15_7) AppleWebKit/537.36 (KHTML, like Gecko) Chrome/131.0.0.0 Safari/537.36; compatible; OAI-SearchBot/1.3; robots.txt; +https://openai.com/searchbot"
74.7.227.43 - - [17/Mar/2026:14:33:53 +0000] "GET /whsy.php?e=awstats072023.westernclear.com.lab2454.com.txt&p=%2Fhome%2Flab2454c%2Ftmp%2Fawstats%2Fssl HTTP/2.0" 200 828 "https://www.23rdb.com.lab2454.com/whsy.php?e=awstats082022.environmentalassetexchange.com.lab2454.com.txt&p=%2Fhome%2Flab2454c%2Ftmp%2Fawstats%2Fssl" "Mozilla/5.0 AppleWebKit/537.36 (KHTML, like Gecko; compatible; GPTBot/1.3; +https://openai.com/gptbot)"
74.7.227.43 - - [17/Mar/2026:14:34:10 +0000] "GET /whsy.php?e=awstats092022.bullionmils.com.lab2454.com.txt&p=%2Fhome%2Flab2454c%2Ftmp%2Fawstats%2Fssl HTTP/2.0" 200 828 "https://www.23rdb.com.lab2454.com/whsy.php?e=awstats082022.environmentalassetexchange.com.lab2454.com.txt&p=%2Fhome%2Flab2454c%2Ftmp%2Fawstats%2Fssl" "Mozilla/5.0 AppleWebKit/537.36 (KHTML, like Gecko; compatible; GPTBot/1.3; +https://openai.com/gptbot)"
74.7.227.43 - - [17/Mar/2026:14:36:14 +0000] "GET /whsy.php?e=awstats012024.omvstudios.com.lab2454.com.txt&p=%2Fhome%2Flab2454c%2Ftmp%2Fawstats%2Fssl HTTP/2.0" 200 828 "https://www.23rdb.com.lab2454.com/whsy.php?e=awstats082022.environmentalassetexchange.com.lab2454.com.txt&p=%2Fhome%2Flab2454c%2Ftmp%2Fawstats%2Fssl" "Mozilla/5.0 AppleWebKit/537.36 (KHTML, like Gecko; compatible; GPTBot/1.3; +https://openai.com/gptbot)"
74.7.227.43 - - [17/Mar/2026:14:38:35 +0000] "GET /whsy.php?e=awstats072025.foremostcard.com.lab2454.com.txt&p=%2Fhome%2Flab2454c%2Ftmp%2Fawstats%2Fssl HTTP/2.0" 200 828 "https://www.23rdb.com.lab2454.com/whsy.php?e=awstats082022.environmentalassetexchange.com.lab2454.com.txt&p=%2Fhome%2Flab2454c%2Ftmp%2Fawstats%2Fssl" "Mozilla/5.0 AppleWebKit/537.36 (KHTML, like Gecko; compatible; GPTBot/1.3; +https://openai.com/gptbot)"
74.7.175.140 - - [17/Mar/2026:14:38:36 +0000] "GET /robots.txt HTTP/2.0" 404 - "-" "Mozilla/5.0 (Macintosh; Intel Mac OS X 10_15_7) AppleWebKit/537.36 (KHTML, like Gecko) Chrome/131.0.0.0 Safari/537.36; compatible; OAI-SearchBot/1.3; robots.txt; +https://openai.com/searchbot"
74.7.227.43 - - [17/Mar/2026:14:39:53 +0000] "GET /whsy.php?e=awstats022023.gemcommodity.com.lab2454.com.txt&p=%2Fhome%2Flab2454c%2Ftmp%2Fawstats%2Fssl HTTP/2.0" 200 828 "https://www.23rdb.com.lab2454.com/whsy.php?e=awstats082022.environmentalassetexchange.com.lab2454.com.txt&p=%2Fhome%2Flab2454c%2Ftmp%2Fawstats%2Fssl" "Mozilla/5.0 AppleWebKit/537.36 (KHTML, like Gecko; compatible; GPTBot/1.3; +https://openai.com/gptbot)"
74.7.227.43 - - [17/Mar/2026:14:40:09 +0000] "GET /whsy.php?e=awstats022026.cvrmarkets.com.lab2454.com.txt&p=%2Fhome%2Flab2454c%2Ftmp%2Fawstats%2Fssl HTTP/2.0" 200 828 "https://www.23rdb.com.lab2454.com/whsy.php?e=awstats082022.environmentalassetexchange.com.lab2454.com.txt&p=%2Fhome%2Flab2454c%2Ftmp%2Fawstats%2Fssl" "Mozilla/5.0 AppleWebKit/537.36 (KHTML, like Gecko; compatible; GPTBot/1.3; +https://openai.com/gptbot)"
74.7.227.43 - - [17/Mar/2026:14:40:27 +0000] "GET /whsy.php?e=awstats012024.inctechhub.com.lab2454.com.txt&p=%2Fhome%2Flab2454c%2Ftmp%2Fawstats%2Fssl HTTP/2.0" 200 828 "https://www.23rdb.com.lab2454.com/whsy.php?e=awstats082022.environmentalassetexchange.com.lab2454.com.txt&p=%2Fhome%2Flab2454c%2Ftmp%2Fawstats%2Fssl" "Mozilla/5.0 AppleWebKit/537.36 (KHTML, like Gecko; compatible; GPTBot/1.3; +https://openai.com/gptbot)"
74.7.227.43 - - [17/Mar/2026:14:40:41 +0000] "GET /whsy.php?e=awstats022024.kyotounits.com.lab2454.com.txt&p=%2Fhome%2Flab2454c%2Ftmp%2Fawstats%2Fssl HTTP/2.0" 200 828 "https://www.23rdb.com.lab2454.com/whsy.php?e=awstats082022.environmentalassetexchange.com.lab2454.com.txt&p=%2Fhome%2Flab2454c%2Ftmp%2Fawstats%2Fssl" "Mozilla/5.0 AppleWebKit/537.36 (KHTML, like Gecko; compatible; GPTBot/1.3; +https://openai.com/gptbot)"
74.7.227.43 - - [17/Mar/2026:14:40:54 +0000] "GET /whsy.php?e=awstats082025.cvrmarkets.com.lab2454.com.txt&p=%2Fhome%2Flab2454c%2Ftmp%2Fawstats%2Fssl HTTP/2.0" 200 828 "https://www.23rdb.com.lab2454.com/whsy.php?e=awstats082022.environmentalassetexchange.com.lab2454.com.txt&p=%2Fhome%2Flab2454c%2Ftmp%2Fawstats%2Fssl" "Mozilla/5.0 AppleWebKit/537.36 (KHTML, like Gecko; compatible; GPTBot/1.3; +https://openai.com/gptbot)"
74.7.227.43 - - [17/Mar/2026:14:41:07 +0000] "GET /whsy.php?e=awstats012024.gemcommodity.com.lab2454.com.txt&p=%2Fhome%2Flab2454c%2Ftmp%2Fawstats%2Fssl HTTP/2.0" 200 828 "https://www.23rdb.com.lab2454.com/whsy.php?e=awstats082022.environmentalassetexchange.com.lab2454.com.txt&p=%2Fhome%2Flab2454c%2Ftmp%2Fawstats%2Fssl" "Mozilla/5.0 AppleWebKit/537.36 (KHTML, like Gecko; compatible; GPTBot/1.3; +https://openai.com/gptbot)"
74.7.227.43 - - [17/Mar/2026:14:41:19 +0000] "GET /whsy.php?e=awstats102022.kyotounits.com.lab2454.com.txt&p=%2Fhome%2Flab2454c%2Ftmp%2Fawstats%2Fssl HTTP/2.0" 200 828 "https://www.23rdb.com.lab2454.com/whsy.php?e=awstats082022.environmentalassetexchange.com.lab2454.com.txt&p=%2Fhome%2Flab2454c%2Ftmp%2Fawstats%2Fssl" "Mozilla/5.0 AppleWebKit/537.36 (KHTML, like Gecko; compatible; GPTBot/1.3; +https://openai.com/gptbot)"
74.7.227.43 - - [17/Mar/2026:14:41:29 +0000] "GET /whsy.php?e=awstats022026.invest.westernclear.com.tmp.1042&p=%2Fhome%2Flab2454c%2Ftmp%2Fawstats%2Fssl HTTP/2.0" 200 828 "https://www.23rdb.com.lab2454.com/whsy.php?e=awstats082022.environmentalassetexchange.com.lab2454.com.txt&p=%2Fhome%2Flab2454c%2Ftmp%2Fawstats%2Fssl" "Mozilla/5.0 AppleWebKit/537.36 (KHTML, like Gecko; compatible; GPTBot/1.3; +https://openai.com/gptbot)"
74.7.227.43 - - [17/Mar/2026:14:41:38 +0000] "GET /whsy.php?e=awstats112023.westernclear.com.lab2454.com.txt&p=%2Fhome%2Flab2454c%2Ftmp%2Fawstats%2Fssl HTTP/2.0" 200 828 "https://www.23rdb.com.lab2454.com/whsy.php?e=awstats082022.environmentalassetexchange.com.lab2454.com.txt&p=%2Fhome%2Flab2454c%2Ftmp%2Fawstats%2Fssl" "Mozilla/5.0 AppleWebKit/537.36 (KHTML, like Gecko; compatible; GPTBot/1.3; +https://openai.com/gptbot)"
74.7.227.43 - - [17/Mar/2026:14:41:47 +0000] "GET /whsy.php?e=awstats042025.caimegroup.com.lab2454.com.txt&p=%2Fhome%2Flab2454c%2Ftmp%2Fawstats%2Fssl HTTP/2.0" 200 828 "https://www.23rdb.com.lab2454.com/whsy.php?e=awstats082022.environmentalassetexchange.com.lab2454.com.txt&p=%2Fhome%2Flab2454c%2Ftmp%2Fawstats%2Fssl" "Mozilla/5.0 AppleWebKit/537.36 (KHTML, like Gecko; compatible; GPTBot/1.3; +https://openai.com/gptbot)"
74.7.227.43 - - [17/Mar/2026:14:41:58 +0000] "GET /whsy.php?e=awstats032024.omvstudios.com.lab2454.com.txt&p=%2Fhome%2Flab2454c%2Ftmp%2Fawstats%2Fssl HTTP/2.0" 200 828 "https://www.23rdb.com.lab2454.com/whsy.php?e=awstats082022.environmentalassetexchange.com.lab2454.com.txt&p=%2Fhome%2Flab2454c%2Ftmp%2Fawstats%2Fssl" "Mozilla/5.0 AppleWebKit/537.36 (KHTML, like Gecko; compatible; GPTBot/1.3; +https://openai.com/gptbot)"
74.7.227.43 - - [17/Mar/2026:14:42:10 +0000] "GET /whsy.php?e=awstats102025.cvrmarkets.com.lab2454.com.txt&p=%2Fhome%2Flab2454c%2Ftmp%2Fawstats%2Fssl HTTP/2.0" 200 828 "https://www.23rdb.com.lab2454.com/whsy.php?e=awstats082022.environmentalassetexchange.com.lab2454.com.txt&p=%2Fhome%2Flab2454c%2Ftmp%2Fawstats%2Fssl" "Mozilla/5.0 AppleWebKit/537.36 (KHTML, like Gecko; compatible; GPTBot/1.3; +https://openai.com/gptbot)"
74.7.227.43 - - [17/Mar/2026:14:42:21 +0000] "GET /whsy.php?e=awstats122025.foremostcard.com.lab2454.com.txt&p=%2Fhome%2Flab2454c%2Ftmp%2Fawstats%2Fssl HTTP/2.0" 200 828 "https://www.23rdb.com.lab2454.com/whsy.php?e=awstats082022.environmentalassetexchange.com.lab2454.com.txt&p=%2Fhome%2Flab2454c%2Ftmp%2Fawstats%2Fssl" "Mozilla/5.0 AppleWebKit/537.36 (KHTML, like Gecko; compatible; GPTBot/1.3; +https://openai.com/gptbot)"
74.7.227.43 - - [17/Mar/2026:14:42:32 +0000] "GET /whsy.php?e=awstats062022.crypthorize.com.lab2454.com.txt&p=%2Fhome%2Flab2454c%2Ftmp%2Fawstats%2Fssl HTTP/2.0" 200 828 "https://www.23rdb.com.lab2454.com/whsy.php?e=awstats082022.environmentalassetexchange.com.lab2454.com.txt&p=%2Fhome%2Flab2454c%2Ftmp%2Fawstats%2Fssl" "Mozilla/5.0 AppleWebKit/537.36 (KHTML, like Gecko; compatible; GPTBot/1.3; +https://openai.com/gptbot)"
74.7.227.43 - - [17/Mar/2026:14:42:44 +0000] "GET /whsy.php?e=awstats082023.sportsnovate.com.lab2454.com.txt&p=%2Fhome%2Flab2454c%2Ftmp%2Fawstats%2Fssl HTTP/2.0" 200 828 "https://www.23rdb.com.lab2454.com/whsy.php?e=awstats082022.environmentalassetexchange.com.lab2454.com.txt&p=%2Fhome%2Flab2454c%2Ftmp%2Fawstats%2Fssl" "Mozilla/5.0 AppleWebKit/537.36 (KHTML, like Gecko; compatible; GPTBot/1.3; +https://openai.com/gptbot)"
74.7.227.43 - - [17/Mar/2026:14:42:56 +0000] "GET /whsy.php?e=awstats012026.sparxnovate.com.lab2454.com.txt&p=%2Fhome%2Flab2454c%2Ftmp%2Fawstats%2Fssl HTTP/2.0" 200 828 "https://www.23rdb.com.lab2454.com/whsy.php?e=awstats082022.environmentalassetexchange.com.lab2454.com.txt&p=%2Fhome%2Flab2454c%2Ftmp%2Fawstats%2Fssl" "Mozilla/5.0 AppleWebKit/537.36 (KHTML, like Gecko; compatible; GPTBot/1.3; +https://openai.com/gptbot)"
74.7.227.43 - - [17/Mar/2026:14:43:06 +0000] "GET /whsy.php?e=awstats052024.inctechhub.com.lab2454.com.txt&p=%2Fhome%2Flab2454c%2Ftmp%2Fawstats%2Fssl HTTP/2.0" 200 828 "https://www.23rdb.com.lab2454.com/whsy.php?e=awstats082022.environmentalassetexchange.com.lab2454.com.txt&p=%2Fhome%2Flab2454c%2Ftmp%2Fawstats%2Fssl" "Mozilla/5.0 AppleWebKit/537.36 (KHTML, like Gecko; compatible; GPTBot/1.3; +https://openai.com/gptbot)"
74.7.227.43 - - [17/Mar/2026:14:43:15 +0000] "GET /whsy.php?e=awstats042024.kyotounits.com.lab2454.com.txt&p=%2Fhome%2Flab2454c%2Ftmp%2Fawstats%2Fssl HTTP/2.0" 200 828 "https://www.23rdb.com.lab2454.com/whsy.php?e=awstats082022.environmentalassetexchange.com.lab2454.com.txt&p=%2Fhome%2Flab2454c%2Ftmp%2Fawstats%2Fssl" "Mozilla/5.0 AppleWebKit/537.36 (KHTML, like Gecko; compatible; GPTBot/1.3; +https://openai.com/gptbot)"
74.7.227.43 - - [17/Mar/2026:14:43:25 +0000] "GET /whsy.php?e=awstats032024.inctechhub.com.lab2454.com.txt&p=%2Fhome%2Flab2454c%2Ftmp%2Fawstats%2Fssl HTTP/2.0" 200 828 "https://www.23rdb.com.lab2454.com/whsy.php?e=awstats082022.environmentalassetexchange.com.lab2454.com.txt&p=%2Fhome%2Flab2454c%2Ftmp%2Fawstats%2Fssl" "Mozilla/5.0 AppleWebKit/537.36 (KHTML, like Gecko; compatible; GPTBot/1.3; +https://openai.com/gptbot)"
74.7.227.43 - - [17/Mar/2026:14:43:37 +0000] "GET /whsy.php?e=awstats122022.softkinesis.com.lab2454.com.txt&p=%2Fhome%2Flab2454c%2Ftmp%2Fawstats%2Fssl HTTP/2.0" 200 828 "https://www.23rdb.com.lab2454.com/whsy.php?e=awstats082022.environmentalassetexchange.com.lab2454.com.txt&p=%2Fhome%2Flab2454c%2Ftmp%2Fawstats%2Fssl" "Mozilla/5.0 AppleWebKit/537.36 (KHTML, like Gecko; compatible; GPTBot/1.3; +https://openai.com/gptbot)"
74.7.175.140 - - [17/Mar/2026:14:43:38 +0000] "GET /robots.txt HTTP/2.0" 404 - "-" "Mozilla/5.0 (Macintosh; Intel Mac OS X 10_15_7) AppleWebKit/537.36 (KHTML, like Gecko) Chrome/131.0.0.0 Safari/537.36; compatible; OAI-SearchBot/1.3; robots.txt; +https://openai.com/searchbot"
74.7.227.43 - - [17/Mar/2026:14:43:49 +0000] "GET /whsy.php?e=awstats112025.sportstude.com.lab2454.com.txt&p=%2Fhome%2Flab2454c%2Ftmp%2Fawstats%2Fssl HTTP/2.0" 200 828 "https://www.23rdb.com.lab2454.com/whsy.php?e=awstats082022.environmentalassetexchange.com.lab2454.com.txt&p=%2Fhome%2Flab2454c%2Ftmp%2Fawstats%2Fssl" "Mozilla/5.0 AppleWebKit/537.36 (KHTML, like Gecko; compatible; GPTBot/1.3; +https://openai.com/gptbot)"
74.7.227.43 - - [17/Mar/2026:14:44:00 +0000] "GET /whsy.php?e=awstats042024.costinbulk.com.lab2454.com.txt&p=%2Fhome%2Flab2454c%2Ftmp%2Fawstats%2Fssl HTTP/2.0" 200 828 "https://www.23rdb.com.lab2454.com/whsy.php?e=awstats082022.environmentalassetexchange.com.lab2454.com.txt&p=%2Fhome%2Flab2454c%2Ftmp%2Fawstats%2Fssl" "Mozilla/5.0 AppleWebKit/537.36 (KHTML, like Gecko; compatible; GPTBot/1.3; +https://openai.com/gptbot)"
74.7.227.43 - - [17/Mar/2026:14:44:12 +0000] "GET /whsy.php?e=awstats042025.foremostcard.com.lab2454.com.txt&p=%2Fhome%2Flab2454c%2Ftmp%2Fawstats%2Fssl HTTP/2.0" 200 828 "https://www.23rdb.com.lab2454.com/whsy.php?e=awstats082022.environmentalassetexchange.com.lab2454.com.txt&p=%2Fhome%2Flab2454c%2Ftmp%2Fawstats%2Fssl" "Mozilla/5.0 AppleWebKit/537.36 (KHTML, like Gecko; compatible; GPTBot/1.3; +https://openai.com/gptbot)"
74.7.227.43 - - [17/Mar/2026:14:44:23 +0000] "GET /whsy.php?e=awstats062024.inctechhub.com.lab2454.com.txt&p=%2Fhome%2Flab2454c%2Ftmp%2Fawstats%2Fssl HTTP/2.0" 200 828 "https://www.23rdb.com.lab2454.com/whsy.php?e=awstats082022.environmentalassetexchange.com.lab2454.com.txt&p=%2Fhome%2Flab2454c%2Ftmp%2Fawstats%2Fssl" "Mozilla/5.0 AppleWebKit/537.36 (KHTML, like Gecko; compatible; GPTBot/1.3; +https://openai.com/gptbot)"
74.7.227.43 - - [17/Mar/2026:14:44:33 +0000] "GET /whsy.php?e=awstats042023.inctechhub.com.lab2454.com.txt&p=%2Fhome%2Flab2454c%2Ftmp%2Fawstats%2Fssl HTTP/2.0" 200 828 "https://www.23rdb.com.lab2454.com/whsy.php?e=awstats082022.environmentalassetexchange.com.lab2454.com.txt&p=%2Fhome%2Flab2454c%2Ftmp%2Fawstats%2Fssl" "Mozilla/5.0 AppleWebKit/537.36 (KHTML, like Gecko; compatible; GPTBot/1.3; +https://openai.com/gptbot)"
74.7.227.43 - - [17/Mar/2026:14:44:47 +0000] "GET /whsy.php?e=awstats072022.bullionmils.com.lab2454.com.txt&p=%2Fhome%2Flab2454c%2Ftmp%2Fawstats%2Fssl HTTP/2.0" 200 828 "https://www.23rdb.com.lab2454.com/whsy.php?e=awstats082022.environmentalassetexchange.com.lab2454.com.txt&p=%2Fhome%2Flab2454c%2Ftmp%2Fawstats%2Fssl" "Mozilla/5.0 AppleWebKit/537.36 (KHTML, like Gecko; compatible; GPTBot/1.3; +https://openai.com/gptbot)"
74.7.227.43 - - [17/Mar/2026:14:44:57 +0000] "GET /whsy.php?e=awstats112022.kyotounits.com.lab2454.com.txt&p=%2Fhome%2Flab2454c%2Ftmp%2Fawstats%2Fssl HTTP/2.0" 200 828 "https://www.23rdb.com.lab2454.com/whsy.php?e=awstats082022.environmentalassetexchange.com.lab2454.com.txt&p=%2Fhome%2Flab2454c%2Ftmp%2Fawstats%2Fssl" "Mozilla/5.0 AppleWebKit/537.36 (KHTML, like Gecko; compatible; GPTBot/1.3; +https://openai.com/gptbot)"
