47.128.119.133 - - [18/Mar/2026:04:12:08 +0000] "GET /wp-content/plugins/wp-user-frontend/assets/css/jquery-ui-1.9.1.custom.css?ver=6.9 HTTP/2.0" 200 6218 "https://invest.westernclear.com/investments/reddsi-carbon-credit/" "Mozilla/5.0 (Linux; Android 5.0) AppleWebKit/537.36 (KHTML, like Gecko) Mobile Safari/537.36 (compatible; TikTokSpider; ttspider-feedback@tiktok.com)"
47.128.119.133 - - [18/Mar/2026:04:12:08 +0000] "GET /wp-content/uploads/2021/09/WL-Logo_wht-web-768x412.png HTTP/2.0" 206 500 "https://invest.westernclear.com/investments/reddsi-carbon-credit/" "Mozilla/5.0 (Linux; Android 5.0) AppleWebKit/537.36 (KHTML, like Gecko) Mobile Safari/537.36 (compatible; TikTokSpider; ttspider-feedback@tiktok.com)"
47.128.119.133 - - [18/Mar/2026:04:12:08 +0000] "GET /wp-content/uploads/2024/06/UAB-CFB_img22-768x342.png HTTP/2.0" 206 500 "https://invest.westernclear.com/investments/reddsi-carbon-credit/" "Mozilla/5.0 (Linux; Android 5.0) AppleWebKit/537.36 (KHTML, like Gecko) Mobile Safari/537.36 (compatible; TikTokSpider; ttspider-feedback@tiktok.com)"
47.128.119.133 - - [18/Mar/2026:04:12:08 +0000] "GET /wp-content/plugins/wp-user-frontend/assets/vendor/sweetalert2/dist/sweetalert2.css?ver=3.5.21 HTTP/2.0" 200 3185 "https://invest.westernclear.com/investments/reddsi-carbon-credit/" "Mozilla/5.0 (Linux; Android 5.0) AppleWebKit/537.36 (KHTML, like Gecko) Mobile Safari/537.36 (compatible; TikTokSpider; ttspider-feedback@tiktok.com)"
47.128.119.133 - - [18/Mar/2026:04:12:08 +0000] "GET /wp-content/plugins/wp-user-frontend/assets/css/frontend-forms.css?ver=6.9 HTTP/2.0" 200 7678 "https://invest.westernclear.com/investments/reddsi-carbon-credit/" "Mozilla/5.0 (Linux; Android 5.0) AppleWebKit/537.36 (KHTML, like Gecko) Mobile Safari/537.36 (compatible; TikTokSpider; ttspider-feedback@tiktok.com)"
47.128.119.133 - - [18/Mar/2026:04:12:08 +0000] "GET /wp-content/plugins/elementskit-lite/widgets/init/assets/css/widget-styles.css?ver=2.3.7 HTTP/2.0" 200 49828 "https://invest.westernclear.com/investments/reddsi-carbon-credit/" "Mozilla/5.0 (Linux; Android 5.0) AppleWebKit/537.36 (KHTML, like Gecko) Mobile Safari/537.36 (compatible; TikTokSpider; ttspider-feedback@tiktok.com)"
47.128.119.133 - - [18/Mar/2026:04:12:08 +0000] "GET /wp-content/uploads/2021/09/logo.png HTTP/2.0" 206 500 "https://invest.westernclear.com/investments/reddsi-carbon-credit/" "Mozilla/5.0 (Linux; Android 5.0) AppleWebKit/537.36 (KHTML, like Gecko) Mobile Safari/537.36 (compatible; TikTokSpider; ttspider-feedback@tiktok.com)"
47.128.119.133 - - [18/Mar/2026:04:12:08 +0000] "GET /wp-content/uploads/2021/10/logo-pattern.png HTTP/2.0" 206 500 "https://invest.westernclear.com/investments/reddsi-carbon-credit/" "Mozilla/5.0 (Linux; Android 5.0) AppleWebKit/537.36 (KHTML, like Gecko) Mobile Safari/537.36 (compatible; TikTokSpider; ttspider-feedback@tiktok.com)"
47.128.119.133 - - [18/Mar/2026:04:12:08 +0000] "GET /wp-content/uploads/2021/09/WL-Logo_Footer_web-768x353.png HTTP/2.0" 206 500 "https://invest.westernclear.com/investments/reddsi-carbon-credit/" "Mozilla/5.0 (Linux; Android 5.0) AppleWebKit/537.36 (KHTML, like Gecko) Mobile Safari/537.36 (compatible; TikTokSpider; ttspider-feedback@tiktok.com)"
47.128.119.133 - - [18/Mar/2026:04:11:55 +0000] "GET /investments/reddsi-carbon-credit/ HTTP/2.0" 200 18557 "-" "Mozilla/5.0 (Linux; Android 5.0) AppleWebKit/537.36 (KHTML, like Gecko) Mobile Safari/537.36 (compatible; TikTokSpider; ttspider-feedback@tiktok.com)"
47.128.119.133 - - [18/Mar/2026:04:12:11 +0000] "GET /wp-content/uploads/2021/09/WL-Logo_Footer_web.png HTTP/2.0" 206 500 "https://invest.westernclear.com/investments/reddsi-carbon-credit/" "Mozilla/5.0 (Linux; Android 5.0) AppleWebKit/537.36 (KHTML, like Gecko) Mobile Safari/537.36 (compatible; TikTokSpider; ttspider-feedback@tiktok.com)"
139.162.194.112 - - [18/Mar/2026:04:12:07 +0000] "POST /wp-cron.php?doing_wp_cron=1773807127.4374361038208007812500 HTTP/1.1" 200 20 "-" "WordPress/6.9; https://invest.westernclear.com"
47.128.119.196 - - [18/Mar/2026:04:15:57 +0000] "GET /robots.txt HTTP/2.0" 200 117 "-" "Go-http-client/2.0"
74.7.230.23 - - [18/Mar/2026:09:43:21 +0000] "GET /robots.txt HTTP/2.0" 301 - "-" "Mozilla/5.0 (Macintosh; Intel Mac OS X 10_15_7) AppleWebKit/537.36 (KHTML, like Gecko) Chrome/131.0.0.0 Safari/537.36; compatible; OAI-SearchBot/1.3; robots.txt; +https://openai.com/searchbot"
139.162.194.112 - - [18/Mar/2026:09:43:32 +0000] "POST /wp-cron.php?doing_wp_cron=1773827012.0461239814758300781250 HTTP/1.1" 200 20 "-" "WordPress/6.9; https://invest.westernclear.com"
74.7.244.32 - - [18/Mar/2026:11:35:05 +0000] "GET /robots.txt HTTP/2.0" 200 - "-" "Mozilla/5.0 (Macintosh; Intel Mac OS X 10_15_7) AppleWebKit/537.36 (KHTML, like Gecko) Chrome/131.0.0.0 Safari/537.36; compatible; OAI-SearchBot/1.3; robots.txt; +https://openai.com/searchbot"
139.162.194.112 - - [18/Mar/2026:11:35:16 +0000] "POST /wp-cron.php?doing_wp_cron=1773833716.1624569892883300781250 HTTP/1.1" 200 20 "-" "WordPress/6.9; https://invest.westernclear.com"
66.249.64.233 - - [18/Mar/2026:13:57:47 +0000] "GET /robots.txt HTTP/1.1" 200 117 "-" "Mozilla/5.0 (compatible; Googlebot/2.1; +http://www.google.com/bot.html)"
139.162.194.112 - - [18/Mar/2026:13:57:56 +0000] "POST /wp-cron.php?doing_wp_cron=1773842276.0943539142608642578125 HTTP/1.1" 200 20 "-" "WordPress/6.9; https://invest.westernclear.com"
74.7.244.32 - - [18/Mar/2026:14:58:59 +0000] "GET /robots.txt HTTP/2.0" 200 117 "-" "Mozilla/5.0 (Macintosh; Intel Mac OS X 10_15_7) AppleWebKit/537.36 (KHTML, like Gecko) Chrome/131.0.0.0 Safari/537.36; compatible; OAI-SearchBot/1.3; robots.txt; +https://openai.com/searchbot"
139.162.194.112 - - [18/Mar/2026:14:59:09 +0000] "POST /wp-cron.php?doing_wp_cron=1773845949.2207999229431152343750 HTTP/1.1" 200 20 "-" "WordPress/6.9; https://invest.westernclear.com"
74.7.243.215 - - [18/Mar/2026:14:59:14 +0000] "GET /wp-sitemap.xml HTTP/2.0" 200 258 "-" "Mozilla/5.0 AppleWebKit/537.36 (KHTML, like Gecko; compatible; GPTBot/1.3; +https://openai.com/gptbot)"
34.34.64.191 - - [18/Mar/2026:16:06:28 +0000] "GET / HTTP/1.1" 301 20 "-" "Scrapy/2.13.4 (+https://scrapy.org)"
139.162.194.112 - - [18/Mar/2026:16:06:37 +0000] "POST /wp-cron.php?doing_wp_cron=1773849997.0504720211029052734375 HTTP/1.1" 200 20 "-" "WordPress/6.9; https://invest.westernclear.com"
34.34.64.191 - - [18/Mar/2026:16:06:38 +0000] "GET / HTTP/1.1" 200 15657 "-" "Scrapy/2.13.4 (+https://scrapy.org)"
51.38.104.193 - - [18/Mar/2026:17:22:17 +0000] "GET /wp-includes/js/quicktags.js HTTP/2.0" 200 22601 "-" "Mozilla/5.0 (Windows NT 10.0; Win64; x64) AppleWebKit/537.36 (KHTML, like Gecko) Chrome/127.0.0.0 Safari/537.36"
204.76.203.25 - - [19/Mar/2026:04:44:25 +0000] "GET /.env HTTP/1.1" 301 - "-" "Mozilla/5.0 (Windows NT 10.0; Win64; x64) AppleWebKit/537.36 (KHTML, like Gecko) Chrome/134.0.0.0 Safari/537.3"
204.76.203.25 - - [19/Mar/2026:04:44:36 +0000] "GET /.env HTTP/1.1" 404 73636 "-" "Mozilla/5.0 (Windows NT 10.0; Win64; x64) AppleWebKit/537.36 (KHTML, like Gecko) Chrome/134.0.0.0 Safari/537.3"
139.162.194.112 - - [19/Mar/2026:04:44:36 +0000] "POST /wp-cron.php?doing_wp_cron=1773895475.7399389743804931640625 HTTP/1.1" 200 20 "-" "WordPress/6.9; https://invest.westernclear.com"
139.162.194.112 - - [19/Mar/2026:06:48:46 +0000] "GET / HTTP/1.1" 200 15595 "-" "WordPress/6.9; http://invest.westernclear.com"
139.162.194.112 - - [19/Mar/2026:06:48:50 +0000] "GET / HTTP/1.1" 200 15595 "-" "WordPress/6.9; http://invest.westernclear.com"
139.162.194.112 - - [19/Mar/2026:06:48:56 +0000] "GET / HTTP/1.1" 200 15595 "-" "WordPress/6.9; http://invest.westernclear.com"
139.162.194.112 - - [19/Mar/2026:06:49:01 +0000] "GET / HTTP/1.1" 200 15657 "-" "WordPress/6.9; http://invest.westernclear.com"
74.7.244.32 - - [19/Mar/2026:06:59:35 +0000] "GET /robots.txt HTTP/2.0" 200 117 "-" "Mozilla/5.0 (Macintosh; Intel Mac OS X 10_15_7) AppleWebKit/537.36 (KHTML, like Gecko) Chrome/131.0.0.0 Safari/537.36; compatible; OAI-SearchBot/1.3; robots.txt; +https://openai.com/searchbot"
74.7.230.23 - - [19/Mar/2026:11:00:59 +0000] "GET /robots.txt HTTP/2.0" 301 - "-" "Mozilla/5.0 (Macintosh; Intel Mac OS X 10_15_7) AppleWebKit/537.36 (KHTML, like Gecko) Chrome/131.0.0.0 Safari/537.36; compatible; OAI-SearchBot/1.3; robots.txt; +https://openai.com/searchbot"
139.162.194.112 - - [19/Mar/2026:11:01:11 +0000] "POST /wp-cron.php?doing_wp_cron=1773918070.8758919239044189453125 HTTP/1.1" 200 20 "-" "WordPress/6.9; https://invest.westernclear.com"
172.69.43.215 - - [19/Mar/2026:11:14:37 +0000] "GET /.git/config HTTP/2.0" 301 20 "-" "-"
172.69.43.215 - - [19/Mar/2026:11:14:37 +0000] "GET /.git/HEAD HTTP/2.0" 301 20 "-" "-"
172.70.85.97 - - [19/Mar/2026:11:14:37 +0000] "GET /.git/index HTTP/2.0" 301 20 "-" "-"
172.68.229.190 - - [19/Mar/2026:11:14:37 +0000] "GET /.git/refs/heads/master HTTP/2.0" 301 20 "-" "-"
172.71.241.101 - - [19/Mar/2026:11:14:37 +0000] "GET /.git/refs/heads/main HTTP/2.0" 301 20 "-" "-"
172.71.241.101 - - [19/Mar/2026:11:14:37 +0000] "GET /.git/logs/HEAD HTTP/2.0" 301 20 "-" "-"
139.162.194.112 - - [19/Mar/2026:11:14:48 +0000] "POST /wp-cron.php?doing_wp_cron=1773918888.0935161113739013671875 HTTP/1.1" 200 20 "-" "WordPress/6.9; https://invest.westernclear.com"
172.70.91.56 - - [19/Mar/2026:11:14:48 +0000] "GET /.env.local HTTP/2.0" 301 20 "-" "-"
172.68.229.190 - - [19/Mar/2026:11:14:48 +0000] "GET /.env.production HTTP/2.0" 301 20 "-" "-"
172.70.91.56 - - [19/Mar/2026:11:14:48 +0000] "GET /.env HTTP/2.0" 301 20 "-" "-"
172.68.229.190 - - [19/Mar/2026:11:14:48 +0000] "GET /.env.development HTTP/2.0" 301 20 "-" "-"
141.101.98.140 - - [19/Mar/2026:11:14:49 +0000] "GET /.env.dev HTTP/2.0" 301 20 "-" "-"
172.64.192.12 - - [19/Mar/2026:11:14:49 +0000] "GET /.env.test HTTP/2.0" 301 20 "-" "-"
172.70.85.97 - - [19/Mar/2026:11:15:01 +0000] "GET /.env.bak HTTP/2.0" 301 20 "-" "-"
172.71.241.101 - - [19/Mar/2026:11:15:02 +0000] "GET /.env.old HTTP/2.0" 301 20 "-" "-"
141.101.98.140 - - [19/Mar/2026:11:15:00 +0000] "GET /.env.backup HTTP/2.0" 301 20 "-" "-"
141.101.98.140 - - [19/Mar/2026:11:15:00 +0000] "GET /.env.staging HTTP/2.0" 301 20 "-" "-"
172.70.163.61 - - [19/Mar/2026:11:15:02 +0000] "GET /.env.save HTTP/2.0" 301 20 "-" "-"
172.69.43.215 - - [19/Mar/2026:11:15:03 +0000] "GET /.env.tmp HTTP/2.0" 301 20 "-" "-"
172.69.224.13 - - [19/Mar/2026:11:15:15 +0000] "GET /.env.example HTTP/2.0" 301 20 "-" "-"
172.70.91.56 - - [19/Mar/2026:11:15:15 +0000] "GET /.env.production.local HTTP/2.0" 301 20 "-" "-"
172.71.241.100 - - [19/Mar/2026:11:15:16 +0000] "GET /.git/config HTTP/2.0" 404 13783 "-" "-"
172.68.229.187 - - [19/Mar/2026:11:15:17 +0000] "GET /.git/index HTTP/2.0" 404 13783 "-" "-"
172.71.178.154 - - [19/Mar/2026:11:15:16 +0000] "GET /.git/HEAD HTTP/2.0" 404 13783 "-" "-"
172.69.224.124 - - [19/Mar/2026:11:15:18 +0000] "GET /.git/refs/heads/master HTTP/2.0" 404 14039 "-" "-"
172.64.192.125 - - [19/Mar/2026:11:15:27 +0000] "GET /.git/refs/heads/main HTTP/2.0" 404 14039 "-" "-"
172.69.194.201 - - [19/Mar/2026:11:15:28 +0000] "GET /.git/logs/HEAD HTTP/2.0" 404 14039 "-" "-"
172.69.224.124 - - [19/Mar/2026:11:15:32 +0000] "GET /.env.production HTTP/2.0" 404 13783 "-" "-"
172.71.26.91 - - [19/Mar/2026:11:15:32 +0000] "GET /.env.local HTTP/2.0" 404 13783 "-" "-"
162.158.216.124 - - [19/Mar/2026:11:15:34 +0000] "GET /.env.development HTTP/2.0" 404 13783 "-" "-"
172.68.186.162 - - [19/Mar/2026:11:15:33 +0000] "GET /.env HTTP/2.0" 404 13783 "-" "-"
172.69.224.124 - - [19/Mar/2026:11:15:41 +0000] "GET /.env.test HTTP/2.0" 404 13783 "-" "-"
172.71.241.101 - - [19/Mar/2026:11:15:40 +0000] "GET /.env.dev HTTP/2.0" 404 13783 "-" "-"
172.64.192.124 - - [19/Mar/2026:11:15:46 +0000] "GET /.env.backup HTTP/2.0" 404 13783 "-" "-"
141.101.98.18 - - [19/Mar/2026:11:15:46 +0000] "GET /.env.bak HTTP/2.0" 404 13783 "-" "-"
172.69.194.201 - - [19/Mar/2026:11:15:46 +0000] "GET /.env.old HTTP/2.0" 404 13783 "-" "-"
172.71.26.91 - - [19/Mar/2026:11:15:48 +0000] "GET /.env.staging HTTP/2.0" 404 13783 "-" "-"
172.68.186.162 - - [19/Mar/2026:11:15:54 +0000] "GET /.env.save HTTP/2.0" 404 13783 "-" "-"
162.158.216.125 - - [19/Mar/2026:11:15:56 +0000] "GET /.env.tmp HTTP/2.0" 404 13783 "-" "-"
172.70.162.244 - - [19/Mar/2026:11:15:58 +0000] "GET /.env.example HTTP/2.0" 404 13783 "-" "-"
172.64.192.12 - - [19/Mar/2026:11:16:05 +0000] "GET /config/.env HTTP/2.0" 301 20 "-" "-"
172.68.186.162 - - [19/Mar/2026:11:16:04 +0000] "GET /.env.production.local HTTP/2.0" 404 13783 "-" "-"
172.70.85.97 - - [19/Mar/2026:11:16:04 +0000] "GET /.env.development.local HTTP/2.0" 301 20 "-" "-"
172.69.43.214 - - [19/Mar/2026:11:16:10 +0000] "GET /app/.env HTTP/2.0" 301 20 "-" "-"
172.70.91.56 - - [19/Mar/2026:11:16:13 +0000] "GET /backend/.env HTTP/2.0" 301 20 "-" "-"
172.71.178.7 - - [19/Mar/2026:11:16:18 +0000] "GET /api/.env HTTP/2.0" 301 20 "-" "-"
162.158.216.13 - - [19/Mar/2026:11:16:21 +0000] "GET /core/.env HTTP/2.0" 301 20 "-" "-"
141.101.98.140 - - [19/Mar/2026:11:16:21 +0000] "GET /public/.env HTTP/2.0" 301 20 "-" "-"
172.69.43.214 - - [19/Mar/2026:11:16:21 +0000] "GET /admin/.env HTTP/2.0" 301 20 "-" "-"
162.158.216.13 - - [19/Mar/2026:11:16:25 +0000] "GET /private/.env HTTP/2.0" 301 20 "-" "-"
172.69.43.214 - - [19/Mar/2026:11:16:27 +0000] "GET /config/env HTTP/2.0" 301 20 "-" "-"
172.70.85.96 - - [19/Mar/2026:11:16:32 +0000] "GET /config/.env.local HTTP/2.0" 301 20 "-" "-"
172.69.43.214 - - [19/Mar/2026:11:16:35 +0000] "GET /.env.php HTTP/2.0" 301 20 "-" "-"
172.64.192.12 - - [19/Mar/2026:11:16:35 +0000] "GET /.env.json HTTP/2.0" 301 20 "-" "-"
172.68.229.191 - - [19/Mar/2026:11:16:36 +0000] "GET /.env_backup HTTP/2.0" 301 20 "-" "-"
172.70.163.60 - - [19/Mar/2026:11:16:39 +0000] "GET /.env~ HTTP/2.0" 301 20 "-" "-"
172.64.192.12 - - [19/Mar/2026:11:16:40 +0000] "GET /.env1 HTTP/2.0" 301 20 "-" "-"
172.70.85.96 - - [19/Mar/2026:11:16:45 +0000] "GET /.env2 HTTP/2.0" 301 20 "-" "-"
172.71.241.100 - - [19/Mar/2026:11:16:45 +0000] "GET /.env.dist HTTP/2.0" 301 20 "-" "-"
172.71.241.100 - - [19/Mar/2026:11:16:46 +0000] "GET /.envrc HTTP/2.0" 301 20 "-" "-"
172.69.43.214 - - [19/Mar/2026:11:16:50 +0000] "GET /.env.orig HTTP/2.0" 301 20 "-" "-"
172.68.229.186 - - [19/Mar/2026:11:16:48 +0000] "GET /config/.env HTTP/2.0" 404 13783 "-" "-"
141.101.98.19 - - [19/Mar/2026:11:16:52 +0000] "GET /.env.development.local HTTP/2.0" 404 13783 "-" "-"
172.71.178.155 - - [19/Mar/2026:11:16:56 +0000] "GET /app/.env HTTP/2.0" 404 13783 "-" "-"
172.71.241.100 - - [19/Mar/2026:11:16:57 +0000] "GET /backend/.env HTTP/2.0" 404 13783 "-" "-"
172.68.186.162 - - [19/Mar/2026:11:16:58 +0000] "GET /api/.env HTTP/2.0" 404 13783 "-" "-"
172.71.178.155 - - [19/Mar/2026:11:17:03 +0000] "GET /public/.env HTTP/2.0" 404 13783 "-" "-"
172.71.178.155 - - [19/Mar/2026:11:17:03 +0000] "GET /core/.env HTTP/2.0" 404 13783 "-" "-"
172.71.26.91 - - [19/Mar/2026:11:17:07 +0000] "GET /admin/.env HTTP/2.0" 404 13783 "-" "-"
172.69.224.124 - - [19/Mar/2026:11:17:11 +0000] "GET /config/env HTTP/2.0" 404 13783 "-" "-"
172.69.194.200 - - [19/Mar/2026:11:17:13 +0000] "GET /config/.env.local HTTP/2.0" 404 13783 "-" "-"
172.71.178.155 - - [19/Mar/2026:11:17:10 +0000] "GET /private/.env HTTP/2.0" 404 13783 "-" "-"
172.71.241.101 - - [19/Mar/2026:11:17:18 +0000] "GET /.env.json HTTP/2.0" 404 13783 "-" "-"
172.68.186.163 - - [19/Mar/2026:11:17:18 +0000] "GET /.env.php HTTP/2.0" 404 13783 "-" "-"
172.68.229.187 - - [19/Mar/2026:11:17:23 +0000] "GET /.env_backup HTTP/2.0" 404 13783 "-" "-"
172.68.186.163 - - [19/Mar/2026:11:17:27 +0000] "GET /.env~ HTTP/2.0" 404 13783 "-" "-"
172.64.192.124 - - [19/Mar/2026:11:17:29 +0000] "GET /.env2 HTTP/2.0" 404 13783 "-" "-"
172.68.229.187 - - [19/Mar/2026:11:17:29 +0000] "GET /.env1 HTTP/2.0" 404 13783 "-" "-"
172.64.192.124 - - [19/Mar/2026:11:17:36 +0000] "GET /.env.dist HTTP/2.0" 404 13783 "-" "-"
172.70.162.244 - - [19/Mar/2026:11:17:37 +0000] "GET /.envrc HTTP/2.0" 404 13783 "-" "-"
172.71.26.91 - - [19/Mar/2026:11:17:40 +0000] "GET /.env.orig HTTP/2.0" 404 13783 "-" "-"
172.71.241.100 - - [19/Mar/2026:11:17:45 +0000] "GET /.env.production.bak HTTP/2.0" 301 20 "-" "-"
172.70.91.55 - - [19/Mar/2026:11:17:45 +0000] "GET /.env.prod HTTP/2.0" 301 20 "-" "-"
172.69.224.13 - - [19/Mar/2026:11:17:47 +0000] "GET /.env.dev.local HTTP/2.0" 301 20 "-" "-"
172.70.163.61 - - [19/Mar/2026:11:17:51 +0000] "GET /.env.docker HTTP/2.0" 301 20 "-" "-"
172.68.229.191 - - [19/Mar/2026:11:17:52 +0000] "GET /.env.container HTTP/2.0" 301 20 "-" "-"
172.70.85.97 - - [19/Mar/2026:11:17:54 +0000] "GET /docker/.env HTTP/2.0" 301 20 "-" "-"
172.71.241.100 - - [19/Mar/2026:11:17:57 +0000] "GET /docker-compose.env HTTP/2.0" 301 20 "-" "-"
172.70.91.55 - - [19/Mar/2026:11:18:00 +0000] "GET /server/.env HTTP/2.0" 301 20 "-" "-"
172.69.224.13 - - [19/Mar/2026:11:17:59 +0000] "GET /docker/.env.local HTTP/2.0" 301 20 "-" "-"
172.71.178.6 - - [19/Mar/2026:11:18:03 +0000] "GET /srv/.env HTTP/2.0" 301 20 "-" "-"
172.70.85.97 - - [19/Mar/2026:11:18:05 +0000] "GET /web/.env HTTP/2.0" 301 20 "-" "-"
162.158.216.13 - - [19/Mar/2026:11:18:07 +0000] "GET /site/.env HTTP/2.0" 301 20 "-" "-"
172.70.163.60 - - [19/Mar/2026:11:18:11 +0000] "GET /var/www/.env HTTP/2.0" 301 20 "-" "-"
172.70.85.97 - - [19/Mar/2026:11:18:10 +0000] "GET /www/.env HTTP/2.0" 301 20 "-" "-"
172.70.91.55 - - [19/Mar/2026:11:18:13 +0000] "GET /var/www/html/.env HTTP/2.0" 301 20 "-" "-"
172.69.43.214 - - [19/Mar/2026:11:18:15 +0000] "GET /home/.env HTTP/2.0" 301 20 "-" "-"
172.71.178.6 - - [19/Mar/2026:11:18:19 +0000] "GET /root/.env HTTP/2.0" 301 20 "-" "-"
141.101.98.141 - - [19/Mar/2026:11:18:21 +0000] "GET /.env_config HTTP/2.0" 301 20 "-" "-"
162.158.216.13 - - [19/Mar/2026:11:18:25 +0000] "GET /.env_settings HTTP/2.0" 301 20 "-" "-"
172.70.91.55 - - [19/Mar/2026:11:18:24 +0000] "GET /.env_secret HTTP/2.0" 301 20 "-" "-"
172.68.229.187 - - [19/Mar/2026:11:18:25 +0000] "GET /.env.production.bak HTTP/2.0" 404 13783 "-" "-"
172.71.241.101 - - [19/Mar/2026:11:18:28 +0000] "GET /.env.prod HTTP/2.0" 404 13783 "-" "-"
162.158.216.124 - - [19/Mar/2026:11:18:30 +0000] "GET /.env.dev.local HTTP/2.0" 404 13783 "-" "-"
141.101.98.18 - - [19/Mar/2026:11:18:34 +0000] "GET /.env.docker HTTP/2.0" 404 13783 "-" "-"
172.64.192.125 - - [19/Mar/2026:11:18:40 +0000] "GET /.env.container HTTP/2.0" 404 13783 "-" "-"
141.101.98.18 - - [19/Mar/2026:11:18:42 +0000] "GET /docker/.env HTTP/2.0" 404 13783 "-" "-"
172.71.241.101 - - [19/Mar/2026:11:18:46 +0000] "GET /docker-compose.env HTTP/2.0" 404 13783 "-" "-"
172.64.192.125 - - [19/Mar/2026:11:18:48 +0000] "GET /server/.env HTTP/2.0" 404 13783 "-" "-"
172.70.162.244 - - [19/Mar/2026:11:18:50 +0000] "GET /docker/.env.local HTTP/2.0" 404 13783 "-" "-"
172.71.241.101 - - [19/Mar/2026:11:18:56 +0000] "GET /srv/.env HTTP/2.0" 404 13783 "-" "-"
162.158.216.124 - - [19/Mar/2026:11:18:58 +0000] "GET /web/.env HTTP/2.0" 404 13783 "-" "-"
172.64.192.125 - - [19/Mar/2026:11:19:02 +0000] "GET /site/.env HTTP/2.0" 404 13783 "-" "-"
172.68.229.186 - - [19/Mar/2026:11:19:05 +0000] "GET /var/www/.env HTTP/2.0" 404 14039 "-" "-"
172.69.194.200 - - [19/Mar/2026:11:19:06 +0000] "GET /www/.env HTTP/2.0" 404 13783 "-" "-"
172.68.229.186 - - [19/Mar/2026:11:19:08 +0000] "GET /var/www/html/.env HTTP/2.0" 404 14039 "-" "-"
172.68.229.186 - - [19/Mar/2026:11:19:10 +0000] "GET /home/.env HTTP/2.0" 404 13783 "-" "-"
172.69.224.124 - - [19/Mar/2026:11:19:13 +0000] "GET /root/.env HTTP/2.0" 404 13783 "-" "-"
172.71.178.155 - - [19/Mar/2026:11:19:14 +0000] "GET /.env_config HTTP/2.0" 404 13783 "-" "-"
162.158.216.125 - - [19/Mar/2026:11:19:18 +0000] "GET /.env_settings HTTP/2.0" 404 13783 "-" "-"
172.68.229.190 - - [19/Mar/2026:11:19:22 +0000] "GET /.env.local.backup HTTP/2.0" 301 20 "-" "-"
141.101.98.18 - - [19/Mar/2026:11:19:21 +0000] "GET /.env_secret HTTP/2.0" 404 13783 "-" "-"
141.101.98.19 - - [19/Mar/2026:11:20:09 +0000] "GET /.env.local.backup HTTP/2.0" 404 13783 "-" "-"
74.7.244.32 - - [19/Mar/2026:14:59:48 +0000] "GET /robots.txt HTTP/2.0" 200 - "-" "Mozilla/5.0 (Macintosh; Intel Mac OS X 10_15_7) AppleWebKit/537.36 (KHTML, like Gecko) Chrome/131.0.0.0 Safari/537.36; compatible; OAI-SearchBot/1.3; robots.txt; +https://openai.com/searchbot"
139.162.194.112 - - [19/Mar/2026:15:00:00 +0000] "POST /wp-cron.php?doing_wp_cron=1773932400.6274180412292480468750 HTTP/1.1" 200 20 "-" "WordPress/6.9; https://invest.westernclear.com"
74.7.243.215 - - [19/Mar/2026:15:00:03 +0000] "GET /wp-sitemap.xml HTTP/2.0" 200 258 "-" "Mozilla/5.0 AppleWebKit/537.36 (KHTML, like Gecko; compatible; GPTBot/1.3; +https://openai.com/gptbot)"
66.249.64.233 - - [19/Mar/2026:16:51:49 +0000] "GET /robots.txt HTTP/1.1" 200 117 "-" "Mozilla/5.0 (compatible; Googlebot/2.1; +http://www.google.com/bot.html)"
139.162.194.112 - - [19/Mar/2026:16:52:00 +0000] "POST /wp-cron.php?doing_wp_cron=1773939120.1192278861999511718750 HTTP/1.1" 200 20 "-" "WordPress/6.9; https://invest.westernclear.com"
52.200.222.178 - - [20/Mar/2026:03:03:12 +0000] "GET / HTTP/1.1" 301 20 "-" "Mozilla/5.0 (Windows NT 10.0; Win64; x64) AppleWebKit/537.36 (KHTML, like Gecko) Chrome/124.0.0.0 Safari/537.36 Edg/124.0.0.0"
139.162.194.112 - - [20/Mar/2026:03:03:18 +0000] "POST /wp-cron.php?doing_wp_cron=1773975798.6484510898590087890625 HTTP/1.1" 200 20 "-" "WordPress/6.9; https://invest.westernclear.com"
52.200.222.178 - - [20/Mar/2026:03:03:20 +0000] "GET / HTTP/1.1" 200 24913 "-" "Mozilla/5.0 (Windows NT 10.0; Win64; x64) AppleWebKit/537.36 (KHTML, like Gecko) Chrome/124.0.0.0 Safari/537.36 Edg/124.0.0.0"
204.76.203.25 - - [20/Mar/2026:04:04:37 +0000] "GET /.env HTTP/1.1" 404 73636 "-" "Mozilla/5.0 (Windows NT 10.0; Win64; x64) AppleWebKit/537.36 (KHTML, like Gecko) Chrome/134.0.0.0 Safari/537.3"
139.162.194.112 - - [20/Mar/2026:04:04:44 +0000] "POST /wp-cron.php?doing_wp_cron=1773979484.7252609729766845703125 HTTP/1.1" 200 20 "-" "WordPress/6.9; https://invest.westernclear.com"
74.7.244.32 - - [20/Mar/2026:12:43:30 +0000] "GET /robots.txt HTTP/2.0" 200 - "-" "Mozilla/5.0 (Macintosh; Intel Mac OS X 10_15_7) AppleWebKit/537.36 (KHTML, like Gecko) Chrome/131.0.0.0 Safari/537.36; compatible; OAI-SearchBot/1.3; robots.txt; +https://openai.com/searchbot"
74.7.243.215 - - [20/Mar/2026:12:43:30 +0000] "GET / HTTP/2.0" 200 24915 "-" "Mozilla/5.0 AppleWebKit/537.36 (KHTML, like Gecko; compatible; GPTBot/1.3; +https://openai.com/gptbot)"
139.162.194.112 - - [20/Mar/2026:12:43:43 +0000] "POST /wp-cron.php?doing_wp_cron=1774010623.3449189662933349609375 HTTP/1.1" 200 20 "-" "WordPress/6.9; https://invest.westernclear.com"
74.7.243.215 - - [20/Mar/2026:12:44:07 +0000] "GET /investments/commodity-trading/ HTTP/2.0" 302 23876 "https://invest.westernclear.com/" "Mozilla/5.0 AppleWebKit/537.36 (KHTML, like Gecko; compatible; GPTBot/1.3; +https://openai.com/gptbot)"
74.7.243.215 - - [20/Mar/2026:12:44:23 +0000] "GET /login HTTP/2.0" 301 20 "https://invest.westernclear.com/investments/commodity-trading/" "Mozilla/5.0 AppleWebKit/537.36 (KHTML, like Gecko; compatible; GPTBot/1.3; +https://openai.com/gptbot)"
74.7.243.215 - - [20/Mar/2026:12:44:36 +0000] "GET /login/ HTTP/2.0" 200 18657 "https://invest.westernclear.com/login" "Mozilla/5.0 AppleWebKit/537.36 (KHTML, like Gecko; compatible; GPTBot/1.3; +https://openai.com/gptbot)"
74.7.243.215 - - [20/Mar/2026:12:45:36 +0000] "GET /?p=872 HTTP/2.0" 301 20 "https://invest.westernclear.com/investments/commodity-trading/" "Mozilla/5.0 AppleWebKit/537.36 (KHTML, like Gecko; compatible; GPTBot/1.3; +https://openai.com/gptbot)"
74.7.243.215 - - [20/Mar/2026:12:45:53 +0000] "GET /login/ HTTP/2.0" 200 18657 "https://invest.westernclear.com/?p=872" "Mozilla/5.0 AppleWebKit/537.36 (KHTML, like Gecko; compatible; GPTBot/1.3; +https://openai.com/gptbot)"
74.7.243.215 - - [20/Mar/2026:12:46:34 +0000] "GET /registration/ HTTP/2.0" 200 19284 "https://invest.westernclear.com/?p=872" "Mozilla/5.0 AppleWebKit/537.36 (KHTML, like Gecko; compatible; GPTBot/1.3; +https://openai.com/gptbot)"
74.7.243.215 - - [20/Mar/2026:12:47:10 +0000] "GET /?p=881 HTTP/2.0" 301 20 "https://invest.westernclear.com/registration/" "Mozilla/5.0 AppleWebKit/537.36 (KHTML, like Gecko; compatible; GPTBot/1.3; +https://openai.com/gptbot)"
74.7.243.215 - - [20/Mar/2026:12:47:23 +0000] "GET /registration/ HTTP/2.0" 200 19284 "https://invest.westernclear.com/?p=881" "Mozilla/5.0 AppleWebKit/537.36 (KHTML, like Gecko; compatible; GPTBot/1.3; +https://openai.com/gptbot)"
74.7.243.215 - - [20/Mar/2026:12:47:55 +0000] "GET /wp-json/oembed/1.0/embed?format=xml&url=https%3A%2F%2Finvest.westernclear.com%2Fregistration%2F HTTP/2.0" 200 1139 "https://invest.westernclear.com/?p=881" "Mozilla/5.0 AppleWebKit/537.36 (KHTML, like Gecko; compatible; GPTBot/1.3; +https://openai.com/gptbot)"
74.7.243.215 - - [20/Mar/2026:12:48:25 +0000] "GET /wp-json/oembed/1.0/embed?url=https%3A%2F%2Finvest.westernclear.com%2Fregistration%2F HTTP/2.0" 200 1103 "https://invest.westernclear.com/?p=881" "Mozilla/5.0 AppleWebKit/537.36 (KHTML, like Gecko; compatible; GPTBot/1.3; +https://openai.com/gptbot)"
74.7.243.215 - - [20/Mar/2026:12:48:52 +0000] "GET /wp-json/wp/v2/pages/881 HTTP/2.0" 200 2143 "https://invest.westernclear.com/?p=881" "Mozilla/5.0 AppleWebKit/537.36 (KHTML, like Gecko; compatible; GPTBot/1.3; +https://openai.com/gptbot)"
74.7.244.32 - - [20/Mar/2026:15:03:12 +0000] "GET /robots.txt HTTP/2.0" 200 - "-" "Mozilla/5.0 (Macintosh; Intel Mac OS X 10_15_7) AppleWebKit/537.36 (KHTML, like Gecko) Chrome/131.0.0.0 Safari/537.36; compatible; OAI-SearchBot/1.3; robots.txt; +https://openai.com/searchbot"
74.7.243.215 - - [20/Mar/2026:15:03:23 +0000] "GET /wp-sitemap.xml HTTP/2.0" 200 258 "-" "Mozilla/5.0 AppleWebKit/537.36 (KHTML, like Gecko; compatible; GPTBot/1.3; +https://openai.com/gptbot)"
47.128.22.32 - - [20/Mar/2026:16:15:36 +0000] "GET /robots.txt HTTP/1.1" 200 117 "-" "Mozilla/5.0 (Linux; Android 5.0) AppleWebKit/537.36 (KHTML, like Gecko) Mobile Safari/537.36 (compatible; Bytespider; spider-feedback@bytedance.com)"
139.162.194.112 - - [20/Mar/2026:16:15:46 +0000] "POST /wp-cron.php?doing_wp_cron=1774023346.0598590373992919921875 HTTP/1.1" 200 20 "-" "WordPress/6.9; https://invest.westernclear.com"
119.8.33.49 - - [20/Mar/2026:16:19:56 +0000] "GET /registration HTTP/2.0" 301 20 "-" "Mozilla/5.0 (Macintosh; Intel Mac OS X 10_15_7) AppleWebKit/537.36 (KHTML, like Gecko) Chrome/144.0.0.0 Safari/537.36"
119.8.33.49 - - [20/Mar/2026:16:20:06 +0000] "GET /registration/ HTTP/2.0" 200 19284 "-" "Mozilla/5.0 (Macintosh; Intel Mac OS X 10_15_7) AppleWebKit/537.36 (KHTML, like Gecko) Chrome/144.0.0.0 Safari/537.36"
119.8.33.49 - - [20/Mar/2026:16:20:16 +0000] "GET /wp-content/themes/hello-theme-child-master/investments/common.css?ver=6.9 HTTP/2.0" 200 291 "https://invest.westernclear.com/registration/" "Mozilla/5.0 (Macintosh; Intel Mac OS X 10_15_7) AppleWebKit/537.36 (KHTML, like Gecko) Chrome/144.0.0.0 Safari/537.36"
119.8.33.49 - - [20/Mar/2026:16:20:16 +0000] "GET /wp-content/plugins/wp-user-frontend-pro/assets/css/css-stars.css?ver=6.9 HTTP/2.0" 200 304 "https://invest.westernclear.com/registration/" "Mozilla/5.0 (Macintosh; Intel Mac OS X 10_15_7) AppleWebKit/537.36 (KHTML, like Gecko) Chrome/144.0.0.0 Safari/537.36"
119.8.33.49 - - [20/Mar/2026:16:20:16 +0000] "GET /wp-content/themes/hello-elementor/theme.min.css?ver=2.4.1 HTTP/2.0" 200 2538 "https://invest.westernclear.com/registration/" "Mozilla/5.0 (Macintosh; Intel Mac OS X 10_15_7) AppleWebKit/537.36 (KHTML, like Gecko) Chrome/144.0.0.0 Safari/537.36"
119.8.33.49 - - [20/Mar/2026:16:20:16 +0000] "GET /wp-includes/css/dist/block-library/style.min.css?ver=6.9 HTTP/2.0" 200 15951 "https://invest.westernclear.com/registration/" "Mozilla/5.0 (Macintosh; Intel Mac OS X 10_15_7) AppleWebKit/537.36 (KHTML, like Gecko) Chrome/144.0.0.0 Safari/537.36"
119.8.33.49 - - [20/Mar/2026:16:20:16 +0000] "GET /wp-content/plugins/contact-form-7/includes/css/styles.css?ver=5.5.2 HTTP/2.0" 200 972 "https://invest.westernclear.com/registration/" "Mozilla/5.0 (Macintosh; Intel Mac OS X 10_15_7) AppleWebKit/537.36 (KHTML, like Gecko) Chrome/144.0.0.0 Safari/537.36"
119.8.33.49 - - [20/Mar/2026:16:20:16 +0000] "GET /wp-content/themes/hello-elementor/style.min.css?ver=2.4.1 HTTP/2.0" 200 2323 "https://invest.westernclear.com/registration/" "Mozilla/5.0 (Macintosh; Intel Mac OS X 10_15_7) AppleWebKit/537.36 (KHTML, like Gecko) Chrome/144.0.0.0 Safari/537.36"
119.8.33.49 - - [20/Mar/2026:16:20:16 +0000] "GET /wp-content/plugins/elementor/assets/lib/eicons/css/elementor-icons.min.css?ver=5.12.0 HTTP/2.0" 200 3696 "https://invest.westernclear.com/registration/" "Mozilla/5.0 (Macintosh; Intel Mac OS X 10_15_7) AppleWebKit/537.36 (KHTML, like Gecko) Chrome/144.0.0.0 Safari/537.36"
119.8.33.49 - - [20/Mar/2026:16:20:16 +0000] "GET /wp-content/plugins/wp-user-frontend-pro/assets/css/frontend/fields/math-captcha.css?ver=6.9 HTTP/2.0" 200 386 "https://invest.westernclear.com/registration/" "Mozilla/5.0 (Macintosh; Intel Mac OS X 10_15_7) AppleWebKit/537.36 (KHTML, like Gecko) Chrome/144.0.0.0 Safari/537.36"
119.8.33.49 - - [20/Mar/2026:16:20:16 +0000] "GET /wp-content/plugins/elementskit-lite/modules/elementskit-icon-pack/assets/css/ekiticons.css?ver=2.3.7 HTTP/2.0" 200 12652 "https://invest.westernclear.com/registration/" "Mozilla/5.0 (Macintosh; Intel Mac OS X 10_15_7) AppleWebKit/537.36 (KHTML, like Gecko) Chrome/144.0.0.0 Safari/537.36"
119.8.33.49 - - [20/Mar/2026:16:20:16 +0000] "GET /wp-content/plugins/elementor/assets/lib/font-awesome/css/all.min.css?ver=3.4.4 HTTP/2.0" 200 12869 "https://invest.westernclear.com/registration/" "Mozilla/5.0 (Macintosh; Intel Mac OS X 10_15_7) AppleWebKit/537.36 (KHTML, like Gecko) Chrome/144.0.0.0 Safari/537.36"
119.8.33.49 - - [20/Mar/2026:16:20:16 +0000] "GET /wp-content/plugins/wp-user-frontend/assets/css/jquery-ui-1.9.1.custom.css?ver=6.9 HTTP/2.0" 200 6218 "https://invest.westernclear.com/registration/" "Mozilla/5.0 (Macintosh; Intel Mac OS X 10_15_7) AppleWebKit/537.36 (KHTML, like Gecko) Chrome/144.0.0.0 Safari/537.36"
119.8.33.49 - - [20/Mar/2026:16:20:16 +0000] "GET /wp-content/plugins/wp-user-frontend/assets/vendor/sweetalert2/dist/sweetalert2.css?ver=3.5.21 HTTP/2.0" 200 3185 "https://invest.westernclear.com/registration/" "Mozilla/5.0 (Macintosh; Intel Mac OS X 10_15_7) AppleWebKit/537.36 (KHTML, like Gecko) Chrome/144.0.0.0 Safari/537.36"
119.8.33.49 - - [20/Mar/2026:16:20:16 +0000] "GET /wp-content/plugins/elementor/assets/lib/font-awesome/js/v4-shims.min.js?ver=3.4.4 HTTP/2.0" 200 4205 "https://invest.westernclear.com/registration/" "Mozilla/5.0 (Macintosh; Intel Mac OS X 10_15_7) AppleWebKit/537.36 (KHTML, like Gecko) Chrome/144.0.0.0 Safari/537.36"
119.8.33.49 - - [20/Mar/2026:16:20:16 +0000] "GET /wp-content/plugins/elementor/assets/lib/font-awesome/css/v4-shims.min.css?ver=3.4.4 HTTP/2.0" 200 4229 "https://invest.westernclear.com/registration/" "Mozilla/5.0 (Macintosh; Intel Mac OS X 10_15_7) AppleWebKit/537.36 (KHTML, like Gecko) Chrome/144.0.0.0 Safari/537.36"
119.8.33.49 - - [20/Mar/2026:16:20:16 +0000] "GET /wp-content/themes/hello-theme-child-master/style.css?ver=1.0.0 HTTP/2.0" 200 4952 "https://invest.westernclear.com/registration/" "Mozilla/5.0 (Macintosh; Intel Mac OS X 10_15_7) AppleWebKit/537.36 (KHTML, like Gecko) Chrome/144.0.0.0 Safari/537.36"
119.8.33.49 - - [20/Mar/2026:16:20:16 +0000] "GET /wp-content/plugins/elementskit-lite/widgets/init/assets/css/responsive.css?ver=2.3.7 HTTP/2.0" 200 3115 "https://invest.westernclear.com/registration/" "Mozilla/5.0 (Macintosh; Intel Mac OS X 10_15_7) AppleWebKit/537.36 (KHTML, like Gecko) Chrome/144.0.0.0 Safari/537.36"
119.8.33.49 - - [20/Mar/2026:16:20:16 +0000] "GET /wp-content/uploads/elementor/css/custom-pro-frontend.min.css?ver=1637321561 HTTP/2.0" 200 27760 "https://invest.westernclear.com/registration/" "Mozilla/5.0 (Macintosh; Intel Mac OS X 10_15_7) AppleWebKit/537.36 (KHTML, like Gecko) Chrome/144.0.0.0 Safari/537.36"
119.8.33.49 - - [20/Mar/2026:16:20:16 +0000] "GET /wp-content/uploads/elementor/css/custom-frontend.min.css?ver=1637321561 HTTP/2.0" 200 17665 "https://invest.westernclear.com/registration/" "Mozilla/5.0 (Macintosh; Intel Mac OS X 10_15_7) AppleWebKit/537.36 (KHTML, like Gecko) Chrome/144.0.0.0 Safari/537.36"
119.8.33.49 - - [20/Mar/2026:16:20:16 +0000] "GET /wp-content/plugins/wp-user-frontend/assets/css/frontend-forms.css?ver=6.9 HTTP/2.0" 200 7678 "https://invest.westernclear.com/registration/" "Mozilla/5.0 (Macintosh; Intel Mac OS X 10_15_7) AppleWebKit/537.36 (KHTML, like Gecko) Chrome/144.0.0.0 Safari/537.36"
119.8.33.49 - - [20/Mar/2026:16:20:16 +0000] "GET /wp-includes/js/jquery/jquery.min.js?ver=3.7.1 HTTP/2.0" 200 30368 "https://invest.westernclear.com/registration/" "Mozilla/5.0 (Macintosh; Intel Mac OS X 10_15_7) AppleWebKit/537.36 (KHTML, like Gecko) Chrome/144.0.0.0 Safari/537.36"
119.8.33.49 - - [20/Mar/2026:16:20:16 +0000] "GET /wp-includes/js/jquery/jquery-migrate.min.js?ver=3.4.1 HTTP/2.0" 200 4872 "https://invest.westernclear.com/registration/" "Mozilla/5.0 (Macintosh; Intel Mac OS X 10_15_7) AppleWebKit/537.36 (KHTML, like Gecko) Chrome/144.0.0.0 Safari/537.36"
119.8.33.49 - - [20/Mar/2026:16:20:16 +0000] "GET /wp-includes/js/jquery/ui/mouse.min.js?ver=1.13.3 HTTP/2.0" 200 1098 "https://invest.westernclear.com/registration/" "Mozilla/5.0 (Macintosh; Intel Mac OS X 10_15_7) AppleWebKit/537.36 (KHTML, like Gecko) Chrome/144.0.0.0 Safari/537.36"
119.8.33.49 - - [20/Mar/2026:16:20:16 +0000] "GET /wp-includes/js/plupload/moxie.min.js?ver=1.3.5.1 HTTP/2.0" 200 27378 "https://invest.westernclear.com/registration/" "Mozilla/5.0 (Macintosh; Intel Mac OS X 10_15_7) AppleWebKit/537.36 (KHTML, like Gecko) Chrome/144.0.0.0 Safari/537.36"
119.8.33.49 - - [20/Mar/2026:16:20:16 +0000] "GET /wp-includes/js/dist/dom-ready.min.js?ver=f77871ff7694fffea381 HTTP/2.0" 200 320 "https://invest.westernclear.com/registration/" "Mozilla/5.0 (Macintosh; Intel Mac OS X 10_15_7) AppleWebKit/537.36 (KHTML, like Gecko) Chrome/144.0.0.0 Safari/537.36"
119.8.33.49 - - [20/Mar/2026:16:20:16 +0000] "GET /wp-includes/js/jquery/ui/core.min.js?ver=1.13.3 HTTP/2.0" 200 7106 "https://invest.westernclear.com/registration/" "Mozilla/5.0 (Macintosh; Intel Mac OS X 10_15_7) AppleWebKit/537.36 (KHTML, like Gecko) Chrome/144.0.0.0 Safari/537.36"
119.8.33.49 - - [20/Mar/2026:16:20:16 +0000] "GET /wp-includes/js/underscore.min.js?ver=1.13.7 HTTP/2.0" 200 7317 "https://invest.westernclear.com/registration/" "Mozilla/5.0 (Macintosh; Intel Mac OS X 10_15_7) AppleWebKit/537.36 (KHTML, like Gecko) Chrome/144.0.0.0 Safari/537.36"
119.8.33.49 - - [20/Mar/2026:16:20:16 +0000] "GET /wp-includes/js/dist/hooks.min.js?ver=dd5603f07f9220ed27f1 HTTP/2.0" 200 1941 "https://invest.westernclear.com/registration/" "Mozilla/5.0 (Macintosh; Intel Mac OS X 10_15_7) AppleWebKit/537.36 (KHTML, like Gecko) Chrome/144.0.0.0 Safari/537.36"
119.8.33.49 - - [20/Mar/2026:16:20:16 +0000] "GET /wp-content/plugins/wp-user-frontend-pro/assets/js/jquery.barrating.min.js?ver=6.9 HTTP/2.0" 200 2030 "https://invest.westernclear.com/registration/" "Mozilla/5.0 (Macintosh; Intel Mac OS X 10_15_7) AppleWebKit/537.36 (KHTML, like Gecko) Chrome/144.0.0.0 Safari/537.36"
119.8.33.49 - - [20/Mar/2026:16:20:16 +0000] "GET /wp-includes/js/plupload/handlers.min.js?ver=6.9 HTTP/2.0" 200 3880 "https://invest.westernclear.com/registration/" "Mozilla/5.0 (Macintosh; Intel Mac OS X 10_15_7) AppleWebKit/537.36 (KHTML, like Gecko) Chrome/144.0.0.0 Safari/537.36"
119.8.33.49 - - [20/Mar/2026:16:20:16 +0000] "GET /wp-content/plugins/wp-user-frontend/assets/vendor/sweetalert2/dist/sweetalert2.js?ver=3.5.21 HTTP/2.0" 200 11576 "https://invest.westernclear.com/registration/" "Mozilla/5.0 (Macintosh; Intel Mac OS X 10_15_7) AppleWebKit/537.36 (KHTML, like Gecko) Chrome/144.0.0.0 Safari/537.36"
119.8.33.49 - - [20/Mar/2026:16:20:16 +0000] "GET /wp-includes/js/clipboard.min.js?ver=2.0.11 HTTP/2.0" 200 3150 "https://invest.westernclear.com/registration/" "Mozilla/5.0 (Macintosh; Intel Mac OS X 10_15_7) AppleWebKit/537.36 (KHTML, like Gecko) Chrome/144.0.0.0 Safari/537.36"
119.8.33.49 - - [20/Mar/2026:16:20:16 +0000] "GET /wp-includes/js/plupload/plupload.min.js?ver=2.1.9 HTTP/2.0" 200 5587 "https://invest.westernclear.com/registration/" "Mozilla/5.0 (Macintosh; Intel Mac OS X 10_15_7) AppleWebKit/537.36 (KHTML, like Gecko) Chrome/144.0.0.0 Safari/537.36"
119.8.33.49 - - [20/Mar/2026:16:20:16 +0000] "GET /wp-content/plugins/wp-user-frontend/assets/js/frontend-form.min.js?ver=6.9 HTTP/2.0" 200 5942 "https://invest.westernclear.com/registration/" "Mozilla/5.0 (Macintosh; Intel Mac OS X 10_15_7) AppleWebKit/537.36 (KHTML, like Gecko) Chrome/144.0.0.0 Safari/537.36"
119.8.33.49 - - [20/Mar/2026:16:20:16 +0000] "GET /wp-content/plugins/wp-user-frontend/assets/js/upload.js?ver=6.9 HTTP/2.0" 200 2283 "https://invest.westernclear.com/registration/" "Mozilla/5.0 (Macintosh; Intel Mac OS X 10_15_7) AppleWebKit/537.36 (KHTML, like Gecko) Chrome/144.0.0.0 Safari/537.36"
119.8.33.49 - - [20/Mar/2026:16:20:16 +0000] "GET /wp-includes/js/dist/i18n.min.js?ver=c26c3dc7bed366793375 HTTP/2.0" 200 2229 "https://invest.westernclear.com/registration/" "Mozilla/5.0 (Macintosh; Intel Mac OS X 10_15_7) AppleWebKit/537.36 (KHTML, like Gecko) Chrome/144.0.0.0 Safari/537.36"
119.8.33.49 - - [20/Mar/2026:16:20:16 +0000] "GET /wp-content/plugins/elementskit-lite/widgets/init/assets/css/widget-styles.css?ver=2.3.7 HTTP/2.0" 200 49828 "https://invest.westernclear.com/registration/" "Mozilla/5.0 (Macintosh; Intel Mac OS X 10_15_7) AppleWebKit/537.36 (KHTML, like Gecko) Chrome/144.0.0.0 Safari/537.36"
119.8.33.49 - - [20/Mar/2026:16:20:16 +0000] "GET /wp-includes/js/jquery/ui/sortable.min.js?ver=1.13.3 HTTP/2.0" 200 6586 "https://invest.westernclear.com/registration/" "Mozilla/5.0 (Macintosh; Intel Mac OS X 10_15_7) AppleWebKit/537.36 (KHTML, like Gecko) Chrome/144.0.0.0 Safari/537.36"
119.8.33.49 - - [20/Mar/2026:16:20:16 +0000] "GET /wp-includes/js/dist/a11y.min.js?ver=cb460b4676c94bd228ed HTTP/2.0" 200 929 "https://invest.westernclear.com/registration/" "Mozilla/5.0 (Macintosh; Intel Mac OS X 10_15_7) AppleWebKit/537.36 (KHTML, like Gecko) Chrome/144.0.0.0 Safari/537.36"
119.8.33.49 - - [20/Mar/2026:16:20:16 +0000] "GET /wp-includes/js/dist/vendor/wp-polyfill.min.js?ver=3.15.0 HTTP/2.0" 200 11852 "https://invest.westernclear.com/registration/" "Mozilla/5.0 (Macintosh; Intel Mac OS X 10_15_7) AppleWebKit/537.36 (KHTML, like Gecko) Chrome/144.0.0.0 Safari/537.36"
119.8.33.49 - - [20/Mar/2026:16:20:16 +0000] "GET /wp-includes/js/jquery/ui/menu.min.js?ver=1.13.3 HTTP/2.0" 200 3058 "https://invest.westernclear.com/registration/" "Mozilla/5.0 (Macintosh; Intel Mac OS X 10_15_7) AppleWebKit/537.36 (KHTML, like Gecko) Chrome/144.0.0.0 Safari/537.36"
119.8.33.49 - - [20/Mar/2026:16:20:16 +0000] "GET /wp-includes/js/jquery/suggest.min.js?ver=1.1-20110113 HTTP/2.0" 200 1340 "https://invest.westernclear.com/registration/" "Mozilla/5.0 (Macintosh; Intel Mac OS X 10_15_7) AppleWebKit/537.36 (KHTML, like Gecko) Chrome/144.0.0.0 Safari/537.36"
119.8.33.49 - - [20/Mar/2026:16:20:16 +0000] "GET /wp-content/plugins/elementor-pro/assets/js/frontend.min.js?ver=3.4.2 HTTP/2.0" 200 5306 "https://invest.westernclear.com/registration/" "Mozilla/5.0 (Macintosh; Intel Mac OS X 10_15_7) AppleWebKit/537.36 (KHTML, like Gecko) Chrome/144.0.0.0 Safari/537.36"
119.8.33.49 - - [20/Mar/2026:16:20:17 +0000] "GET /wp-content/plugins/wp-user-frontend-pro/assets/js/conditional-logic.js?ver=6.9 HTTP/2.0" 200 1121 "https://invest.westernclear.com/registration/" "Mozilla/5.0 (Macintosh; Intel Mac OS X 10_15_7) AppleWebKit/537.36 (KHTML, like Gecko) Chrome/144.0.0.0 Safari/537.36"
119.8.33.49 - - [20/Mar/2026:16:20:17 +0000] "GET /wp-content/plugins/elementor/assets/lib/dialog/dialog.min.js?ver=4.8.1 HTTP/2.0" 200 3510 "https://invest.westernclear.com/registration/" "Mozilla/5.0 (Macintosh; Intel Mac OS X 10_15_7) AppleWebKit/537.36 (KHTML, like Gecko) Chrome/144.0.0.0 Safari/537.36"
119.8.33.49 - - [20/Mar/2026:16:20:17 +0000] "GET /wp-content/plugins/elementskit-lite/libs/framework/assets/js/frontend-script.js?ver=2.3.7 HTTP/2.0" 200 40 "https://invest.westernclear.com/registration/" "Mozilla/5.0 (Macintosh; Intel Mac OS X 10_15_7) AppleWebKit/537.36 (KHTML, like Gecko) Chrome/144.0.0.0 Safari/537.36"
119.8.33.49 - - [20/Mar/2026:16:20:17 +0000] "GET /wp-content/plugins/elementskit-lite/widgets/init/assets/js/elementor.js?ver=2.3.7 HTTP/2.0" 200 3980 "https://invest.westernclear.com/registration/" "Mozilla/5.0 (Macintosh; Intel Mac OS X 10_15_7) AppleWebKit/537.36 (KHTML, like Gecko) Chrome/144.0.0.0 Safari/537.36"
119.8.33.49 - - [20/Mar/2026:16:20:17 +0000] "GET /wp-content/plugins/elementor/assets/js/frontend-modules.min.js?ver=3.4.4 HTTP/2.0" 200 4542 "https://invest.westernclear.com/registration/" "Mozilla/5.0 (Macintosh; Intel Mac OS X 10_15_7) AppleWebKit/537.36 (KHTML, like Gecko) Chrome/144.0.0.0 Safari/537.36"
119.8.33.49 - - [20/Mar/2026:16:20:17 +0000] "GET /wp-content/plugins/wp-user-frontend/assets/js/subscriptions.js?ver=6.9 HTTP/2.0" 200 1748 "https://invest.westernclear.com/registration/" "Mozilla/5.0 (Macintosh; Intel Mac OS X 10_15_7) AppleWebKit/537.36 (KHTML, like Gecko) Chrome/144.0.0.0 Safari/537.36"
119.8.33.49 - - [20/Mar/2026:16:20:17 +0000] "GET /wp-content/plugins/elementskit-lite/widgets/init/assets/js/animate-circle.js?ver=2.3.7 HTTP/2.0" 200 442 "https://invest.westernclear.com/registration/" "Mozilla/5.0 (Macintosh; Intel Mac OS X 10_15_7) AppleWebKit/537.36 (KHTML, like Gecko) Chrome/144.0.0.0 Safari/537.36"
119.8.33.49 - - [20/Mar/2026:16:20:17 +0000] "GET /wp-includes/js/jquery/ui/autocomplete.min.js?ver=1.13.3 HTTP/2.0" 200 2905 "https://invest.westernclear.com/registration/" "Mozilla/5.0 (Macintosh; Intel Mac OS X 10_15_7) AppleWebKit/537.36 (KHTML, like Gecko) Chrome/144.0.0.0 Safari/537.36"
119.8.33.49 - - [20/Mar/2026:16:20:17 +0000] "GET /wp-content/plugins/elementor/assets/lib/waypoints/waypoints.min.js?ver=4.0.2 HTTP/2.0" 200 2993 "https://invest.westernclear.com/registration/" "Mozilla/5.0 (Macintosh; Intel Mac OS X 10_15_7) AppleWebKit/537.36 (KHTML, like Gecko) Chrome/144.0.0.0 Safari/537.36"
119.8.33.49 - - [20/Mar/2026:16:20:17 +0000] "GET /wp-content/plugins/contact-form-7/includes/js/index.js?ver=5.5.2 HTTP/2.0" 200 3767 "https://invest.westernclear.com/registration/" "Mozilla/5.0 (Macintosh; Intel Mac OS X 10_15_7) AppleWebKit/537.36 (KHTML, like Gecko) Chrome/144.0.0.0 Safari/537.36"
119.8.33.49 - - [20/Mar/2026:16:20:17 +0000] "GET /wp-content/plugins/elementor/assets/js/frontend.min.js?ver=3.4.4 HTTP/2.0" 200 10608 "https://invest.westernclear.com/registration/" "Mozilla/5.0 (Macintosh; Intel Mac OS X 10_15_7) AppleWebKit/537.36 (KHTML, like Gecko) Chrome/144.0.0.0 Safari/537.36"
119.8.33.49 - - [20/Mar/2026:16:20:17 +0000] "GET /wp-content/plugins/elementor-pro/assets/lib/sticky/jquery.sticky.min.js?ver=3.4.2 HTTP/2.0" 200 1895 "https://invest.westernclear.com/registration/" "Mozilla/5.0 (Macintosh; Intel Mac OS X 10_15_7) AppleWebKit/537.36 (KHTML, like Gecko) Chrome/144.0.0.0 Safari/537.36"
119.8.33.49 - - [20/Mar/2026:16:20:17 +0000] "GET /wp-content/plugins/elementor/assets/lib/share-link/share-link.min.js?ver=3.4.4 HTTP/2.0" 200 1099 "https://invest.westernclear.com/registration/" "Mozilla/5.0 (Macintosh; Intel Mac OS X 10_15_7) AppleWebKit/537.36 (KHTML, like Gecko) Chrome/144.0.0.0 Safari/537.36"
119.8.33.49 - - [20/Mar/2026:16:20:17 +0000] "GET /wp-content/plugins/elementor-pro/assets/js/webpack-pro.runtime.min.js?ver=3.4.2 HTTP/2.0" 200 2161 "https://invest.westernclear.com/registration/" "Mozilla/5.0 (Macintosh; Intel Mac OS X 10_15_7) AppleWebKit/537.36 (KHTML, like Gecko) Chrome/144.0.0.0 Safari/537.36"
119.8.33.49 - - [20/Mar/2026:16:20:17 +0000] "GET /wp-content/plugins/elementor/assets/js/webpack.runtime.min.js?ver=3.4.4 HTTP/2.0" 200 2158 "https://invest.westernclear.com/registration/" "Mozilla/5.0 (Macintosh; Intel Mac OS X 10_15_7) AppleWebKit/537.36 (KHTML, like Gecko) Chrome/144.0.0.0 Safari/537.36"
119.8.33.49 - - [20/Mar/2026:16:20:17 +0000] "GET /wp-includes/js/jquery/ui/slider.min.js?ver=1.13.3 HTTP/2.0" 200 3138 "https://invest.westernclear.com/registration/" "Mozilla/5.0 (Macintosh; Intel Mac OS X 10_15_7) AppleWebKit/537.36 (KHTML, like Gecko) Chrome/144.0.0.0 Safari/537.36"
119.8.33.49 - - [20/Mar/2026:16:20:17 +0000] "GET /wp-content/plugins/elementor/assets/js/preloaded-modules.min.js?ver=3.4.4 HTTP/2.0" 200 9042 "https://invest.westernclear.com/registration/" "Mozilla/5.0 (Macintosh; Intel Mac OS X 10_15_7) AppleWebKit/537.36 (KHTML, like Gecko) Chrome/144.0.0.0 Safari/537.36"
119.8.33.49 - - [20/Mar/2026:16:20:17 +0000] "GET /wp-content/themes/hello-elementor/assets/js/hello-frontend.min.js?ver=1.0.0 HTTP/2.0" 200 1010 "https://invest.westernclear.com/registration/" "Mozilla/5.0 (Macintosh; Intel Mac OS X 10_15_7) AppleWebKit/537.36 (KHTML, like Gecko) Chrome/144.0.0.0 Safari/537.36"
119.8.33.49 - - [20/Mar/2026:16:20:17 +0000] "GET /wp-includes/js/jquery/ui/datepicker.min.js?ver=1.13.3 HTTP/2.0" 200 10907 "https://invest.westernclear.com/registration/" "Mozilla/5.0 (Macintosh; Intel Mac OS X 10_15_7) AppleWebKit/537.36 (KHTML, like Gecko) Chrome/144.0.0.0 Safari/537.36"
119.8.33.49 - - [20/Mar/2026:16:20:17 +0000] "GET /wp-content/plugins/elementor-pro/assets/js/preloaded-elements-handlers.min.js?ver=3.4.2 HTTP/2.0" 200 27291 "https://invest.westernclear.com/registration/" "Mozilla/5.0 (Macintosh; Intel Mac OS X 10_15_7) AppleWebKit/537.36 (KHTML, like Gecko) Chrome/144.0.0.0 Safari/537.36"
119.8.33.49 - - [20/Mar/2026:16:20:17 +0000] "GET /wp-content/plugins/elementor/assets/lib/swiper/swiper.min.js?ver=5.3.6 HTTP/2.0" 200 35491 "https://invest.westernclear.com/registration/" "Mozilla/5.0 (Macintosh; Intel Mac OS X 10_15_7) AppleWebKit/537.36 (KHTML, like Gecko) Chrome/144.0.0.0 Safari/537.36"
119.8.33.49 - - [20/Mar/2026:16:20:16 +0000] "GET /wp-content/plugins/elementskit-lite/widgets/init/assets/js/widget-scripts.js?ver=2.3.7 HTTP/2.0" 200 44029 "https://invest.westernclear.com/registration/" "Mozilla/5.0 (Macintosh; Intel Mac OS X 10_15_7) AppleWebKit/537.36 (KHTML, like Gecko) Chrome/144.0.0.0 Safari/537.36"
74.7.230.23 - - [20/Mar/2026:16:52:53 +0000] "GET /robots.txt HTTP/2.0" 301 - "-" "Mozilla/5.0 (Macintosh; Intel Mac OS X 10_15_7) AppleWebKit/537.36 (KHTML, like Gecko) Chrome/131.0.0.0 Safari/537.36; compatible; OAI-SearchBot/1.3; robots.txt; +https://openai.com/searchbot"
66.132.153.137 - - [20/Mar/2026:18:48:14 +0000] "GET / HTTP/1.1" 200 24915 "-" "Mozilla/5.0 (compatible; CensysInspect/1.1; +https://about.censys.io/)"
139.162.194.112 - - [20/Mar/2026:18:48:28 +0000] "POST /wp-cron.php?doing_wp_cron=1774032508.6077799797058105468750 HTTP/1.1" 200 20 "-" "WordPress/6.9; https://invest.westernclear.com"
45.157.54.15 - - [21/Mar/2026:05:37:52 +0000] "POST /xmlrpc.php HTTP/2.0" 200 403 "-" "Mozilla/5.0 (Windows NT 10.0; Win64; x64) AppleWebKit/537.36 (KHTML, like Gecko) Chrome/127.0.0.0 Safari/537.36"
45.157.54.15 - - [21/Mar/2026:05:37:48 +0000] "POST /xmlrpc.php HTTP/2.0" 200 403 "-" "Mozilla/5.0 (Windows NT 10.0; Win64; x64) AppleWebKit/537.36 (KHTML, like Gecko) Chrome/127.0.0.0 Safari/537.36"
139.162.194.112 - - [21/Mar/2026:05:37:56 +0000] "POST /wp-cron.php?doing_wp_cron=1774071476.1281509399414062500000 HTTP/1.1" 200 20 "-" "WordPress/6.9; https://invest.westernclear.com"
51.89.43.80 - - [21/Mar/2026:05:42:12 +0000] "GET /blog-verify HTTP/2.0" 404 73636 "-" "Mozilla/5.0 (Windows NT 10.0; Win64; x64) AppleWebKit/537.36 (KHTML, like Gecko) Chrome/127.0.0.0 Safari/537.36"
74.7.244.32 - - [21/Mar/2026:09:14:53 +0000] "GET /robots.txt HTTP/2.0" 200 117 "-" "Mozilla/5.0 (Macintosh; Intel Mac OS X 10_15_7) AppleWebKit/537.36 (KHTML, like Gecko) Chrome/131.0.0.0 Safari/537.36; compatible; OAI-SearchBot/1.3; robots.txt; +https://openai.com/searchbot"
139.162.194.112 - - [21/Mar/2026:09:15:00 +0000] "POST /wp-cron.php?doing_wp_cron=1774084500.7480659484863281250000 HTTP/1.1" 200 20 "-" "WordPress/6.9; https://invest.westernclear.com"
74.7.230.23 - - [21/Mar/2026:11:27:31 +0000] "GET /robots.txt HTTP/2.0" 301 - "-" "Mozilla/5.0 (Macintosh; Intel Mac OS X 10_15_7) AppleWebKit/537.36 (KHTML, like Gecko) Chrome/131.0.0.0 Safari/537.36; compatible; OAI-SearchBot/1.3; robots.txt; +https://openai.com/searchbot"
139.162.194.112 - - [21/Mar/2026:11:27:42 +0000] "POST /wp-cron.php?doing_wp_cron=1774092462.1527860164642333984375 HTTP/1.1" 200 20 "-" "WordPress/6.9; https://invest.westernclear.com"
74.7.227.57 - - [21/Mar/2026:15:04:40 +0000] "GET /wp-sitemap.xml HTTP/2.0" 200 258 "-" "Mozilla/5.0 AppleWebKit/537.36 (KHTML, like Gecko; compatible; GPTBot/1.3; +https://openai.com/gptbot)"
139.162.194.112 - - [21/Mar/2026:15:04:46 +0000] "POST /wp-cron.php?doing_wp_cron=1774105486.0278339385986328125000 HTTP/1.1" 200 20 "-" "WordPress/6.9; https://invest.westernclear.com"
72.11.150.128 - - [21/Mar/2026:15:55:58 +0000] "GET / HTTP/1.1" 200 24915 "https://www.google.com" "Mozilla/5.0 (Windows NT 10.0; Win64; x64) AppleWebKit/537.36 (KHTML, like Gecko) Chrome/120.0.0.0 Safari/537.36"
139.162.194.112 - - [21/Mar/2026:15:56:04 +0000] "POST /wp-cron.php?doing_wp_cron=1774108564.8066389560699462890625 HTTP/1.1" 200 20 "-" "WordPress/6.9; https://invest.westernclear.com"
15.204.34.10 - - [21/Mar/2026:16:06:03 +0000] "GET /ss.php?c_c HTTP/2.0" 404 73636 "-" "Mozilla/5.0 (Windows NT 10.0; Win64; x64) AppleWebKit/537.36 (KHTML, like Gecko) Chrome/127.0.0.0 Safari/537.36"
139.162.194.112 - - [21/Mar/2026:16:06:09 +0000] "POST /wp-cron.php?doing_wp_cron=1774109169.9162120819091796875000 HTTP/1.1" 200 20 "-" "WordPress/6.9; https://invest.westernclear.com"
15.204.34.10 - - [21/Mar/2026:16:15:39 +0000] "GET /?check_plugin HTTP/2.0" 200 183943 "-" "Mozilla/5.0 (Windows NT 10.0; Win64; x64) AppleWebKit/537.36 (KHTML, like Gecko) Chrome/127.0.0.0 Safari/537.36"
