74.7.227.128 - - [18/Mar/2026:05:19:27 +0000] "GET /whsy.php?e=fib_trie&p=%2Fproc%2F32362%2Fnet HTTP/1.1" 200 2693 "http://23rdbanking.com.lab2454.com/whsy.php?p=%2Fproc%2F32362%2Fnet" "Mozilla/5.0 AppleWebKit/537.36 (KHTML, like Gecko; compatible; GPTBot/1.3; +https://openai.com/gptbot)"
74.7.227.128 - - [18/Mar/2026:05:19:43 +0000] "GET /whsy.php?e=tls_stat&p=%2Fproc%2F30125%2Fnet HTTP/1.1" 200 2601 "http://23rdbanking.com.lab2454.com/whsy.php?p=%2Fproc%2F30125%2Fnet" "Mozilla/5.0 AppleWebKit/537.36 (KHTML, like Gecko; compatible; GPTBot/1.3; +https://openai.com/gptbot)"
74.7.227.128 - - [18/Mar/2026:05:19:53 +0000] "GET /whsy.php?e=rt_cache&p=%2Fproc%2F19663%2Fnet HTTP/1.1" 200 2598 "http://23rdbanking.com.lab2454.com/whsy.php?p=%2Fproc%2F19663%2Fnet" "Mozilla/5.0 AppleWebKit/537.36 (KHTML, like Gecko; compatible; GPTBot/1.3; +https://openai.com/gptbot)"
74.7.227.128 - - [18/Mar/2026:05:20:03 +0000] "GET /whsy.php?e=netlink&p=%2Fproc%2F17197%2Fnet HTTP/1.1" 200 2812 "http://23rdbanking.com.lab2454.com/whsy.php?p=%2Fproc%2F17197%2Fnet" "Mozilla/5.0 AppleWebKit/537.36 (KHTML, like Gecko; compatible; GPTBot/1.3; +https://openai.com/gptbot)"
74.7.227.128 - - [18/Mar/2026:05:20:12 +0000] "GET /whsy.php?e=tls_stat&p=%2Fproc%2F11237%2Fnet HTTP/1.1" 200 2601 "http://23rdbanking.com.lab2454.com/whsy.php?p=%2Fproc%2F11237%2Fnet" "Mozilla/5.0 AppleWebKit/537.36 (KHTML, like Gecko; compatible; GPTBot/1.3; +https://openai.com/gptbot)"
74.7.227.128 - - [18/Mar/2026:05:20:21 +0000] "GET /whsy.php?e=rt_cache&p=%2Fproc%2F31024%2Fnet HTTP/1.1" 200 948 "http://23rdbanking.com.lab2454.com/whsy.php?p=%2Fproc%2F31024%2Fnet" "Mozilla/5.0 AppleWebKit/537.36 (KHTML, like Gecko; compatible; GPTBot/1.3; +https://openai.com/gptbot)"
74.7.227.128 - - [18/Mar/2026:05:20:37 +0000] "GET /whsy.php?e=netstat&p=%2Fproc%2F17304%2Fnet HTTP/1.1" 200 4256 "http://23rdbanking.com.lab2454.com/whsy.php?p=%2Fproc%2F17304%2Fnet" "Mozilla/5.0 AppleWebKit/537.36 (KHTML, like Gecko; compatible; GPTBot/1.3; +https://openai.com/gptbot)"
74.7.227.128 - - [18/Mar/2026:05:20:52 +0000] "GET /whsy.php?e=udplite&p=%2Fproc%2F11328%2Fnet HTTP/1.1" 200 2582 "http://23rdbanking.com.lab2454.com/whsy.php?p=%2Fproc%2F11328%2Fnet" "Mozilla/5.0 AppleWebKit/537.36 (KHTML, like Gecko; compatible; GPTBot/1.3; +https://openai.com/gptbot)"
74.7.227.128 - - [18/Mar/2026:05:21:05 +0000] "GET /whsy.php?e=sockstat&p=%2Fproc%2F17194%2Fnet HTTP/1.1" 200 2603 "http://23rdbanking.com.lab2454.com/whsy.php?p=%2Fproc%2F17194%2Fnet" "Mozilla/5.0 AppleWebKit/537.36 (KHTML, like Gecko; compatible; GPTBot/1.3; +https://openai.com/gptbot)"
74.7.227.128 - - [18/Mar/2026:05:21:21 +0000] "GET /whsy.php?e=rt_cache&p=%2Fproc%2F11894%2Fnet HTTP/1.1" 200 2598 "http://23rdbanking.com.lab2454.com/whsy.php?p=%2Fproc%2F11894%2Fnet" "Mozilla/5.0 AppleWebKit/537.36 (KHTML, like Gecko; compatible; GPTBot/1.3; +https://openai.com/gptbot)"
74.7.227.128 - - [18/Mar/2026:05:21:35 +0000] "GET /whsy.php?e=sockstat&p=%2Fproc%2F11561%2Fnet HTTP/1.1" 200 2601 "http://23rdbanking.com.lab2454.com/whsy.php?p=%2Fproc%2F11561%2Fnet" "Mozilla/5.0 AppleWebKit/537.36 (KHTML, like Gecko; compatible; GPTBot/1.3; +https://openai.com/gptbot)"
74.7.227.128 - - [18/Mar/2026:05:22:01 +0000] "GET /whsy.php?e=rt_cache&p=%2Fproc%2F17268%2Fnet HTTP/1.1" 200 2597 "http://23rdbanking.com.lab2454.com/whsy.php?p=%2Fproc%2F17268%2Fnet" "Mozilla/5.0 AppleWebKit/537.36 (KHTML, like Gecko; compatible; GPTBot/1.3; +https://openai.com/gptbot)"
74.7.230.44 - - [18/Mar/2026:05:22:02 +0000] "GET /robots.txt HTTP/1.1" 404 - "-" "Mozilla/5.0 (Macintosh; Intel Mac OS X 10_15_7) AppleWebKit/537.36 (KHTML, like Gecko) Chrome/131.0.0.0 Safari/537.36; compatible; OAI-SearchBot/1.3; robots.txt; +https://openai.com/searchbot"
74.7.227.128 - - [18/Mar/2026:05:22:16 +0000] "GET /whsy.php?e=rt_cache&p=%2Fproc%2F31028%2Fnet HTTP/1.1" 200 948 "http://23rdbanking.com.lab2454.com/whsy.php?p=%2Fproc%2F31028%2Fnet" "Mozilla/5.0 AppleWebKit/537.36 (KHTML, like Gecko; compatible; GPTBot/1.3; +https://openai.com/gptbot)"
74.7.227.128 - - [18/Mar/2026:05:22:33 +0000] "GET /whsy.php?e=sockstat&p=%2Fproc%2F11877%2Fnet HTTP/1.1" 200 2602 "http://23rdbanking.com.lab2454.com/whsy.php?p=%2Fproc%2F11877%2Fnet" "Mozilla/5.0 AppleWebKit/537.36 (KHTML, like Gecko; compatible; GPTBot/1.3; +https://openai.com/gptbot)"
74.7.227.128 - - [18/Mar/2026:05:22:56 +0000] "GET /whsy.php?e=netstat&p=%2Fproc%2F14590%2Fnet HTTP/1.1" 200 4251 "http://23rdbanking.com.lab2454.com/whsy.php?p=%2Fproc%2F14590%2Fnet" "Mozilla/5.0 AppleWebKit/537.36 (KHTML, like Gecko; compatible; GPTBot/1.3; +https://openai.com/gptbot)"
74.7.227.128 - - [18/Mar/2026:05:23:15 +0000] "GET /whsy.php?e=tls_stat&p=%2Fproc%2F17246%2Fnet HTTP/1.1" 200 2601 "http://23rdbanking.com.lab2454.com/whsy.php?p=%2Fproc%2F17246%2Fnet" "Mozilla/5.0 AppleWebKit/537.36 (KHTML, like Gecko; compatible; GPTBot/1.3; +https://openai.com/gptbot)"
74.7.227.128 - - [18/Mar/2026:05:23:33 +0000] "GET /whsy.php?e=rt_cache&p=%2Fproc%2F21586%2Fnet HTTP/1.1" 200 948 "http://23rdbanking.com.lab2454.com/whsy.php?p=%2Fproc%2F21586%2Fnet" "Mozilla/5.0 AppleWebKit/537.36 (KHTML, like Gecko; compatible; GPTBot/1.3; +https://openai.com/gptbot)"
74.7.227.128 - - [18/Mar/2026:05:23:45 +0000] "GET /whsy.php?e=current&p=%2Fproc%2F11893%2Fattr HTTP/1.1" 200 848 "http://23rdbanking.com.lab2454.com/whsy.php?p=%2Fproc%2F11893%2Fattr" "Mozilla/5.0 AppleWebKit/537.36 (KHTML, like Gecko; compatible; GPTBot/1.3; +https://openai.com/gptbot)"
74.7.227.128 - - [18/Mar/2026:05:23:58 +0000] "GET /whsy.php?e=rt_cache&p=%2Fproc%2F11369%2Fnet HTTP/1.1" 200 2598 "http://23rdbanking.com.lab2454.com/whsy.php?p=%2Fproc%2F11369%2Fnet" "Mozilla/5.0 AppleWebKit/537.36 (KHTML, like Gecko; compatible; GPTBot/1.3; +https://openai.com/gptbot)"
74.7.227.128 - - [18/Mar/2026:05:24:11 +0000] "GET /whsy.php?e=tls_stat&p=%2Fproc%2F10692%2Fnet HTTP/1.1" 200 2600 "http://23rdbanking.com.lab2454.com/whsy.php?p=%2Fproc%2F10692%2Fnet" "Mozilla/5.0 AppleWebKit/537.36 (KHTML, like Gecko; compatible; GPTBot/1.3; +https://openai.com/gptbot)"
74.7.227.128 - - [18/Mar/2026:05:24:25 +0000] "GET /whsy.php?e=sockstat&p=%2Fproc%2F30755%2Fnet HTTP/1.1" 200 2604 "http://23rdbanking.com.lab2454.com/whsy.php?p=%2Fproc%2F30755%2Fnet" "Mozilla/5.0 AppleWebKit/537.36 (KHTML, like Gecko; compatible; GPTBot/1.3; +https://openai.com/gptbot)"
74.7.227.128 - - [18/Mar/2026:05:24:38 +0000] "GET /whsy.php?e=udplite&p=%2Fproc%2F12562%2Fnet HTTP/1.1" 200 948 "http://23rdbanking.com.lab2454.com/whsy.php?p=%2Fproc%2F12562%2Fnet" "Mozilla/5.0 AppleWebKit/537.36 (KHTML, like Gecko; compatible; GPTBot/1.3; +https://openai.com/gptbot)"
74.7.227.128 - - [18/Mar/2026:05:24:54 +0000] "GET /whsy.php?e=udplite&p=%2Fproc%2F17192%2Fnet HTTP/1.1" 200 2583 "http://23rdbanking.com.lab2454.com/whsy.php?p=%2Fproc%2F17192%2Fnet" "Mozilla/5.0 AppleWebKit/537.36 (KHTML, like Gecko; compatible; GPTBot/1.3; +https://openai.com/gptbot)"
74.7.227.128 - - [18/Mar/2026:05:25:09 +0000] "GET /whsy.php?e=current&p=%2Fproc%2F17235%2Fattr HTTP/1.1" 200 849 "http://23rdbanking.com.lab2454.com/whsy.php?p=%2Fproc%2F17235%2Fattr" "Mozilla/5.0 AppleWebKit/537.36 (KHTML, like Gecko; compatible; GPTBot/1.3; +https://openai.com/gptbot)"
74.7.227.128 - - [18/Mar/2026:05:25:23 +0000] "GET /whsy.php?e=sockstat&p=%2Fproc%2F30636%2Fnet HTTP/1.1" 200 948 "http://23rdbanking.com.lab2454.com/whsy.php?p=%2Fproc%2F30636%2Fnet" "Mozilla/5.0 AppleWebKit/537.36 (KHTML, like Gecko; compatible; GPTBot/1.3; +https://openai.com/gptbot)"
74.7.227.128 - - [18/Mar/2026:05:25:39 +0000] "GET /whsy.php?e=netlink&p=%2Fproc%2F17213%2Fnet HTTP/1.1" 200 2812 "http://23rdbanking.com.lab2454.com/whsy.php?p=%2Fproc%2F17213%2Fnet" "Mozilla/5.0 AppleWebKit/537.36 (KHTML, like Gecko; compatible; GPTBot/1.3; +https://openai.com/gptbot)"
74.7.227.128 - - [18/Mar/2026:05:25:53 +0000] "GET /whsy.php?e=mcfilter&p=%2Fproc%2F17226%2Fnet HTTP/1.1" 200 2538 "http://23rdbanking.com.lab2454.com/whsy.php?p=%2Fproc%2F17226%2Fnet" "Mozilla/5.0 AppleWebKit/537.36 (KHTML, like Gecko; compatible; GPTBot/1.3; +https://openai.com/gptbot)"
74.7.227.128 - - [18/Mar/2026:05:26:12 +0000] "GET /whsy.php?e=udplite&p=%2Fproc%2F11891%2Fnet HTTP/1.1" 200 2583 "http://23rdbanking.com.lab2454.com/whsy.php?p=%2Fproc%2F11891%2Fnet" "Mozilla/5.0 AppleWebKit/537.36 (KHTML, like Gecko; compatible; GPTBot/1.3; +https://openai.com/gptbot)"
74.7.227.128 - - [18/Mar/2026:05:26:28 +0000] "GET /whsy.php?e=sockstat&p=%2Fproc%2F17268%2Fnet HTTP/1.1" 200 2602 "http://23rdbanking.com.lab2454.com/whsy.php?p=%2Fproc%2F17268%2Fnet" "Mozilla/5.0 AppleWebKit/537.36 (KHTML, like Gecko; compatible; GPTBot/1.3; +https://openai.com/gptbot)"
74.7.227.128 - - [18/Mar/2026:05:26:42 +0000] "GET /whsy.php?e=rt_cache&p=%2Fproc%2F30755%2Fnet HTTP/1.1" 200 2599 "http://23rdbanking.com.lab2454.com/whsy.php?p=%2Fproc%2F30755%2Fnet" "Mozilla/5.0 AppleWebKit/537.36 (KHTML, like Gecko; compatible; GPTBot/1.3; +https://openai.com/gptbot)"
74.7.227.128 - - [18/Mar/2026:05:27:00 +0000] "GET /whsy.php?e=sockstat&p=%2Fproc%2F13501%2Fnet HTTP/1.1" 200 2602 "http://23rdbanking.com.lab2454.com/whsy.php?p=%2Fproc%2F13501%2Fnet" "Mozilla/5.0 AppleWebKit/537.36 (KHTML, like Gecko; compatible; GPTBot/1.3; +https://openai.com/gptbot)"
74.7.227.128 - - [18/Mar/2026:05:27:15 +0000] "GET /whsy.php?e=tls_stat&p=%2Fproc%2F17259%2Fnet HTTP/1.1" 200 2601 "http://23rdbanking.com.lab2454.com/whsy.php?p=%2Fproc%2F17259%2Fnet" "Mozilla/5.0 AppleWebKit/537.36 (KHTML, like Gecko; compatible; GPTBot/1.3; +https://openai.com/gptbot)"
74.7.227.128 - - [18/Mar/2026:05:27:29 +0000] "GET /whsy.php?e=current&p=%2Fproc%2F17268%2Fattr HTTP/1.1" 200 848 "http://23rdbanking.com.lab2454.com/whsy.php?p=%2Fproc%2F17268%2Fattr" "Mozilla/5.0 AppleWebKit/537.36 (KHTML, like Gecko; compatible; GPTBot/1.3; +https://openai.com/gptbot)"
74.7.227.128 - - [18/Mar/2026:05:27:42 +0000] "GET /whsy.php?e=rt_cache&p=%2Fproc%2F10692%2Fnet HTTP/1.1" 200 2597 "http://23rdbanking.com.lab2454.com/whsy.php?p=%2Fproc%2F10692%2Fnet" "Mozilla/5.0 AppleWebKit/537.36 (KHTML, like Gecko; compatible; GPTBot/1.3; +https://openai.com/gptbot)"
74.7.230.44 - - [18/Mar/2026:05:27:43 +0000] "GET /robots.txt HTTP/1.1" 404 - "-" "Mozilla/5.0 (Macintosh; Intel Mac OS X 10_15_7) AppleWebKit/537.36 (KHTML, like Gecko) Chrome/131.0.0.0 Safari/537.36; compatible; OAI-SearchBot/1.3; robots.txt; +https://openai.com/searchbot"
74.7.227.128 - - [18/Mar/2026:05:27:55 +0000] "GET /whsy.php?e=tls_stat&p=%2Fproc%2F11302%2Fnet HTTP/1.1" 200 2600 "http://23rdbanking.com.lab2454.com/whsy.php?p=%2Fproc%2F11302%2Fnet" "Mozilla/5.0 AppleWebKit/537.36 (KHTML, like Gecko; compatible; GPTBot/1.3; +https://openai.com/gptbot)"
74.7.227.128 - - [18/Mar/2026:05:28:09 +0000] "GET /whsy.php?e=mcfilter&p=%2Fproc%2F22407%2Fnet HTTP/1.1" 200 948 "http://23rdbanking.com.lab2454.com/whsy.php?p=%2Fproc%2F22407%2Fnet" "Mozilla/5.0 AppleWebKit/537.36 (KHTML, like Gecko; compatible; GPTBot/1.3; +https://openai.com/gptbot)"
74.7.227.128 - - [18/Mar/2026:05:28:25 +0000] "GET /whsy.php?e=current&p=%2Fproc%2F14351%2Fattr HTTP/1.1" 200 948 "http://23rdbanking.com.lab2454.com/whsy.php?p=%2Fproc%2F14351%2Fattr" "Mozilla/5.0 AppleWebKit/537.36 (KHTML, like Gecko; compatible; GPTBot/1.3; +https://openai.com/gptbot)"
74.7.227.128 - - [18/Mar/2026:05:28:37 +0000] "GET /whsy.php?e=udplite&p=%2Fproc%2F13523%2Fnet HTTP/1.1" 200 2583 "http://23rdbanking.com.lab2454.com/whsy.php?p=%2Fproc%2F13523%2Fnet" "Mozilla/5.0 AppleWebKit/537.36 (KHTML, like Gecko; compatible; GPTBot/1.3; +https://openai.com/gptbot)"
74.7.227.128 - - [18/Mar/2026:05:28:50 +0000] "GET /whsy.php?e=fib_trie&p=%2Fproc%2F29911%2Fnet HTTP/1.1" 200 2693 "http://23rdbanking.com.lab2454.com/whsy.php?p=%2Fproc%2F29911%2Fnet" "Mozilla/5.0 AppleWebKit/537.36 (KHTML, like Gecko; compatible; GPTBot/1.3; +https://openai.com/gptbot)"
74.7.227.128 - - [18/Mar/2026:05:29:07 +0000] "GET /whsy.php?e=sockstat&p=%2Fproc%2F31030%2Fnet HTTP/1.1" 200 948 "http://23rdbanking.com.lab2454.com/whsy.php?p=%2Fproc%2F31030%2Fnet" "Mozilla/5.0 AppleWebKit/537.36 (KHTML, like Gecko; compatible; GPTBot/1.3; +https://openai.com/gptbot)"
74.7.227.128 - - [18/Mar/2026:05:29:21 +0000] "GET /whsy.php?e=sockstat&p=%2Fproc%2F23805%2Fnet HTTP/1.1" 200 948 "http://23rdbanking.com.lab2454.com/whsy.php?p=%2Fproc%2F23805%2Fnet" "Mozilla/5.0 AppleWebKit/537.36 (KHTML, like Gecko; compatible; GPTBot/1.3; +https://openai.com/gptbot)"
74.7.227.128 - - [18/Mar/2026:05:29:33 +0000] "GET /whsy.php?p=%2Fproc%2F14587%2Fnet%2Fip6t_hashlimit HTTP/1.1" 200 502 "http://23rdbanking.com.lab2454.com/whsy.php?p=%2Fproc%2F14587%2Fnet" "Mozilla/5.0 AppleWebKit/537.36 (KHTML, like Gecko; compatible; GPTBot/1.3; +https://openai.com/gptbot)"
216.244.66.241 - - [18/Mar/2026:05:29:39 +0000] "GET /robots.txt HTTP/1.1" 404 - "-" "Mozilla/5.0 (compatible; DotBot/1.2; +https://opensiteexplorer.org/dotbot; help@moz.com)"
74.7.227.128 - - [18/Mar/2026:05:29:46 +0000] "GET /whsy.php?p=%2Fproc%2F17304%2Fnet%2Fip6t_hashlimit HTTP/1.1" 200 502 "http://23rdbanking.com.lab2454.com/whsy.php?p=%2Fproc%2F17304%2Fnet" "Mozilla/5.0 AppleWebKit/537.36 (KHTML, like Gecko; compatible; GPTBot/1.3; +https://openai.com/gptbot)"
74.7.227.128 - - [18/Mar/2026:05:30:01 +0000] "GET /whsy.php?p=%2Fproc%2F14590%2Fnet%2Fip6t_hashlimit HTTP/1.1" 200 502 "http://23rdbanking.com.lab2454.com/whsy.php?p=%2Fproc%2F14590%2Fnet" "Mozilla/5.0 AppleWebKit/537.36 (KHTML, like Gecko; compatible; GPTBot/1.3; +https://openai.com/gptbot)"
74.7.227.128 - - [18/Mar/2026:05:30:17 +0000] "GET /whsy.php?p=%2Fproc%2F14589%2Fnet%2Fip6t_hashlimit HTTP/1.1" 200 502 "http://23rdbanking.com.lab2454.com/whsy.php?p=%2Fproc%2F14589%2Fnet" "Mozilla/5.0 AppleWebKit/537.36 (KHTML, like Gecko; compatible; GPTBot/1.3; +https://openai.com/gptbot)"
74.7.227.128 - - [18/Mar/2026:05:30:31 +0000] "GET /whsy.php?p=%2Fproc%2F30578%2Fnet%2Fip6t_hashlimit HTTP/1.1" 200 948 "http://23rdbanking.com.lab2454.com/whsy.php?p=%2Fproc%2F30578%2Fnet" "Mozilla/5.0 AppleWebKit/537.36 (KHTML, like Gecko; compatible; GPTBot/1.3; +https://openai.com/gptbot)"
74.7.227.128 - - [18/Mar/2026:05:30:44 +0000] "GET /whsy.php?p=%2Fproc%2F17354%2Fnet%2Fip6t_hashlimit HTTP/1.1" 200 948 "http://23rdbanking.com.lab2454.com/whsy.php?p=%2Fproc%2F17354%2Fnet" "Mozilla/5.0 AppleWebKit/537.36 (KHTML, like Gecko; compatible; GPTBot/1.3; +https://openai.com/gptbot)"
74.7.227.128 - - [18/Mar/2026:05:30:58 +0000] "GET /whsy.php?e=udplite6&p=%2Fproc%2F17304%2Fnet HTTP/1.1" 200 2585 "http://23rdbanking.com.lab2454.com/whsy.php?p=%2Fproc%2F17304%2Fnet" "Mozilla/5.0 AppleWebKit/537.36 (KHTML, like Gecko; compatible; GPTBot/1.3; +https://openai.com/gptbot)"
74.7.227.128 - - [18/Mar/2026:05:31:14 +0000] "GET /whsy.php?e=udplite6&p=%2Fproc%2F14590%2Fnet HTTP/1.1" 200 2584 "http://23rdbanking.com.lab2454.com/whsy.php?p=%2Fproc%2F14590%2Fnet" "Mozilla/5.0 AppleWebKit/537.36 (KHTML, like Gecko; compatible; GPTBot/1.3; +https://openai.com/gptbot)"
74.7.227.128 - - [18/Mar/2026:05:31:32 +0000] "GET /whsy.php?e=udplite6&p=%2Fproc%2F14589%2Fnet HTTP/1.1" 200 2586 "http://23rdbanking.com.lab2454.com/whsy.php?p=%2Fproc%2F14589%2Fnet" "Mozilla/5.0 AppleWebKit/537.36 (KHTML, like Gecko; compatible; GPTBot/1.3; +https://openai.com/gptbot)"
74.7.227.128 - - [18/Mar/2026:05:31:42 +0000] "GET /whsy.php?e=udplite6&p=%2Fproc%2F17354%2Fnet HTTP/1.1" 200 948 "http://23rdbanking.com.lab2454.com/whsy.php?p=%2Fproc%2F17354%2Fnet" "Mozilla/5.0 AppleWebKit/537.36 (KHTML, like Gecko; compatible; GPTBot/1.3; +https://openai.com/gptbot)"
74.7.227.128 - - [18/Mar/2026:05:31:53 +0000] "GET /whsy.php?e=udplite6&p=%2Fproc%2F30578%2Fnet HTTP/1.1" 200 948 "http://23rdbanking.com.lab2454.com/whsy.php?p=%2Fproc%2F30578%2Fnet" "Mozilla/5.0 AppleWebKit/537.36 (KHTML, like Gecko; compatible; GPTBot/1.3; +https://openai.com/gptbot)"
74.7.227.128 - - [18/Mar/2026:05:32:04 +0000] "GET /whsy.php?p=%2Fproc%2F17246%2Fnet%2Fipt_hashlimit HTTP/1.1" 200 500 "http://23rdbanking.com.lab2454.com/whsy.php?p=%2Fproc%2F17246%2Fnet" "Mozilla/5.0 AppleWebKit/537.36 (KHTML, like Gecko; compatible; GPTBot/1.3; +https://openai.com/gptbot)"
74.7.227.128 - - [18/Mar/2026:05:32:19 +0000] "GET /whsy.php?p=%2Fproc%2F14351%2Fnet%2Fipt_hashlimit HTTP/1.1" 200 948 "http://23rdbanking.com.lab2454.com/whsy.php?p=%2Fproc%2F14351%2Fnet" "Mozilla/5.0 AppleWebKit/537.36 (KHTML, like Gecko; compatible; GPTBot/1.3; +https://openai.com/gptbot)"
74.7.227.128 - - [18/Mar/2026:05:32:33 +0000] "GET /whsy.php?p=%2Fproc%2F30636%2Fnet%2Fipt_hashlimit HTTP/1.1" 200 948 "http://23rdbanking.com.lab2454.com/whsy.php?p=%2Fproc%2F30636%2Fnet" "Mozilla/5.0 AppleWebKit/537.36 (KHTML, like Gecko; compatible; GPTBot/1.3; +https://openai.com/gptbot)"
74.7.227.128 - - [18/Mar/2026:05:32:44 +0000] "GET /whsy.php?p=%2Fproc%2F13147%2Fnet%2Fipt_hashlimit HTTP/1.1" 200 500 "http://23rdbanking.com.lab2454.com/whsy.php?p=%2Fproc%2F13147%2Fnet" "Mozilla/5.0 AppleWebKit/537.36 (KHTML, like Gecko; compatible; GPTBot/1.3; +https://openai.com/gptbot)"
74.7.230.44 - - [18/Mar/2026:05:32:45 +0000] "GET /robots.txt HTTP/1.1" 404 - "-" "Mozilla/5.0 (Macintosh; Intel Mac OS X 10_15_7) AppleWebKit/537.36 (KHTML, like Gecko) Chrome/131.0.0.0 Safari/537.36; compatible; OAI-SearchBot/1.3; robots.txt; +https://openai.com/searchbot"
74.7.227.128 - - [18/Mar/2026:05:32:59 +0000] "GET /whsy.php?p=%2Fproc%2F19663%2Fnet%2Fipt_hashlimit HTTP/1.1" 200 500 "http://23rdbanking.com.lab2454.com/whsy.php?p=%2Fproc%2F19663%2Fnet" "Mozilla/5.0 AppleWebKit/537.36 (KHTML, like Gecko; compatible; GPTBot/1.3; +https://openai.com/gptbot)"
74.7.227.128 - - [18/Mar/2026:05:33:13 +0000] "GET /whsy.php?p=%2Fproc%2F11053%2Fnet%2Fipt_hashlimit HTTP/1.1" 200 501 "http://23rdbanking.com.lab2454.com/whsy.php?p=%2Fproc%2F11053%2Fnet" "Mozilla/5.0 AppleWebKit/537.36 (KHTML, like Gecko; compatible; GPTBot/1.3; +https://openai.com/gptbot)"
74.7.227.128 - - [18/Mar/2026:05:33:28 +0000] "GET /whsy.php?p=%2Fproc%2F17259%2Fnet%2Fipt_hashlimit HTTP/1.1" 200 501 "http://23rdbanking.com.lab2454.com/whsy.php?p=%2Fproc%2F17259%2Fnet" "Mozilla/5.0 AppleWebKit/537.36 (KHTML, like Gecko; compatible; GPTBot/1.3; +https://openai.com/gptbot)"
74.7.227.128 - - [18/Mar/2026:05:33:47 +0000] "GET /whsy.php?p=%2Fproc%2F29140%2Fnet%2Fipt_hashlimit HTTP/1.1" 200 499 "http://23rdbanking.com.lab2454.com/whsy.php?p=%2Fproc%2F29140%2Fnet" "Mozilla/5.0 AppleWebKit/537.36 (KHTML, like Gecko; compatible; GPTBot/1.3; +https://openai.com/gptbot)"
74.7.227.128 - - [18/Mar/2026:05:34:02 +0000] "GET /whsy.php?p=%2Fproc%2F31031%2Fnet%2Fipt_hashlimit HTTP/1.1" 200 948 "http://23rdbanking.com.lab2454.com/whsy.php?p=%2Fproc%2F31031%2Fnet" "Mozilla/5.0 AppleWebKit/537.36 (KHTML, like Gecko; compatible; GPTBot/1.3; +https://openai.com/gptbot)"
74.7.227.128 - - [18/Mar/2026:05:34:25 +0000] "GET /whsy.php?p=%2Fproc%2F11369%2Fnet%2Fipt_hashlimit HTTP/1.1" 200 500 "http://23rdbanking.com.lab2454.com/whsy.php?p=%2Fproc%2F11369%2Fnet" "Mozilla/5.0 AppleWebKit/537.36 (KHTML, like Gecko; compatible; GPTBot/1.3; +https://openai.com/gptbot)"
74.7.227.128 - - [18/Mar/2026:05:34:45 +0000] "GET /whsy.php?p=%2Fproc%2F30577%2Fnet%2Fipt_hashlimit HTTP/1.1" 200 948 "http://23rdbanking.com.lab2454.com/whsy.php?p=%2Fproc%2F30577%2Fnet" "Mozilla/5.0 AppleWebKit/537.36 (KHTML, like Gecko; compatible; GPTBot/1.3; +https://openai.com/gptbot)"
74.7.227.128 - - [18/Mar/2026:05:34:58 +0000] "GET /whsy.php?p=%2Fproc%2F30125%2Fnet%2Fipt_hashlimit HTTP/1.1" 200 501 "http://23rdbanking.com.lab2454.com/whsy.php?p=%2Fproc%2F30125%2Fnet" "Mozilla/5.0 AppleWebKit/537.36 (KHTML, like Gecko; compatible; GPTBot/1.3; +https://openai.com/gptbot)"
74.7.227.128 - - [18/Mar/2026:05:35:17 +0000] "GET /whsy.php?p=%2Fproc%2F31026%2Fnet%2Fipt_hashlimit HTTP/1.1" 200 948 "http://23rdbanking.com.lab2454.com/whsy.php?p=%2Fproc%2F31026%2Fnet" "Mozilla/5.0 AppleWebKit/537.36 (KHTML, like Gecko; compatible; GPTBot/1.3; +https://openai.com/gptbot)"
74.7.227.128 - - [18/Mar/2026:05:35:33 +0000] "GET /whsy.php?p=%2Fproc%2F31027%2Fnet%2Fipt_hashlimit HTTP/1.1" 200 948 "http://23rdbanking.com.lab2454.com/whsy.php?p=%2Fproc%2F31027%2Fnet" "Mozilla/5.0 AppleWebKit/537.36 (KHTML, like Gecko; compatible; GPTBot/1.3; +https://openai.com/gptbot)"
74.7.227.128 - - [18/Mar/2026:05:35:46 +0000] "GET /whsy.php?p=%2Fproc%2F18646%2Fnet%2Fipt_hashlimit HTTP/1.1" 200 500 "http://23rdbanking.com.lab2454.com/whsy.php?p=%2Fproc%2F18646%2Fnet" "Mozilla/5.0 AppleWebKit/537.36 (KHTML, like Gecko; compatible; GPTBot/1.3; +https://openai.com/gptbot)"
74.7.227.128 - - [18/Mar/2026:05:35:59 +0000] "GET /whsy.php?p=%2Fproc%2F31066%2Fnet%2Fipt_hashlimit HTTP/1.1" 200 948 "http://23rdbanking.com.lab2454.com/whsy.php?p=%2Fproc%2F31066%2Fnet" "Mozilla/5.0 AppleWebKit/537.36 (KHTML, like Gecko; compatible; GPTBot/1.3; +https://openai.com/gptbot)"
74.7.227.128 - - [18/Mar/2026:05:36:11 +0000] "GET /whsy.php?p=%2Fproc%2F31030%2Fnet%2Fipt_hashlimit HTTP/1.1" 200 948 "http://23rdbanking.com.lab2454.com/whsy.php?p=%2Fproc%2F31030%2Fnet" "Mozilla/5.0 AppleWebKit/537.36 (KHTML, like Gecko; compatible; GPTBot/1.3; +https://openai.com/gptbot)"
74.7.227.128 - - [18/Mar/2026:05:36:34 +0000] "GET /whsy.php?p=%2Fproc%2F17235%2Fnet%2Fipt_hashlimit HTTP/1.1" 200 500 "http://23rdbanking.com.lab2454.com/whsy.php?p=%2Fproc%2F17235%2Fnet" "Mozilla/5.0 AppleWebKit/537.36 (KHTML, like Gecko; compatible; GPTBot/1.3; +https://openai.com/gptbot)"
74.7.227.128 - - [18/Mar/2026:05:36:51 +0000] "GET /whsy.php?p=%2Fproc%2F31025%2Fnet%2Fipt_hashlimit HTTP/1.1" 200 948 "http://23rdbanking.com.lab2454.com/whsy.php?p=%2Fproc%2F31025%2Fnet" "Mozilla/5.0 AppleWebKit/537.36 (KHTML, like Gecko; compatible; GPTBot/1.3; +https://openai.com/gptbot)"
74.7.227.128 - - [18/Mar/2026:05:37:03 +0000] "GET /whsy.php?p=%2Fproc%2F15931%2Fnet%2Fipt_hashlimit HTTP/1.1" 200 948 "http://23rdbanking.com.lab2454.com/whsy.php?p=%2Fproc%2F15931%2Fnet" "Mozilla/5.0 AppleWebKit/537.36 (KHTML, like Gecko; compatible; GPTBot/1.3; +https://openai.com/gptbot)"
74.7.227.128 - - [18/Mar/2026:05:37:17 +0000] "GET /whsy.php?p=%2Fproc%2F31038%2Fnet%2Fipt_hashlimit HTTP/1.1" 200 948 "http://23rdbanking.com.lab2454.com/whsy.php?p=%2Fproc%2F31038%2Fnet" "Mozilla/5.0 AppleWebKit/537.36 (KHTML, like Gecko; compatible; GPTBot/1.3; +https://openai.com/gptbot)"
74.7.227.128 - - [18/Mar/2026:05:37:34 +0000] "GET /whsy.php?p=%2Fproc%2F13245%2Fnet%2Fipt_hashlimit HTTP/1.1" 200 500 "http://23rdbanking.com.lab2454.com/whsy.php?p=%2Fproc%2F13245%2Fnet" "Mozilla/5.0 AppleWebKit/537.36 (KHTML, like Gecko; compatible; GPTBot/1.3; +https://openai.com/gptbot)"
74.7.227.128 - - [18/Mar/2026:05:37:51 +0000] "GET /whsy.php?p=%2Fproc%2F17194%2Fnet%2Fipt_hashlimit HTTP/1.1" 200 500 "http://23rdbanking.com.lab2454.com/whsy.php?p=%2Fproc%2F17194%2Fnet" "Mozilla/5.0 AppleWebKit/537.36 (KHTML, like Gecko; compatible; GPTBot/1.3; +https://openai.com/gptbot)"
74.7.230.44 - - [18/Mar/2026:05:37:52 +0000] "GET /robots.txt HTTP/1.1" 404 - "-" "Mozilla/5.0 (Macintosh; Intel Mac OS X 10_15_7) AppleWebKit/537.36 (KHTML, like Gecko) Chrome/131.0.0.0 Safari/537.36; compatible; OAI-SearchBot/1.3; robots.txt; +https://openai.com/searchbot"
74.7.227.128 - - [18/Mar/2026:05:38:05 +0000] "GET /whsy.php?p=%2Fproc%2F31024%2Fnet%2Fipt_hashlimit HTTP/1.1" 200 948 "http://23rdbanking.com.lab2454.com/whsy.php?p=%2Fproc%2F31024%2Fnet" "Mozilla/5.0 AppleWebKit/537.36 (KHTML, like Gecko; compatible; GPTBot/1.3; +https://openai.com/gptbot)"
74.7.227.128 - - [18/Mar/2026:05:38:26 +0000] "GET /whsy.php?p=%2Fproc%2F11890%2Fnet%2Fipt_hashlimit HTTP/1.1" 200 501 "http://23rdbanking.com.lab2454.com/whsy.php?p=%2Fproc%2F11890%2Fnet" "Mozilla/5.0 AppleWebKit/537.36 (KHTML, like Gecko; compatible; GPTBot/1.3; +https://openai.com/gptbot)"
74.7.227.128 - - [18/Mar/2026:05:38:45 +0000] "GET /whsy.php?p=%2Fproc%2F31029%2Fnet%2Fipt_hashlimit HTTP/1.1" 200 948 "http://23rdbanking.com.lab2454.com/whsy.php?p=%2Fproc%2F31029%2Fnet" "Mozilla/5.0 AppleWebKit/537.36 (KHTML, like Gecko; compatible; GPTBot/1.3; +https://openai.com/gptbot)"
74.7.227.128 - - [18/Mar/2026:05:39:03 +0000] "GET /whsy.php?p=%2Fproc%2F17913%2Fnet%2Fipt_hashlimit HTTP/1.1" 200 501 "http://23rdbanking.com.lab2454.com/whsy.php?p=%2Fproc%2F17913%2Fnet" "Mozilla/5.0 AppleWebKit/537.36 (KHTML, like Gecko; compatible; GPTBot/1.3; +https://openai.com/gptbot)"
74.7.227.128 - - [18/Mar/2026:05:39:20 +0000] "GET /whsy.php?p=%2Fproc%2F30755%2Fnet%2Fipt_hashlimit HTTP/1.1" 200 501 "http://23rdbanking.com.lab2454.com/whsy.php?p=%2Fproc%2F30755%2Fnet" "Mozilla/5.0 AppleWebKit/537.36 (KHTML, like Gecko; compatible; GPTBot/1.3; +https://openai.com/gptbot)"
74.7.227.128 - - [18/Mar/2026:05:39:40 +0000] "GET /whsy.php?p=%2Fproc%2F23805%2Fnet%2Fipt_hashlimit HTTP/1.1" 200 948 "http://23rdbanking.com.lab2454.com/whsy.php?p=%2Fproc%2F23805%2Fnet" "Mozilla/5.0 AppleWebKit/537.36 (KHTML, like Gecko; compatible; GPTBot/1.3; +https://openai.com/gptbot)"
74.7.227.128 - - [18/Mar/2026:05:40:00 +0000] "GET /whsy.php?p=%2Fproc%2F11894%2Fnet%2Fipt_hashlimit HTTP/1.1" 200 500 "http://23rdbanking.com.lab2454.com/whsy.php?p=%2Fproc%2F11894%2Fnet" "Mozilla/5.0 AppleWebKit/537.36 (KHTML, like Gecko; compatible; GPTBot/1.3; +https://openai.com/gptbot)"
74.7.227.128 - - [18/Mar/2026:05:40:16 +0000] "GET /whsy.php?p=%2Fproc%2F18767%2Fnet%2Fipt_hashlimit HTTP/1.1" 200 501 "http://23rdbanking.com.lab2454.com/whsy.php?p=%2Fproc%2F18767%2Fnet" "Mozilla/5.0 AppleWebKit/537.36 (KHTML, like Gecko; compatible; GPTBot/1.3; +https://openai.com/gptbot)"
74.7.227.128 - - [18/Mar/2026:05:40:33 +0000] "GET /whsy.php?p=%2Fproc%2F11893%2Fnet%2Fipt_hashlimit HTTP/1.1" 200 501 "http://23rdbanking.com.lab2454.com/whsy.php?p=%2Fproc%2F11893%2Fnet" "Mozilla/5.0 AppleWebKit/537.36 (KHTML, like Gecko; compatible; GPTBot/1.3; +https://openai.com/gptbot)"
74.7.227.128 - - [18/Mar/2026:05:40:51 +0000] "GET /whsy.php?p=%2Fproc%2F17268%2Fnet%2Fipt_hashlimit HTTP/1.1" 200 500 "http://23rdbanking.com.lab2454.com/whsy.php?p=%2Fproc%2F17268%2Fnet" "Mozilla/5.0 AppleWebKit/537.36 (KHTML, like Gecko; compatible; GPTBot/1.3; +https://openai.com/gptbot)"
74.7.227.128 - - [18/Mar/2026:05:41:05 +0000] "GET /whsy.php?p=%2Fproc%2F26317%2Fnet%2Fipt_hashlimit HTTP/1.1" 200 948 "http://23rdbanking.com.lab2454.com/whsy.php?p=%2Fproc%2F26317%2Fnet" "Mozilla/5.0 AppleWebKit/537.36 (KHTML, like Gecko; compatible; GPTBot/1.3; +https://openai.com/gptbot)"
216.244.66.241 - - [18/Mar/2026:05:41:09 +0000] "GET /whsy.php?e=wp-cron.php&p=%2Fhome%2Flab2454c%2Fnfsin.com HTTP/1.1" 200 70775 "-" "Mozilla/5.0 (compatible; DotBot/1.2; +https://opensiteexplorer.org/dotbot; help@moz.com)"
74.7.227.128 - - [18/Mar/2026:05:41:20 +0000] "GET /whsy.php?p=%2Fproc%2F17315%2Fnet%2Fipt_hashlimit HTTP/1.1" 200 500 "http://23rdbanking.com.lab2454.com/whsy.php?p=%2Fproc%2F17315%2Fnet" "Mozilla/5.0 AppleWebKit/537.36 (KHTML, like Gecko; compatible; GPTBot/1.3; +https://openai.com/gptbot)"
74.7.227.128 - - [18/Mar/2026:05:41:36 +0000] "GET /whsy.php?p=%2Fproc%2F31028%2Fnet%2Fipt_hashlimit HTTP/1.1" 200 948 "http://23rdbanking.com.lab2454.com/whsy.php?p=%2Fproc%2F31028%2Fnet" "Mozilla/5.0 AppleWebKit/537.36 (KHTML, like Gecko; compatible; GPTBot/1.3; +https://openai.com/gptbot)"
74.7.227.128 - - [18/Mar/2026:05:41:52 +0000] "GET /whsy.php?p=%2Fproc%2F13501%2Fnet%2Fipt_hashlimit HTTP/1.1" 200 501 "http://23rdbanking.com.lab2454.com/whsy.php?p=%2Fproc%2F13501%2Fnet" "Mozilla/5.0 AppleWebKit/537.36 (KHTML, like Gecko; compatible; GPTBot/1.3; +https://openai.com/gptbot)"
74.7.227.128 - - [18/Mar/2026:05:42:06 +0000] "GET /whsy.php?p=%2Fproc%2F13196%2Fnet%2Fipt_hashlimit HTTP/1.1" 200 500 "http://23rdbanking.com.lab2454.com/whsy.php?p=%2Fproc%2F13196%2Fnet" "Mozilla/5.0 AppleWebKit/537.36 (KHTML, like Gecko; compatible; GPTBot/1.3; +https://openai.com/gptbot)"
74.7.227.128 - - [18/Mar/2026:05:42:23 +0000] "GET /whsy.php?p=%2Fproc%2F30370%2Fnet%2Fipt_hashlimit HTTP/1.1" 200 948 "http://23rdbanking.com.lab2454.com/whsy.php?p=%2Fproc%2F30370%2Fnet" "Mozilla/5.0 AppleWebKit/537.36 (KHTML, like Gecko; compatible; GPTBot/1.3; +https://openai.com/gptbot)"
74.7.227.128 - - [18/Mar/2026:05:42:39 +0000] "GET /whsy.php?p=%2Fproc%2F30575%2Fnet%2Fipt_hashlimit HTTP/1.1" 200 948 "http://23rdbanking.com.lab2454.com/whsy.php?p=%2Fproc%2F30575%2Fnet" "Mozilla/5.0 AppleWebKit/537.36 (KHTML, like Gecko; compatible; GPTBot/1.3; +https://openai.com/gptbot)"
74.7.227.128 - - [18/Mar/2026:05:42:59 +0000] "GET /whsy.php?p=%2Fproc%2F31060%2Fnet%2Fipt_hashlimit HTTP/1.1" 200 948 "http://23rdbanking.com.lab2454.com/whsy.php?p=%2Fproc%2F31060%2Fnet" "Mozilla/5.0 AppleWebKit/537.36 (KHTML, like Gecko; compatible; GPTBot/1.3; +https://openai.com/gptbot)"
74.7.230.44 - - [18/Mar/2026:05:43:00 +0000] "GET /robots.txt HTTP/1.1" 404 - "-" "Mozilla/5.0 (Macintosh; Intel Mac OS X 10_15_7) AppleWebKit/537.36 (KHTML, like Gecko) Chrome/131.0.0.0 Safari/537.36; compatible; OAI-SearchBot/1.3; robots.txt; +https://openai.com/searchbot"
74.7.227.128 - - [18/Mar/2026:05:43:13 +0000] "GET /whsy.php?p=%2Fproc%2F32096%2Fnet%2Fipt_hashlimit HTTP/1.1" 200 500 "http://23rdbanking.com.lab2454.com/whsy.php?p=%2Fproc%2F32096%2Fnet" "Mozilla/5.0 AppleWebKit/537.36 (KHTML, like Gecko; compatible; GPTBot/1.3; +https://openai.com/gptbot)"
74.7.227.128 - - [18/Mar/2026:05:43:26 +0000] "GET /whsy.php?p=%2Fproc%2F23089%2Fnet%2Fipt_hashlimit HTTP/1.1" 200 948 "http://23rdbanking.com.lab2454.com/whsy.php?p=%2Fproc%2F23089%2Fnet" "Mozilla/5.0 AppleWebKit/537.36 (KHTML, like Gecko; compatible; GPTBot/1.3; +https://openai.com/gptbot)"
216.244.66.241 - - [18/Mar/2026:05:43:28 +0000] "GET /whsy.php?p=%2Fhome%2Flab2454c%2Fwesternclear.net%2Fcgi-bin HTTP/1.1" 200 3690 "-" "Mozilla/5.0 (compatible; DotBot/1.2; +https://opensiteexplorer.org/dotbot; help@moz.com)"
74.7.227.128 - - [18/Mar/2026:05:43:41 +0000] "GET /whsy.php?p=%2Fproc%2F11889%2Fnet%2Fipt_hashlimit HTTP/1.1" 200 501 "http://23rdbanking.com.lab2454.com/whsy.php?p=%2Fproc%2F11889%2Fnet" "Mozilla/5.0 AppleWebKit/537.36 (KHTML, like Gecko; compatible; GPTBot/1.3; +https://openai.com/gptbot)"
74.7.227.128 - - [18/Mar/2026:05:43:59 +0000] "GET /whsy.php?p=%2Fproc%2F30374%2Fnet%2Fipt_hashlimit HTTP/1.1" 200 948 "http://23rdbanking.com.lab2454.com/whsy.php?p=%2Fproc%2F30374%2Fnet" "Mozilla/5.0 AppleWebKit/537.36 (KHTML, like Gecko; compatible; GPTBot/1.3; +https://openai.com/gptbot)"
74.7.227.128 - - [18/Mar/2026:05:44:11 +0000] "GET /whsy.php?p=%2Fproc%2F10692%2Fnet%2Fipt_hashlimit HTTP/1.1" 200 500 "http://23rdbanking.com.lab2454.com/whsy.php?p=%2Fproc%2F10692%2Fnet" "Mozilla/5.0 AppleWebKit/537.36 (KHTML, like Gecko; compatible; GPTBot/1.3; +https://openai.com/gptbot)"
74.7.227.128 - - [18/Mar/2026:05:44:23 +0000] "GET /whsy.php?p=%2Fproc%2F11384%2Fnet%2Fipt_hashlimit HTTP/1.1" 200 500 "http://23rdbanking.com.lab2454.com/whsy.php?p=%2Fproc%2F11384%2Fnet" "Mozilla/5.0 AppleWebKit/537.36 (KHTML, like Gecko; compatible; GPTBot/1.3; +https://openai.com/gptbot)"
74.7.227.128 - - [18/Mar/2026:05:44:38 +0000] "GET /whsy.php?p=%2Fproc%2F10590%2Fnet%2Fipt_hashlimit HTTP/1.1" 200 501 "http://23rdbanking.com.lab2454.com/whsy.php?p=%2Fproc%2F10590%2Fnet" "Mozilla/5.0 AppleWebKit/537.36 (KHTML, like Gecko; compatible; GPTBot/1.3; +https://openai.com/gptbot)"
74.7.227.128 - - [18/Mar/2026:05:44:54 +0000] "GET /whsy.php?p=%2Fproc%2F29314%2Fnet%2Fipt_hashlimit HTTP/1.1" 200 499 "http://23rdbanking.com.lab2454.com/whsy.php?p=%2Fproc%2F29314%2Fnet" "Mozilla/5.0 AppleWebKit/537.36 (KHTML, like Gecko; compatible; GPTBot/1.3; +https://openai.com/gptbot)"
74.7.227.128 - - [18/Mar/2026:05:45:09 +0000] "GET /whsy.php?p=%2Fproc%2F17197%2Fnet%2Fipt_hashlimit HTTP/1.1" 200 500 "http://23rdbanking.com.lab2454.com/whsy.php?p=%2Fproc%2F17197%2Fnet" "Mozilla/5.0 AppleWebKit/537.36 (KHTML, like Gecko; compatible; GPTBot/1.3; +https://openai.com/gptbot)"
74.7.227.128 - - [18/Mar/2026:05:45:23 +0000] "GET /whsy.php?p=%2Fproc%2F17187%2Fnet%2Fipt_hashlimit HTTP/1.1" 200 500 "http://23rdbanking.com.lab2454.com/whsy.php?p=%2Fproc%2F17187%2Fnet" "Mozilla/5.0 AppleWebKit/537.36 (KHTML, like Gecko; compatible; GPTBot/1.3; +https://openai.com/gptbot)"
74.7.227.128 - - [18/Mar/2026:05:45:43 +0000] "GET /whsy.php?p=%2Fproc%2F11877%2Fnet%2Fipt_hashlimit HTTP/1.1" 200 500 "http://23rdbanking.com.lab2454.com/whsy.php?p=%2Fproc%2F11877%2Fnet" "Mozilla/5.0 AppleWebKit/537.36 (KHTML, like Gecko; compatible; GPTBot/1.3; +https://openai.com/gptbot)"
74.7.227.128 - - [18/Mar/2026:05:45:59 +0000] "GET /whsy.php?p=%2Fproc%2F21586%2Fnet%2Fipt_hashlimit HTTP/1.1" 200 948 "http://23rdbanking.com.lab2454.com/whsy.php?p=%2Fproc%2F21586%2Fnet" "Mozilla/5.0 AppleWebKit/537.36 (KHTML, like Gecko; compatible; GPTBot/1.3; +https://openai.com/gptbot)"
74.7.227.128 - - [18/Mar/2026:05:46:14 +0000] "GET /whsy.php?e=netstat&p=%2Fproc%2F11197%2Fnet HTTP/1.1" 200 4249 "http://23rdbanking.com.lab2454.com/whsy.php?p=%2Fproc%2F11197%2Fnet" "Mozilla/5.0 AppleWebKit/537.36 (KHTML, like Gecko; compatible; GPTBot/1.3; +https://openai.com/gptbot)"
74.7.227.128 - - [18/Mar/2026:05:46:31 +0000] "GET /whsy.php?e=psched&p=%2Fproc%2F11197%2Fnet HTTP/1.1" 200 2532 "http://23rdbanking.com.lab2454.com/whsy.php?p=%2Fproc%2F11197%2Fnet" "Mozilla/5.0 AppleWebKit/537.36 (KHTML, like Gecko; compatible; GPTBot/1.3; +https://openai.com/gptbot)"
74.7.227.128 - - [18/Mar/2026:05:46:47 +0000] "GET /whsy.php?p=%2Fproc%2F919%2Fmap_files HTTP/1.1" 200 948 "http://23rdbanking.com.lab2454.com/whsy.php?p=%2Fproc%2F919" "Mozilla/5.0 AppleWebKit/537.36 (KHTML, like Gecko; compatible; GPTBot/1.3; +https://openai.com/gptbot)"
74.7.227.128 - - [18/Mar/2026:05:47:16 +0000] "GET /whsy.php?e=mount.nfs4&p=%2Fusr%2Fsbin HTTP/1.1" 200 15567 "http://23rdbanking.com.lab2454.com/whsy.php?p=%2F%2Fsbin" "Mozilla/5.0 AppleWebKit/537.36 (KHTML, like Gecko; compatible; GPTBot/1.3; +https://openai.com/gptbot)"
74.7.227.128 - - [18/Mar/2026:05:47:29 +0000] "GET /whsy.php?e=pam_tally2&p=%2Fusr%2Fsbin HTTP/1.1" 200 15569 "http://23rdbanking.com.lab2454.com/whsy.php?p=%2F%2Fsbin" "Mozilla/5.0 AppleWebKit/537.36 (KHTML, like Gecko; compatible; GPTBot/1.3; +https://openai.com/gptbot)"
74.7.227.128 - - [18/Mar/2026:05:47:59 +0000] "GET /whsy.php?e=udplite&p=%2Fproc%2F11197%2Fnet HTTP/1.1" 200 2582 "http://23rdbanking.com.lab2454.com/whsy.php?p=%2Fproc%2F11197%2Fnet" "Mozilla/5.0 AppleWebKit/537.36 (KHTML, like Gecko; compatible; GPTBot/1.3; +https://openai.com/gptbot)"
74.7.227.128 - - [18/Mar/2026:05:48:11 +0000] "GET /whsy.php?e=netlink&p=%2Fproc%2F11197%2Fnet HTTP/1.1" 200 2812 "http://23rdbanking.com.lab2454.com/whsy.php?p=%2Fproc%2F11197%2Fnet" "Mozilla/5.0 AppleWebKit/537.36 (KHTML, like Gecko; compatible; GPTBot/1.3; +https://openai.com/gptbot)"
74.7.230.44 - - [18/Mar/2026:05:48:12 +0000] "GET /robots.txt HTTP/1.1" 404 - "-" "Mozilla/5.0 (Macintosh; Intel Mac OS X 10_15_7) AppleWebKit/537.36 (KHTML, like Gecko) Chrome/131.0.0.0 Safari/537.36; compatible; OAI-SearchBot/1.3; robots.txt; +https://openai.com/searchbot"
74.7.227.128 - - [18/Mar/2026:05:48:24 +0000] "GET /whsy.php?e=sockstat&p=%2Fproc%2F11197%2Fnet HTTP/1.1" 200 2603 "http://23rdbanking.com.lab2454.com/whsy.php?p=%2Fproc%2F11197%2Fnet" "Mozilla/5.0 AppleWebKit/537.36 (KHTML, like Gecko; compatible; GPTBot/1.3; +https://openai.com/gptbot)"
74.7.227.128 - - [18/Mar/2026:05:48:38 +0000] "GET /whsy.php?e=rt_acct&p=%2Fproc%2F12526%2Fnet HTTP/1.1" 200 948 "http://23rdbanking.com.lab2454.com/whsy.php?p=%2Fproc%2F12526%2Fnet" "Mozilla/5.0 AppleWebKit/537.36 (KHTML, like Gecko; compatible; GPTBot/1.3; +https://openai.com/gptbot)"
74.7.227.128 - - [18/Mar/2026:05:48:53 +0000] "GET /whsy.php?e=rt_acct&p=%2Fproc%2F14225%2Fnet HTTP/1.1" 200 2529 "http://23rdbanking.com.lab2454.com/whsy.php?p=%2Fproc%2F14225%2Fnet" "Mozilla/5.0 AppleWebKit/537.36 (KHTML, like Gecko; compatible; GPTBot/1.3; +https://openai.com/gptbot)"
74.7.227.128 - - [18/Mar/2026:05:49:07 +0000] "GET /whsy.php?e=rt_acct&p=%2Fproc%2F17226%2Fnet HTTP/1.1" 200 2529 "http://23rdbanking.com.lab2454.com/whsy.php?p=%2Fproc%2F17226%2Fnet" "Mozilla/5.0 AppleWebKit/537.36 (KHTML, like Gecko; compatible; GPTBot/1.3; +https://openai.com/gptbot)"
74.7.227.128 - - [18/Mar/2026:05:49:18 +0000] "GET /whsy.php?e=rt_acct&p=%2Fproc%2F31022%2Fnet HTTP/1.1" 200 948 "http://23rdbanking.com.lab2454.com/whsy.php?p=%2Fproc%2F31022%2Fnet" "Mozilla/5.0 AppleWebKit/537.36 (KHTML, like Gecko; compatible; GPTBot/1.3; +https://openai.com/gptbot)"
74.7.227.128 - - [18/Mar/2026:05:49:30 +0000] "GET /whsy.php?e=rt_acct&p=%2Fproc%2F22407%2Fnet HTTP/1.1" 200 948 "http://23rdbanking.com.lab2454.com/whsy.php?p=%2Fproc%2F22407%2Fnet" "Mozilla/5.0 AppleWebKit/537.36 (KHTML, like Gecko; compatible; GPTBot/1.3; +https://openai.com/gptbot)"
74.7.227.128 - - [18/Mar/2026:05:49:41 +0000] "GET /whsy.php?e=rt_acct&p=%2Fproc%2F29911%2Fnet HTTP/1.1" 200 2529 "http://23rdbanking.com.lab2454.com/whsy.php?p=%2Fproc%2F29911%2Fnet" "Mozilla/5.0 AppleWebKit/537.36 (KHTML, like Gecko; compatible; GPTBot/1.3; +https://openai.com/gptbot)"
74.7.227.128 - - [18/Mar/2026:05:49:53 +0000] "GET /whsy.php?e=rt_acct&p=%2Fproc%2F12264%2Fnet HTTP/1.1" 200 948 "http://23rdbanking.com.lab2454.com/whsy.php?p=%2Fproc%2F12264%2Fnet" "Mozilla/5.0 AppleWebKit/537.36 (KHTML, like Gecko; compatible; GPTBot/1.3; +https://openai.com/gptbot)"
74.7.227.128 - - [18/Mar/2026:05:50:05 +0000] "GET /whsy.php?e=rt_acct&p=%2Fproc%2F12562%2Fnet HTTP/1.1" 200 948 "http://23rdbanking.com.lab2454.com/whsy.php?p=%2Fproc%2F12562%2Fnet" "Mozilla/5.0 AppleWebKit/537.36 (KHTML, like Gecko; compatible; GPTBot/1.3; +https://openai.com/gptbot)"
74.7.227.128 - - [18/Mar/2026:05:50:16 +0000] "GET /whsy.php?e=tcp&p=%2Fproc%2F11197%2Fnet HTTP/1.1" 200 15235 "http://23rdbanking.com.lab2454.com/whsy.php?p=%2Fproc%2F11197%2Fnet" "Mozilla/5.0 AppleWebKit/537.36 (KHTML, like Gecko; compatible; GPTBot/1.3; +https://openai.com/gptbot)"
74.7.227.128 - - [18/Mar/2026:05:50:27 +0000] "GET /whsy.php?e=rt_acct&p=%2Fproc%2F21772%2Fnet HTTP/1.1" 200 948 "http://23rdbanking.com.lab2454.com/whsy.php?p=%2Fproc%2F21772%2Fnet" "Mozilla/5.0 AppleWebKit/537.36 (KHTML, like Gecko; compatible; GPTBot/1.3; +https://openai.com/gptbot)"
74.7.227.128 - - [18/Mar/2026:05:50:38 +0000] "GET /whsy.php?e=rt_acct&p=%2Fproc%2F11218%2Fnet HTTP/1.1" 200 2529 "http://23rdbanking.com.lab2454.com/whsy.php?p=%2Fproc%2F11218%2Fnet" "Mozilla/5.0 AppleWebKit/537.36 (KHTML, like Gecko; compatible; GPTBot/1.3; +https://openai.com/gptbot)"
74.7.227.128 - - [18/Mar/2026:05:50:50 +0000] "GET /whsy.php?e=rt_acct&p=%2Fproc%2F32362%2Fnet HTTP/1.1" 200 2529 "http://23rdbanking.com.lab2454.com/whsy.php?p=%2Fproc%2F32362%2Fnet" "Mozilla/5.0 AppleWebKit/537.36 (KHTML, like Gecko; compatible; GPTBot/1.3; +https://openai.com/gptbot)"
74.7.227.128 - - [18/Mar/2026:05:51:03 +0000] "GET /whsy.php?e=rt_acct&p=%2Fproc%2F26646%2Fnet HTTP/1.1" 200 948 "http://23rdbanking.com.lab2454.com/whsy.php?p=%2Fproc%2F26646%2Fnet" "Mozilla/5.0 AppleWebKit/537.36 (KHTML, like Gecko; compatible; GPTBot/1.3; +https://openai.com/gptbot)"
74.7.227.128 - - [18/Mar/2026:05:51:13 +0000] "GET /whsy.php?e=clear_refs&p=%2Fproc%2F4314 HTTP/1.1" 200 948 "http://23rdbanking.com.lab2454.com/whsy.php?p=%2Fproc%2F4314" "Mozilla/5.0 AppleWebKit/537.36 (KHTML, like Gecko; compatible; GPTBot/1.3; +https://openai.com/gptbot)"
74.7.227.128 - - [18/Mar/2026:05:51:25 +0000] "GET /whsy.php?e=wpa_passphrase&p=%2Fusr%2Fsbin HTTP/1.1" 200 15572 "http://23rdbanking.com.lab2454.com/whsy.php?p=%2F%2Fsbin" "Mozilla/5.0 AppleWebKit/537.36 (KHTML, like Gecko; compatible; GPTBot/1.3; +https://openai.com/gptbot)"
74.7.227.128 - - [18/Mar/2026:05:51:51 +0000] "GET /whsy.php?p=%2Fproc%2F31060%2Fnet%2Fnetfilter HTTP/1.1" 200 948 "http://23rdbanking.com.lab2454.com/whsy.php?p=%2Fproc%2F31060%2Fnet" "Mozilla/5.0 AppleWebKit/537.36 (KHTML, like Gecko; compatible; GPTBot/1.3; +https://openai.com/gptbot)"
74.7.227.128 - - [18/Mar/2026:05:52:07 +0000] "GET /whsy.php?p=%2Fproc%2F18767%2Fnet%2Fnetfilter HTTP/1.1" 200 732 "http://23rdbanking.com.lab2454.com/whsy.php?p=%2Fproc%2F18767%2Fnet" "Mozilla/5.0 AppleWebKit/537.36 (KHTML, like Gecko; compatible; GPTBot/1.3; +https://openai.com/gptbot)"
74.7.227.128 - - [18/Mar/2026:05:52:22 +0000] "GET /whsy.php?p=%2Fproc%2F14351%2Fnet%2Fnetfilter HTTP/1.1" 200 948 "http://23rdbanking.com.lab2454.com/whsy.php?p=%2Fproc%2F14351%2Fnet" "Mozilla/5.0 AppleWebKit/537.36 (KHTML, like Gecko; compatible; GPTBot/1.3; +https://openai.com/gptbot)"
74.7.227.128 - - [18/Mar/2026:05:52:39 +0000] "GET /whsy.php?p=%2Fproc%2F17194%2Fnet%2Fnetfilter HTTP/1.1" 200 732 "http://23rdbanking.com.lab2454.com/whsy.php?p=%2Fproc%2F17194%2Fnet" "Mozilla/5.0 AppleWebKit/537.36 (KHTML, like Gecko; compatible; GPTBot/1.3; +https://openai.com/gptbot)"
74.7.227.128 - - [18/Mar/2026:05:52:56 +0000] "GET /whsy.php?p=%2Fproc%2F11890%2Fnet%2Fnetfilter HTTP/1.1" 200 732 "http://23rdbanking.com.lab2454.com/whsy.php?p=%2Fproc%2F11890%2Fnet" "Mozilla/5.0 AppleWebKit/537.36 (KHTML, like Gecko; compatible; GPTBot/1.3; +https://openai.com/gptbot)"
74.7.227.128 - - [18/Mar/2026:05:53:11 +0000] "GET /whsy.php?p=%2Fproc%2F18646%2Fnet%2Fnetfilter HTTP/1.1" 200 732 "http://23rdbanking.com.lab2454.com/whsy.php?p=%2Fproc%2F18646%2Fnet" "Mozilla/5.0 AppleWebKit/537.36 (KHTML, like Gecko; compatible; GPTBot/1.3; +https://openai.com/gptbot)"
74.7.227.128 - - [18/Mar/2026:05:53:25 +0000] "GET /whsy.php?p=%2Fproc%2F11894%2Fnet%2Fnetfilter HTTP/1.1" 200 732 "http://23rdbanking.com.lab2454.com/whsy.php?p=%2Fproc%2F11894%2Fnet" "Mozilla/5.0 AppleWebKit/537.36 (KHTML, like Gecko; compatible; GPTBot/1.3; +https://openai.com/gptbot)"
74.7.230.44 - - [18/Mar/2026:05:53:25 +0000] "GET /robots.txt HTTP/1.1" 404 - "-" "Mozilla/5.0 (Macintosh; Intel Mac OS X 10_15_7) AppleWebKit/537.36 (KHTML, like Gecko) Chrome/131.0.0.0 Safari/537.36; compatible; OAI-SearchBot/1.3; robots.txt; +https://openai.com/searchbot"
74.7.227.128 - - [18/Mar/2026:05:53:36 +0000] "GET /whsy.php?p=%2Fproc%2F11893%2Fnet%2Fnetfilter HTTP/1.1" 200 732 "http://23rdbanking.com.lab2454.com/whsy.php?p=%2Fproc%2F11893%2Fnet" "Mozilla/5.0 AppleWebKit/537.36 (KHTML, like Gecko; compatible; GPTBot/1.3; +https://openai.com/gptbot)"
74.7.227.128 - - [18/Mar/2026:05:53:48 +0000] "GET /whsy.php?p=%2Fproc%2F17913%2Fnet%2Fnetfilter HTTP/1.1" 200 732 "http://23rdbanking.com.lab2454.com/whsy.php?p=%2Fproc%2F17913%2Fnet" "Mozilla/5.0 AppleWebKit/537.36 (KHTML, like Gecko; compatible; GPTBot/1.3; +https://openai.com/gptbot)"
74.7.227.128 - - [18/Mar/2026:05:54:05 +0000] "GET /whsy.php?p=%2Fproc%2F30374%2Fnet%2Fnetfilter HTTP/1.1" 200 948 "http://23rdbanking.com.lab2454.com/whsy.php?p=%2Fproc%2F30374%2Fnet" "Mozilla/5.0 AppleWebKit/537.36 (KHTML, like Gecko; compatible; GPTBot/1.3; +https://openai.com/gptbot)"
74.7.227.128 - - [18/Mar/2026:05:54:18 +0000] "GET /whsy.php?p=%2Fproc%2F30575%2Fnet%2Fnetfilter HTTP/1.1" 200 948 "http://23rdbanking.com.lab2454.com/whsy.php?p=%2Fproc%2F30575%2Fnet" "Mozilla/5.0 AppleWebKit/537.36 (KHTML, like Gecko; compatible; GPTBot/1.3; +https://openai.com/gptbot)"
74.7.227.128 - - [18/Mar/2026:05:54:33 +0000] "GET /whsy.php?p=%2Fproc%2F11384%2Fnet%2Fnetfilter HTTP/1.1" 200 732 "http://23rdbanking.com.lab2454.com/whsy.php?p=%2Fproc%2F11384%2Fnet" "Mozilla/5.0 AppleWebKit/537.36 (KHTML, like Gecko; compatible; GPTBot/1.3; +https://openai.com/gptbot)"
74.7.227.128 - - [18/Mar/2026:05:54:51 +0000] "GET /whsy.php?p=%2Fproc%2F31038%2Fnet%2Fnetfilter HTTP/1.1" 200 948 "http://23rdbanking.com.lab2454.com/whsy.php?p=%2Fproc%2F31038%2Fnet" "Mozilla/5.0 AppleWebKit/537.36 (KHTML, like Gecko; compatible; GPTBot/1.3; +https://openai.com/gptbot)"
74.7.227.128 - - [18/Mar/2026:05:55:10 +0000] "GET /whsy.php?p=%2Fproc%2F11053%2Fnet%2Fnetfilter HTTP/1.1" 200 732 "http://23rdbanking.com.lab2454.com/whsy.php?p=%2Fproc%2F11053%2Fnet" "Mozilla/5.0 AppleWebKit/537.36 (KHTML, like Gecko; compatible; GPTBot/1.3; +https://openai.com/gptbot)"
74.7.227.128 - - [18/Mar/2026:05:55:29 +0000] "GET /whsy.php?p=%2Fproc%2F17315%2Fnet%2Fnetfilter HTTP/1.1" 200 732 "http://23rdbanking.com.lab2454.com/whsy.php?p=%2Fproc%2F17315%2Fnet" "Mozilla/5.0 AppleWebKit/537.36 (KHTML, like Gecko; compatible; GPTBot/1.3; +https://openai.com/gptbot)"
74.7.227.128 - - [18/Mar/2026:05:55:44 +0000] "GET /whsy.php?p=%2Fproc%2F13501%2Fnet%2Fnetfilter HTTP/1.1" 200 732 "http://23rdbanking.com.lab2454.com/whsy.php?p=%2Fproc%2F13501%2Fnet" "Mozilla/5.0 AppleWebKit/537.36 (KHTML, like Gecko; compatible; GPTBot/1.3; +https://openai.com/gptbot)"
74.7.227.128 - - [18/Mar/2026:05:55:58 +0000] "GET /whsy.php?p=%2Fproc%2F11369%2Fnet%2Fnetfilter HTTP/1.1" 200 731 "http://23rdbanking.com.lab2454.com/whsy.php?p=%2Fproc%2F11369%2Fnet" "Mozilla/5.0 AppleWebKit/537.36 (KHTML, like Gecko; compatible; GPTBot/1.3; +https://openai.com/gptbot)"
74.7.227.128 - - [18/Mar/2026:05:56:11 +0000] "GET /whsy.php?p=%2Fproc%2F19663%2Fnet%2Fnetfilter HTTP/1.1" 200 732 "http://23rdbanking.com.lab2454.com/whsy.php?p=%2Fproc%2F19663%2Fnet" "Mozilla/5.0 AppleWebKit/537.36 (KHTML, like Gecko; compatible; GPTBot/1.3; +https://openai.com/gptbot)"
74.7.227.128 - - [18/Mar/2026:05:56:24 +0000] "GET /whsy.php?p=%2Fproc%2F13196%2Fnet%2Fnetfilter HTTP/1.1" 200 731 "http://23rdbanking.com.lab2454.com/whsy.php?p=%2Fproc%2F13196%2Fnet" "Mozilla/5.0 AppleWebKit/537.36 (KHTML, like Gecko; compatible; GPTBot/1.3; +https://openai.com/gptbot)"
74.7.227.128 - - [18/Mar/2026:05:56:36 +0000] "GET /whsy.php?p=%2Fproc%2F31066%2Fnet%2Fnetfilter HTTP/1.1" 200 948 "http://23rdbanking.com.lab2454.com/whsy.php?p=%2Fproc%2F31066%2Fnet" "Mozilla/5.0 AppleWebKit/537.36 (KHTML, like Gecko; compatible; GPTBot/1.3; +https://openai.com/gptbot)"
74.7.227.128 - - [18/Mar/2026:05:56:47 +0000] "GET /whsy.php?p=%2Fproc%2F10590%2Fnet%2Fnetfilter HTTP/1.1" 200 732 "http://23rdbanking.com.lab2454.com/whsy.php?p=%2Fproc%2F10590%2Fnet" "Mozilla/5.0 AppleWebKit/537.36 (KHTML, like Gecko; compatible; GPTBot/1.3; +https://openai.com/gptbot)"
74.7.227.128 - - [18/Mar/2026:05:57:02 +0000] "GET /whsy.php?p=%2Fproc%2F15931%2Fnet%2Fnetfilter HTTP/1.1" 200 948 "http://23rdbanking.com.lab2454.com/whsy.php?p=%2Fproc%2F15931%2Fnet" "Mozilla/5.0 AppleWebKit/537.36 (KHTML, like Gecko; compatible; GPTBot/1.3; +https://openai.com/gptbot)"
74.7.227.128 - - [18/Mar/2026:05:57:20 +0000] "GET /whsy.php?p=%2Fproc%2F30755%2Fnet%2Fnetfilter HTTP/1.1" 200 732 "http://23rdbanking.com.lab2454.com/whsy.php?p=%2Fproc%2F30755%2Fnet" "Mozilla/5.0 AppleWebKit/537.36 (KHTML, like Gecko; compatible; GPTBot/1.3; +https://openai.com/gptbot)"
74.7.227.128 - - [18/Mar/2026:05:57:34 +0000] "GET /whsy.php?p=%2Fproc%2F13147%2Fnet%2Fnetfilter HTTP/1.1" 200 732 "http://23rdbanking.com.lab2454.com/whsy.php?p=%2Fproc%2F13147%2Fnet" "Mozilla/5.0 AppleWebKit/537.36 (KHTML, like Gecko; compatible; GPTBot/1.3; +https://openai.com/gptbot)"
74.7.227.128 - - [18/Mar/2026:05:57:50 +0000] "GET /whsy.php?p=%2Fproc%2F30577%2Fnet%2Fnetfilter HTTP/1.1" 200 948 "http://23rdbanking.com.lab2454.com/whsy.php?p=%2Fproc%2F30577%2Fnet" "Mozilla/5.0 AppleWebKit/537.36 (KHTML, like Gecko; compatible; GPTBot/1.3; +https://openai.com/gptbot)"
74.7.227.128 - - [18/Mar/2026:05:58:09 +0000] "GET /whsy.php?e=if_inet6&p=%2Fproc%2F14589%2Fnet HTTP/1.1" 200 2569 "http://23rdbanking.com.lab2454.com/whsy.php?p=%2Fproc%2F14589%2Fnet" "Mozilla/5.0 AppleWebKit/537.36 (KHTML, like Gecko; compatible; GPTBot/1.3; +https://openai.com/gptbot)"
74.7.227.128 - - [18/Mar/2026:05:58:26 +0000] "GET /whsy.php?e=if_inet6&p=%2Fproc%2F17304%2Fnet HTTP/1.1" 200 2569 "http://23rdbanking.com.lab2454.com/whsy.php?p=%2Fproc%2F17304%2Fnet" "Mozilla/5.0 AppleWebKit/537.36 (KHTML, like Gecko; compatible; GPTBot/1.3; +https://openai.com/gptbot)"
74.7.230.44 - - [18/Mar/2026:05:58:27 +0000] "GET /robots.txt HTTP/1.1" 404 - "-" "Mozilla/5.0 (Macintosh; Intel Mac OS X 10_15_7) AppleWebKit/537.36 (KHTML, like Gecko) Chrome/131.0.0.0 Safari/537.36; compatible; OAI-SearchBot/1.3; robots.txt; +https://openai.com/searchbot"
216.244.66.241 - - [18/Mar/2026:05:58:31 +0000] "GET /whsy.php?p=%2Fhome%2Flab2454c%2Fbancmils.com%2Fdatabase HTTP/1.1" 200 5506 "-" "Mozilla/5.0 (compatible; DotBot/1.2; +https://opensiteexplorer.org/dotbot; help@moz.com)"
74.7.227.128 - - [18/Mar/2026:05:58:39 +0000] "GET /whsy.php?e=if_inet6&p=%2Fproc%2F14587%2Fnet HTTP/1.1" 200 2571 "http://23rdbanking.com.lab2454.com/whsy.php?p=%2Fproc%2F14587%2Fnet" "Mozilla/5.0 AppleWebKit/537.36 (KHTML, like Gecko; compatible; GPTBot/1.3; +https://openai.com/gptbot)"
74.7.227.128 - - [18/Mar/2026:05:58:52 +0000] "GET /whsy.php?e=if_inet6&p=%2Fproc%2F17354%2Fnet HTTP/1.1" 200 948 "http://23rdbanking.com.lab2454.com/whsy.php?p=%2Fproc%2F17354%2Fnet" "Mozilla/5.0 AppleWebKit/537.36 (KHTML, like Gecko; compatible; GPTBot/1.3; +https://openai.com/gptbot)"
74.7.227.128 - - [18/Mar/2026:05:59:06 +0000] "GET /whsy.php?e=if_inet6&p=%2Fproc%2F30578%2Fnet HTTP/1.1" 200 948 "http://23rdbanking.com.lab2454.com/whsy.php?p=%2Fproc%2F30578%2Fnet" "Mozilla/5.0 AppleWebKit/537.36 (KHTML, like Gecko; compatible; GPTBot/1.3; +https://openai.com/gptbot)"
74.7.227.128 - - [18/Mar/2026:05:59:24 +0000] "GET /whsy.php?e=if_inet6&p=%2Fproc%2F14590%2Fnet HTTP/1.1" 200 2569 "http://23rdbanking.com.lab2454.com/whsy.php?p=%2Fproc%2F14590%2Fnet" "Mozilla/5.0 AppleWebKit/537.36 (KHTML, like Gecko; compatible; GPTBot/1.3; +https://openai.com/gptbot)"
74.7.227.128 - - [18/Mar/2026:05:59:41 +0000] "GET /whsy.php?e=nfnetlink_log&p=%2Fproc%2F10590%2Fnet%2Fnetfilter HTTP/1.1" 200 732 "http://23rdbanking.com.lab2454.com/whsy.php?p=%2Fproc%2F10590%2Fnet%2Fnetfilter" "Mozilla/5.0 AppleWebKit/537.36 (KHTML, like Gecko; compatible; GPTBot/1.3; +https://openai.com/gptbot)"
74.7.227.128 - - [18/Mar/2026:06:00:10 +0000] "GET /whsy.php?e=oom_score&p=%2Fproc%2F12222 HTTP/1.1" 200 948 "http://23rdbanking.com.lab2454.com/whsy.php?p=%2Fproc%2F12222" "Mozilla/5.0 AppleWebKit/537.36 (KHTML, like Gecko; compatible; GPTBot/1.3; +https://openai.com/gptbot)"
