74.7.227.128 - - [17/Mar/2026:21:27:05 +0000] "GET /whsy.php?e=sockstat&p=%2Fproc%2F14587%2Fnet HTTP/1.1" 200 2604 "http://23rdbanking.com.lab2454.com/whsy.php?p=%2Fproc%2F14587%2Fnet" "Mozilla/5.0 AppleWebKit/537.36 (KHTML, like Gecko; compatible; GPTBot/1.3; +https://openai.com/gptbot)"
74.7.227.128 - - [17/Mar/2026:21:27:16 +0000] "GET /whsy.php?e=netlink&p=%2Fproc%2F30671%2Fnet HTTP/1.1" 200 2850 "http://23rdbanking.com.lab2454.com/whsy.php?p=%2Fproc%2F30671%2Fnet" "Mozilla/5.0 AppleWebKit/537.36 (KHTML, like Gecko; compatible; GPTBot/1.3; +https://openai.com/gptbot)"
74.7.227.128 - - [17/Mar/2026:21:27:30 +0000] "GET /whsy.php?e=fib_trie&p=%2Fproc%2F31025%2Fnet HTTP/1.1" 200 948 "http://23rdbanking.com.lab2454.com/whsy.php?p=%2Fproc%2F31025%2Fnet" "Mozilla/5.0 AppleWebKit/537.36 (KHTML, like Gecko; compatible; GPTBot/1.3; +https://openai.com/gptbot)"
74.7.227.128 - - [17/Mar/2026:21:27:48 +0000] "GET /whsy.php?e=fib_trie&p=%2Fproc%2F10692%2Fnet HTTP/1.1" 200 2693 "http://23rdbanking.com.lab2454.com/whsy.php?p=%2Fproc%2F10692%2Fnet" "Mozilla/5.0 AppleWebKit/537.36 (KHTML, like Gecko; compatible; GPTBot/1.3; +https://openai.com/gptbot)"
74.7.227.128 - - [17/Mar/2026:21:28:05 +0000] "GET /whsy.php?e=fib_trie&p=%2Fproc%2F31030%2Fnet HTTP/1.1" 200 948 "http://23rdbanking.com.lab2454.com/whsy.php?p=%2Fproc%2F31030%2Fnet" "Mozilla/5.0 AppleWebKit/537.36 (KHTML, like Gecko; compatible; GPTBot/1.3; +https://openai.com/gptbot)"
74.7.227.128 - - [17/Mar/2026:21:28:26 +0000] "GET /whsy.php?e=tls_stat&p=%2Fproc%2F17304%2Fnet HTTP/1.1" 200 2601 "http://23rdbanking.com.lab2454.com/whsy.php?p=%2Fproc%2F17304%2Fnet" "Mozilla/5.0 AppleWebKit/537.36 (KHTML, like Gecko; compatible; GPTBot/1.3; +https://openai.com/gptbot)"
74.7.227.128 - - [17/Mar/2026:21:28:42 +0000] "GET /whsy.php?e=snmp&p=%2Fproc%2F21772%2Fnet HTTP/1.1" 200 948 "http://23rdbanking.com.lab2454.com/whsy.php?p=%2Fproc%2F21772%2Fnet" "Mozilla/5.0 AppleWebKit/537.36 (KHTML, like Gecko; compatible; GPTBot/1.3; +https://openai.com/gptbot)"
74.7.227.128 - - [17/Mar/2026:21:29:07 +0000] "GET /whsy.php?e=snmp&p=%2Fproc%2F31022%2Fnet HTTP/1.1" 200 948 "http://23rdbanking.com.lab2454.com/whsy.php?p=%2Fproc%2F31022%2Fnet" "Mozilla/5.0 AppleWebKit/537.36 (KHTML, like Gecko; compatible; GPTBot/1.3; +https://openai.com/gptbot)"
74.7.227.128 - - [17/Mar/2026:21:29:21 +0000] "GET /whsy.php?e=snmp&p=%2Fproc%2F14225%2Fnet HTTP/1.1" 200 3233 "http://23rdbanking.com.lab2454.com/whsy.php?p=%2Fproc%2F14225%2Fnet" "Mozilla/5.0 AppleWebKit/537.36 (KHTML, like Gecko; compatible; GPTBot/1.3; +https://openai.com/gptbot)"
74.7.227.128 - - [17/Mar/2026:21:29:35 +0000] "GET /whsy.php?e=icmp&p=%2Fproc%2F32362%2Fnet HTTP/1.1" 200 2580 "http://23rdbanking.com.lab2454.com/whsy.php?p=%2Fproc%2F32362%2Fnet" "Mozilla/5.0 AppleWebKit/537.36 (KHTML, like Gecko; compatible; GPTBot/1.3; +https://openai.com/gptbot)"
74.7.227.128 - - [17/Mar/2026:21:29:53 +0000] "GET /whsy.php?e=snmp&p=%2Fproc%2F12526%2Fnet HTTP/1.1" 200 948 "http://23rdbanking.com.lab2454.com/whsy.php?p=%2Fproc%2F12526%2Fnet" "Mozilla/5.0 AppleWebKit/537.36 (KHTML, like Gecko; compatible; GPTBot/1.3; +https://openai.com/gptbot)"
74.7.227.128 - - [17/Mar/2026:21:30:05 +0000] "GET /whsy.php?e=snmp&p=%2Fproc%2F11218%2Fnet HTTP/1.1" 200 3233 "http://23rdbanking.com.lab2454.com/whsy.php?p=%2Fproc%2F11218%2Fnet" "Mozilla/5.0 AppleWebKit/537.36 (KHTML, like Gecko; compatible; GPTBot/1.3; +https://openai.com/gptbot)"
74.7.227.128 - - [17/Mar/2026:21:30:15 +0000] "GET /whsy.php?e=snmp&p=%2Fproc%2F29911%2Fnet HTTP/1.1" 200 3236 "http://23rdbanking.com.lab2454.com/whsy.php?p=%2Fproc%2F29911%2Fnet" "Mozilla/5.0 AppleWebKit/537.36 (KHTML, like Gecko; compatible; GPTBot/1.3; +https://openai.com/gptbot)"
74.7.227.128 - - [17/Mar/2026:21:30:28 +0000] "GET /whsy.php?e=icmp&p=%2Fproc%2F21772%2Fnet HTTP/1.1" 200 948 "http://23rdbanking.com.lab2454.com/whsy.php?p=%2Fproc%2F21772%2Fnet" "Mozilla/5.0 AppleWebKit/537.36 (KHTML, like Gecko; compatible; GPTBot/1.3; +https://openai.com/gptbot)"
74.7.227.128 - - [17/Mar/2026:21:30:42 +0000] "GET /whsy.php?e=snmp&p=%2Fproc%2F26646%2Fnet HTTP/1.1" 200 3232 "http://23rdbanking.com.lab2454.com/whsy.php?p=%2Fproc%2F26646%2Fnet" "Mozilla/5.0 AppleWebKit/537.36 (KHTML, like Gecko; compatible; GPTBot/1.3; +https://openai.com/gptbot)"
74.7.227.128 - - [17/Mar/2026:21:30:54 +0000] "GET /whsy.php?e=snmp&p=%2Fproc%2F32362%2Fnet HTTP/1.1" 200 3236 "http://23rdbanking.com.lab2454.com/whsy.php?p=%2Fproc%2F32362%2Fnet" "Mozilla/5.0 AppleWebKit/537.36 (KHTML, like Gecko; compatible; GPTBot/1.3; +https://openai.com/gptbot)"
74.7.227.128 - - [17/Mar/2026:21:31:08 +0000] "GET /whsy.php?e=snmp&p=%2Fproc%2F12562%2Fnet HTTP/1.1" 200 3230 "http://23rdbanking.com.lab2454.com/whsy.php?p=%2Fproc%2F12562%2Fnet" "Mozilla/5.0 AppleWebKit/537.36 (KHTML, like Gecko; compatible; GPTBot/1.3; +https://openai.com/gptbot)"
74.7.230.44 - - [17/Mar/2026:21:31:08 +0000] "GET /robots.txt HTTP/1.1" 404 - "-" "Mozilla/5.0 (Macintosh; Intel Mac OS X 10_15_7) AppleWebKit/537.36 (KHTML, like Gecko) Chrome/131.0.0.0 Safari/537.36; compatible; OAI-SearchBot/1.3; robots.txt; +https://openai.com/searchbot"
74.7.227.128 - - [17/Mar/2026:21:31:17 +0000] "GET /whsy.php?e=snmp&p=%2Fproc%2F12264%2Fnet HTTP/1.1" 200 948 "http://23rdbanking.com.lab2454.com/whsy.php?p=%2Fproc%2F12264%2Fnet" "Mozilla/5.0 AppleWebKit/537.36 (KHTML, like Gecko; compatible; GPTBot/1.3; +https://openai.com/gptbot)"
74.7.227.128 - - [17/Mar/2026:21:31:29 +0000] "GET /whsy.php?e=snmp&p=%2Fproc%2F17226%2Fnet HTTP/1.1" 200 3231 "http://23rdbanking.com.lab2454.com/whsy.php?p=%2Fproc%2F17226%2Fnet" "Mozilla/5.0 AppleWebKit/537.36 (KHTML, like Gecko; compatible; GPTBot/1.3; +https://openai.com/gptbot)"
74.7.227.128 - - [17/Mar/2026:21:31:41 +0000] "GET /whsy.php?e=snmp&p=%2Fproc%2F22407%2Fnet HTTP/1.1" 200 948 "http://23rdbanking.com.lab2454.com/whsy.php?p=%2Fproc%2F22407%2Fnet" "Mozilla/5.0 AppleWebKit/537.36 (KHTML, like Gecko; compatible; GPTBot/1.3; +https://openai.com/gptbot)"
74.7.227.128 - - [17/Mar/2026:21:31:59 +0000] "GET /whsy.php?e=current&p=%2Fproc%2F31032%2Fattr HTTP/1.1" 200 948 "http://23rdbanking.com.lab2454.com/whsy.php?p=%2Fproc%2F31032%2Fattr" "Mozilla/5.0 AppleWebKit/537.36 (KHTML, like Gecko; compatible; GPTBot/1.3; +https://openai.com/gptbot)"
74.7.227.128 - - [17/Mar/2026:21:32:13 +0000] "GET /whsy.php?e=netlink&p=%2Fproc%2F11218%2Fnet HTTP/1.1" 200 2810 "http://23rdbanking.com.lab2454.com/whsy.php?p=%2Fproc%2F11218%2Fnet" "Mozilla/5.0 AppleWebKit/537.36 (KHTML, like Gecko; compatible; GPTBot/1.3; +https://openai.com/gptbot)"
74.7.227.128 - - [17/Mar/2026:21:32:25 +0000] "GET /whsy.php?e=rt_cache&p=%2Fproc%2F28849%2Fnet HTTP/1.1" 200 2598 "http://23rdbanking.com.lab2454.com/whsy.php?p=%2Fproc%2F28849%2Fnet" "Mozilla/5.0 AppleWebKit/537.36 (KHTML, like Gecko; compatible; GPTBot/1.3; +https://openai.com/gptbot)"
74.7.227.128 - - [17/Mar/2026:21:32:36 +0000] "GET /whsy.php?e=current&p=%2Fproc%2F18011%2Fattr HTTP/1.1" 200 848 "http://23rdbanking.com.lab2454.com/whsy.php?p=%2Fproc%2F18011%2Fattr" "Mozilla/5.0 AppleWebKit/537.36 (KHTML, like Gecko; compatible; GPTBot/1.3; +https://openai.com/gptbot)"
74.7.227.128 - - [17/Mar/2026:21:32:48 +0000] "GET /whsy.php?e=current&p=%2Fproc%2F17297%2Fattr HTTP/1.1" 200 849 "http://23rdbanking.com.lab2454.com/whsy.php?p=%2Fproc%2F17297%2Fattr" "Mozilla/5.0 AppleWebKit/537.36 (KHTML, like Gecko; compatible; GPTBot/1.3; +https://openai.com/gptbot)"
74.7.227.128 - - [17/Mar/2026:21:33:05 +0000] "GET /whsy.php?e=sockstat&p=%2Fproc%2F12264%2Fnet HTTP/1.1" 200 948 "http://23rdbanking.com.lab2454.com/whsy.php?p=%2Fproc%2F12264%2Fnet" "Mozilla/5.0 AppleWebKit/537.36 (KHTML, like Gecko; compatible; GPTBot/1.3; +https://openai.com/gptbot)"
74.7.227.128 - - [17/Mar/2026:21:33:18 +0000] "GET /whsy.php?e=tls_stat&p=%2Fproc%2F12562%2Fnet HTTP/1.1" 200 2601 "http://23rdbanking.com.lab2454.com/whsy.php?p=%2Fproc%2F12562%2Fnet" "Mozilla/5.0 AppleWebKit/537.36 (KHTML, like Gecko; compatible; GPTBot/1.3; +https://openai.com/gptbot)"
74.7.227.128 - - [17/Mar/2026:21:33:27 +0000] "GET /whsy.php?e=sockstat&p=%2Fproc%2F14225%2Fnet HTTP/1.1" 200 2604 "http://23rdbanking.com.lab2454.com/whsy.php?p=%2Fproc%2F14225%2Fnet" "Mozilla/5.0 AppleWebKit/537.36 (KHTML, like Gecko; compatible; GPTBot/1.3; +https://openai.com/gptbot)"
74.7.227.128 - - [17/Mar/2026:21:33:36 +0000] "GET /whsy.php?e=tls_stat&p=%2Fproc%2F12264%2Fnet HTTP/1.1" 200 948 "http://23rdbanking.com.lab2454.com/whsy.php?p=%2Fproc%2F12264%2Fnet" "Mozilla/5.0 AppleWebKit/537.36 (KHTML, like Gecko; compatible; GPTBot/1.3; +https://openai.com/gptbot)"
74.7.227.128 - - [17/Mar/2026:21:33:49 +0000] "GET /whsy.php?e=tls_stat&p=%2Fproc%2F12526%2Fnet HTTP/1.1" 200 948 "http://23rdbanking.com.lab2454.com/whsy.php?p=%2Fproc%2F12526%2Fnet" "Mozilla/5.0 AppleWebKit/537.36 (KHTML, like Gecko; compatible; GPTBot/1.3; +https://openai.com/gptbot)"
74.7.227.128 - - [17/Mar/2026:21:34:08 +0000] "GET /whsy.php?e=current&p=%2Fproc%2F16726%2Fattr HTTP/1.1" 200 948 "http://23rdbanking.com.lab2454.com/whsy.php?p=%2Fproc%2F16726%2Fattr" "Mozilla/5.0 AppleWebKit/537.36 (KHTML, like Gecko; compatible; GPTBot/1.3; +https://openai.com/gptbot)"
74.7.227.128 - - [17/Mar/2026:21:34:24 +0000] "GET /whsy.php?e=sockstat&p=%2Fproc%2F12562%2Fnet HTTP/1.1" 200 2604 "http://23rdbanking.com.lab2454.com/whsy.php?p=%2Fproc%2F12562%2Fnet" "Mozilla/5.0 AppleWebKit/537.36 (KHTML, like Gecko; compatible; GPTBot/1.3; +https://openai.com/gptbot)"
74.7.227.128 - - [17/Mar/2026:21:34:35 +0000] "GET /whsy.php?e=current&p=%2Fproc%2F17213%2Fattr HTTP/1.1" 200 848 "http://23rdbanking.com.lab2454.com/whsy.php?p=%2Fproc%2F17213%2Fattr" "Mozilla/5.0 AppleWebKit/537.36 (KHTML, like Gecko; compatible; GPTBot/1.3; +https://openai.com/gptbot)"
74.7.227.128 - - [17/Mar/2026:21:34:47 +0000] "GET /whsy.php?e=current&p=%2Fproc%2F31023%2Fattr HTTP/1.1" 200 948 "http://23rdbanking.com.lab2454.com/whsy.php?p=%2Fproc%2F31023%2Fattr" "Mozilla/5.0 AppleWebKit/537.36 (KHTML, like Gecko; compatible; GPTBot/1.3; +https://openai.com/gptbot)"
74.7.227.128 - - [17/Mar/2026:21:34:57 +0000] "GET /whsy.php?e=rt_cache&p=%2Fproc%2F11302%2Fnet HTTP/1.1" 200 2597 "http://23rdbanking.com.lab2454.com/whsy.php?p=%2Fproc%2F11302%2Fnet" "Mozilla/5.0 AppleWebKit/537.36 (KHTML, like Gecko; compatible; GPTBot/1.3; +https://openai.com/gptbot)"
43.157.50.58 - - [17/Mar/2026:21:35:04 +0000] "GET /whsy.php?p=%2Fhome%2Flab2454c HTTP/1.1" 200 3804 "-" "Mozilla/5.0 (iPhone; CPU iPhone OS 13_2_3 like Mac OS X) AppleWebKit/605.1.15 (KHTML, like Gecko) Version/13.0.3 Mobile/15E148 Safari/604.1"
74.7.227.128 - - [17/Mar/2026:21:35:07 +0000] "GET /whsy.php?e=rt_cache&p=%2Fproc%2F31021%2Fnet HTTP/1.1" 200 948 "http://23rdbanking.com.lab2454.com/whsy.php?p=%2Fproc%2F31021%2Fnet" "Mozilla/5.0 AppleWebKit/537.36 (KHTML, like Gecko; compatible; GPTBot/1.3; +https://openai.com/gptbot)"
74.7.227.128 - - [17/Mar/2026:21:35:18 +0000] "GET /whsy.php?e=udplite&p=%2Fproc%2F32362%2Fnet HTTP/1.1" 200 2583 "http://23rdbanking.com.lab2454.com/whsy.php?p=%2Fproc%2F32362%2Fnet" "Mozilla/5.0 AppleWebKit/537.36 (KHTML, like Gecko; compatible; GPTBot/1.3; +https://openai.com/gptbot)"
74.7.227.128 - - [17/Mar/2026:21:35:30 +0000] "GET /whsy.php?e=rt_cache&p=%2Fproc%2F17291%2Fnet HTTP/1.1" 200 2598 "http://23rdbanking.com.lab2454.com/whsy.php?p=%2Fproc%2F17291%2Fnet" "Mozilla/5.0 AppleWebKit/537.36 (KHTML, like Gecko; compatible; GPTBot/1.3; +https://openai.com/gptbot)"
74.7.227.128 - - [17/Mar/2026:21:35:43 +0000] "GET /whsy.php?e=rt_cache&p=%2Fproc%2F28851%2Fnet HTTP/1.1" 200 2598 "http://23rdbanking.com.lab2454.com/whsy.php?p=%2Fproc%2F28851%2Fnet" "Mozilla/5.0 AppleWebKit/537.36 (KHTML, like Gecko; compatible; GPTBot/1.3; +https://openai.com/gptbot)"
74.7.227.128 - - [17/Mar/2026:21:35:55 +0000] "GET /whsy.php?e=netlink&p=%2Fproc%2F26646%2Fnet HTTP/1.1" 200 2812 "http://23rdbanking.com.lab2454.com/whsy.php?p=%2Fproc%2F26646%2Fnet" "Mozilla/5.0 AppleWebKit/537.36 (KHTML, like Gecko; compatible; GPTBot/1.3; +https://openai.com/gptbot)"
74.7.227.128 - - [17/Mar/2026:21:36:09 +0000] "GET /whsy.php?e=current&p=%2Fproc%2F11237%2Fattr HTTP/1.1" 200 848 "http://23rdbanking.com.lab2454.com/whsy.php?p=%2Fproc%2F11237%2Fattr" "Mozilla/5.0 AppleWebKit/537.36 (KHTML, like Gecko; compatible; GPTBot/1.3; +https://openai.com/gptbot)"
74.7.230.44 - - [17/Mar/2026:21:36:10 +0000] "GET /robots.txt HTTP/1.1" 404 - "-" "Mozilla/5.0 (Macintosh; Intel Mac OS X 10_15_7) AppleWebKit/537.36 (KHTML, like Gecko) Chrome/131.0.0.0 Safari/537.36; compatible; OAI-SearchBot/1.3; robots.txt; +https://openai.com/searchbot"
74.7.227.128 - - [17/Mar/2026:21:36:21 +0000] "GET /whsy.php?e=rt_cache&p=%2Fproc%2F11328%2Fnet HTTP/1.1" 200 2597 "http://23rdbanking.com.lab2454.com/whsy.php?p=%2Fproc%2F11328%2Fnet" "Mozilla/5.0 AppleWebKit/537.36 (KHTML, like Gecko; compatible; GPTBot/1.3; +https://openai.com/gptbot)"
74.7.227.128 - - [17/Mar/2026:21:36:34 +0000] "GET /whsy.php?e=current&p=%2Fproc%2F17192%2Fattr HTTP/1.1" 200 848 "http://23rdbanking.com.lab2454.com/whsy.php?p=%2Fproc%2F17192%2Fattr" "Mozilla/5.0 AppleWebKit/537.36 (KHTML, like Gecko; compatible; GPTBot/1.3; +https://openai.com/gptbot)"
74.7.227.128 - - [17/Mar/2026:21:36:46 +0000] "GET /whsy.php?e=tls_stat&p=%2Fproc%2F14225%2Fnet HTTP/1.1" 200 2601 "http://23rdbanking.com.lab2454.com/whsy.php?p=%2Fproc%2F14225%2Fnet" "Mozilla/5.0 AppleWebKit/537.36 (KHTML, like Gecko; compatible; GPTBot/1.3; +https://openai.com/gptbot)"
74.7.227.128 - - [17/Mar/2026:21:36:59 +0000] "GET /whsy.php?e=current&p=%2Fproc%2F29566%2Fattr HTTP/1.1" 200 849 "http://23rdbanking.com.lab2454.com/whsy.php?p=%2Fproc%2F29566%2Fattr" "Mozilla/5.0 AppleWebKit/537.36 (KHTML, like Gecko; compatible; GPTBot/1.3; +https://openai.com/gptbot)"
74.7.227.128 - - [17/Mar/2026:21:37:14 +0000] "GET /whsy.php?e=current&p=%2Fproc%2F11891%2Fattr HTTP/1.1" 200 848 "http://23rdbanking.com.lab2454.com/whsy.php?p=%2Fproc%2F11891%2Fattr" "Mozilla/5.0 AppleWebKit/537.36 (KHTML, like Gecko; compatible; GPTBot/1.3; +https://openai.com/gptbot)"
74.7.227.128 - - [17/Mar/2026:21:37:25 +0000] "GET /whsy.php?e=current&p=%2Fproc%2F30633%2Fattr HTTP/1.1" 200 948 "http://23rdbanking.com.lab2454.com/whsy.php?p=%2Fproc%2F30633%2Fattr" "Mozilla/5.0 AppleWebKit/537.36 (KHTML, like Gecko; compatible; GPTBot/1.3; +https://openai.com/gptbot)"
74.7.227.128 - - [17/Mar/2026:21:37:36 +0000] "GET /whsy.php?e=current&p=%2Fproc%2F17218%2Fattr HTTP/1.1" 200 848 "http://23rdbanking.com.lab2454.com/whsy.php?p=%2Fproc%2F17218%2Fattr" "Mozilla/5.0 AppleWebKit/537.36 (KHTML, like Gecko; compatible; GPTBot/1.3; +https://openai.com/gptbot)"
74.7.227.128 - - [17/Mar/2026:21:37:49 +0000] "GET /whsy.php?e=current&p=%2Fproc%2F13162%2Fattr HTTP/1.1" 200 948 "http://23rdbanking.com.lab2454.com/whsy.php?p=%2Fproc%2F13162%2Fattr" "Mozilla/5.0 AppleWebKit/537.36 (KHTML, like Gecko; compatible; GPTBot/1.3; +https://openai.com/gptbot)"
74.7.227.128 - - [17/Mar/2026:21:38:07 +0000] "GET /whsy.php?e=tls_stat&p=%2Fproc%2F22407%2Fnet HTTP/1.1" 200 948 "http://23rdbanking.com.lab2454.com/whsy.php?p=%2Fproc%2F22407%2Fnet" "Mozilla/5.0 AppleWebKit/537.36 (KHTML, like Gecko; compatible; GPTBot/1.3; +https://openai.com/gptbot)"
74.7.227.128 - - [17/Mar/2026:21:38:20 +0000] "GET /whsy.php?e=current&p=%2Fproc%2F17276%2Fattr HTTP/1.1" 200 849 "http://23rdbanking.com.lab2454.com/whsy.php?p=%2Fproc%2F17276%2Fattr" "Mozilla/5.0 AppleWebKit/537.36 (KHTML, like Gecko; compatible; GPTBot/1.3; +https://openai.com/gptbot)"
74.7.227.128 - - [17/Mar/2026:21:38:30 +0000] "GET /whsy.php?e=current&p=%2Fproc%2F11302%2Fattr HTTP/1.1" 200 848 "http://23rdbanking.com.lab2454.com/whsy.php?p=%2Fproc%2F11302%2Fattr" "Mozilla/5.0 AppleWebKit/537.36 (KHTML, like Gecko; compatible; GPTBot/1.3; +https://openai.com/gptbot)"
74.7.227.128 - - [17/Mar/2026:21:38:42 +0000] "GET /whsy.php?e=tls_stat&p=%2Fproc%2F17226%2Fnet HTTP/1.1" 200 2601 "http://23rdbanking.com.lab2454.com/whsy.php?p=%2Fproc%2F17226%2Fnet" "Mozilla/5.0 AppleWebKit/537.36 (KHTML, like Gecko; compatible; GPTBot/1.3; +https://openai.com/gptbot)"
74.7.227.128 - - [17/Mar/2026:21:39:02 +0000] "GET /whsy.php?e=current&p=%2Fproc%2F31021%2Fattr HTTP/1.1" 200 948 "http://23rdbanking.com.lab2454.com/whsy.php?p=%2Fproc%2F31021%2Fattr" "Mozilla/5.0 AppleWebKit/537.36 (KHTML, like Gecko; compatible; GPTBot/1.3; +https://openai.com/gptbot)"
74.7.227.128 - - [17/Mar/2026:21:39:25 +0000] "GET /whsy.php?e=sockstat&p=%2Fproc%2F17226%2Fnet HTTP/1.1" 200 2603 "http://23rdbanking.com.lab2454.com/whsy.php?p=%2Fproc%2F17226%2Fnet" "Mozilla/5.0 AppleWebKit/537.36 (KHTML, like Gecko; compatible; GPTBot/1.3; +https://openai.com/gptbot)"
74.7.227.128 - - [17/Mar/2026:21:39:40 +0000] "GET /whsy.php?e=rt_cache&p=%2Fproc%2F17297%2Fnet HTTP/1.1" 200 2598 "http://23rdbanking.com.lab2454.com/whsy.php?p=%2Fproc%2F17297%2Fnet" "Mozilla/5.0 AppleWebKit/537.36 (KHTML, like Gecko; compatible; GPTBot/1.3; +https://openai.com/gptbot)"
74.7.227.128 - - [17/Mar/2026:21:40:00 +0000] "GET /whsy.php?e=rt_cache&p=%2Fproc%2F17213%2Fnet HTTP/1.1" 200 2598 "http://23rdbanking.com.lab2454.com/whsy.php?p=%2Fproc%2F17213%2Fnet" "Mozilla/5.0 AppleWebKit/537.36 (KHTML, like Gecko; compatible; GPTBot/1.3; +https://openai.com/gptbot)"
74.7.227.128 - - [17/Mar/2026:21:40:17 +0000] "GET /whsy.php?e=rt_cache&p=%2Fproc%2F31023%2Fnet HTTP/1.1" 200 948 "http://23rdbanking.com.lab2454.com/whsy.php?p=%2Fproc%2F31023%2Fnet" "Mozilla/5.0 AppleWebKit/537.36 (KHTML, like Gecko; compatible; GPTBot/1.3; +https://openai.com/gptbot)"
74.7.227.128 - - [17/Mar/2026:21:40:35 +0000] "GET /whsy.php?e=rt_cache&p=%2Fproc%2F17276%2Fnet HTTP/1.1" 200 2598 "http://23rdbanking.com.lab2454.com/whsy.php?p=%2Fproc%2F17276%2Fnet" "Mozilla/5.0 AppleWebKit/537.36 (KHTML, like Gecko; compatible; GPTBot/1.3; +https://openai.com/gptbot)"
74.7.227.128 - - [17/Mar/2026:21:40:46 +0000] "GET /whsy.php?e=rt_cache&p=%2Fproc%2F13172%2Fnet HTTP/1.1" 200 2598 "http://23rdbanking.com.lab2454.com/whsy.php?p=%2Fproc%2F13172%2Fnet" "Mozilla/5.0 AppleWebKit/537.36 (KHTML, like Gecko; compatible; GPTBot/1.3; +https://openai.com/gptbot)"
74.7.227.128 - - [17/Mar/2026:21:40:59 +0000] "GET /whsy.php?e=current&p=%2Fproc%2F28849%2Fattr HTTP/1.1" 200 848 "http://23rdbanking.com.lab2454.com/whsy.php?p=%2Fproc%2F28849%2Fattr" "Mozilla/5.0 AppleWebKit/537.36 (KHTML, like Gecko; compatible; GPTBot/1.3; +https://openai.com/gptbot)"
74.7.227.128 - - [17/Mar/2026:21:41:29 +0000] "GET /whsy.php?e=sockstat&p=%2Fproc%2F31022%2Fnet HTTP/1.1" 200 948 "http://23rdbanking.com.lab2454.com/whsy.php?p=%2Fproc%2F31022%2Fnet" "Mozilla/5.0 AppleWebKit/537.36 (KHTML, like Gecko; compatible; GPTBot/1.3; +https://openai.com/gptbot)"
74.7.230.44 - - [17/Mar/2026:21:41:29 +0000] "GET /robots.txt HTTP/1.1" 404 - "-" "Mozilla/5.0 (Macintosh; Intel Mac OS X 10_15_7) AppleWebKit/537.36 (KHTML, like Gecko) Chrome/131.0.0.0 Safari/537.36; compatible; OAI-SearchBot/1.3; robots.txt; +https://openai.com/searchbot"
74.7.227.128 - - [17/Mar/2026:21:41:41 +0000] "GET /whsy.php?e=sockstat&p=%2Fproc%2F12526%2Fnet HTTP/1.1" 200 948 "http://23rdbanking.com.lab2454.com/whsy.php?p=%2Fproc%2F12526%2Fnet" "Mozilla/5.0 AppleWebKit/537.36 (KHTML, like Gecko; compatible; GPTBot/1.3; +https://openai.com/gptbot)"
74.7.227.128 - - [17/Mar/2026:21:41:52 +0000] "GET /whsy.php?e=rt_cache&p=%2Fproc%2F13162%2Fnet HTTP/1.1" 200 948 "http://23rdbanking.com.lab2454.com/whsy.php?p=%2Fproc%2F13162%2Fnet" "Mozilla/5.0 AppleWebKit/537.36 (KHTML, like Gecko; compatible; GPTBot/1.3; +https://openai.com/gptbot)"
74.7.227.128 - - [17/Mar/2026:21:42:12 +0000] "GET /whsy.php?e=tls_stat&p=%2Fproc%2F31022%2Fnet HTTP/1.1" 200 948 "http://23rdbanking.com.lab2454.com/whsy.php?p=%2Fproc%2F31022%2Fnet" "Mozilla/5.0 AppleWebKit/537.36 (KHTML, like Gecko; compatible; GPTBot/1.3; +https://openai.com/gptbot)"
74.7.227.128 - - [17/Mar/2026:21:42:30 +0000] "GET /whsy.php?e=current&p=%2Fproc%2F28508%2Fattr HTTP/1.1" 200 848 "http://23rdbanking.com.lab2454.com/whsy.php?p=%2Fproc%2F28508%2Fattr" "Mozilla/5.0 AppleWebKit/537.36 (KHTML, like Gecko; compatible; GPTBot/1.3; +https://openai.com/gptbot)"
74.7.227.128 - - [17/Mar/2026:21:42:42 +0000] "GET /whsy.php?e=current&p=%2Fproc%2F17207%2Fattr HTTP/1.1" 200 848 "http://23rdbanking.com.lab2454.com/whsy.php?p=%2Fproc%2F17207%2Fattr" "Mozilla/5.0 AppleWebKit/537.36 (KHTML, like Gecko; compatible; GPTBot/1.3; +https://openai.com/gptbot)"
74.7.227.128 - - [17/Mar/2026:21:42:54 +0000] "GET /whsy.php?e=current&p=%2Fproc%2F13523%2Fattr HTTP/1.1" 200 848 "http://23rdbanking.com.lab2454.com/whsy.php?p=%2Fproc%2F13523%2Fattr" "Mozilla/5.0 AppleWebKit/537.36 (KHTML, like Gecko; compatible; GPTBot/1.3; +https://openai.com/gptbot)"
74.7.227.128 - - [17/Mar/2026:21:43:07 +0000] "GET /whsy.php?e=rt_cache&p=%2Fproc%2F11237%2Fnet HTTP/1.1" 200 2598 "http://23rdbanking.com.lab2454.com/whsy.php?p=%2Fproc%2F11237%2Fnet" "Mozilla/5.0 AppleWebKit/537.36 (KHTML, like Gecko; compatible; GPTBot/1.3; +https://openai.com/gptbot)"
74.7.227.128 - - [17/Mar/2026:21:43:21 +0000] "GET /whsy.php?e=current&p=%2Fproc%2F20507%2Fattr HTTP/1.1" 200 848 "http://23rdbanking.com.lab2454.com/whsy.php?p=%2Fproc%2F20507%2Fattr" "Mozilla/5.0 AppleWebKit/537.36 (KHTML, like Gecko; compatible; GPTBot/1.3; +https://openai.com/gptbot)"
74.7.227.128 - - [17/Mar/2026:21:43:36 +0000] "GET /whsy.php?e=rt_cache&p=%2Fproc%2F31032%2Fnet HTTP/1.1" 200 948 "http://23rdbanking.com.lab2454.com/whsy.php?p=%2Fproc%2F31032%2Fnet" "Mozilla/5.0 AppleWebKit/537.36 (KHTML, like Gecko; compatible; GPTBot/1.3; +https://openai.com/gptbot)"
74.7.227.128 - - [17/Mar/2026:21:43:48 +0000] "GET /whsy.php?e=rt_cache&p=%2Fproc%2F20507%2Fnet HTTP/1.1" 200 2598 "http://23rdbanking.com.lab2454.com/whsy.php?p=%2Fproc%2F20507%2Fnet" "Mozilla/5.0 AppleWebKit/537.36 (KHTML, like Gecko; compatible; GPTBot/1.3; +https://openai.com/gptbot)"
74.7.227.128 - - [17/Mar/2026:21:44:01 +0000] "GET /whsy.php?e=rt_cache&p=%2Fproc%2F29566%2Fnet HTTP/1.1" 200 2598 "http://23rdbanking.com.lab2454.com/whsy.php?p=%2Fproc%2F29566%2Fnet" "Mozilla/5.0 AppleWebKit/537.36 (KHTML, like Gecko; compatible; GPTBot/1.3; +https://openai.com/gptbot)"
74.7.227.128 - - [17/Mar/2026:21:44:16 +0000] "GET /whsy.php?e=tls_stat&p=%2Fproc%2F29911%2Fnet HTTP/1.1" 200 2600 "http://23rdbanking.com.lab2454.com/whsy.php?p=%2Fproc%2F29911%2Fnet" "Mozilla/5.0 AppleWebKit/537.36 (KHTML, like Gecko; compatible; GPTBot/1.3; +https://openai.com/gptbot)"
74.7.227.128 - - [17/Mar/2026:21:44:28 +0000] "GET /whsy.php?e=rt_cache&p=%2Fproc%2F17192%2Fnet HTTP/1.1" 200 2598 "http://23rdbanking.com.lab2454.com/whsy.php?p=%2Fproc%2F17192%2Fnet" "Mozilla/5.0 AppleWebKit/537.36 (KHTML, like Gecko; compatible; GPTBot/1.3; +https://openai.com/gptbot)"
74.7.227.128 - - [17/Mar/2026:21:44:41 +0000] "GET /whsy.php?e=rt_cache&p=%2Fproc%2F17207%2Fnet HTTP/1.1" 200 2598 "http://23rdbanking.com.lab2454.com/whsy.php?p=%2Fproc%2F17207%2Fnet" "Mozilla/5.0 AppleWebKit/537.36 (KHTML, like Gecko; compatible; GPTBot/1.3; +https://openai.com/gptbot)"
74.7.227.128 - - [17/Mar/2026:21:44:54 +0000] "GET /whsy.php?e=udplite&p=%2Fproc%2F21772%2Fnet HTTP/1.1" 200 948 "http://23rdbanking.com.lab2454.com/whsy.php?p=%2Fproc%2F21772%2Fnet" "Mozilla/5.0 AppleWebKit/537.36 (KHTML, like Gecko; compatible; GPTBot/1.3; +https://openai.com/gptbot)"
74.7.227.128 - - [17/Mar/2026:21:45:06 +0000] "GET /whsy.php?e=rt_cache&p=%2Fproc%2F16726%2Fnet HTTP/1.1" 200 948 "http://23rdbanking.com.lab2454.com/whsy.php?p=%2Fproc%2F16726%2Fnet" "Mozilla/5.0 AppleWebKit/537.36 (KHTML, like Gecko; compatible; GPTBot/1.3; +https://openai.com/gptbot)"
104.28.246.115 - - [17/Mar/2026:21:45:08 +0000] "GET /style.php HTTP/1.1" 404 - "-" "Go-http-client/1.1"
104.28.246.115 - - [17/Mar/2026:21:45:08 +0000] "GET /style.php HTTP/1.1" 404 - "-" "Go-http-client/1.1"
104.28.246.115 - - [17/Mar/2026:21:45:10 +0000] "GET /wp-content/style.php HTTP/1.1" 404 - "-" "Go-http-client/1.1"
104.28.214.115 - - [17/Mar/2026:21:45:10 +0000] "GET /wp-content/style.php HTTP/1.1" 404 - "-" "Go-http-client/1.1"
104.28.246.115 - - [17/Mar/2026:21:45:14 +0000] "GET /wp-content/themes/style.php HTTP/1.1" 404 - "-" "Go-http-client/1.1"
104.28.246.115 - - [17/Mar/2026:21:45:15 +0000] "GET /wp-content/themes/style.php HTTP/1.1" 404 - "-" "Go-http-client/1.1"
104.28.246.115 - - [17/Mar/2026:21:45:15 +0000] "GET /wp-admin/style.php HTTP/1.1" 404 - "-" "Go-http-client/1.1"
104.28.246.115 - - [17/Mar/2026:21:45:16 +0000] "GET /wp-includes/style.php HTTP/1.1" 404 - "-" "Go-http-client/1.1"
104.28.246.115 - - [17/Mar/2026:21:45:20 +0000] "GET /chosen.php?p= HTTP/1.1" 404 - "-" "Go-http-client/1.1"
104.28.246.115 - - [17/Mar/2026:21:45:20 +0000] "GET /file.php HTTP/1.1" 404 - "-" "Go-http-client/1.1"
74.7.227.128 - - [17/Mar/2026:21:45:20 +0000] "GET /whsy.php?e=current&p=%2Fproc%2F11328%2Fattr HTTP/1.1" 200 847 "http://23rdbanking.com.lab2454.com/whsy.php?p=%2Fproc%2F11328%2Fattr" "Mozilla/5.0 AppleWebKit/537.36 (KHTML, like Gecko; compatible; GPTBot/1.3; +https://openai.com/gptbot)"
104.28.246.115 - - [17/Mar/2026:21:45:21 +0000] "GET /flower.php HTTP/1.1" 404 - "-" "Go-http-client/1.1"
43.135.186.135 - - [17/Mar/2026:21:45:24 +0000] "GET /?C=D;O=D HTTP/1.1" 200 480 "-" "Mozilla/5.0 (iPhone; CPU iPhone OS 13_2_3 like Mac OS X) AppleWebKit/605.1.15 (KHTML, like Gecko) Version/13.0.3 Mobile/15E148 Safari/604.1"
104.28.246.115 - - [17/Mar/2026:21:45:29 +0000] "GET /gifclass.php HTTP/1.1" 404 - "-" "Go-http-client/1.1"
74.7.227.128 - - [17/Mar/2026:21:45:33 +0000] "GET /whsy.php?e=current&p=%2Fproc%2F28851%2Fattr HTTP/1.1" 200 849 "http://23rdbanking.com.lab2454.com/whsy.php?p=%2Fproc%2F28851%2Fattr" "Mozilla/5.0 AppleWebKit/537.36 (KHTML, like Gecko; compatible; GPTBot/1.3; +https://openai.com/gptbot)"
104.28.246.115 - - [17/Mar/2026:21:45:33 +0000] "GET /bless.php HTTP/1.1" 404 - "-" "Go-http-client/1.1"
104.28.246.115 - - [17/Mar/2026:21:45:34 +0000] "GET /class-t.api.php HTTP/1.1" 404 - "-" "Go-http-client/1.1"
104.28.246.115 - - [17/Mar/2026:21:45:42 +0000] "GET /blurbs.php HTTP/1.1" 404 - "-" "Go-http-client/1.1"
74.7.227.128 - - [17/Mar/2026:21:45:43 +0000] "GET /whsy.php?e=current&p=%2Fproc%2F17291%2Fattr HTTP/1.1" 200 848 "http://23rdbanking.com.lab2454.com/whsy.php?p=%2Fproc%2F17291%2Fattr" "Mozilla/5.0 AppleWebKit/537.36 (KHTML, like Gecko; compatible; GPTBot/1.3; +https://openai.com/gptbot)"
104.28.246.115 - - [17/Mar/2026:21:45:45 +0000] "GET /akcc.php HTTP/1.1" 404 - "-" "Go-http-client/1.1"
104.28.246.115 - - [17/Mar/2026:21:45:52 +0000] "GET /abcd.php HTTP/1.1" 404 - "-" "Go-http-client/1.1"
74.7.227.128 - - [17/Mar/2026:21:45:56 +0000] "GET /whsy.php?e=rt_cache&p=%2Fproc%2F17218%2Fnet HTTP/1.1" 200 2597 "http://23rdbanking.com.lab2454.com/whsy.php?p=%2Fproc%2F17218%2Fnet" "Mozilla/5.0 AppleWebKit/537.36 (KHTML, like Gecko; compatible; GPTBot/1.3; +https://openai.com/gptbot)"
74.7.227.128 - - [17/Mar/2026:21:46:08 +0000] "GET /whsy.php?e=sockstat&p=%2Fproc%2F22407%2Fnet HTTP/1.1" 200 948 "http://23rdbanking.com.lab2454.com/whsy.php?p=%2Fproc%2F22407%2Fnet" "Mozilla/5.0 AppleWebKit/537.36 (KHTML, like Gecko; compatible; GPTBot/1.3; +https://openai.com/gptbot)"
74.7.227.128 - - [17/Mar/2026:21:46:21 +0000] "GET /whsy.php?e=rt_cache&p=%2Fproc%2F28508%2Fnet HTTP/1.1" 200 2598 "http://23rdbanking.com.lab2454.com/whsy.php?p=%2Fproc%2F28508%2Fnet" "Mozilla/5.0 AppleWebKit/537.36 (KHTML, like Gecko; compatible; GPTBot/1.3; +https://openai.com/gptbot)"
74.7.227.128 - - [17/Mar/2026:21:46:37 +0000] "GET /whsy.php?e=current&p=%2Fproc%2F13172%2Fattr HTTP/1.1" 200 848 "http://23rdbanking.com.lab2454.com/whsy.php?p=%2Fproc%2F13172%2Fattr" "Mozilla/5.0 AppleWebKit/537.36 (KHTML, like Gecko; compatible; GPTBot/1.3; +https://openai.com/gptbot)"
74.7.230.44 - - [17/Mar/2026:21:46:38 +0000] "GET /robots.txt HTTP/1.1" 404 - "-" "Mozilla/5.0 (Macintosh; Intel Mac OS X 10_15_7) AppleWebKit/537.36 (KHTML, like Gecko) Chrome/131.0.0.0 Safari/537.36; compatible; OAI-SearchBot/1.3; robots.txt; +https://openai.com/searchbot"
74.7.227.128 - - [17/Mar/2026:21:46:51 +0000] "GET /whsy.php?e=arch_status&p=%2Fproc%2F12022 HTTP/1.1" 200 948 "http://23rdbanking.com.lab2454.com/whsy.php?p=%2Fproc%2F12022" "Mozilla/5.0 AppleWebKit/537.36 (KHTML, like Gecko; compatible; GPTBot/1.3; +https://openai.com/gptbot)"
74.7.227.128 - - [17/Mar/2026:21:47:07 +0000] "GET /whsy.php?e=clear_refs&p=%2Fproc%2F7048 HTTP/1.1" 200 948 "http://23rdbanking.com.lab2454.com/whsy.php?p=%2Fproc%2F7048" "Mozilla/5.0 AppleWebKit/537.36 (KHTML, like Gecko; compatible; GPTBot/1.3; +https://openai.com/gptbot)"
74.7.227.128 - - [17/Mar/2026:21:47:19 +0000] "GET /whsy.php?e=arch_status&p=%2Fproc%2F22289 HTTP/1.1" 200 948 "http://23rdbanking.com.lab2454.com/whsy.php?p=%2Fproc%2F22289" "Mozilla/5.0 AppleWebKit/537.36 (KHTML, like Gecko; compatible; GPTBot/1.3; +https://openai.com/gptbot)"
74.7.227.128 - - [17/Mar/2026:21:47:32 +0000] "GET /whsy.php?e=packet&p=%2Fproc%2F31024%2Fnet HTTP/1.1" 200 948 "http://23rdbanking.com.lab2454.com/whsy.php?p=%2Fproc%2F31024%2Fnet" "Mozilla/5.0 AppleWebKit/537.36 (KHTML, like Gecko; compatible; GPTBot/1.3; +https://openai.com/gptbot)"
74.7.227.128 - - [17/Mar/2026:21:47:42 +0000] "GET /whsy.php?e=packet&p=%2Fproc%2F11877%2Fnet HTTP/1.1" 200 2572 "http://23rdbanking.com.lab2454.com/whsy.php?p=%2Fproc%2F11877%2Fnet" "Mozilla/5.0 AppleWebKit/537.36 (KHTML, like Gecko; compatible; GPTBot/1.3; +https://openai.com/gptbot)"
74.7.227.128 - - [17/Mar/2026:21:47:54 +0000] "GET /whsy.php?e=packet&p=%2Fproc%2F10692%2Fnet HTTP/1.1" 200 2571 "http://23rdbanking.com.lab2454.com/whsy.php?p=%2Fproc%2F10692%2Fnet" "Mozilla/5.0 AppleWebKit/537.36 (KHTML, like Gecko; compatible; GPTBot/1.3; +https://openai.com/gptbot)"
74.7.227.128 - - [17/Mar/2026:21:48:09 +0000] "GET /whsy.php?e=packet&p=%2Fproc%2F32096%2Fnet HTTP/1.1" 200 2571 "http://23rdbanking.com.lab2454.com/whsy.php?p=%2Fproc%2F32096%2Fnet" "Mozilla/5.0 AppleWebKit/537.36 (KHTML, like Gecko; compatible; GPTBot/1.3; +https://openai.com/gptbot)"
74.7.227.128 - - [17/Mar/2026:21:48:27 +0000] "GET /whsy.php?e=packet&p=%2Fproc%2F29140%2Fnet HTTP/1.1" 200 2570 "http://23rdbanking.com.lab2454.com/whsy.php?p=%2Fproc%2F29140%2Fnet" "Mozilla/5.0 AppleWebKit/537.36 (KHTML, like Gecko; compatible; GPTBot/1.3; +https://openai.com/gptbot)"
74.7.227.128 - - [17/Mar/2026:21:48:44 +0000] "GET /whsy.php?e=packet&p=%2Fproc%2F17246%2Fnet HTTP/1.1" 200 2572 "http://23rdbanking.com.lab2454.com/whsy.php?p=%2Fproc%2F17246%2Fnet" "Mozilla/5.0 AppleWebKit/537.36 (KHTML, like Gecko; compatible; GPTBot/1.3; +https://openai.com/gptbot)"
74.7.227.128 - - [17/Mar/2026:21:48:58 +0000] "GET /whsy.php?e=packet&p=%2Fproc%2F26317%2Fnet HTTP/1.1" 200 948 "http://23rdbanking.com.lab2454.com/whsy.php?p=%2Fproc%2F26317%2Fnet" "Mozilla/5.0 AppleWebKit/537.36 (KHTML, like Gecko; compatible; GPTBot/1.3; +https://openai.com/gptbot)"
74.7.227.128 - - [17/Mar/2026:21:49:13 +0000] "GET /whsy.php?e=packet&p=%2Fproc%2F31029%2Fnet HTTP/1.1" 200 948 "http://23rdbanking.com.lab2454.com/whsy.php?p=%2Fproc%2F31029%2Fnet" "Mozilla/5.0 AppleWebKit/537.36 (KHTML, like Gecko; compatible; GPTBot/1.3; +https://openai.com/gptbot)"
74.7.227.128 - - [17/Mar/2026:21:49:31 +0000] "GET /whsy.php?e=packet&p=%2Fproc%2F31031%2Fnet HTTP/1.1" 200 2570 "http://23rdbanking.com.lab2454.com/whsy.php?p=%2Fproc%2F31031%2Fnet" "Mozilla/5.0 AppleWebKit/537.36 (KHTML, like Gecko; compatible; GPTBot/1.3; +https://openai.com/gptbot)"
74.7.227.128 - - [17/Mar/2026:21:49:47 +0000] "GET /whsy.php?e=packet&p=%2Fproc%2F30636%2Fnet HTTP/1.1" 200 948 "http://23rdbanking.com.lab2454.com/whsy.php?p=%2Fproc%2F30636%2Fnet" "Mozilla/5.0 AppleWebKit/537.36 (KHTML, like Gecko; compatible; GPTBot/1.3; +https://openai.com/gptbot)"
74.7.227.128 - - [17/Mar/2026:21:49:59 +0000] "GET /whsy.php?e=packet&p=%2Fproc%2F31028%2Fnet HTTP/1.1" 200 948 "http://23rdbanking.com.lab2454.com/whsy.php?p=%2Fproc%2F31028%2Fnet" "Mozilla/5.0 AppleWebKit/537.36 (KHTML, like Gecko; compatible; GPTBot/1.3; +https://openai.com/gptbot)"
74.7.227.128 - - [17/Mar/2026:21:50:11 +0000] "GET /whsy.php?e=packet&p=%2Fproc%2F31026%2Fnet HTTP/1.1" 200 948 "http://23rdbanking.com.lab2454.com/whsy.php?p=%2Fproc%2F31026%2Fnet" "Mozilla/5.0 AppleWebKit/537.36 (KHTML, like Gecko; compatible; GPTBot/1.3; +https://openai.com/gptbot)"
74.7.227.128 - - [17/Mar/2026:21:50:23 +0000] "GET /whsy.php?e=packet&p=%2Fproc%2F17268%2Fnet HTTP/1.1" 200 2571 "http://23rdbanking.com.lab2454.com/whsy.php?p=%2Fproc%2F17268%2Fnet" "Mozilla/5.0 AppleWebKit/537.36 (KHTML, like Gecko; compatible; GPTBot/1.3; +https://openai.com/gptbot)"
74.7.227.128 - - [17/Mar/2026:21:50:40 +0000] "GET /whsy.php?e=packet&p=%2Fproc%2F23805%2Fnet HTTP/1.1" 200 2572 "http://23rdbanking.com.lab2454.com/whsy.php?p=%2Fproc%2F23805%2Fnet" "Mozilla/5.0 AppleWebKit/537.36 (KHTML, like Gecko; compatible; GPTBot/1.3; +https://openai.com/gptbot)"
74.7.227.128 - - [17/Mar/2026:21:50:55 +0000] "GET /whsy.php?e=packet&p=%2Fproc%2F17259%2Fnet HTTP/1.1" 200 2572 "http://23rdbanking.com.lab2454.com/whsy.php?p=%2Fproc%2F17259%2Fnet" "Mozilla/5.0 AppleWebKit/537.36 (KHTML, like Gecko; compatible; GPTBot/1.3; +https://openai.com/gptbot)"
74.7.227.128 - - [17/Mar/2026:21:51:09 +0000] "GET /whsy.php?e=packet&p=%2Fproc%2F30125%2Fnet HTTP/1.1" 200 2572 "http://23rdbanking.com.lab2454.com/whsy.php?p=%2Fproc%2F30125%2Fnet" "Mozilla/5.0 AppleWebKit/537.36 (KHTML, like Gecko; compatible; GPTBot/1.3; +https://openai.com/gptbot)"
74.7.227.128 - - [17/Mar/2026:21:51:19 +0000] "GET /whsy.php?e=packet&p=%2Fproc%2F21586%2Fnet HTTP/1.1" 200 948 "http://23rdbanking.com.lab2454.com/whsy.php?p=%2Fproc%2F21586%2Fnet" "Mozilla/5.0 AppleWebKit/537.36 (KHTML, like Gecko; compatible; GPTBot/1.3; +https://openai.com/gptbot)"
74.7.227.128 - - [17/Mar/2026:21:51:31 +0000] "GET /whsy.php?e=packet&p=%2Fproc%2F17197%2Fnet HTTP/1.1" 200 2572 "http://23rdbanking.com.lab2454.com/whsy.php?p=%2Fproc%2F17197%2Fnet" "Mozilla/5.0 AppleWebKit/537.36 (KHTML, like Gecko; compatible; GPTBot/1.3; +https://openai.com/gptbot)"
74.7.227.128 - - [17/Mar/2026:21:51:41 +0000] "GET /whsy.php?e=packet&p=%2Fproc%2F11889%2Fnet HTTP/1.1" 200 2571 "http://23rdbanking.com.lab2454.com/whsy.php?p=%2Fproc%2F11889%2Fnet" "Mozilla/5.0 AppleWebKit/537.36 (KHTML, like Gecko; compatible; GPTBot/1.3; +https://openai.com/gptbot)"
74.7.227.128 - - [17/Mar/2026:21:51:53 +0000] "GET /whsy.php?e=packet&p=%2Fproc%2F31030%2Fnet HTTP/1.1" 200 948 "http://23rdbanking.com.lab2454.com/whsy.php?p=%2Fproc%2F31030%2Fnet" "Mozilla/5.0 AppleWebKit/537.36 (KHTML, like Gecko; compatible; GPTBot/1.3; +https://openai.com/gptbot)"
74.7.227.128 - - [17/Mar/2026:21:52:10 +0000] "GET /whsy.php?e=packet&p=%2Fproc%2F31025%2Fnet HTTP/1.1" 200 948 "http://23rdbanking.com.lab2454.com/whsy.php?p=%2Fproc%2F31025%2Fnet" "Mozilla/5.0 AppleWebKit/537.36 (KHTML, like Gecko; compatible; GPTBot/1.3; +https://openai.com/gptbot)"
74.7.230.44 - - [17/Mar/2026:21:52:11 +0000] "GET /robots.txt HTTP/1.1" 404 - "-" "Mozilla/5.0 (Macintosh; Intel Mac OS X 10_15_7) AppleWebKit/537.36 (KHTML, like Gecko) Chrome/131.0.0.0 Safari/537.36; compatible; OAI-SearchBot/1.3; robots.txt; +https://openai.com/searchbot"
74.7.227.128 - - [17/Mar/2026:21:52:28 +0000] "GET /whsy.php?e=packet&p=%2Fproc%2F31027%2Fnet HTTP/1.1" 200 948 "http://23rdbanking.com.lab2454.com/whsy.php?p=%2Fproc%2F31027%2Fnet" "Mozilla/5.0 AppleWebKit/537.36 (KHTML, like Gecko; compatible; GPTBot/1.3; +https://openai.com/gptbot)"
74.7.227.128 - - [17/Mar/2026:21:52:44 +0000] "GET /whsy.php?e=packet&p=%2Fproc%2F13245%2Fnet HTTP/1.1" 200 2572 "http://23rdbanking.com.lab2454.com/whsy.php?p=%2Fproc%2F13245%2Fnet" "Mozilla/5.0 AppleWebKit/537.36 (KHTML, like Gecko; compatible; GPTBot/1.3; +https://openai.com/gptbot)"
74.7.227.128 - - [17/Mar/2026:21:52:59 +0000] "GET /whsy.php?e=packet&p=%2Fproc%2F17187%2Fnet HTTP/1.1" 200 2572 "http://23rdbanking.com.lab2454.com/whsy.php?p=%2Fproc%2F17187%2Fnet" "Mozilla/5.0 AppleWebKit/537.36 (KHTML, like Gecko; compatible; GPTBot/1.3; +https://openai.com/gptbot)"
74.7.227.128 - - [17/Mar/2026:21:53:13 +0000] "GET /whsy.php?e=packet&p=%2Fproc%2F17235%2Fnet HTTP/1.1" 200 2572 "http://23rdbanking.com.lab2454.com/whsy.php?p=%2Fproc%2F17235%2Fnet" "Mozilla/5.0 AppleWebKit/537.36 (KHTML, like Gecko; compatible; GPTBot/1.3; +https://openai.com/gptbot)"
74.7.227.128 - - [17/Mar/2026:21:53:29 +0000] "GET /whsy.php?e=packet&p=%2Fproc%2F23089%2Fnet HTTP/1.1" 200 948 "http://23rdbanking.com.lab2454.com/whsy.php?p=%2Fproc%2F23089%2Fnet" "Mozilla/5.0 AppleWebKit/537.36 (KHTML, like Gecko; compatible; GPTBot/1.3; +https://openai.com/gptbot)"
74.7.227.128 - - [17/Mar/2026:21:53:45 +0000] "GET /whsy.php?e=packet&p=%2Fproc%2F30370%2Fnet HTTP/1.1" 200 948 "http://23rdbanking.com.lab2454.com/whsy.php?p=%2Fproc%2F30370%2Fnet" "Mozilla/5.0 AppleWebKit/537.36 (KHTML, like Gecko; compatible; GPTBot/1.3; +https://openai.com/gptbot)"
74.7.227.128 - - [17/Mar/2026:21:54:04 +0000] "GET /whsy.php?e=mkfs.ext2&p=%2Fusr%2Fsbin HTTP/1.1" 200 15566 "http://23rdbanking.com.lab2454.com/whsy.php?p=%2F%2Fsbin" "Mozilla/5.0 AppleWebKit/537.36 (KHTML, like Gecko; compatible; GPTBot/1.3; +https://openai.com/gptbot)"
43.153.58.28 - - [17/Mar/2026:21:54:38 +0000] "GET /?C=S;O=A HTTP/1.1" 200 478 "-" "Mozilla/5.0 (iPhone; CPU iPhone OS 13_2_3 like Mac OS X) AppleWebKit/605.1.15 (KHTML, like Gecko) Version/13.0.3 Mobile/15E148 Safari/604.1"
74.7.227.128 - - [17/Mar/2026:21:54:52 +0000] "GET /whsy.php?e=fsck.ext2&p=%2Fusr%2Fsbin HTTP/1.1" 200 15565 "http://23rdbanking.com.lab2454.com/whsy.php?p=%2F%2Fsbin" "Mozilla/5.0 AppleWebKit/537.36 (KHTML, like Gecko; compatible; GPTBot/1.3; +https://openai.com/gptbot)"
74.7.227.128 - - [17/Mar/2026:21:55:13 +0000] "GET /whsy.php?e=icmp&p=%2Fproc%2F26646%2Fnet HTTP/1.1" 200 2580 "http://23rdbanking.com.lab2454.com/whsy.php?p=%2Fproc%2F26646%2Fnet" "Mozilla/5.0 AppleWebKit/537.36 (KHTML, like Gecko; compatible; GPTBot/1.3; +https://openai.com/gptbot)"
216.244.66.241 - - [17/Mar/2026:21:55:17 +0000] "GET /robots.txt HTTP/1.1" 404 - "-" "Mozilla/5.0 (compatible; DotBot/1.2; +https://opensiteexplorer.org/dotbot; help@moz.com)"
74.7.227.128 - - [17/Mar/2026:21:55:32 +0000] "GET /whsy.php?e=icmp&p=%2Fproc%2F11218%2Fnet HTTP/1.1" 200 2579 "http://23rdbanking.com.lab2454.com/whsy.php?p=%2Fproc%2F11218%2Fnet" "Mozilla/5.0 AppleWebKit/537.36 (KHTML, like Gecko; compatible; GPTBot/1.3; +https://openai.com/gptbot)"
74.7.227.128 - - [17/Mar/2026:21:55:46 +0000] "GET /whsy.php?e=numa_maps&p=%2Fproc%2F11121 HTTP/1.1" 200 948 "http://23rdbanking.com.lab2454.com/whsy.php?p=%2Fproc%2F11121" "Mozilla/5.0 AppleWebKit/537.36 (KHTML, like Gecko; compatible; GPTBot/1.3; +https://openai.com/gptbot)"
74.7.227.128 - - [17/Mar/2026:21:56:13 +0000] "GET /whsy.php?e=oom_score&p=%2Fproc%2F30007 HTTP/1.1" 200 948 "http://23rdbanking.com.lab2454.com/whsy.php?p=%2Fproc%2F30007" "Mozilla/5.0 AppleWebKit/537.36 (KHTML, like Gecko; compatible; GPTBot/1.3; +https://openai.com/gptbot)"
74.7.227.128 - - [17/Mar/2026:21:56:29 +0000] "GET /whsy.php?e=oom_score&p=%2Fproc%2F11197 HTTP/1.1" 200 2006 "http://23rdbanking.com.lab2454.com/whsy.php?p=%2Fproc%2F11197" "Mozilla/5.0 AppleWebKit/537.36 (KHTML, like Gecko; compatible; GPTBot/1.3; +https://openai.com/gptbot)"
74.7.227.128 - - [17/Mar/2026:21:56:50 +0000] "GET /whsy.php?e=netstat&p=%2Fproc%2F31025%2Fnet HTTP/1.1" 200 948 "http://23rdbanking.com.lab2454.com/whsy.php?p=%2Fproc%2F31025%2Fnet" "Mozilla/5.0 AppleWebKit/537.36 (KHTML, like Gecko; compatible; GPTBot/1.3; +https://openai.com/gptbot)"
74.7.227.128 - - [17/Mar/2026:21:57:06 +0000] "GET /whsy.php?e=netstat&p=%2Fproc%2F31027%2Fnet HTTP/1.1" 200 948 "http://23rdbanking.com.lab2454.com/whsy.php?p=%2Fproc%2F31027%2Fnet" "Mozilla/5.0 AppleWebKit/537.36 (KHTML, like Gecko; compatible; GPTBot/1.3; +https://openai.com/gptbot)"
74.7.227.128 - - [17/Mar/2026:21:57:24 +0000] "GET /whsy.php?e=netstat&p=%2Fproc%2F31029%2Fnet HTTP/1.1" 200 948 "http://23rdbanking.com.lab2454.com/whsy.php?p=%2Fproc%2F31029%2Fnet" "Mozilla/5.0 AppleWebKit/537.36 (KHTML, like Gecko; compatible; GPTBot/1.3; +https://openai.com/gptbot)"
74.7.227.128 - - [17/Mar/2026:21:57:48 +0000] "GET /whsy.php?e=netstat&p=%2Fproc%2F31024%2Fnet HTTP/1.1" 200 948 "http://23rdbanking.com.lab2454.com/whsy.php?p=%2Fproc%2F31024%2Fnet" "Mozilla/5.0 AppleWebKit/537.36 (KHTML, like Gecko; compatible; GPTBot/1.3; +https://openai.com/gptbot)"
74.7.227.128 - - [17/Mar/2026:21:58:07 +0000] "GET /whsy.php?e=netstat&p=%2Fproc%2F31030%2Fnet HTTP/1.1" 200 948 "http://23rdbanking.com.lab2454.com/whsy.php?p=%2Fproc%2F31030%2Fnet" "Mozilla/5.0 AppleWebKit/537.36 (KHTML, like Gecko; compatible; GPTBot/1.3; +https://openai.com/gptbot)"
74.7.227.128 - - [17/Mar/2026:21:58:35 +0000] "GET /whsy.php?e=rt_cache&p=%2Fproc%2F31022%2Fnet HTTP/1.1" 200 948 "http://23rdbanking.com.lab2454.com/whsy.php?p=%2Fproc%2F31022%2Fnet" "Mozilla/5.0 AppleWebKit/537.36 (KHTML, like Gecko; compatible; GPTBot/1.3; +https://openai.com/gptbot)"
74.7.227.128 - - [17/Mar/2026:21:58:54 +0000] "GET /whsy.php?e=current&p=%2Fproc%2F14225%2Fattr HTTP/1.1" 200 847 "http://23rdbanking.com.lab2454.com/whsy.php?p=%2Fproc%2F14225%2Fattr" "Mozilla/5.0 AppleWebKit/537.36 (KHTML, like Gecko; compatible; GPTBot/1.3; +https://openai.com/gptbot)"
74.7.227.128 - - [17/Mar/2026:21:59:16 +0000] "GET /whsy.php?e=netlink&p=%2Fproc%2F32362%2Fnet HTTP/1.1" 200 2811 "http://23rdbanking.com.lab2454.com/whsy.php?p=%2Fproc%2F32362%2Fnet" "Mozilla/5.0 AppleWebKit/537.36 (KHTML, like Gecko; compatible; GPTBot/1.3; +https://openai.com/gptbot)"
74.7.227.128 - - [17/Mar/2026:21:59:35 +0000] "GET /whsy.php?e=rt_cache&p=%2Fproc%2F17226%2Fnet HTTP/1.1" 200 2598 "http://23rdbanking.com.lab2454.com/whsy.php?p=%2Fproc%2F17226%2Fnet" "Mozilla/5.0 AppleWebKit/537.36 (KHTML, like Gecko; compatible; GPTBot/1.3; +https://openai.com/gptbot)"
74.7.227.128 - - [17/Mar/2026:21:59:55 +0000] "GET /whsy.php?e=netstat&p=%2Fproc%2F23805%2Fnet HTTP/1.1" 200 4251 "http://23rdbanking.com.lab2454.com/whsy.php?p=%2Fproc%2F23805%2Fnet" "Mozilla/5.0 AppleWebKit/537.36 (KHTML, like Gecko; compatible; GPTBot/1.3; +https://openai.com/gptbot)"
74.7.227.128 - - [17/Mar/2026:22:00:17 +0000] "GET /whsy.php?e=netstat&p=%2Fproc%2F23089%2Fnet HTTP/1.1" 200 948 "http://23rdbanking.com.lab2454.com/whsy.php?p=%2Fproc%2F23089%2Fnet" "Mozilla/5.0 AppleWebKit/537.36 (KHTML, like Gecko; compatible; GPTBot/1.3; +https://openai.com/gptbot)"
74.7.227.128 - - [17/Mar/2026:22:00:29 +0000] "GET /whsy.php?e=netstat&p=%2Fproc%2F17235%2Fnet HTTP/1.1" 200 4252 "http://23rdbanking.com.lab2454.com/whsy.php?p=%2Fproc%2F17235%2Fnet" "Mozilla/5.0 AppleWebKit/537.36 (KHTML, like Gecko; compatible; GPTBot/1.3; +https://openai.com/gptbot)"
74.7.227.128 - - [17/Mar/2026:22:00:49 +0000] "GET /whsy.php?e=netstat&p=%2Fproc%2F30636%2Fnet HTTP/1.1" 200 948 "http://23rdbanking.com.lab2454.com/whsy.php?p=%2Fproc%2F30636%2Fnet" "Mozilla/5.0 AppleWebKit/537.36 (KHTML, like Gecko; compatible; GPTBot/1.3; +https://openai.com/gptbot)"
74.7.227.128 - - [17/Mar/2026:22:01:10 +0000] "GET /whsy.php?e=rt_cache&p=%2Fproc%2F12264%2Fnet HTTP/1.1" 200 948 "http://23rdbanking.com.lab2454.com/whsy.php?p=%2Fproc%2F12264%2Fnet" "Mozilla/5.0 AppleWebKit/537.36 (KHTML, like Gecko; compatible; GPTBot/1.3; +https://openai.com/gptbot)"
74.7.227.128 - - [17/Mar/2026:22:01:25 +0000] "GET /whsy.php?e=netstat&p=%2Fproc%2F17197%2Fnet HTTP/1.1" 200 4247 "http://23rdbanking.com.lab2454.com/whsy.php?p=%2Fproc%2F17197%2Fnet" "Mozilla/5.0 AppleWebKit/537.36 (KHTML, like Gecko; compatible; GPTBot/1.3; +https://openai.com/gptbot)"
74.7.227.128 - - [17/Mar/2026:22:01:42 +0000] "GET /whsy.php?e=netstat&p=%2Fproc%2F10692%2Fnet HTTP/1.1" 200 4250 "http://23rdbanking.com.lab2454.com/whsy.php?p=%2Fproc%2F10692%2Fnet" "Mozilla/5.0 AppleWebKit/537.36 (KHTML, like Gecko; compatible; GPTBot/1.3; +https://openai.com/gptbot)"
43.157.82.252 - - [17/Mar/2026:22:01:51 +0000] "GET / HTTP/1.1" 200 479 "-" "Mozilla/5.0 (iPhone; CPU iPhone OS 13_2_3 like Mac OS X) AppleWebKit/605.1.15 (KHTML, like Gecko) Version/13.0.3 Mobile/15E148 Safari/604.1"
74.7.227.128 - - [17/Mar/2026:22:02:15 +0000] "GET /whsy.php?e=netstat&p=%2Fproc%2F17246%2Fnet HTTP/1.1" 200 4249 "http://23rdbanking.com.lab2454.com/whsy.php?p=%2Fproc%2F17246%2Fnet" "Mozilla/5.0 AppleWebKit/537.36 (KHTML, like Gecko; compatible; GPTBot/1.3; +https://openai.com/gptbot)"
74.7.227.128 - - [17/Mar/2026:22:02:30 +0000] "GET /whsy.php?e=netstat&p=%2Fproc%2F31026%2Fnet HTTP/1.1" 200 948 "http://23rdbanking.com.lab2454.com/whsy.php?p=%2Fproc%2F31026%2Fnet" "Mozilla/5.0 AppleWebKit/537.36 (KHTML, like Gecko; compatible; GPTBot/1.3; +https://openai.com/gptbot)"
74.7.227.128 - - [17/Mar/2026:22:02:48 +0000] "GET /whsy.php?e=current&p=%2Fproc%2F12562%2Fattr HTTP/1.1" 200 848 "http://23rdbanking.com.lab2454.com/whsy.php?p=%2Fproc%2F12562%2Fattr" "Mozilla/5.0 AppleWebKit/537.36 (KHTML, like Gecko; compatible; GPTBot/1.3; +https://openai.com/gptbot)"
74.7.227.128 - - [17/Mar/2026:22:03:11 +0000] "GET /whsy.php?e=netstat&p=%2Fproc%2F11877%2Fnet HTTP/1.1" 200 4252 "http://23rdbanking.com.lab2454.com/whsy.php?p=%2Fproc%2F11877%2Fnet" "Mozilla/5.0 AppleWebKit/537.36 (KHTML, like Gecko; compatible; GPTBot/1.3; +https://openai.com/gptbot)"
74.7.227.128 - - [17/Mar/2026:22:03:27 +0000] "GET /whsy.php?e=rt_cache&p=%2Fproc%2F29911%2Fnet HTTP/1.1" 200 2597 "http://23rdbanking.com.lab2454.com/whsy.php?p=%2Fproc%2F29911%2Fnet" "Mozilla/5.0 AppleWebKit/537.36 (KHTML, like Gecko; compatible; GPTBot/1.3; +https://openai.com/gptbot)"
74.7.227.128 - - [17/Mar/2026:22:03:39 +0000] "GET /whsy.php?e=netstat&p=%2Fproc%2F17187%2Fnet HTTP/1.1" 200 4253 "http://23rdbanking.com.lab2454.com/whsy.php?p=%2Fproc%2F17187%2Fnet" "Mozilla/5.0 AppleWebKit/537.36 (KHTML, like Gecko; compatible; GPTBot/1.3; +https://openai.com/gptbot)"
74.7.227.128 - - [17/Mar/2026:22:03:53 +0000] "GET /whsy.php?e=netstat&p=%2Fproc%2F31031%2Fnet HTTP/1.1" 200 948 "http://23rdbanking.com.lab2454.com/whsy.php?p=%2Fproc%2F31031%2Fnet" "Mozilla/5.0 AppleWebKit/537.36 (KHTML, like Gecko; compatible; GPTBot/1.3; +https://openai.com/gptbot)"
216.244.66.241 - - [17/Mar/2026:22:03:54 +0000] "GET /whsy.php?p=%2Fhome%2Flab2454c%2Fdsbjewels.com%2F.well-known HTTP/1.1" 200 3764 "-" "Mozilla/5.0 (compatible; DotBot/1.2; +https://opensiteexplorer.org/dotbot; help@moz.com)"
74.7.227.128 - - [17/Mar/2026:22:04:08 +0000] "GET /whsy.php?e=netstat&p=%2Fproc%2F11889%2Fnet HTTP/1.1" 200 4251 "http://23rdbanking.com.lab2454.com/whsy.php?p=%2Fproc%2F11889%2Fnet" "Mozilla/5.0 AppleWebKit/537.36 (KHTML, like Gecko; compatible; GPTBot/1.3; +https://openai.com/gptbot)"
74.7.227.128 - - [17/Mar/2026:22:04:27 +0000] "GET /whsy.php?e=rt_cache&p=%2Fproc%2F12562%2Fnet HTTP/1.1" 200 2598 "http://23rdbanking.com.lab2454.com/whsy.php?p=%2Fproc%2F12562%2Fnet" "Mozilla/5.0 AppleWebKit/537.36 (KHTML, like Gecko; compatible; GPTBot/1.3; +https://openai.com/gptbot)"
43.157.153.236 - - [17/Mar/2026:22:04:43 +0000] "GET /?C=N;O=A HTTP/1.1" 200 479 "-" "Mozilla/5.0 (iPhone; CPU iPhone OS 13_2_3 like Mac OS X) AppleWebKit/605.1.15 (KHTML, like Gecko) Version/13.0.3 Mobile/15E148 Safari/604.1"
74.7.227.128 - - [17/Mar/2026:22:04:43 +0000] "GET /whsy.php?e=current&p=%2Fproc%2F17226%2Fattr HTTP/1.1" 200 848 "http://23rdbanking.com.lab2454.com/whsy.php?p=%2Fproc%2F17226%2Fattr" "Mozilla/5.0 AppleWebKit/537.36 (KHTML, like Gecko; compatible; GPTBot/1.3; +https://openai.com/gptbot)"
74.7.227.128 - - [17/Mar/2026:22:04:57 +0000] "GET /whsy.php?e=netlink&p=%2Fproc%2F21772%2Fnet HTTP/1.1" 200 948 "http://23rdbanking.com.lab2454.com/whsy.php?p=%2Fproc%2F21772%2Fnet" "Mozilla/5.0 AppleWebKit/537.36 (KHTML, like Gecko; compatible; GPTBot/1.3; +https://openai.com/gptbot)"
216.244.66.241 - - [17/Mar/2026:22:05:09 +0000] "GET /whsy.php?e=costbloc.net.lab2454.com-Jun-2024.gz&p=%2Fhome%2Flab2454c%2Flogs HTTP/1.1" 200 471197 "-" "Mozilla/5.0 (compatible; DotBot/1.2; +https://opensiteexplorer.org/dotbot; help@moz.com)"
216.244.66.241 - - [17/Mar/2026:22:05:14 +0000] "GET /whsy.php?e=crypthorize.com.lab2454.com-Jun-2024.gz&p=%2Fhome%2Flab2454c%2Flogs HTTP/1.1" 200 471200 "-" "Mozilla/5.0 (compatible; DotBot/1.2; +https://opensiteexplorer.org/dotbot; help@moz.com)"
216.244.66.241 - - [17/Mar/2026:22:05:18 +0000] "GET /whsy.php?e=idenbic.com.lab2454.com-ssl_log-Mar-2026.gz&p=%2Fhome%2Flab2454c%2Flogs HTTP/1.1" 200 471204 "-" "Mozilla/5.0 (compatible; DotBot/1.2; +https://opensiteexplorer.org/dotbot; help@moz.com)"
74.7.227.128 - - [17/Mar/2026:22:05:19 +0000] "GET /whsy.php?e=netstat&p=%2Fproc%2F30125%2Fnet HTTP/1.1" 200 4254 "http://23rdbanking.com.lab2454.com/whsy.php?p=%2Fproc%2F30125%2Fnet" "Mozilla/5.0 AppleWebKit/537.36 (KHTML, like Gecko; compatible; GPTBot/1.3; +https://openai.com/gptbot)"
74.7.227.128 - - [17/Mar/2026:22:05:31 +0000] "GET /whsy.php?e=netstat&p=%2Fproc%2F17268%2Fnet HTTP/1.1" 200 4243 "http://23rdbanking.com.lab2454.com/whsy.php?p=%2Fproc%2F17268%2Fnet" "Mozilla/5.0 AppleWebKit/537.36 (KHTML, like Gecko; compatible; GPTBot/1.3; +https://openai.com/gptbot)"
74.7.227.128 - - [17/Mar/2026:22:05:42 +0000] "GET /whsy.php?e=current&p=%2Fproc%2F22407%2Fattr HTTP/1.1" 200 948 "http://23rdbanking.com.lab2454.com/whsy.php?p=%2Fproc%2F22407%2Fattr" "Mozilla/5.0 AppleWebKit/537.36 (KHTML, like Gecko; compatible; GPTBot/1.3; +https://openai.com/gptbot)"
74.7.227.128 - - [17/Mar/2026:22:05:59 +0000] "GET /whsy.php?e=tls_stat&p=%2Fproc%2F11218%2Fnet HTTP/1.1" 200 2600 "http://23rdbanking.com.lab2454.com/whsy.php?p=%2Fproc%2F11218%2Fnet" "Mozilla/5.0 AppleWebKit/537.36 (KHTML, like Gecko; compatible; GPTBot/1.3; +https://openai.com/gptbot)"
216.244.66.241 - - [17/Mar/2026:22:06:11 +0000] "GET /whsy.php?e=carbonterminal.com.lab2454.com-ssl_log-Mar-2026.gz&p=%2Fhome%2Flab2454c%2Flogs HTTP/1.1" 200 471211 "-" "Mozilla/5.0 (compatible; DotBot/1.2; +https://opensiteexplorer.org/dotbot; help@moz.com)"
