74.7.227.128 - - [17/Mar/2026:22:06:18 +0000] "GET /whsy.php?e=netstat&p=%2Fproc%2F17259%2Fnet HTTP/1.1" 200 4249 "http://23rdbanking.com.lab2454.com/whsy.php?p=%2Fproc%2F17259%2Fnet" "Mozilla/5.0 AppleWebKit/537.36 (KHTML, like Gecko; compatible; GPTBot/1.3; +https://openai.com/gptbot)"
74.7.227.128 - - [17/Mar/2026:22:06:30 +0000] "GET /whsy.php?e=netstat&p=%2Fproc%2F32096%2Fnet HTTP/1.1" 200 4250 "http://23rdbanking.com.lab2454.com/whsy.php?p=%2Fproc%2F32096%2Fnet" "Mozilla/5.0 AppleWebKit/537.36 (KHTML, like Gecko; compatible; GPTBot/1.3; +https://openai.com/gptbot)"
216.244.66.241 - - [17/Mar/2026:22:06:38 +0000] "GET /whsy.php?e=cfbinternational.com.lab2454.com-ssl_log-Jun-2024.gz&p=%2Fhome%2Flab2454c%2Flogs HTTP/1.1" 200 471213 "-" "Mozilla/5.0 (compatible; DotBot/1.2; +https://opensiteexplorer.org/dotbot; help@moz.com)"
74.7.227.128 - - [17/Mar/2026:22:06:40 +0000] "GET /whsy.php?e=netstat&p=%2Fproc%2F13245%2Fnet HTTP/1.1" 200 4251 "http://23rdbanking.com.lab2454.com/whsy.php?p=%2Fproc%2F13245%2Fnet" "Mozilla/5.0 AppleWebKit/537.36 (KHTML, like Gecko; compatible; GPTBot/1.3; +https://openai.com/gptbot)"
74.7.227.128 - - [17/Mar/2026:22:06:52 +0000] "GET /whsy.php?e=netstat&p=%2Fproc%2F26317%2Fnet HTTP/1.1" 200 948 "http://23rdbanking.com.lab2454.com/whsy.php?p=%2Fproc%2F26317%2Fnet" "Mozilla/5.0 AppleWebKit/537.36 (KHTML, like Gecko; compatible; GPTBot/1.3; +https://openai.com/gptbot)"
216.244.66.241 - - [17/Mar/2026:22:07:00 +0000] "GET /whsy.php?e=crypthorize.com.lab2454.com-ssl_log-Jun-2024.gz&p=%2Fhome%2Flab2454c%2Flogs HTTP/1.1" 200 471208 "-" "Mozilla/5.0 (compatible; DotBot/1.2; +https://opensiteexplorer.org/dotbot; help@moz.com)"
74.7.227.128 - - [17/Mar/2026:22:07:07 +0000] "GET /whsy.php?e=netstat&p=%2Fproc%2F31028%2Fnet HTTP/1.1" 200 948 "http://23rdbanking.com.lab2454.com/whsy.php?p=%2Fproc%2F31028%2Fnet" "Mozilla/5.0 AppleWebKit/537.36 (KHTML, like Gecko; compatible; GPTBot/1.3; +https://openai.com/gptbot)"
216.244.66.241 - - [17/Mar/2026:22:07:20 +0000] "GET /whsy.php?e=sothebankuab.lab2454.com-ssl_log-Jun-2024.gz&p=%2Fhome%2Flab2454c%2Flogs HTTP/1.1" 200 471205 "-" "Mozilla/5.0 (compatible; DotBot/1.2; +https://opensiteexplorer.org/dotbot; help@moz.com)"
74.7.227.128 - - [17/Mar/2026:22:07:23 +0000] "GET /whsy.php?e=netstat&p=%2Fproc%2F30370%2Fnet HTTP/1.1" 200 948 "http://23rdbanking.com.lab2454.com/whsy.php?p=%2Fproc%2F30370%2Fnet" "Mozilla/5.0 AppleWebKit/537.36 (KHTML, like Gecko; compatible; GPTBot/1.3; +https://openai.com/gptbot)"
74.7.227.128 - - [17/Mar/2026:22:07:36 +0000] "GET /whsy.php?e=tls_stat&p=%2Fproc%2F32362%2Fnet HTTP/1.1" 200 2600 "http://23rdbanking.com.lab2454.com/whsy.php?p=%2Fproc%2F32362%2Fnet" "Mozilla/5.0 AppleWebKit/537.36 (KHTML, like Gecko; compatible; GPTBot/1.3; +https://openai.com/gptbot)"
74.7.230.44 - - [17/Mar/2026:22:07:37 +0000] "GET /robots.txt HTTP/1.1" 404 - "-" "Mozilla/5.0 (Macintosh; Intel Mac OS X 10_15_7) AppleWebKit/537.36 (KHTML, like Gecko) Chrome/131.0.0.0 Safari/537.36; compatible; OAI-SearchBot/1.3; robots.txt; +https://openai.com/searchbot"
216.244.66.241 - - [17/Mar/2026:22:07:40 +0000] "GET /whsy.php?e=veritserv.com.lab2454.com.bkup&p=%2Fhome%2Flab2454c%2Flogs HTTP/1.1" 200 1036207 "-" "Mozilla/5.0 (compatible; DotBot/1.2; +https://opensiteexplorer.org/dotbot; help@moz.com)"
74.7.227.128 - - [17/Mar/2026:22:07:49 +0000] "GET /whsy.php?e=tls_stat&p=%2Fproc%2F21772%2Fnet HTTP/1.1" 200 948 "http://23rdbanking.com.lab2454.com/whsy.php?p=%2Fproc%2F21772%2Fnet" "Mozilla/5.0 AppleWebKit/537.36 (KHTML, like Gecko; compatible; GPTBot/1.3; +https://openai.com/gptbot)"
74.7.227.128 - - [17/Mar/2026:22:08:02 +0000] "GET /whsy.php?e=current&p=%2Fproc%2F31022%2Fattr HTTP/1.1" 200 948 "http://23rdbanking.com.lab2454.com/whsy.php?p=%2Fproc%2F31022%2Fattr" "Mozilla/5.0 AppleWebKit/537.36 (KHTML, like Gecko; compatible; GPTBot/1.3; +https://openai.com/gptbot)"
74.7.227.128 - - [17/Mar/2026:22:08:17 +0000] "GET /whsy.php?e=current&p=%2Fproc%2F12526%2Fattr HTTP/1.1" 200 948 "http://23rdbanking.com.lab2454.com/whsy.php?p=%2Fproc%2F12526%2Fattr" "Mozilla/5.0 AppleWebKit/537.36 (KHTML, like Gecko; compatible; GPTBot/1.3; +https://openai.com/gptbot)"
74.7.227.128 - - [17/Mar/2026:22:08:34 +0000] "GET /whsy.php?e=netstat&p=%2Fproc%2F29140%2Fnet HTTP/1.1" 200 4248 "http://23rdbanking.com.lab2454.com/whsy.php?p=%2Fproc%2F29140%2Fnet" "Mozilla/5.0 AppleWebKit/537.36 (KHTML, like Gecko; compatible; GPTBot/1.3; +https://openai.com/gptbot)"
74.7.227.128 - - [17/Mar/2026:22:08:48 +0000] "GET /whsy.php?e=rt_cache&p=%2Fproc%2F22407%2Fnet HTTP/1.1" 200 948 "http://23rdbanking.com.lab2454.com/whsy.php?p=%2Fproc%2F22407%2Fnet" "Mozilla/5.0 AppleWebKit/537.36 (KHTML, like Gecko; compatible; GPTBot/1.3; +https://openai.com/gptbot)"
74.7.227.128 - - [17/Mar/2026:22:09:02 +0000] "GET /whsy.php?e=sockstat&p=%2Fproc%2F29911%2Fnet HTTP/1.1" 200 2603 "http://23rdbanking.com.lab2454.com/whsy.php?p=%2Fproc%2F29911%2Fnet" "Mozilla/5.0 AppleWebKit/537.36 (KHTML, like Gecko; compatible; GPTBot/1.3; +https://openai.com/gptbot)"
74.7.227.128 - - [17/Mar/2026:22:09:18 +0000] "GET /whsy.php?e=rt_cache&p=%2Fproc%2F14225%2Fnet HTTP/1.1" 200 2598 "http://23rdbanking.com.lab2454.com/whsy.php?p=%2Fproc%2F14225%2Fnet" "Mozilla/5.0 AppleWebKit/537.36 (KHTML, like Gecko; compatible; GPTBot/1.3; +https://openai.com/gptbot)"
74.7.227.128 - - [17/Mar/2026:22:09:30 +0000] "GET /whsy.php?e=netstat&p=%2Fproc%2F21586%2Fnet HTTP/1.1" 200 948 "http://23rdbanking.com.lab2454.com/whsy.php?p=%2Fproc%2F21586%2Fnet" "Mozilla/5.0 AppleWebKit/537.36 (KHTML, like Gecko; compatible; GPTBot/1.3; +https://openai.com/gptbot)"
74.7.227.128 - - [17/Mar/2026:22:09:42 +0000] "GET /whsy.php?e=sockstat&p=%2Fproc%2F26646%2Fnet HTTP/1.1" 200 948 "http://23rdbanking.com.lab2454.com/whsy.php?p=%2Fproc%2F26646%2Fnet" "Mozilla/5.0 AppleWebKit/537.36 (KHTML, like Gecko; compatible; GPTBot/1.3; +https://openai.com/gptbot)"
74.7.227.128 - - [17/Mar/2026:22:09:54 +0000] "GET /whsy.php?e=sockstat&p=%2Fproc%2F11218%2Fnet HTTP/1.1" 200 2604 "http://23rdbanking.com.lab2454.com/whsy.php?p=%2Fproc%2F11218%2Fnet" "Mozilla/5.0 AppleWebKit/537.36 (KHTML, like Gecko; compatible; GPTBot/1.3; +https://openai.com/gptbot)"
74.7.227.128 - - [17/Mar/2026:22:10:08 +0000] "GET /whsy.php?e=rt_cache&p=%2Fproc%2F12526%2Fnet HTTP/1.1" 200 948 "http://23rdbanking.com.lab2454.com/whsy.php?p=%2Fproc%2F12526%2Fnet" "Mozilla/5.0 AppleWebKit/537.36 (KHTML, like Gecko; compatible; GPTBot/1.3; +https://openai.com/gptbot)"
74.7.227.128 - - [17/Mar/2026:22:10:25 +0000] "GET /whsy.php?e=tls_stat&p=%2Fproc%2F26646%2Fnet HTTP/1.1" 200 948 "http://23rdbanking.com.lab2454.com/whsy.php?p=%2Fproc%2F26646%2Fnet" "Mozilla/5.0 AppleWebKit/537.36 (KHTML, like Gecko; compatible; GPTBot/1.3; +https://openai.com/gptbot)"
74.7.227.128 - - [17/Mar/2026:22:10:39 +0000] "GET /whsy.php?p=%2Fproc%2Fsysvipc HTTP/1.1" 200 696 "http://23rdbanking.com.lab2454.com/whsy.php?p=%2F%2Fproc" "Mozilla/5.0 AppleWebKit/537.36 (KHTML, like Gecko; compatible; GPTBot/1.3; +https://openai.com/gptbot)"
216.244.66.241 - - [17/Mar/2026:22:10:38 +0000] "GET /whsy.php?e=environmentalassetsexchange.com.lab2454.com-Dec-2022.gz&p=%2Fhome%2Flab2454c%2Flogs HTTP/1.1" 200 471216 "-" "Mozilla/5.0 (compatible; DotBot/1.2; +https://opensiteexplorer.org/dotbot; help@moz.com)"
74.7.227.128 - - [17/Mar/2026:22:10:53 +0000] "GET /whsy.php?e=current&p=%2Fproc%2F11197%2Fattr HTTP/1.1" 200 848 "http://23rdbanking.com.lab2454.com/whsy.php?p=%2Fproc%2F11197%2Fattr" "Mozilla/5.0 AppleWebKit/537.36 (KHTML, like Gecko; compatible; GPTBot/1.3; +https://openai.com/gptbot)"
74.7.227.128 - - [17/Mar/2026:22:11:07 +0000] "GET /whsy.php?p=%2Fproc%2F4314%2Fnet HTTP/1.1" 200 948 "http://23rdbanking.com.lab2454.com/whsy.php?p=%2Fproc%2F4314" "Mozilla/5.0 AppleWebKit/537.36 (KHTML, like Gecko; compatible; GPTBot/1.3; +https://openai.com/gptbot)"
74.7.227.128 - - [17/Mar/2026:22:11:22 +0000] "GET /whsy.php?p=%2Fproc%2F7048%2Fnet HTTP/1.1" 200 948 "http://23rdbanking.com.lab2454.com/whsy.php?p=%2Fproc%2F7048" "Mozilla/5.0 AppleWebKit/537.36 (KHTML, like Gecko; compatible; GPTBot/1.3; +https://openai.com/gptbot)"
74.7.227.128 - - [17/Mar/2026:22:11:35 +0000] "GET /whsy.php?e=oom_adj&p=%2Fproc%2F12222 HTTP/1.1" 200 948 "http://23rdbanking.com.lab2454.com/whsy.php?p=%2Fproc%2F12222" "Mozilla/5.0 AppleWebKit/537.36 (KHTML, like Gecko; compatible; GPTBot/1.3; +https://openai.com/gptbot)"
74.7.227.128 - - [17/Mar/2026:22:11:47 +0000] "GET /whsy.php?e=oom_adj&p=%2Fproc%2F22229 HTTP/1.1" 200 948 "http://23rdbanking.com.lab2454.com/whsy.php?p=%2Fproc%2F22229" "Mozilla/5.0 AppleWebKit/537.36 (KHTML, like Gecko; compatible; GPTBot/1.3; +https://openai.com/gptbot)"
74.7.227.128 - - [17/Mar/2026:22:11:58 +0000] "GET /whsy.php?e=ip_vs&p=%2Fproc%2F31060%2Fnet HTTP/1.1" 200 948 "http://23rdbanking.com.lab2454.com/whsy.php?p=%2Fproc%2F31060%2Fnet" "Mozilla/5.0 AppleWebKit/537.36 (KHTML, like Gecko; compatible; GPTBot/1.3; +https://openai.com/gptbot)"
74.7.227.128 - - [17/Mar/2026:22:12:10 +0000] "GET /whsy.php?e=ip_vs&p=%2Fproc%2F17913%2Fnet HTTP/1.1" 200 2615 "http://23rdbanking.com.lab2454.com/whsy.php?p=%2Fproc%2F17913%2Fnet" "Mozilla/5.0 AppleWebKit/537.36 (KHTML, like Gecko; compatible; GPTBot/1.3; +https://openai.com/gptbot)"
74.7.227.128 - - [17/Mar/2026:22:12:20 +0000] "GET /whsy.php?e=ip_vs&p=%2Fproc%2F30575%2Fnet HTTP/1.1" 200 948 "http://23rdbanking.com.lab2454.com/whsy.php?p=%2Fproc%2F30575%2Fnet" "Mozilla/5.0 AppleWebKit/537.36 (KHTML, like Gecko; compatible; GPTBot/1.3; +https://openai.com/gptbot)"
74.7.227.128 - - [17/Mar/2026:22:12:29 +0000] "GET /whsy.php?e=ip_vs&p=%2Fproc%2F18646%2Fnet HTTP/1.1" 200 2615 "http://23rdbanking.com.lab2454.com/whsy.php?p=%2Fproc%2F18646%2Fnet" "Mozilla/5.0 AppleWebKit/537.36 (KHTML, like Gecko; compatible; GPTBot/1.3; +https://openai.com/gptbot)"
74.7.227.128 - - [17/Mar/2026:22:12:39 +0000] "GET /whsy.php?e=ip_vs&p=%2Fproc%2F17315%2Fnet HTTP/1.1" 200 2615 "http://23rdbanking.com.lab2454.com/whsy.php?p=%2Fproc%2F17315%2Fnet" "Mozilla/5.0 AppleWebKit/537.36 (KHTML, like Gecko; compatible; GPTBot/1.3; +https://openai.com/gptbot)"
74.7.230.44 - - [17/Mar/2026:22:12:40 +0000] "GET /robots.txt HTTP/1.1" 404 - "-" "Mozilla/5.0 (Macintosh; Intel Mac OS X 10_15_7) AppleWebKit/537.36 (KHTML, like Gecko) Chrome/131.0.0.0 Safari/537.36; compatible; OAI-SearchBot/1.3; robots.txt; +https://openai.com/searchbot"
74.7.227.128 - - [17/Mar/2026:22:12:51 +0000] "GET /whsy.php?e=ip_vs&p=%2Fproc%2F13501%2Fnet HTTP/1.1" 200 2615 "http://23rdbanking.com.lab2454.com/whsy.php?p=%2Fproc%2F13501%2Fnet" "Mozilla/5.0 AppleWebKit/537.36 (KHTML, like Gecko; compatible; GPTBot/1.3; +https://openai.com/gptbot)"
74.7.227.128 - - [17/Mar/2026:22:13:01 +0000] "GET /whsy.php?e=ip_vs&p=%2Fproc%2F31066%2Fnet HTTP/1.1" 200 948 "http://23rdbanking.com.lab2454.com/whsy.php?p=%2Fproc%2F31066%2Fnet" "Mozilla/5.0 AppleWebKit/537.36 (KHTML, like Gecko; compatible; GPTBot/1.3; +https://openai.com/gptbot)"
74.7.227.128 - - [17/Mar/2026:22:13:11 +0000] "GET /whsy.php?e=ip_vs&p=%2Fproc%2F15931%2Fnet HTTP/1.1" 200 948 "http://23rdbanking.com.lab2454.com/whsy.php?p=%2Fproc%2F15931%2Fnet" "Mozilla/5.0 AppleWebKit/537.36 (KHTML, like Gecko; compatible; GPTBot/1.3; +https://openai.com/gptbot)"
74.7.227.128 - - [17/Mar/2026:22:13:23 +0000] "GET /whsy.php?e=ip_vs&p=%2Fproc%2F11893%2Fnet HTTP/1.1" 200 2614 "http://23rdbanking.com.lab2454.com/whsy.php?p=%2Fproc%2F11893%2Fnet" "Mozilla/5.0 AppleWebKit/537.36 (KHTML, like Gecko; compatible; GPTBot/1.3; +https://openai.com/gptbot)"
74.7.227.128 - - [17/Mar/2026:22:13:34 +0000] "GET /whsy.php?e=ip_vs&p=%2Fproc%2F30755%2Fnet HTTP/1.1" 200 2616 "http://23rdbanking.com.lab2454.com/whsy.php?p=%2Fproc%2F30755%2Fnet" "Mozilla/5.0 AppleWebKit/537.36 (KHTML, like Gecko; compatible; GPTBot/1.3; +https://openai.com/gptbot)"
74.7.227.128 - - [17/Mar/2026:22:13:45 +0000] "GET /whsy.php?e=ip_vs&p=%2Fproc%2F11894%2Fnet HTTP/1.1" 200 2614 "http://23rdbanking.com.lab2454.com/whsy.php?p=%2Fproc%2F11894%2Fnet" "Mozilla/5.0 AppleWebKit/537.36 (KHTML, like Gecko; compatible; GPTBot/1.3; +https://openai.com/gptbot)"
74.7.227.128 - - [17/Mar/2026:22:13:56 +0000] "GET /whsy.php?e=ip_vs&p=%2Fproc%2F11369%2Fnet HTTP/1.1" 200 2615 "http://23rdbanking.com.lab2454.com/whsy.php?p=%2Fproc%2F11369%2Fnet" "Mozilla/5.0 AppleWebKit/537.36 (KHTML, like Gecko; compatible; GPTBot/1.3; +https://openai.com/gptbot)"
74.7.227.128 - - [17/Mar/2026:22:14:08 +0000] "GET /whsy.php?e=ip_vs&p=%2Fproc%2F13147%2Fnet HTTP/1.1" 200 2615 "http://23rdbanking.com.lab2454.com/whsy.php?p=%2Fproc%2F13147%2Fnet" "Mozilla/5.0 AppleWebKit/537.36 (KHTML, like Gecko; compatible; GPTBot/1.3; +https://openai.com/gptbot)"
74.7.227.128 - - [17/Mar/2026:22:14:19 +0000] "GET /whsy.php?e=ip_vs&p=%2Fproc%2F11890%2Fnet HTTP/1.1" 200 2614 "http://23rdbanking.com.lab2454.com/whsy.php?p=%2Fproc%2F11890%2Fnet" "Mozilla/5.0 AppleWebKit/537.36 (KHTML, like Gecko; compatible; GPTBot/1.3; +https://openai.com/gptbot)"
74.7.227.128 - - [17/Mar/2026:22:14:32 +0000] "GET /whsy.php?e=ip_vs&p=%2Fproc%2F18767%2Fnet HTTP/1.1" 200 2615 "http://23rdbanking.com.lab2454.com/whsy.php?p=%2Fproc%2F18767%2Fnet" "Mozilla/5.0 AppleWebKit/537.36 (KHTML, like Gecko; compatible; GPTBot/1.3; +https://openai.com/gptbot)"
74.7.227.128 - - [17/Mar/2026:22:14:52 +0000] "GET /whsy.php?e=ip_vs&p=%2Fproc%2F11053%2Fnet HTTP/1.1" 200 2615 "http://23rdbanking.com.lab2454.com/whsy.php?p=%2Fproc%2F11053%2Fnet" "Mozilla/5.0 AppleWebKit/537.36 (KHTML, like Gecko; compatible; GPTBot/1.3; +https://openai.com/gptbot)"
74.7.227.128 - - [17/Mar/2026:22:15:04 +0000] "GET /whsy.php?e=ip_vs&p=%2Fproc%2F11384%2Fnet HTTP/1.1" 200 2615 "http://23rdbanking.com.lab2454.com/whsy.php?p=%2Fproc%2F11384%2Fnet" "Mozilla/5.0 AppleWebKit/537.36 (KHTML, like Gecko; compatible; GPTBot/1.3; +https://openai.com/gptbot)"
74.7.227.128 - - [17/Mar/2026:22:15:12 +0000] "GET /whsy.php?e=ip_vs&p=%2Fproc%2F30374%2Fnet HTTP/1.1" 200 948 "http://23rdbanking.com.lab2454.com/whsy.php?p=%2Fproc%2F30374%2Fnet" "Mozilla/5.0 AppleWebKit/537.36 (KHTML, like Gecko; compatible; GPTBot/1.3; +https://openai.com/gptbot)"
74.7.227.128 - - [17/Mar/2026:22:15:24 +0000] "GET /whsy.php?e=ip_vs&p=%2Fproc%2F30577%2Fnet HTTP/1.1" 200 948 "http://23rdbanking.com.lab2454.com/whsy.php?p=%2Fproc%2F30577%2Fnet" "Mozilla/5.0 AppleWebKit/537.36 (KHTML, like Gecko; compatible; GPTBot/1.3; +https://openai.com/gptbot)"
74.7.227.128 - - [17/Mar/2026:22:15:38 +0000] "GET /whsy.php?e=ip_vs&p=%2Fproc%2F31038%2Fnet HTTP/1.1" 200 948 "http://23rdbanking.com.lab2454.com/whsy.php?p=%2Fproc%2F31038%2Fnet" "Mozilla/5.0 AppleWebKit/537.36 (KHTML, like Gecko; compatible; GPTBot/1.3; +https://openai.com/gptbot)"
74.7.227.128 - - [17/Mar/2026:22:15:53 +0000] "GET /whsy.php?e=ip_vs&p=%2Fproc%2F13196%2Fnet HTTP/1.1" 200 2615 "http://23rdbanking.com.lab2454.com/whsy.php?p=%2Fproc%2F13196%2Fnet" "Mozilla/5.0 AppleWebKit/537.36 (KHTML, like Gecko; compatible; GPTBot/1.3; +https://openai.com/gptbot)"
43.135.182.43 - - [17/Mar/2026:22:16:01 +0000] "GET /?C=M;O=A HTTP/1.1" 200 480 "-" "Mozilla/5.0 (iPhone; CPU iPhone OS 13_2_3 like Mac OS X) AppleWebKit/605.1.15 (KHTML, like Gecko) Version/13.0.3 Mobile/15E148 Safari/604.1"
74.7.227.128 - - [17/Mar/2026:22:16:09 +0000] "GET /whsy.php?e=ip_vs&p=%2Fproc%2F14351%2Fnet HTTP/1.1" 200 948 "http://23rdbanking.com.lab2454.com/whsy.php?p=%2Fproc%2F14351%2Fnet" "Mozilla/5.0 AppleWebKit/537.36 (KHTML, like Gecko; compatible; GPTBot/1.3; +https://openai.com/gptbot)"
74.7.227.128 - - [17/Mar/2026:22:16:24 +0000] "GET /whsy.php?e=ip_vs&p=%2Fproc%2F10590%2Fnet HTTP/1.1" 200 2615 "http://23rdbanking.com.lab2454.com/whsy.php?p=%2Fproc%2F10590%2Fnet" "Mozilla/5.0 AppleWebKit/537.36 (KHTML, like Gecko; compatible; GPTBot/1.3; +https://openai.com/gptbot)"
74.7.227.128 - - [17/Mar/2026:22:16:38 +0000] "GET /whsy.php?e=ip_vs&p=%2Fproc%2F19663%2Fnet HTTP/1.1" 200 2615 "http://23rdbanking.com.lab2454.com/whsy.php?p=%2Fproc%2F19663%2Fnet" "Mozilla/5.0 AppleWebKit/537.36 (KHTML, like Gecko; compatible; GPTBot/1.3; +https://openai.com/gptbot)"
74.7.227.128 - - [17/Mar/2026:22:16:50 +0000] "GET /whsy.php?e=ip_vs&p=%2Fproc%2F17194%2Fnet HTTP/1.1" 200 2615 "http://23rdbanking.com.lab2454.com/whsy.php?p=%2Fproc%2F17194%2Fnet" "Mozilla/5.0 AppleWebKit/537.36 (KHTML, like Gecko; compatible; GPTBot/1.3; +https://openai.com/gptbot)"
74.7.227.128 - - [17/Mar/2026:22:17:04 +0000] "GET /whsy.php?e=clear_refs&p=%2Fproc%2F22229 HTTP/1.1" 200 948 "http://23rdbanking.com.lab2454.com/whsy.php?p=%2Fproc%2F22229" "Mozilla/5.0 AppleWebKit/537.36 (KHTML, like Gecko; compatible; GPTBot/1.3; +https://openai.com/gptbot)"
74.7.227.128 - - [17/Mar/2026:22:17:18 +0000] "GET /whsy.php?e=clear_refs&p=%2Fproc%2F12222 HTTP/1.1" 200 948 "http://23rdbanking.com.lab2454.com/whsy.php?p=%2Fproc%2F12222" "Mozilla/5.0 AppleWebKit/537.36 (KHTML, like Gecko; compatible; GPTBot/1.3; +https://openai.com/gptbot)"
74.7.227.128 - - [17/Mar/2026:22:17:30 +0000] "GET /whsy.php?e=projid_map&p=%2Fproc%2F22229 HTTP/1.1" 200 948 "http://23rdbanking.com.lab2454.com/whsy.php?p=%2Fproc%2F22229" "Mozilla/5.0 AppleWebKit/537.36 (KHTML, like Gecko; compatible; GPTBot/1.3; +https://openai.com/gptbot)"
74.7.227.128 - - [17/Mar/2026:22:17:42 +0000] "GET /whsy.php?e=projid_map&p=%2Fproc%2F12222 HTTP/1.1" 200 948 "http://23rdbanking.com.lab2454.com/whsy.php?p=%2Fproc%2F12222" "Mozilla/5.0 AppleWebKit/537.36 (KHTML, like Gecko; compatible; GPTBot/1.3; +https://openai.com/gptbot)"
74.7.230.44 - - [17/Mar/2026:22:17:43 +0000] "GET /robots.txt HTTP/1.1" 404 - "-" "Mozilla/5.0 (Macintosh; Intel Mac OS X 10_15_7) AppleWebKit/537.36 (KHTML, like Gecko) Chrome/131.0.0.0 Safari/537.36; compatible; OAI-SearchBot/1.3; robots.txt; +https://openai.com/searchbot"
74.7.227.128 - - [17/Mar/2026:22:17:57 +0000] "GET /whsy.php?e=gid_map&p=%2Fproc%2F12222 HTTP/1.1" 200 948 "http://23rdbanking.com.lab2454.com/whsy.php?p=%2Fproc%2F12222" "Mozilla/5.0 AppleWebKit/537.36 (KHTML, like Gecko; compatible; GPTBot/1.3; +https://openai.com/gptbot)"
74.7.227.128 - - [17/Mar/2026:22:18:11 +0000] "GET /whsy.php?e=gid_map&p=%2Fproc%2F22229 HTTP/1.1" 200 948 "http://23rdbanking.com.lab2454.com/whsy.php?p=%2Fproc%2F22229" "Mozilla/5.0 AppleWebKit/537.36 (KHTML, like Gecko; compatible; GPTBot/1.3; +https://openai.com/gptbot)"
74.7.227.128 - - [17/Mar/2026:22:18:28 +0000] "GET /whsy.php?e=uid_map&p=%2Fproc%2F22229 HTTP/1.1" 200 948 "http://23rdbanking.com.lab2454.com/whsy.php?p=%2Fproc%2F22229" "Mozilla/5.0 AppleWebKit/537.36 (KHTML, like Gecko; compatible; GPTBot/1.3; +https://openai.com/gptbot)"
74.7.227.128 - - [17/Mar/2026:22:18:46 +0000] "GET /whsy.php?e=uid_map&p=%2Fproc%2F12222 HTTP/1.1" 200 948 "http://23rdbanking.com.lab2454.com/whsy.php?p=%2Fproc%2F12222" "Mozilla/5.0 AppleWebKit/537.36 (KHTML, like Gecko; compatible; GPTBot/1.3; +https://openai.com/gptbot)"
74.7.227.128 - - [17/Mar/2026:22:18:59 +0000] "GET /whsy.php?e=ptype&p=%2Fproc%2F30578%2Fnet HTTP/1.1" 200 948 "http://23rdbanking.com.lab2454.com/whsy.php?p=%2Fproc%2F30578%2Fnet" "Mozilla/5.0 AppleWebKit/537.36 (KHTML, like Gecko; compatible; GPTBot/1.3; +https://openai.com/gptbot)"
74.7.227.128 - - [17/Mar/2026:22:19:17 +0000] "GET /whsy.php?e=exec&p=%2Fproc%2F31023%2Fattr HTTP/1.1" 200 948 "http://23rdbanking.com.lab2454.com/whsy.php?p=%2Fproc%2F31023%2Fattr" "Mozilla/5.0 AppleWebKit/537.36 (KHTML, like Gecko; compatible; GPTBot/1.3; +https://openai.com/gptbot)"
74.7.227.128 - - [17/Mar/2026:22:19:39 +0000] "GET /whsy.php?e=route&p=%2Fproc%2F13172%2Fnet HTTP/1.1" 200 2637 "http://23rdbanking.com.lab2454.com/whsy.php?p=%2Fproc%2F13172%2Fnet" "Mozilla/5.0 AppleWebKit/537.36 (KHTML, like Gecko; compatible; GPTBot/1.3; +https://openai.com/gptbot)"
74.7.227.128 - - [17/Mar/2026:22:19:53 +0000] "GET /whsy.php?e=pfkey&p=%2Fproc%2F13523%2Fnet HTTP/1.1" 200 2535 "http://23rdbanking.com.lab2454.com/whsy.php?p=%2Fproc%2F13523%2Fnet" "Mozilla/5.0 AppleWebKit/537.36 (KHTML, like Gecko; compatible; GPTBot/1.3; +https://openai.com/gptbot)"
74.7.227.128 - - [17/Mar/2026:22:20:08 +0000] "GET /whsy.php?e=prev&p=%2Fproc%2F32096%2Fattr HTTP/1.1" 200 859 "http://23rdbanking.com.lab2454.com/whsy.php?p=%2Fproc%2F32096%2Fattr" "Mozilla/5.0 AppleWebKit/537.36 (KHTML, like Gecko; compatible; GPTBot/1.3; +https://openai.com/gptbot)"
74.7.227.128 - - [17/Mar/2026:22:20:26 +0000] "GET /whsy.php?e=prev&p=%2Fproc%2F30125%2Fattr HTTP/1.1" 200 859 "http://23rdbanking.com.lab2454.com/whsy.php?p=%2Fproc%2F30125%2Fattr" "Mozilla/5.0 AppleWebKit/537.36 (KHTML, like Gecko; compatible; GPTBot/1.3; +https://openai.com/gptbot)"
74.7.227.128 - - [17/Mar/2026:22:20:44 +0000] "GET /whsy.php?e=exec&p=%2Fproc%2F17291%2Fattr HTTP/1.1" 200 859 "http://23rdbanking.com.lab2454.com/whsy.php?p=%2Fproc%2F17291%2Fattr" "Mozilla/5.0 AppleWebKit/537.36 (KHTML, like Gecko; compatible; GPTBot/1.3; +https://openai.com/gptbot)"
74.7.227.128 - - [17/Mar/2026:22:21:13 +0000] "GET /whsy.php?e=ptype&p=%2Fproc%2F30671%2Fnet HTTP/1.1" 200 2617 "http://23rdbanking.com.lab2454.com/whsy.php?p=%2Fproc%2F30671%2Fnet" "Mozilla/5.0 AppleWebKit/537.36 (KHTML, like Gecko; compatible; GPTBot/1.3; +https://openai.com/gptbot)"
74.7.227.128 - - [17/Mar/2026:22:21:26 +0000] "GET /whsy.php?e=route&p=%2Fproc%2F16726%2Fnet HTTP/1.1" 200 948 "http://23rdbanking.com.lab2454.com/whsy.php?p=%2Fproc%2F16726%2Fnet" "Mozilla/5.0 AppleWebKit/537.36 (KHTML, like Gecko; compatible; GPTBot/1.3; +https://openai.com/gptbot)"
74.7.227.128 - - [17/Mar/2026:22:21:43 +0000] "GET /whsy.php?e=exec&p=%2Fproc%2F17207%2Fattr HTTP/1.1" 200 859 "http://23rdbanking.com.lab2454.com/whsy.php?p=%2Fproc%2F17207%2Fattr" "Mozilla/5.0 AppleWebKit/537.36 (KHTML, like Gecko; compatible; GPTBot/1.3; +https://openai.com/gptbot)"
74.7.227.128 - - [17/Mar/2026:22:22:10 +0000] "GET /whsy.php?e=prev&p=%2Fproc%2F31031%2Fattr HTTP/1.1" 200 948 "http://23rdbanking.com.lab2454.com/whsy.php?p=%2Fproc%2F31031%2Fattr" "Mozilla/5.0 AppleWebKit/537.36 (KHTML, like Gecko; compatible; GPTBot/1.3; +https://openai.com/gptbot)"
74.7.227.128 - - [17/Mar/2026:22:22:27 +0000] "GET /whsy.php?e=prev&p=%2Fproc%2F31026%2Fattr HTTP/1.1" 200 948 "http://23rdbanking.com.lab2454.com/whsy.php?p=%2Fproc%2F31026%2Fattr" "Mozilla/5.0 AppleWebKit/537.36 (KHTML, like Gecko; compatible; GPTBot/1.3; +https://openai.com/gptbot)"
74.7.227.128 - - [17/Mar/2026:22:22:44 +0000] "GET /whsy.php?e=ptype&p=%2Fproc%2F18643%2Fnet HTTP/1.1" 200 2617 "http://23rdbanking.com.lab2454.com/whsy.php?p=%2Fproc%2F18643%2Fnet" "Mozilla/5.0 AppleWebKit/537.36 (KHTML, like Gecko; compatible; GPTBot/1.3; +https://openai.com/gptbot)"
74.7.230.44 - - [17/Mar/2026:22:22:45 +0000] "GET /robots.txt HTTP/1.1" 404 - "-" "Mozilla/5.0 (Macintosh; Intel Mac OS X 10_15_7) AppleWebKit/537.36 (KHTML, like Gecko) Chrome/131.0.0.0 Safari/537.36; compatible; OAI-SearchBot/1.3; robots.txt; +https://openai.com/searchbot"
74.7.227.128 - - [17/Mar/2026:22:23:04 +0000] "GET /whsy.php?e=exec&p=%2Fproc%2F17297%2Fattr HTTP/1.1" 200 860 "http://23rdbanking.com.lab2454.com/whsy.php?p=%2Fproc%2F17297%2Fattr" "Mozilla/5.0 AppleWebKit/537.36 (KHTML, like Gecko; compatible; GPTBot/1.3; +https://openai.com/gptbot)"
74.7.227.128 - - [17/Mar/2026:22:23:19 +0000] "GET /whsy.php?e=route&p=%2Fproc%2F28508%2Fnet HTTP/1.1" 200 2637 "http://23rdbanking.com.lab2454.com/whsy.php?p=%2Fproc%2F28508%2Fnet" "Mozilla/5.0 AppleWebKit/537.36 (KHTML, like Gecko; compatible; GPTBot/1.3; +https://openai.com/gptbot)"
74.7.227.128 - - [17/Mar/2026:22:23:36 +0000] "GET /whsy.php?e=prev&p=%2Fproc%2F31030%2Fattr HTTP/1.1" 200 948 "http://23rdbanking.com.lab2454.com/whsy.php?p=%2Fproc%2F31030%2Fattr" "Mozilla/5.0 AppleWebKit/537.36 (KHTML, like Gecko; compatible; GPTBot/1.3; +https://openai.com/gptbot)"
74.7.227.128 - - [17/Mar/2026:22:23:50 +0000] "GET /whsy.php?e=route&p=%2Fproc%2F17291%2Fnet HTTP/1.1" 200 2637 "http://23rdbanking.com.lab2454.com/whsy.php?p=%2Fproc%2F17291%2Fnet" "Mozilla/5.0 AppleWebKit/537.36 (KHTML, like Gecko; compatible; GPTBot/1.3; +https://openai.com/gptbot)"
74.7.227.128 - - [17/Mar/2026:22:24:05 +0000] "GET /whsy.php?e=prev&p=%2Fproc%2F17259%2Fattr HTTP/1.1" 200 859 "http://23rdbanking.com.lab2454.com/whsy.php?p=%2Fproc%2F17259%2Fattr" "Mozilla/5.0 AppleWebKit/537.36 (KHTML, like Gecko; compatible; GPTBot/1.3; +https://openai.com/gptbot)"
74.7.227.128 - - [17/Mar/2026:22:24:19 +0000] "GET /whsy.php?e=route&p=%2Fproc%2F18011%2Fnet HTTP/1.1" 200 2636 "http://23rdbanking.com.lab2454.com/whsy.php?p=%2Fproc%2F18011%2Fnet" "Mozilla/5.0 AppleWebKit/537.36 (KHTML, like Gecko; compatible; GPTBot/1.3; +https://openai.com/gptbot)"
74.7.227.128 - - [17/Mar/2026:22:24:29 +0000] "GET /whsy.php?e=route&p=%2Fproc%2F17207%2Fnet HTTP/1.1" 200 2637 "http://23rdbanking.com.lab2454.com/whsy.php?p=%2Fproc%2F17207%2Fnet" "Mozilla/5.0 AppleWebKit/537.36 (KHTML, like Gecko; compatible; GPTBot/1.3; +https://openai.com/gptbot)"
74.7.227.128 - - [17/Mar/2026:22:24:41 +0000] "GET /whsy.php?e=exec&p=%2Fproc%2F29566%2Fattr HTTP/1.1" 200 860 "http://23rdbanking.com.lab2454.com/whsy.php?p=%2Fproc%2F29566%2Fattr" "Mozilla/5.0 AppleWebKit/537.36 (KHTML, like Gecko; compatible; GPTBot/1.3; +https://openai.com/gptbot)"
74.7.227.128 - - [17/Mar/2026:22:24:55 +0000] "GET /whsy.php?e=prev&p=%2Fproc%2F31024%2Fattr HTTP/1.1" 200 948 "http://23rdbanking.com.lab2454.com/whsy.php?p=%2Fproc%2F31024%2Fattr" "Mozilla/5.0 AppleWebKit/537.36 (KHTML, like Gecko; compatible; GPTBot/1.3; +https://openai.com/gptbot)"
74.7.227.128 - - [17/Mar/2026:22:25:08 +0000] "GET /whsy.php?e=route&p=%2Fproc%2F17192%2Fnet HTTP/1.1" 200 2637 "http://23rdbanking.com.lab2454.com/whsy.php?p=%2Fproc%2F17192%2Fnet" "Mozilla/5.0 AppleWebKit/537.36 (KHTML, like Gecko; compatible; GPTBot/1.3; +https://openai.com/gptbot)"
74.7.227.128 - - [17/Mar/2026:22:25:26 +0000] "GET /whsy.php?e=pfkey&p=%2Fproc%2F17297%2Fnet HTTP/1.1" 200 2535 "http://23rdbanking.com.lab2454.com/whsy.php?p=%2Fproc%2F17297%2Fnet" "Mozilla/5.0 AppleWebKit/537.36 (KHTML, like Gecko; compatible; GPTBot/1.3; +https://openai.com/gptbot)"
74.7.227.128 - - [17/Mar/2026:22:25:42 +0000] "GET /whsy.php?e=ptype&p=%2Fproc%2F14589%2Fnet HTTP/1.1" 200 2617 "http://23rdbanking.com.lab2454.com/whsy.php?p=%2Fproc%2F14589%2Fnet" "Mozilla/5.0 AppleWebKit/537.36 (KHTML, like Gecko; compatible; GPTBot/1.3; +https://openai.com/gptbot)"
74.7.227.128 - - [17/Mar/2026:22:25:56 +0000] "GET /whsy.php?e=pfkey&p=%2Fproc%2F17192%2Fnet HTTP/1.1" 200 2535 "http://23rdbanking.com.lab2454.com/whsy.php?p=%2Fproc%2F17192%2Fnet" "Mozilla/5.0 AppleWebKit/537.36 (KHTML, like Gecko; compatible; GPTBot/1.3; +https://openai.com/gptbot)"
49.51.132.100 - - [17/Mar/2026:22:25:57 +0000] "GET /whsy.php?p=%2Fhome%2Flab2454c%2F.subaccounts HTTP/1.1" 200 707 "-" "Mozilla/5.0 (iPhone; CPU iPhone OS 13_2_3 like Mac OS X) AppleWebKit/605.1.15 (KHTML, like Gecko) Version/13.0.3 Mobile/15E148 Safari/604.1"
74.7.227.128 - - [17/Mar/2026:22:26:22 +0000] "GET /whsy.php?e=prev&p=%2Fproc%2F31028%2Fattr HTTP/1.1" 200 948 "http://23rdbanking.com.lab2454.com/whsy.php?p=%2Fproc%2F31028%2Fattr" "Mozilla/5.0 AppleWebKit/537.36 (KHTML, like Gecko; compatible; GPTBot/1.3; +https://openai.com/gptbot)"
74.7.227.128 - - [17/Mar/2026:22:26:37 +0000] "GET /whsy.php?e=prev&p=%2Fproc%2F30370%2Fattr HTTP/1.1" 200 948 "http://23rdbanking.com.lab2454.com/whsy.php?p=%2Fproc%2F30370%2Fattr" "Mozilla/5.0 AppleWebKit/537.36 (KHTML, like Gecko; compatible; GPTBot/1.3; +https://openai.com/gptbot)"
74.7.227.128 - - [17/Mar/2026:22:26:48 +0000] "GET /whsy.php?e=prev&p=%2Fproc%2F31029%2Fattr HTTP/1.1" 200 948 "http://23rdbanking.com.lab2454.com/whsy.php?p=%2Fproc%2F31029%2Fattr" "Mozilla/5.0 AppleWebKit/537.36 (KHTML, like Gecko; compatible; GPTBot/1.3; +https://openai.com/gptbot)"
74.7.227.128 - - [17/Mar/2026:22:27:00 +0000] "GET /whsy.php?e=ptype&p=%2Fproc%2F14590%2Fnet HTTP/1.1" 200 2617 "http://23rdbanking.com.lab2454.com/whsy.php?p=%2Fproc%2F14590%2Fnet" "Mozilla/5.0 AppleWebKit/537.36 (KHTML, like Gecko; compatible; GPTBot/1.3; +https://openai.com/gptbot)"
74.7.227.128 - - [17/Mar/2026:22:27:12 +0000] "GET /whsy.php?e=pfkey&p=%2Fproc%2F20507%2Fnet HTTP/1.1" 200 2535 "http://23rdbanking.com.lab2454.com/whsy.php?p=%2Fproc%2F20507%2Fnet" "Mozilla/5.0 AppleWebKit/537.36 (KHTML, like Gecko; compatible; GPTBot/1.3; +https://openai.com/gptbot)"
74.7.227.128 - - [17/Mar/2026:22:27:24 +0000] "GET /whsy.php?e=ptype&p=%2Fproc%2F18763%2Fnet HTTP/1.1" 200 2617 "http://23rdbanking.com.lab2454.com/whsy.php?p=%2Fproc%2F18763%2Fnet" "Mozilla/5.0 AppleWebKit/537.36 (KHTML, like Gecko; compatible; GPTBot/1.3; +https://openai.com/gptbot)"
74.7.227.128 - - [17/Mar/2026:22:27:35 +0000] "GET /whsy.php?e=prev&p=%2Fproc%2F17197%2Fattr HTTP/1.1" 200 859 "http://23rdbanking.com.lab2454.com/whsy.php?p=%2Fproc%2F17197%2Fattr" "Mozilla/5.0 AppleWebKit/537.36 (KHTML, like Gecko; compatible; GPTBot/1.3; +https://openai.com/gptbot)"
74.7.227.128 - - [17/Mar/2026:22:27:44 +0000] "GET /whsy.php?e=prev&p=%2Fproc%2F11889%2Fattr HTTP/1.1" 200 859 "http://23rdbanking.com.lab2454.com/whsy.php?p=%2Fproc%2F11889%2Fattr" "Mozilla/5.0 AppleWebKit/537.36 (KHTML, like Gecko; compatible; GPTBot/1.3; +https://openai.com/gptbot)"
74.7.227.128 - - [17/Mar/2026:22:27:53 +0000] "GET /whsy.php?e=route&p=%2Fproc%2F17213%2Fnet HTTP/1.1" 200 2637 "http://23rdbanking.com.lab2454.com/whsy.php?p=%2Fproc%2F17213%2Fnet" "Mozilla/5.0 AppleWebKit/537.36 (KHTML, like Gecko; compatible; GPTBot/1.3; +https://openai.com/gptbot)"
74.7.230.44 - - [17/Mar/2026:22:27:54 +0000] "GET /robots.txt HTTP/1.1" 404 - "-" "Mozilla/5.0 (Macintosh; Intel Mac OS X 10_15_7) AppleWebKit/537.36 (KHTML, like Gecko) Chrome/131.0.0.0 Safari/537.36; compatible; OAI-SearchBot/1.3; robots.txt; +https://openai.com/searchbot"
74.7.227.128 - - [17/Mar/2026:22:28:11 +0000] "GET /whsy.php?e=exec&p=%2Fproc%2F11891%2Fattr HTTP/1.1" 200 859 "http://23rdbanking.com.lab2454.com/whsy.php?p=%2Fproc%2F11891%2Fattr" "Mozilla/5.0 AppleWebKit/537.36 (KHTML, like Gecko; compatible; GPTBot/1.3; +https://openai.com/gptbot)"
74.7.227.128 - - [17/Mar/2026:22:28:32 +0000] "GET /whsy.php?e=exec&p=%2Fproc%2F11237%2Fattr HTTP/1.1" 200 859 "http://23rdbanking.com.lab2454.com/whsy.php?p=%2Fproc%2F11237%2Fattr" "Mozilla/5.0 AppleWebKit/537.36 (KHTML, like Gecko; compatible; GPTBot/1.3; +https://openai.com/gptbot)"
74.7.227.128 - - [17/Mar/2026:22:28:50 +0000] "GET /whsy.php?e=pfkey&p=%2Fproc%2F11237%2Fnet HTTP/1.1" 200 2535 "http://23rdbanking.com.lab2454.com/whsy.php?p=%2Fproc%2F11237%2Fnet" "Mozilla/5.0 AppleWebKit/537.36 (KHTML, like Gecko; compatible; GPTBot/1.3; +https://openai.com/gptbot)"
74.7.227.128 - - [17/Mar/2026:22:29:05 +0000] "GET /whsy.php?e=exec&p=%2Fproc%2F11302%2Fattr HTTP/1.1" 200 859 "http://23rdbanking.com.lab2454.com/whsy.php?p=%2Fproc%2F11302%2Fattr" "Mozilla/5.0 AppleWebKit/537.36 (KHTML, like Gecko; compatible; GPTBot/1.3; +https://openai.com/gptbot)"
74.7.227.128 - - [17/Mar/2026:22:29:16 +0000] "GET /whsy.php?e=exec&p=%2Fproc%2F16726%2Fattr HTTP/1.1" 200 948 "http://23rdbanking.com.lab2454.com/whsy.php?p=%2Fproc%2F16726%2Fattr" "Mozilla/5.0 AppleWebKit/537.36 (KHTML, like Gecko; compatible; GPTBot/1.3; +https://openai.com/gptbot)"
74.7.227.128 - - [17/Mar/2026:22:29:27 +0000] "GET /whsy.php?e=exec&p=%2Fproc%2F17276%2Fattr HTTP/1.1" 200 860 "http://23rdbanking.com.lab2454.com/whsy.php?p=%2Fproc%2F17276%2Fattr" "Mozilla/5.0 AppleWebKit/537.36 (KHTML, like Gecko; compatible; GPTBot/1.3; +https://openai.com/gptbot)"
74.7.227.128 - - [17/Mar/2026:22:29:39 +0000] "GET /whsy.php?e=pfkey&p=%2Fproc%2F28851%2Fnet HTTP/1.1" 200 2535 "http://23rdbanking.com.lab2454.com/whsy.php?p=%2Fproc%2F28851%2Fnet" "Mozilla/5.0 AppleWebKit/537.36 (KHTML, like Gecko; compatible; GPTBot/1.3; +https://openai.com/gptbot)"
74.7.227.128 - - [17/Mar/2026:22:29:48 +0000] "GET /whsy.php?e=pfkey&p=%2Fproc%2F16726%2Fnet HTTP/1.1" 200 948 "http://23rdbanking.com.lab2454.com/whsy.php?p=%2Fproc%2F16726%2Fnet" "Mozilla/5.0 AppleWebKit/537.36 (KHTML, like Gecko; compatible; GPTBot/1.3; +https://openai.com/gptbot)"
74.7.227.128 - - [17/Mar/2026:22:29:57 +0000] "GET /whsy.php?e=ptype&p=%2Fproc%2F17304%2Fnet HTTP/1.1" 200 2617 "http://23rdbanking.com.lab2454.com/whsy.php?p=%2Fproc%2F17304%2Fnet" "Mozilla/5.0 AppleWebKit/537.36 (KHTML, like Gecko; compatible; GPTBot/1.3; +https://openai.com/gptbot)"
74.7.227.128 - - [17/Mar/2026:22:30:12 +0000] "GET /whsy.php?e=route&p=%2Fproc%2F11237%2Fnet HTTP/1.1" 200 2637 "http://23rdbanking.com.lab2454.com/whsy.php?p=%2Fproc%2F11237%2Fnet" "Mozilla/5.0 AppleWebKit/537.36 (KHTML, like Gecko; compatible; GPTBot/1.3; +https://openai.com/gptbot)"
74.7.227.128 - - [17/Mar/2026:22:30:28 +0000] "GET /whsy.php?e=route&p=%2Fproc%2F13162%2Fnet HTTP/1.1" 200 948 "http://23rdbanking.com.lab2454.com/whsy.php?p=%2Fproc%2F13162%2Fnet" "Mozilla/5.0 AppleWebKit/537.36 (KHTML, like Gecko; compatible; GPTBot/1.3; +https://openai.com/gptbot)"
74.7.227.128 - - [17/Mar/2026:22:30:38 +0000] "GET /whsy.php?e=exec&p=%2Fproc%2F31032%2Fattr HTTP/1.1" 200 948 "http://23rdbanking.com.lab2454.com/whsy.php?p=%2Fproc%2F31032%2Fattr" "Mozilla/5.0 AppleWebKit/537.36 (KHTML, like Gecko; compatible; GPTBot/1.3; +https://openai.com/gptbot)"
74.7.227.128 - - [17/Mar/2026:22:30:48 +0000] "GET /whsy.php?e=prev&p=%2Fproc%2F30636%2Fattr HTTP/1.1" 200 948 "http://23rdbanking.com.lab2454.com/whsy.php?p=%2Fproc%2F30636%2Fattr" "Mozilla/5.0 AppleWebKit/537.36 (KHTML, like Gecko; compatible; GPTBot/1.3; +https://openai.com/gptbot)"
74.7.227.128 - - [17/Mar/2026:22:30:59 +0000] "GET /whsy.php?e=pfkey&p=%2Fproc%2F17207%2Fnet HTTP/1.1" 200 2535 "http://23rdbanking.com.lab2454.com/whsy.php?p=%2Fproc%2F17207%2Fnet" "Mozilla/5.0 AppleWebKit/537.36 (KHTML, like Gecko; compatible; GPTBot/1.3; +https://openai.com/gptbot)"
74.7.227.128 - - [17/Mar/2026:22:31:13 +0000] "GET /whsy.php?e=exec&p=%2Fproc%2F17218%2Fattr HTTP/1.1" 200 859 "http://23rdbanking.com.lab2454.com/whsy.php?p=%2Fproc%2F17218%2Fattr" "Mozilla/5.0 AppleWebKit/537.36 (KHTML, like Gecko; compatible; GPTBot/1.3; +https://openai.com/gptbot)"
74.7.227.128 - - [17/Mar/2026:22:31:27 +0000] "GET /whsy.php?e=prev&p=%2Fproc%2F17187%2Fattr HTTP/1.1" 200 859 "http://23rdbanking.com.lab2454.com/whsy.php?p=%2Fproc%2F17187%2Fattr" "Mozilla/5.0 AppleWebKit/537.36 (KHTML, like Gecko; compatible; GPTBot/1.3; +https://openai.com/gptbot)"
74.7.227.128 - - [17/Mar/2026:22:31:38 +0000] "GET /whsy.php?e=exec&p=%2Fproc%2F11328%2Fattr HTTP/1.1" 200 858 "http://23rdbanking.com.lab2454.com/whsy.php?p=%2Fproc%2F11328%2Fattr" "Mozilla/5.0 AppleWebKit/537.36 (KHTML, like Gecko; compatible; GPTBot/1.3; +https://openai.com/gptbot)"
74.7.227.128 - - [17/Mar/2026:22:31:49 +0000] "GET /whsy.php?e=pfkey&p=%2Fproc%2F18011%2Fnet HTTP/1.1" 200 2535 "http://23rdbanking.com.lab2454.com/whsy.php?p=%2Fproc%2F18011%2Fnet" "Mozilla/5.0 AppleWebKit/537.36 (KHTML, like Gecko; compatible; GPTBot/1.3; +https://openai.com/gptbot)"
74.7.227.128 - - [17/Mar/2026:22:32:01 +0000] "GET /whsy.php?e=exec&p=%2Fproc%2F17213%2Fattr HTTP/1.1" 200 859 "http://23rdbanking.com.lab2454.com/whsy.php?p=%2Fproc%2F17213%2Fattr" "Mozilla/5.0 AppleWebKit/537.36 (KHTML, like Gecko; compatible; GPTBot/1.3; +https://openai.com/gptbot)"
74.7.227.128 - - [17/Mar/2026:22:32:14 +0000] "GET /whsy.php?e=exec&p=%2Fproc%2F31021%2Fattr HTTP/1.1" 200 948 "http://23rdbanking.com.lab2454.com/whsy.php?p=%2Fproc%2F31021%2Fattr" "Mozilla/5.0 AppleWebKit/537.36 (KHTML, like Gecko; compatible; GPTBot/1.3; +https://openai.com/gptbot)"
74.7.227.128 - - [17/Mar/2026:22:32:26 +0000] "GET /whsy.php?e=prev&p=%2Fproc%2F17246%2Fattr HTTP/1.1" 200 859 "http://23rdbanking.com.lab2454.com/whsy.php?p=%2Fproc%2F17246%2Fattr" "Mozilla/5.0 AppleWebKit/537.36 (KHTML, like Gecko; compatible; GPTBot/1.3; +https://openai.com/gptbot)"
74.7.227.128 - - [17/Mar/2026:22:32:39 +0000] "GET /whsy.php?e=prev&p=%2Fproc%2F31025%2Fattr HTTP/1.1" 200 948 "http://23rdbanking.com.lab2454.com/whsy.php?p=%2Fproc%2F31025%2Fattr" "Mozilla/5.0 AppleWebKit/537.36 (KHTML, like Gecko; compatible; GPTBot/1.3; +https://openai.com/gptbot)"
74.7.227.128 - - [17/Mar/2026:22:32:50 +0000] "GET /whsy.php?e=pfkey&p=%2Fproc%2F28849%2Fnet HTTP/1.1" 200 2535 "http://23rdbanking.com.lab2454.com/whsy.php?p=%2Fproc%2F28849%2Fnet" "Mozilla/5.0 AppleWebKit/537.36 (KHTML, like Gecko; compatible; GPTBot/1.3; +https://openai.com/gptbot)"
74.7.227.128 - - [17/Mar/2026:22:33:01 +0000] "GET /whsy.php?e=pfkey&p=%2Fproc%2F11302%2Fnet HTTP/1.1" 200 2534 "http://23rdbanking.com.lab2454.com/whsy.php?p=%2Fproc%2F11302%2Fnet" "Mozilla/5.0 AppleWebKit/537.36 (KHTML, like Gecko; compatible; GPTBot/1.3; +https://openai.com/gptbot)"
74.7.230.44 - - [17/Mar/2026:22:33:02 +0000] "GET /robots.txt HTTP/1.1" 404 - "-" "Mozilla/5.0 (Macintosh; Intel Mac OS X 10_15_7) AppleWebKit/537.36 (KHTML, like Gecko) Chrome/131.0.0.0 Safari/537.36; compatible; OAI-SearchBot/1.3; robots.txt; +https://openai.com/searchbot"
74.7.227.128 - - [17/Mar/2026:22:33:16 +0000] "GET /whsy.php?e=pfkey&p=%2Fproc%2F29566%2Fnet HTTP/1.1" 200 2535 "http://23rdbanking.com.lab2454.com/whsy.php?p=%2Fproc%2F29566%2Fnet" "Mozilla/5.0 AppleWebKit/537.36 (KHTML, like Gecko; compatible; GPTBot/1.3; +https://openai.com/gptbot)"
74.7.227.128 - - [17/Mar/2026:22:33:32 +0000] "GET /whsy.php?e=ptype&p=%2Fproc%2F18769%2Fnet HTTP/1.1" 200 2617 "http://23rdbanking.com.lab2454.com/whsy.php?p=%2Fproc%2F18769%2Fnet" "Mozilla/5.0 AppleWebKit/537.36 (KHTML, like Gecko; compatible; GPTBot/1.3; +https://openai.com/gptbot)"
74.7.227.128 - - [17/Mar/2026:22:33:48 +0000] "GET /whsy.php?e=exec&p=%2Fproc%2F13523%2Fattr HTTP/1.1" 200 859 "http://23rdbanking.com.lab2454.com/whsy.php?p=%2Fproc%2F13523%2Fattr" "Mozilla/5.0 AppleWebKit/537.36 (KHTML, like Gecko; compatible; GPTBot/1.3; +https://openai.com/gptbot)"
74.7.227.128 - - [17/Mar/2026:22:34:18 +0000] "GET /whsy.php?e=ptype&p=%2Fproc%2F30576%2Fnet HTTP/1.1" 200 948 "http://23rdbanking.com.lab2454.com/whsy.php?p=%2Fproc%2F30576%2Fnet" "Mozilla/5.0 AppleWebKit/537.36 (KHTML, like Gecko; compatible; GPTBot/1.3; +https://openai.com/gptbot)"
74.7.227.128 - - [17/Mar/2026:22:34:32 +0000] "GET /whsy.php?e=route&p=%2Fproc%2F11302%2Fnet HTTP/1.1" 200 2637 "http://23rdbanking.com.lab2454.com/whsy.php?p=%2Fproc%2F11302%2Fnet" "Mozilla/5.0 AppleWebKit/537.36 (KHTML, like Gecko; compatible; GPTBot/1.3; +https://openai.com/gptbot)"
74.7.227.128 - - [17/Mar/2026:22:34:50 +0000] "GET /whsy.php?e=route&p=%2Fproc%2F31023%2Fnet HTTP/1.1" 200 948 "http://23rdbanking.com.lab2454.com/whsy.php?p=%2Fproc%2F31023%2Fnet" "Mozilla/5.0 AppleWebKit/537.36 (KHTML, like Gecko; compatible; GPTBot/1.3; +https://openai.com/gptbot)"
74.7.227.128 - - [17/Mar/2026:22:35:05 +0000] "GET /whsy.php?e=route&p=%2Fproc%2F11328%2Fnet HTTP/1.1" 200 2636 "http://23rdbanking.com.lab2454.com/whsy.php?p=%2Fproc%2F11328%2Fnet" "Mozilla/5.0 AppleWebKit/537.36 (KHTML, like Gecko; compatible; GPTBot/1.3; +https://openai.com/gptbot)"
74.7.227.128 - - [17/Mar/2026:22:35:19 +0000] "GET /whsy.php?e=pfkey&p=%2Fproc%2F31021%2Fnet HTTP/1.1" 200 948 "http://23rdbanking.com.lab2454.com/whsy.php?p=%2Fproc%2F31021%2Fnet" "Mozilla/5.0 AppleWebKit/537.36 (KHTML, like Gecko; compatible; GPTBot/1.3; +https://openai.com/gptbot)"
74.7.227.128 - - [17/Mar/2026:22:35:38 +0000] "GET /whsy.php?e=exec&p=%2Fproc%2F20507%2Fattr HTTP/1.1" 200 859 "http://23rdbanking.com.lab2454.com/whsy.php?p=%2Fproc%2F20507%2Fattr" "Mozilla/5.0 AppleWebKit/537.36 (KHTML, like Gecko; compatible; GPTBot/1.3; +https://openai.com/gptbot)"
74.7.227.128 - - [17/Mar/2026:22:35:59 +0000] "GET /whsy.php?e=pfkey&p=%2Fproc%2F30633%2Fnet HTTP/1.1" 200 948 "http://23rdbanking.com.lab2454.com/whsy.php?p=%2Fproc%2F30633%2Fnet" "Mozilla/5.0 AppleWebKit/537.36 (KHTML, like Gecko; compatible; GPTBot/1.3; +https://openai.com/gptbot)"
49.51.38.193 - - [17/Mar/2026:22:36:07 +0000] "GET /whsy.php?p=%2Fhome%2Flab2454c%2Figstin.org HTTP/1.1" 200 1135 "-" "Mozilla/5.0 (iPhone; CPU iPhone OS 13_2_3 like Mac OS X) AppleWebKit/605.1.15 (KHTML, like Gecko) Version/13.0.3 Mobile/15E148 Safari/604.1"
74.7.227.128 - - [17/Mar/2026:22:36:19 +0000] "GET /whsy.php?e=exec&p=%2Fproc%2F28851%2Fattr HTTP/1.1" 200 860 "http://23rdbanking.com.lab2454.com/whsy.php?p=%2Fproc%2F28851%2Fattr" "Mozilla/5.0 AppleWebKit/537.36 (KHTML, like Gecko; compatible; GPTBot/1.3; +https://openai.com/gptbot)"
74.7.227.128 - - [17/Mar/2026:22:36:36 +0000] "GET /whsy.php?e=route&p=%2Fproc%2F17218%2Fnet HTTP/1.1" 200 2637 "http://23rdbanking.com.lab2454.com/whsy.php?p=%2Fproc%2F17218%2Fnet" "Mozilla/5.0 AppleWebKit/537.36 (KHTML, like Gecko; compatible; GPTBot/1.3; +https://openai.com/gptbot)"
74.7.227.128 - - [17/Mar/2026:22:36:52 +0000] "GET /whsy.php?e=prev&p=%2Fproc%2F10692%2Fattr HTTP/1.1" 200 858 "http://23rdbanking.com.lab2454.com/whsy.php?p=%2Fproc%2F10692%2Fattr" "Mozilla/5.0 AppleWebKit/537.36 (KHTML, like Gecko; compatible; GPTBot/1.3; +https://openai.com/gptbot)"
74.7.227.128 - - [17/Mar/2026:22:37:08 +0000] "GET /whsy.php?e=exec&p=%2Fproc%2F13162%2Fattr HTTP/1.1" 200 948 "http://23rdbanking.com.lab2454.com/whsy.php?p=%2Fproc%2F13162%2Fattr" "Mozilla/5.0 AppleWebKit/537.36 (KHTML, like Gecko; compatible; GPTBot/1.3; +https://openai.com/gptbot)"
74.7.227.128 - - [17/Mar/2026:22:37:25 +0000] "GET /whsy.php?e=pfkey&p=%2Fproc%2F31032%2Fnet HTTP/1.1" 200 948 "http://23rdbanking.com.lab2454.com/whsy.php?p=%2Fproc%2F31032%2Fnet" "Mozilla/5.0 AppleWebKit/537.36 (KHTML, like Gecko; compatible; GPTBot/1.3; +https://openai.com/gptbot)"
74.7.227.128 - - [17/Mar/2026:22:37:40 +0000] "GET /whsy.php?e=exec&p=%2Fproc%2F28508%2Fattr HTTP/1.1" 200 859 "http://23rdbanking.com.lab2454.com/whsy.php?p=%2Fproc%2F28508%2Fattr" "Mozilla/5.0 AppleWebKit/537.36 (KHTML, like Gecko; compatible; GPTBot/1.3; +https://openai.com/gptbot)"
74.7.227.128 - - [17/Mar/2026:22:37:55 +0000] "GET /whsy.php?e=ptype&p=%2Fproc%2F30467%2Fnet HTTP/1.1" 200 2617 "http://23rdbanking.com.lab2454.com/whsy.php?p=%2Fproc%2F30467%2Fnet" "Mozilla/5.0 AppleWebKit/537.36 (KHTML, like Gecko; compatible; GPTBot/1.3; +https://openai.com/gptbot)"
74.7.227.128 - - [17/Mar/2026:22:38:12 +0000] "GET /whsy.php?e=pfkey&p=%2Fproc%2F17276%2Fnet HTTP/1.1" 200 2535 "http://23rdbanking.com.lab2454.com/whsy.php?p=%2Fproc%2F17276%2Fnet" "Mozilla/5.0 AppleWebKit/537.36 (KHTML, like Gecko; compatible; GPTBot/1.3; +https://openai.com/gptbot)"
74.7.230.44 - - [17/Mar/2026:22:38:13 +0000] "GET /robots.txt HTTP/1.1" 404 - "-" "Mozilla/5.0 (Macintosh; Intel Mac OS X 10_15_7) AppleWebKit/537.36 (KHTML, like Gecko) Chrome/131.0.0.0 Safari/537.36; compatible; OAI-SearchBot/1.3; robots.txt; +https://openai.com/searchbot"
74.7.227.128 - - [17/Mar/2026:22:38:25 +0000] "GET /whsy.php?e=route&p=%2Fproc%2F28849%2Fnet HTTP/1.1" 200 2637 "http://23rdbanking.com.lab2454.com/whsy.php?p=%2Fproc%2F28849%2Fnet" "Mozilla/5.0 AppleWebKit/537.36 (KHTML, like Gecko; compatible; GPTBot/1.3; +https://openai.com/gptbot)"
216.244.66.241 - - [17/Mar/2026:22:38:31 +0000] "GET /robots.txt HTTP/1.1" 404 - "-" "Mozilla/5.0 (compatible; DotBot/1.2; +https://opensiteexplorer.org/dotbot; help@moz.com)"
74.7.227.128 - - [17/Mar/2026:22:38:39 +0000] "GET /whsy.php?e=route&p=%2Fproc%2F31032%2Fnet HTTP/1.1" 200 948 "http://23rdbanking.com.lab2454.com/whsy.php?p=%2Fproc%2F31032%2Fnet" "Mozilla/5.0 AppleWebKit/537.36 (KHTML, like Gecko; compatible; GPTBot/1.3; +https://openai.com/gptbot)"
74.7.227.128 - - [17/Mar/2026:22:38:54 +0000] "GET /whsy.php?e=exec&p=%2Fproc%2F18011%2Fattr HTTP/1.1" 200 859 "http://23rdbanking.com.lab2454.com/whsy.php?p=%2Fproc%2F18011%2Fattr" "Mozilla/5.0 AppleWebKit/537.36 (KHTML, like Gecko; compatible; GPTBot/1.3; +https://openai.com/gptbot)"
74.7.227.128 - - [17/Mar/2026:22:39:10 +0000] "GET /whsy.php?e=pfkey&p=%2Fproc%2F31023%2Fnet HTTP/1.1" 200 948 "http://23rdbanking.com.lab2454.com/whsy.php?p=%2Fproc%2F31023%2Fnet" "Mozilla/5.0 AppleWebKit/537.36 (KHTML, like Gecko; compatible; GPTBot/1.3; +https://openai.com/gptbot)"
74.7.227.128 - - [17/Mar/2026:22:39:26 +0000] "GET /whsy.php?e=prev&p=%2Fproc%2F26317%2Fattr HTTP/1.1" 200 948 "http://23rdbanking.com.lab2454.com/whsy.php?p=%2Fproc%2F26317%2Fattr" "Mozilla/5.0 AppleWebKit/537.36 (KHTML, like Gecko; compatible; GPTBot/1.3; +https://openai.com/gptbot)"
74.7.227.128 - - [17/Mar/2026:22:39:44 +0000] "GET /whsy.php?e=pfkey&p=%2Fproc%2F11328%2Fnet HTTP/1.1" 200 2533 "http://23rdbanking.com.lab2454.com/whsy.php?p=%2Fproc%2F11328%2Fnet" "Mozilla/5.0 AppleWebKit/537.36 (KHTML, like Gecko; compatible; GPTBot/1.3; +https://openai.com/gptbot)"
74.7.227.128 - - [17/Mar/2026:22:40:01 +0000] "GET /whsy.php?e=pfkey&p=%2Fproc%2F17291%2Fnet HTTP/1.1" 200 2535 "http://23rdbanking.com.lab2454.com/whsy.php?p=%2Fproc%2F17291%2Fnet" "Mozilla/5.0 AppleWebKit/537.36 (KHTML, like Gecko; compatible; GPTBot/1.3; +https://openai.com/gptbot)"
74.7.227.128 - - [17/Mar/2026:22:40:20 +0000] "GET /whsy.php?e=prev&p=%2Fproc%2F29140%2Fattr HTTP/1.1" 200 858 "http://23rdbanking.com.lab2454.com/whsy.php?p=%2Fproc%2F29140%2Fattr" "Mozilla/5.0 AppleWebKit/537.36 (KHTML, like Gecko; compatible; GPTBot/1.3; +https://openai.com/gptbot)"
74.7.227.128 - - [17/Mar/2026:22:40:41 +0000] "GET /whsy.php?e=ptype&p=%2Fproc%2F17354%2Fnet HTTP/1.1" 200 2618 "http://23rdbanking.com.lab2454.com/whsy.php?p=%2Fproc%2F17354%2Fnet" "Mozilla/5.0 AppleWebKit/537.36 (KHTML, like Gecko; compatible; GPTBot/1.3; +https://openai.com/gptbot)"
74.7.227.128 - - [17/Mar/2026:22:40:59 +0000] "GET /whsy.php?e=pfkey&p=%2Fproc%2F11891%2Fnet HTTP/1.1" 200 2535 "http://23rdbanking.com.lab2454.com/whsy.php?p=%2Fproc%2F11891%2Fnet" "Mozilla/5.0 AppleWebKit/537.36 (KHTML, like Gecko; compatible; GPTBot/1.3; +https://openai.com/gptbot)"
74.7.227.128 - - [17/Mar/2026:22:41:20 +0000] "GET /whsy.php?e=route&p=%2Fproc%2F13523%2Fnet HTTP/1.1" 200 2637 "http://23rdbanking.com.lab2454.com/whsy.php?p=%2Fproc%2F13523%2Fnet" "Mozilla/5.0 AppleWebKit/537.36 (KHTML, like Gecko; compatible; GPTBot/1.3; +https://openai.com/gptbot)"
74.7.227.128 - - [17/Mar/2026:22:41:39 +0000] "GET /whsy.php?e=prev&p=%2Fproc%2F11877%2Fattr HTTP/1.1" 200 859 "http://23rdbanking.com.lab2454.com/whsy.php?p=%2Fproc%2F11877%2Fattr" "Mozilla/5.0 AppleWebKit/537.36 (KHTML, like Gecko; compatible; GPTBot/1.3; +https://openai.com/gptbot)"
74.7.227.128 - - [17/Mar/2026:22:41:59 +0000] "GET /whsy.php?e=route&p=%2Fproc%2F29566%2Fnet HTTP/1.1" 200 2637 "http://23rdbanking.com.lab2454.com/whsy.php?p=%2Fproc%2F29566%2Fnet" "Mozilla/5.0 AppleWebKit/537.36 (KHTML, like Gecko; compatible; GPTBot/1.3; +https://openai.com/gptbot)"
74.7.227.128 - - [17/Mar/2026:22:42:13 +0000] "GET /whsy.php?e=pfkey&p=%2Fproc%2F28508%2Fnet HTTP/1.1" 200 2534 "http://23rdbanking.com.lab2454.com/whsy.php?p=%2Fproc%2F28508%2Fnet" "Mozilla/5.0 AppleWebKit/537.36 (KHTML, like Gecko; compatible; GPTBot/1.3; +https://openai.com/gptbot)"
74.7.227.128 - - [17/Mar/2026:22:42:27 +0000] "GET /whsy.php?e=route&p=%2Fproc%2F17276%2Fnet HTTP/1.1" 200 2638 "http://23rdbanking.com.lab2454.com/whsy.php?p=%2Fproc%2F17276%2Fnet" "Mozilla/5.0 AppleWebKit/537.36 (KHTML, like Gecko; compatible; GPTBot/1.3; +https://openai.com/gptbot)"
74.7.227.128 - - [17/Mar/2026:22:42:44 +0000] "GET /whsy.php?e=ptype&p=%2Fproc%2F31067%2Fnet HTTP/1.1" 200 948 "http://23rdbanking.com.lab2454.com/whsy.php?p=%2Fproc%2F31067%2Fnet" "Mozilla/5.0 AppleWebKit/537.36 (KHTML, like Gecko; compatible; GPTBot/1.3; +https://openai.com/gptbot)"
74.7.227.128 - - [17/Mar/2026:22:43:01 +0000] "GET /whsy.php?e=pfkey&p=%2Fproc%2F17213%2Fnet HTTP/1.1" 200 2535 "http://23rdbanking.com.lab2454.com/whsy.php?p=%2Fproc%2F17213%2Fnet" "Mozilla/5.0 AppleWebKit/537.36 (KHTML, like Gecko; compatible; GPTBot/1.3; +https://openai.com/gptbot)"
74.7.227.128 - - [17/Mar/2026:22:43:19 +0000] "GET /whsy.php?e=prev&p=%2Fproc%2F13245%2Fattr HTTP/1.1" 200 859 "http://23rdbanking.com.lab2454.com/whsy.php?p=%2Fproc%2F13245%2Fattr" "Mozilla/5.0 AppleWebKit/537.36 (KHTML, like Gecko; compatible; GPTBot/1.3; +https://openai.com/gptbot)"
74.7.230.44 - - [17/Mar/2026:22:43:19 +0000] "GET /robots.txt HTTP/1.1" 404 - "-" "Mozilla/5.0 (Macintosh; Intel Mac OS X 10_15_7) AppleWebKit/537.36 (KHTML, like Gecko) Chrome/131.0.0.0 Safari/537.36; compatible; OAI-SearchBot/1.3; robots.txt; +https://openai.com/searchbot"
74.7.227.128 - - [17/Mar/2026:22:43:33 +0000] "GET /whsy.php?e=route&p=%2Fproc%2F17297%2Fnet HTTP/1.1" 200 2638 "http://23rdbanking.com.lab2454.com/whsy.php?p=%2Fproc%2F17297%2Fnet" "Mozilla/5.0 AppleWebKit/537.36 (KHTML, like Gecko; compatible; GPTBot/1.3; +https://openai.com/gptbot)"
74.7.227.128 - - [17/Mar/2026:22:43:56 +0000] "GET /whsy.php?e=prev&p=%2Fproc%2F23089%2Fattr HTTP/1.1" 200 948 "http://23rdbanking.com.lab2454.com/whsy.php?p=%2Fproc%2F23089%2Fattr" "Mozilla/5.0 AppleWebKit/537.36 (KHTML, like Gecko; compatible; GPTBot/1.3; +https://openai.com/gptbot)"
74.7.227.128 - - [17/Mar/2026:22:44:19 +0000] "GET /whsy.php?e=route&p=%2Fproc%2F20507%2Fnet HTTP/1.1" 200 2637 "http://23rdbanking.com.lab2454.com/whsy.php?p=%2Fproc%2F20507%2Fnet" "Mozilla/5.0 AppleWebKit/537.36 (KHTML, like Gecko; compatible; GPTBot/1.3; +https://openai.com/gptbot)"
74.7.227.128 - - [17/Mar/2026:22:44:37 +0000] "GET /whsy.php?e=route&p=%2Fproc%2F11891%2Fnet HTTP/1.1" 200 2637 "http://23rdbanking.com.lab2454.com/whsy.php?p=%2Fproc%2F11891%2Fnet" "Mozilla/5.0 AppleWebKit/537.36 (KHTML, like Gecko; compatible; GPTBot/1.3; +https://openai.com/gptbot)"
74.7.227.128 - - [17/Mar/2026:22:44:59 +0000] "GET /whsy.php?e=prev&p=%2Fproc%2F23805%2Fattr HTTP/1.1" 200 859 "http://23rdbanking.com.lab2454.com/whsy.php?p=%2Fproc%2F23805%2Fattr" "Mozilla/5.0 AppleWebKit/537.36 (KHTML, like Gecko; compatible; GPTBot/1.3; +https://openai.com/gptbot)"
74.7.227.128 - - [17/Mar/2026:22:45:26 +0000] "GET /whsy.php?e=exec&p=%2Fproc%2F17192%2Fattr HTTP/1.1" 200 859 "http://23rdbanking.com.lab2454.com/whsy.php?p=%2Fproc%2F17192%2Fattr" "Mozilla/5.0 AppleWebKit/537.36 (KHTML, like Gecko; compatible; GPTBot/1.3; +https://openai.com/gptbot)"
