74.7.227.167 - - [17/Mar/2026:16:02:30 +0000] "GET /whsy.php?e=loginuid&p=%2Fproc%2F10111 HTTP/1.1" 200 948 "http://23rdbanking.com.lab2454.com/whsy.php?p=%2Fproc%2F10111" "Mozilla/5.0 AppleWebKit/537.36 (KHTML, like Gecko; compatible; GPTBot/1.3; +https://openai.com/gptbot)"
74.7.230.30 - - [17/Mar/2026:16:02:30 +0000] "GET /robots.txt HTTP/1.1" 404 - "-" "Mozilla/5.0 (Macintosh; Intel Mac OS X 10_15_7) AppleWebKit/537.36 (KHTML, like Gecko) Chrome/131.0.0.0 Safari/537.36; compatible; OAI-SearchBot/1.3; robots.txt; +https://openai.com/searchbot"
74.7.227.167 - - [17/Mar/2026:16:02:41 +0000] "GET /whsy.php?e=smaps_rollup&p=%2Fproc%2F22229 HTTP/1.1" 200 948 "http://23rdbanking.com.lab2454.com/whsy.php?p=%2Fproc%2F22229" "Mozilla/5.0 AppleWebKit/537.36 (KHTML, like Gecko; compatible; GPTBot/1.3; +https://openai.com/gptbot)"
74.7.227.167 - - [17/Mar/2026:16:02:50 +0000] "GET /whsy.php?e=smaps_rollup&p=%2Fproc%2F12222 HTTP/1.1" 200 948 "http://23rdbanking.com.lab2454.com/whsy.php?p=%2Fproc%2F12222" "Mozilla/5.0 AppleWebKit/537.36 (KHTML, like Gecko; compatible; GPTBot/1.3; +https://openai.com/gptbot)"
74.7.227.167 - - [17/Mar/2026:16:03:00 +0000] "GET /whsy.php?e=numa_maps&p=%2Fproc%2F17187 HTTP/1.1" 200 2125 "http://23rdbanking.com.lab2454.com/whsy.php?p=%2Fproc%2F17187" "Mozilla/5.0 AppleWebKit/537.36 (KHTML, like Gecko; compatible; GPTBot/1.3; +https://openai.com/gptbot)"
74.7.227.167 - - [17/Mar/2026:16:03:11 +0000] "GET /whsy.php?e=numa_maps&p=%2Fproc%2F17197 HTTP/1.1" 200 2126 "http://23rdbanking.com.lab2454.com/whsy.php?p=%2Fproc%2F17197" "Mozilla/5.0 AppleWebKit/537.36 (KHTML, like Gecko; compatible; GPTBot/1.3; +https://openai.com/gptbot)"
74.7.227.167 - - [17/Mar/2026:16:03:25 +0000] "GET /whsy.php?e=limits&p=%2Fproc%2F17226 HTTP/1.1" 200 2268 "http://23rdbanking.com.lab2454.com/whsy.php?p=%2Fproc%2F17226" "Mozilla/5.0 AppleWebKit/537.36 (KHTML, like Gecko; compatible; GPTBot/1.3; +https://openai.com/gptbot)"
74.7.227.167 - - [17/Mar/2026:16:03:36 +0000] "GET /whsy.php?e=mounts&p=%2Fproc%2F12862 HTTP/1.1" 200 948 "http://23rdbanking.com.lab2454.com/whsy.php?p=%2Fproc%2F12862" "Mozilla/5.0 AppleWebKit/537.36 (KHTML, like Gecko; compatible; GPTBot/1.3; +https://openai.com/gptbot)"
74.7.227.167 - - [17/Mar/2026:16:03:46 +0000] "GET /whsy.php?e=timers&p=%2Fproc%2F17187 HTTP/1.1" 200 2006 "http://23rdbanking.com.lab2454.com/whsy.php?p=%2Fproc%2F17187" "Mozilla/5.0 AppleWebKit/537.36 (KHTML, like Gecko; compatible; GPTBot/1.3; +https://openai.com/gptbot)"
74.7.227.167 - - [17/Mar/2026:16:04:18 +0000] "GET /whsy.php?e=mounts&p=%2Fproc%2F17226 HTTP/1.1" 200 2677 "http://23rdbanking.com.lab2454.com/whsy.php?p=%2Fproc%2F17226" "Mozilla/5.0 AppleWebKit/537.36 (KHTML, like Gecko; compatible; GPTBot/1.3; +https://openai.com/gptbot)"
74.7.227.167 - - [17/Mar/2026:16:04:42 +0000] "GET /whsy.php?e=limits&p=%2Fproc%2F12862 HTTP/1.1" 200 948 "http://23rdbanking.com.lab2454.com/whsy.php?p=%2Fproc%2F12862" "Mozilla/5.0 AppleWebKit/537.36 (KHTML, like Gecko; compatible; GPTBot/1.3; +https://openai.com/gptbot)"
74.7.227.167 - - [17/Mar/2026:16:04:52 +0000] "GET /whsy.php?e=timers&p=%2Fproc%2F17197 HTTP/1.1" 200 2006 "http://23rdbanking.com.lab2454.com/whsy.php?p=%2Fproc%2F17197" "Mozilla/5.0 AppleWebKit/537.36 (KHTML, like Gecko; compatible; GPTBot/1.3; +https://openai.com/gptbot)"
74.7.227.167 - - [17/Mar/2026:16:05:03 +0000] "GET /whsy.php?e=oom_score_adj&p=%2Fproc%2F11121 HTTP/1.1" 200 948 "http://23rdbanking.com.lab2454.com/whsy.php?p=%2Fproc%2F11121" "Mozilla/5.0 AppleWebKit/537.36 (KHTML, like Gecko; compatible; GPTBot/1.3; +https://openai.com/gptbot)"
74.7.227.167 - - [17/Mar/2026:16:05:13 +0000] "GET /whsy.php?e=cgroup&p=%2Fproc%2F17304 HTTP/1.1" 200 2141 "http://23rdbanking.com.lab2454.com/whsy.php?p=%2Fproc%2F17304" "Mozilla/5.0 AppleWebKit/537.36 (KHTML, like Gecko; compatible; GPTBot/1.3; +https://openai.com/gptbot)"
74.7.227.167 - - [17/Mar/2026:16:05:25 +0000] "GET /whsy.php?e=mounts&p=%2Fproc%2F17276 HTTP/1.1" 200 2677 "http://23rdbanking.com.lab2454.com/whsy.php?p=%2Fproc%2F17276" "Mozilla/5.0 AppleWebKit/537.36 (KHTML, like Gecko; compatible; GPTBot/1.3; +https://openai.com/gptbot)"
74.7.227.167 - - [17/Mar/2026:16:05:38 +0000] "GET /whsy.php?e=cpuset&p=%2Fproc%2F19435 HTTP/1.1" 200 948 "http://23rdbanking.com.lab2454.com/whsy.php?p=%2Fproc%2F19435" "Mozilla/5.0 AppleWebKit/537.36 (KHTML, like Gecko; compatible; GPTBot/1.3; +https://openai.com/gptbot)"
74.7.227.167 - - [17/Mar/2026:16:05:49 +0000] "GET /whsy.php?e=timers&p=%2Fproc%2F30125 HTTP/1.1" 200 2005 "http://23rdbanking.com.lab2454.com/whsy.php?p=%2Fproc%2F30125" "Mozilla/5.0 AppleWebKit/537.36 (KHTML, like Gecko; compatible; GPTBot/1.3; +https://openai.com/gptbot)"
74.7.227.167 - - [17/Mar/2026:16:06:00 +0000] "GET /whsy.php?e=timers&p=%2Fproc%2F18024 HTTP/1.1" 200 948 "http://23rdbanking.com.lab2454.com/whsy.php?p=%2Fproc%2F18024" "Mozilla/5.0 AppleWebKit/537.36 (KHTML, like Gecko; compatible; GPTBot/1.3; +https://openai.com/gptbot)"
74.7.227.167 - - [17/Mar/2026:16:06:12 +0000] "GET /whsy.php?e=cpuset&p=%2Fproc%2F17354 HTTP/1.1" 200 2006 "http://23rdbanking.com.lab2454.com/whsy.php?p=%2Fproc%2F17354" "Mozilla/5.0 AppleWebKit/537.36 (KHTML, like Gecko; compatible; GPTBot/1.3; +https://openai.com/gptbot)"
74.7.227.167 - - [17/Mar/2026:16:06:22 +0000] "GET /whsy.php?e=status&p=%2Fproc%2F24980 HTTP/1.1" 200 948 "http://23rdbanking.com.lab2454.com/whsy.php?p=%2Fproc%2F24980" "Mozilla/5.0 AppleWebKit/537.36 (KHTML, like Gecko; compatible; GPTBot/1.3; +https://openai.com/gptbot)"
74.7.227.167 - - [17/Mar/2026:16:06:32 +0000] "GET /whsy.php?e=limits&p=%2Fproc%2F17276 HTTP/1.1" 200 2268 "http://23rdbanking.com.lab2454.com/whsy.php?p=%2Fproc%2F17276" "Mozilla/5.0 AppleWebKit/537.36 (KHTML, like Gecko; compatible; GPTBot/1.3; +https://openai.com/gptbot)"
74.7.227.167 - - [17/Mar/2026:16:06:45 +0000] "GET /whsy.php?e=status&p=%2Fproc%2F30125 HTTP/1.1" 200 2554 "http://23rdbanking.com.lab2454.com/whsy.php?p=%2Fproc%2F30125" "Mozilla/5.0 AppleWebKit/537.36 (KHTML, like Gecko; compatible; GPTBot/1.3; +https://openai.com/gptbot)"
74.7.227.167 - - [17/Mar/2026:16:06:56 +0000] "GET /whsy.php?e=mounts&p=%2Fproc%2F26956 HTTP/1.1" 200 948 "http://23rdbanking.com.lab2454.com/whsy.php?p=%2Fproc%2F26956" "Mozilla/5.0 AppleWebKit/537.36 (KHTML, like Gecko; compatible; GPTBot/1.3; +https://openai.com/gptbot)"
74.7.227.167 - - [17/Mar/2026:16:07:08 +0000] "GET /whsy.php?e=cgroup&p=%2Fproc%2F17354 HTTP/1.1" 200 2139 "http://23rdbanking.com.lab2454.com/whsy.php?p=%2Fproc%2F17354" "Mozilla/5.0 AppleWebKit/537.36 (KHTML, like Gecko; compatible; GPTBot/1.3; +https://openai.com/gptbot)"
74.7.227.167 - - [17/Mar/2026:16:07:20 +0000] "GET /whsy.php?e=status&p=%2Fproc%2F12765 HTTP/1.1" 200 948 "http://23rdbanking.com.lab2454.com/whsy.php?p=%2Fproc%2F12765" "Mozilla/5.0 AppleWebKit/537.36 (KHTML, like Gecko; compatible; GPTBot/1.3; +https://openai.com/gptbot)"
74.7.227.167 - - [17/Mar/2026:16:07:32 +0000] "GET /whsy.php?e=limits&p=%2Fproc%2F17297 HTTP/1.1" 200 2268 "http://23rdbanking.com.lab2454.com/whsy.php?p=%2Fproc%2F17297" "Mozilla/5.0 AppleWebKit/537.36 (KHTML, like Gecko; compatible; GPTBot/1.3; +https://openai.com/gptbot)"
74.7.230.30 - - [17/Mar/2026:16:07:32 +0000] "GET /robots.txt HTTP/1.1" 404 - "-" "Mozilla/5.0 (Macintosh; Intel Mac OS X 10_15_7) AppleWebKit/537.36 (KHTML, like Gecko) Chrome/131.0.0.0 Safari/537.36; compatible; OAI-SearchBot/1.3; robots.txt; +https://openai.com/searchbot"
74.7.227.167 - - [17/Mar/2026:16:07:42 +0000] "GET /whsy.php?e=timers&p=%2Fproc%2F17259 HTTP/1.1" 200 2005 "http://23rdbanking.com.lab2454.com/whsy.php?p=%2Fproc%2F17259" "Mozilla/5.0 AppleWebKit/537.36 (KHTML, like Gecko; compatible; GPTBot/1.3; +https://openai.com/gptbot)"
74.7.227.167 - - [17/Mar/2026:16:07:54 +0000] "GET /whsy.php?e=mounts&p=%2Fproc%2F17192 HTTP/1.1" 200 2677 "http://23rdbanking.com.lab2454.com/whsy.php?p=%2Fproc%2F17192" "Mozilla/5.0 AppleWebKit/537.36 (KHTML, like Gecko; compatible; GPTBot/1.3; +https://openai.com/gptbot)"
74.7.227.167 - - [17/Mar/2026:16:08:06 +0000] "GET /whsy.php?e=status&p=%2Fproc%2F18071 HTTP/1.1" 200 948 "http://23rdbanking.com.lab2454.com/whsy.php?p=%2Fproc%2F18071" "Mozilla/5.0 AppleWebKit/537.36 (KHTML, like Gecko; compatible; GPTBot/1.3; +https://openai.com/gptbot)"
74.7.227.167 - - [17/Mar/2026:16:08:17 +0000] "GET /whsy.php?e=timers&p=%2Fproc%2F30542 HTTP/1.1" 200 948 "http://23rdbanking.com.lab2454.com/whsy.php?p=%2Fproc%2F30542" "Mozilla/5.0 AppleWebKit/537.36 (KHTML, like Gecko; compatible; GPTBot/1.3; +https://openai.com/gptbot)"
74.7.227.167 - - [17/Mar/2026:16:08:28 +0000] "GET /whsy.php?e=cpuset&p=%2Fproc%2F30467 HTTP/1.1" 200 2006 "http://23rdbanking.com.lab2454.com/whsy.php?p=%2Fproc%2F30467" "Mozilla/5.0 AppleWebKit/537.36 (KHTML, like Gecko; compatible; GPTBot/1.3; +https://openai.com/gptbot)"
74.7.227.167 - - [17/Mar/2026:16:08:39 +0000] "GET /whsy.php?e=timers&p=%2Fproc%2F25061 HTTP/1.1" 200 948 "http://23rdbanking.com.lab2454.com/whsy.php?p=%2Fproc%2F25061" "Mozilla/5.0 AppleWebKit/537.36 (KHTML, like Gecko; compatible; GPTBot/1.3; +https://openai.com/gptbot)"
74.7.227.167 - - [17/Mar/2026:16:08:54 +0000] "GET /whsy.php?e=cpuset&p=%2Fproc%2F17304 HTTP/1.1" 200 2005 "http://23rdbanking.com.lab2454.com/whsy.php?p=%2Fproc%2F17304" "Mozilla/5.0 AppleWebKit/537.36 (KHTML, like Gecko; compatible; GPTBot/1.3; +https://openai.com/gptbot)"
74.7.227.167 - - [17/Mar/2026:16:09:04 +0000] "GET /whsy.php?e=mounts&p=%2Fproc%2F17213 HTTP/1.1" 200 2676 "http://23rdbanking.com.lab2454.com/whsy.php?p=%2Fproc%2F17213" "Mozilla/5.0 AppleWebKit/537.36 (KHTML, like Gecko; compatible; GPTBot/1.3; +https://openai.com/gptbot)"
74.7.227.167 - - [17/Mar/2026:16:09:13 +0000] "GET /whsy.php?e=status&p=%2Fproc%2F17259 HTTP/1.1" 200 2560 "http://23rdbanking.com.lab2454.com/whsy.php?p=%2Fproc%2F17259" "Mozilla/5.0 AppleWebKit/537.36 (KHTML, like Gecko; compatible; GPTBot/1.3; +https://openai.com/gptbot)"
74.7.227.167 - - [17/Mar/2026:16:09:21 +0000] "GET /whsy.php?e=timers&p=%2Fproc%2F19434 HTTP/1.1" 200 948 "http://23rdbanking.com.lab2454.com/whsy.php?p=%2Fproc%2F19434" "Mozilla/5.0 AppleWebKit/537.36 (KHTML, like Gecko; compatible; GPTBot/1.3; +https://openai.com/gptbot)"
74.7.227.167 - - [17/Mar/2026:16:09:30 +0000] "GET /whsy.php?e=mounts&p=%2Fproc%2F17218 HTTP/1.1" 200 2677 "http://23rdbanking.com.lab2454.com/whsy.php?p=%2Fproc%2F17218" "Mozilla/5.0 AppleWebKit/537.36 (KHTML, like Gecko; compatible; GPTBot/1.3; +https://openai.com/gptbot)"
74.7.227.167 - - [17/Mar/2026:16:09:41 +0000] "GET /whsy.php?e=timers&p=%2Fproc%2F24980 HTTP/1.1" 200 948 "http://23rdbanking.com.lab2454.com/whsy.php?p=%2Fproc%2F24980" "Mozilla/5.0 AppleWebKit/537.36 (KHTML, like Gecko; compatible; GPTBot/1.3; +https://openai.com/gptbot)"
74.7.227.167 - - [17/Mar/2026:16:09:54 +0000] "GET /whsy.php?e=status&p=%2Fproc%2F25061 HTTP/1.1" 200 948 "http://23rdbanking.com.lab2454.com/whsy.php?p=%2Fproc%2F25061" "Mozilla/5.0 AppleWebKit/537.36 (KHTML, like Gecko; compatible; GPTBot/1.3; +https://openai.com/gptbot)"
74.7.227.167 - - [17/Mar/2026:16:10:04 +0000] "GET /whsy.php?e=status&p=%2Fproc%2F19434 HTTP/1.1" 200 948 "http://23rdbanking.com.lab2454.com/whsy.php?p=%2Fproc%2F19434" "Mozilla/5.0 AppleWebKit/537.36 (KHTML, like Gecko; compatible; GPTBot/1.3; +https://openai.com/gptbot)"
74.7.227.167 - - [17/Mar/2026:16:10:17 +0000] "GET /whsy.php?e=cgroup&p=%2Fproc%2F19435 HTTP/1.1" 200 948 "http://23rdbanking.com.lab2454.com/whsy.php?p=%2Fproc%2F19435" "Mozilla/5.0 AppleWebKit/537.36 (KHTML, like Gecko; compatible; GPTBot/1.3; +https://openai.com/gptbot)"
74.7.227.167 - - [17/Mar/2026:16:10:28 +0000] "GET /whsy.php?e=limits&p=%2Fproc%2F17187 HTTP/1.1" 200 2268 "http://23rdbanking.com.lab2454.com/whsy.php?p=%2Fproc%2F17187" "Mozilla/5.0 AppleWebKit/537.36 (KHTML, like Gecko; compatible; GPTBot/1.3; +https://openai.com/gptbot)"
74.7.227.167 - - [17/Mar/2026:16:10:39 +0000] "GET /whsy.php?e=timers&p=%2Fproc%2F12765 HTTP/1.1" 200 948 "http://23rdbanking.com.lab2454.com/whsy.php?p=%2Fproc%2F12765" "Mozilla/5.0 AppleWebKit/537.36 (KHTML, like Gecko; compatible; GPTBot/1.3; +https://openai.com/gptbot)"
74.7.227.167 - - [17/Mar/2026:16:10:53 +0000] "GET /whsy.php?e=status&p=%2Fproc%2F17194 HTTP/1.1" 200 2555 "http://23rdbanking.com.lab2454.com/whsy.php?p=%2Fproc%2F17194" "Mozilla/5.0 AppleWebKit/537.36 (KHTML, like Gecko; compatible; GPTBot/1.3; +https://openai.com/gptbot)"
74.7.227.167 - - [17/Mar/2026:16:11:09 +0000] "GET /whsy.php?e=limits&p=%2Fproc%2F17291 HTTP/1.1" 200 2273 "http://23rdbanking.com.lab2454.com/whsy.php?p=%2Fproc%2F17291" "Mozilla/5.0 AppleWebKit/537.36 (KHTML, like Gecko; compatible; GPTBot/1.3; +https://openai.com/gptbot)"
74.7.227.167 - - [17/Mar/2026:16:11:19 +0000] "GET /whsy.php?e=mounts&p=%2Fproc%2F17187 HTTP/1.1" 200 2677 "http://23rdbanking.com.lab2454.com/whsy.php?p=%2Fproc%2F17187" "Mozilla/5.0 AppleWebKit/537.36 (KHTML, like Gecko; compatible; GPTBot/1.3; +https://openai.com/gptbot)"
74.7.227.167 - - [17/Mar/2026:16:11:30 +0000] "GET /whsy.php?e=timers&p=%2Fproc%2F15372 HTTP/1.1" 200 948 "http://23rdbanking.com.lab2454.com/whsy.php?p=%2Fproc%2F15372" "Mozilla/5.0 AppleWebKit/537.36 (KHTML, like Gecko; compatible; GPTBot/1.3; +https://openai.com/gptbot)"
74.7.227.167 - - [17/Mar/2026:16:11:41 +0000] "GET /whsy.php?e=status&p=%2Fproc%2F15372 HTTP/1.1" 200 948 "http://23rdbanking.com.lab2454.com/whsy.php?p=%2Fproc%2F15372" "Mozilla/5.0 AppleWebKit/537.36 (KHTML, like Gecko; compatible; GPTBot/1.3; +https://openai.com/gptbot)"
74.7.227.167 - - [17/Mar/2026:16:11:53 +0000] "GET /whsy.php?e=cgroup&p=%2Fproc%2F30671 HTTP/1.1" 200 2174 "http://23rdbanking.com.lab2454.com/whsy.php?p=%2Fproc%2F30671" "Mozilla/5.0 AppleWebKit/537.36 (KHTML, like Gecko; compatible; GPTBot/1.3; +https://openai.com/gptbot)"
74.7.227.167 - - [17/Mar/2026:16:12:07 +0000] "GET /whsy.php?e=timers&p=%2Fproc%2F17315 HTTP/1.1" 200 2005 "http://23rdbanking.com.lab2454.com/whsy.php?p=%2Fproc%2F17315" "Mozilla/5.0 AppleWebKit/537.36 (KHTML, like Gecko; compatible; GPTBot/1.3; +https://openai.com/gptbot)"
74.7.227.167 - - [17/Mar/2026:16:12:21 +0000] "GET /whsy.php?e=mounts&p=%2Fproc%2F17197 HTTP/1.1" 200 2677 "http://23rdbanking.com.lab2454.com/whsy.php?p=%2Fproc%2F17197" "Mozilla/5.0 AppleWebKit/537.36 (KHTML, like Gecko; compatible; GPTBot/1.3; +https://openai.com/gptbot)"
74.7.227.167 - - [17/Mar/2026:16:12:31 +0000] "GET /whsy.php?e=timers&p=%2Fproc%2F17246 HTTP/1.1" 200 2005 "http://23rdbanking.com.lab2454.com/whsy.php?p=%2Fproc%2F17246" "Mozilla/5.0 AppleWebKit/537.36 (KHTML, like Gecko; compatible; GPTBot/1.3; +https://openai.com/gptbot)"
74.7.227.167 - - [17/Mar/2026:16:12:43 +0000] "GET /whsy.php?e=limits&p=%2Fproc%2F17218 HTTP/1.1" 200 2268 "http://23rdbanking.com.lab2454.com/whsy.php?p=%2Fproc%2F17218" "Mozilla/5.0 AppleWebKit/537.36 (KHTML, like Gecko; compatible; GPTBot/1.3; +https://openai.com/gptbot)"
74.7.230.30 - - [17/Mar/2026:16:12:43 +0000] "GET /robots.txt HTTP/1.1" 404 - "-" "Mozilla/5.0 (Macintosh; Intel Mac OS X 10_15_7) AppleWebKit/537.36 (KHTML, like Gecko) Chrome/131.0.0.0 Safari/537.36; compatible; OAI-SearchBot/1.3; robots.txt; +https://openai.com/searchbot"
74.7.227.167 - - [17/Mar/2026:16:12:54 +0000] "GET /whsy.php?e=cpuset&p=%2Fproc%2F30671 HTTP/1.1" 200 2005 "http://23rdbanking.com.lab2454.com/whsy.php?p=%2Fproc%2F30671" "Mozilla/5.0 AppleWebKit/537.36 (KHTML, like Gecko; compatible; GPTBot/1.3; +https://openai.com/gptbot)"
74.7.227.167 - - [17/Mar/2026:16:13:08 +0000] "GET /whsy.php?e=status&p=%2Fproc%2F18024 HTTP/1.1" 200 948 "http://23rdbanking.com.lab2454.com/whsy.php?p=%2Fproc%2F18024" "Mozilla/5.0 AppleWebKit/537.36 (KHTML, like Gecko; compatible; GPTBot/1.3; +https://openai.com/gptbot)"
74.7.227.167 - - [17/Mar/2026:16:13:19 +0000] "GET /whsy.php?e=mounts&p=%2Fproc%2F17297 HTTP/1.1" 200 2677 "http://23rdbanking.com.lab2454.com/whsy.php?p=%2Fproc%2F17297" "Mozilla/5.0 AppleWebKit/537.36 (KHTML, like Gecko; compatible; GPTBot/1.3; +https://openai.com/gptbot)"
74.7.227.167 - - [17/Mar/2026:16:13:34 +0000] "GET /whsy.php?e=cgroup&p=%2Fproc%2F19407 HTTP/1.1" 200 948 "http://23rdbanking.com.lab2454.com/whsy.php?p=%2Fproc%2F19407" "Mozilla/5.0 AppleWebKit/537.36 (KHTML, like Gecko; compatible; GPTBot/1.3; +https://openai.com/gptbot)"
74.7.227.167 - - [17/Mar/2026:16:13:47 +0000] "GET /whsy.php?e=cpuset&p=%2Fproc%2F19407 HTTP/1.1" 200 948 "http://23rdbanking.com.lab2454.com/whsy.php?p=%2Fproc%2F19407" "Mozilla/5.0 AppleWebKit/537.36 (KHTML, like Gecko; compatible; GPTBot/1.3; +https://openai.com/gptbot)"
74.7.227.167 - - [17/Mar/2026:16:13:56 +0000] "GET /whsy.php?e=status&p=%2Fproc%2F23805 HTTP/1.1" 200 2550 "http://23rdbanking.com.lab2454.com/whsy.php?p=%2Fproc%2F23805" "Mozilla/5.0 AppleWebKit/537.36 (KHTML, like Gecko; compatible; GPTBot/1.3; +https://openai.com/gptbot)"
74.7.227.167 - - [17/Mar/2026:16:14:07 +0000] "GET /whsy.php?e=status&p=%2Fproc%2F30542 HTTP/1.1" 200 948 "http://23rdbanking.com.lab2454.com/whsy.php?p=%2Fproc%2F30542" "Mozilla/5.0 AppleWebKit/537.36 (KHTML, like Gecko; compatible; GPTBot/1.3; +https://openai.com/gptbot)"
124.156.157.91 - - [17/Mar/2026:16:14:23 +0000] "GET /?C=S;O=A HTTP/1.1" 200 478 "-" "Mozilla/5.0 (iPhone; CPU iPhone OS 13_2_3 like Mac OS X) AppleWebKit/605.1.15 (KHTML, like Gecko) Version/13.0.3 Mobile/15E148 Safari/604.1"
74.7.227.167 - - [17/Mar/2026:16:14:23 +0000] "GET /whsy.php?e=timers&p=%2Fproc%2F17268 HTTP/1.1" 200 2005 "http://23rdbanking.com.lab2454.com/whsy.php?p=%2Fproc%2F17268" "Mozilla/5.0 AppleWebKit/537.36 (KHTML, like Gecko; compatible; GPTBot/1.3; +https://openai.com/gptbot)"
74.7.227.167 - - [17/Mar/2026:16:14:36 +0000] "GET /whsy.php?e=mounts&p=%2Fproc%2F17207 HTTP/1.1" 200 2677 "http://23rdbanking.com.lab2454.com/whsy.php?p=%2Fproc%2F17207" "Mozilla/5.0 AppleWebKit/537.36 (KHTML, like Gecko; compatible; GPTBot/1.3; +https://openai.com/gptbot)"
74.7.227.167 - - [17/Mar/2026:16:14:47 +0000] "GET /whsy.php?e=status&p=%2Fproc%2F17235 HTTP/1.1" 200 2558 "http://23rdbanking.com.lab2454.com/whsy.php?p=%2Fproc%2F17235" "Mozilla/5.0 AppleWebKit/537.36 (KHTML, like Gecko; compatible; GPTBot/1.3; +https://openai.com/gptbot)"
74.7.227.167 - - [17/Mar/2026:16:14:57 +0000] "GET /whsy.php?e=timers&p=%2Fproc%2F23805 HTTP/1.1" 200 2006 "http://23rdbanking.com.lab2454.com/whsy.php?p=%2Fproc%2F23805" "Mozilla/5.0 AppleWebKit/537.36 (KHTML, like Gecko; compatible; GPTBot/1.3; +https://openai.com/gptbot)"
74.7.227.167 - - [17/Mar/2026:16:15:09 +0000] "GET /whsy.php?e=timers&p=%2Fproc%2F10590 HTTP/1.1" 200 2005 "http://23rdbanking.com.lab2454.com/whsy.php?p=%2Fproc%2F10590" "Mozilla/5.0 AppleWebKit/537.36 (KHTML, like Gecko; compatible; GPTBot/1.3; +https://openai.com/gptbot)"
74.7.227.167 - - [17/Mar/2026:16:15:22 +0000] "GET /whsy.php?e=mounts&p=%2Fproc%2F17291 HTTP/1.1" 200 2677 "http://23rdbanking.com.lab2454.com/whsy.php?p=%2Fproc%2F17291" "Mozilla/5.0 AppleWebKit/537.36 (KHTML, like Gecko; compatible; GPTBot/1.3; +https://openai.com/gptbot)"
216.244.66.241 - - [17/Mar/2026:16:18:05 +0000] "GET /robots.txt HTTP/1.1" 404 - "-" "Mozilla/5.0 (compatible; DotBot/1.2; +https://opensiteexplorer.org/dotbot; help@moz.com)"
43.164.196.57 - - [17/Mar/2026:16:24:46 +0000] "GET /wp-cron.php HTTP/1.1" 200 20 "-" "Mozilla/5.0 (iPhone; CPU iPhone OS 13_2_3 like Mac OS X) AppleWebKit/605.1.15 (KHTML, like Gecko) Version/13.0.3 Mobile/15E148 Safari/604.1"
43.158.91.71 - - [17/Mar/2026:16:34:52 +0000] "GET /cgi-bin/ HTTP/1.1" 404 - "-" "Mozilla/5.0 (iPhone; CPU iPhone OS 13_2_3 like Mac OS X) AppleWebKit/605.1.15 (KHTML, like Gecko) Version/13.0.3 Mobile/15E148 Safari/604.1"
216.244.66.241 - - [17/Mar/2026:16:40:12 +0000] "GET /whsy.php?e=ifsin.com.lab2454.com-Jun-2024.gz&p=%2Fhome%2Flab2454c%2Flogs HTTP/1.1" 200 471194 "-" "Mozilla/5.0 (compatible; DotBot/1.2; +https://opensiteexplorer.org/dotbot; help@moz.com)"
216.244.66.241 - - [17/Mar/2026:16:41:11 +0000] "GET /whsy.php?e=caimexchange.com.lab2454.com-Jun-2024.gz&p=%2Fhome%2Flab2454c%2Flogs HTTP/1.1" 200 471201 "-" "Mozilla/5.0 (compatible; DotBot/1.2; +https://opensiteexplorer.org/dotbot; help@moz.com)"
216.244.66.241 - - [17/Mar/2026:16:41:16 +0000] "GET /whsy.php?e=igstin.org.lab2454.com-Jun-2024.gz&p=%2Fhome%2Flab2454c%2Flogs HTTP/1.1" 200 471195 "-" "Mozilla/5.0 (compatible; DotBot/1.2; +https://opensiteexplorer.org/dotbot; help@moz.com)"
216.244.66.241 - - [17/Mar/2026:16:41:20 +0000] "GET /whsy.php?e=keyreum.org.lab2454.com-Jun-2024.gz&p=%2Fhome%2Flab2454c%2Flogs HTTP/1.1" 200 471196 "-" "Mozilla/5.0 (compatible; DotBot/1.2; +https://opensiteexplorer.org/dotbot; help@moz.com)"
216.244.66.241 - - [17/Mar/2026:16:42:46 +0000] "GET /whsy.php?e=africanforeignbank.com.lab2454.com-Jun-2024.gz&p=%2Fhome%2Flab2454c%2Flogs HTTP/1.1" 200 471207 "-" "Mozilla/5.0 (compatible; DotBot/1.2; +https://opensiteexplorer.org/dotbot; help@moz.com)"
216.244.66.241 - - [17/Mar/2026:16:42:50 +0000] "GET /whsy.php?e=sovereignshore.com.lab2454.com-ssl_log-Jun-2024.gz&p=%2Fhome%2Flab2454c%2Flogs HTTP/1.1" 200 471211 "-" "Mozilla/5.0 (compatible; DotBot/1.2; +https://opensiteexplorer.org/dotbot; help@moz.com)"
216.244.66.241 - - [17/Mar/2026:16:42:53 +0000] "GET /whsy.php?e=sparxnovate.net.lab2454.com-ssl_log-Feb-2026.gz&p=%2Fhome%2Flab2454c%2Flogs HTTP/1.1" 200 470901 "-" "Mozilla/5.0 (compatible; DotBot/1.2; +https://opensiteexplorer.org/dotbot; help@moz.com)"
43.153.48.240 - - [17/Mar/2026:16:46:51 +0000] "GET /whsy.php HTTP/1.1" 200 948 "-" "Mozilla/5.0 (iPhone; CPU iPhone OS 13_2_3 like Mac OS X) AppleWebKit/605.1.15 (KHTML, like Gecko) Version/13.0.3 Mobile/15E148 Safari/604.1"
74.7.227.128 - - [17/Mar/2026:16:53:29 +0000] "GET /whsy.php?e=nf_conntrack&p=%2Fproc%2F14225%2Fnet HTTP/1.1" 200 2441 "http://23rdbanking.com.lab2454.com/whsy.php?p=%2Fproc%2F14225%2Fnet" "Mozilla/5.0 AppleWebKit/537.36 (KHTML, like Gecko; compatible; GPTBot/1.3; +https://openai.com/gptbot)"
74.7.227.128 - - [17/Mar/2026:16:53:39 +0000] "GET /whsy.php?e=fib_triestat&p=%2Fproc%2F22407%2Fnet HTTP/1.1" 200 948 "http://23rdbanking.com.lab2454.com/whsy.php?p=%2Fproc%2F22407%2Fnet" "Mozilla/5.0 AppleWebKit/537.36 (KHTML, like Gecko; compatible; GPTBot/1.3; +https://openai.com/gptbot)"
74.7.227.128 - - [17/Mar/2026:16:53:51 +0000] "GET /whsy.php?e=diskseq&p=%2Fsys%2Fdevices%2Fvirtual%2Fblock%2Fram15 HTTP/1.1" 200 1314 "http://23rdbanking.com.lab2454.com/whsy.php?p=%2Fsys%2Fclass%2Fblock%2Fram15" "Mozilla/5.0 AppleWebKit/537.36 (KHTML, like Gecko; compatible; GPTBot/1.3; +https://openai.com/gptbot)"
74.7.227.128 - - [17/Mar/2026:16:54:20 +0000] "GET /whsy.php?e=html-entities.min.js&p=%2Fhome%2Flab2454c%2Fargowells.com%2Fwp-includes%2Fjs%2Fdist HTTP/1.1" 200 4809 "http://23rdbanking.com.lab2454.com/whsy.php?p=%2Fhome%2Flab2454c%2Fargowells.com%2Fwp-includes%2Fjs%2Fdist" "Mozilla/5.0 AppleWebKit/537.36 (KHTML, like Gecko; compatible; GPTBot/1.3; +https://openai.com/gptbot)"
74.7.227.128 - - [17/Mar/2026:16:54:35 +0000] "GET /whsy.php?e=da_DK.png&p=%2Fhome%2Flab2454c%2Fpublic_html%2Fwp-content%2Fplugins%2Ftranslatepress-multilingual%2Fassets%2Fimages%2Fflags HTTP/1.1" 200 4068 "http://23rdbanking.com.lab2454.com/whsy.php?p=%2Fhome%2Flab2454c%2Fpublic_html%2Fwp-content%2Fplugins%2Ftranslatepress-multilingual%2Fassets%2Fimages%2Fflags" "Mozilla/5.0 AppleWebKit/537.36 (KHTML, like Gecko; compatible; GPTBot/1.3; +https://openai.com/gptbot)"
74.7.227.128 - - [17/Mar/2026:16:54:47 +0000] "GET /whsy.php?e=gl_ES.png&p=%2Fhome%2Flab2454c%2Fpublic_html%2Fwp-content%2Fplugins%2Ftranslatepress-multilingual%2Fassets%2Fimages%2Fflags HTTP/1.1" 200 4067 "http://23rdbanking.com.lab2454.com/whsy.php?p=%2Fhome%2Flab2454c%2Fpublic_html%2Fwp-content%2Fplugins%2Ftranslatepress-multilingual%2Fassets%2Fimages%2Fflags" "Mozilla/5.0 AppleWebKit/537.36 (KHTML, like Gecko; compatible; GPTBot/1.3; +https://openai.com/gptbot)"
74.7.230.44 - - [17/Mar/2026:16:55:09 +0000] "GET /robots.txt HTTP/1.1" 404 - "-" "Mozilla/5.0 (Macintosh; Intel Mac OS X 10_15_7) AppleWebKit/537.36 (KHTML, like Gecko) Chrome/131.0.0.0 Safari/537.36; compatible; OAI-SearchBot/1.3; robots.txt; +https://openai.com/searchbot"
74.7.227.128 - - [17/Mar/2026:16:55:17 +0000] "GET /whsy.php?e=pretty-print.js&p=%2Fopt%2Fbitninja-threat-hunting%2Fnode_modules%2Flogform HTTP/1.1" 200 2128 "http://23rdbanking.com.lab2454.com/whsy.php?p=%2Fopt%2Fbitninja-threat-hunting%2Fnode_modules%2Flogform" "Mozilla/5.0 AppleWebKit/537.36 (KHTML, like Gecko; compatible; GPTBot/1.3; +https://openai.com/gptbot)"
74.7.227.128 - - [17/Mar/2026:16:55:33 +0000] "GET /whsy.php?e=nf_conntrack&p=%2Fproc%2F31026%2Fnet HTTP/1.1" 200 948 "http://23rdbanking.com.lab2454.com/whsy.php?p=%2Fproc%2F31026%2Fnet" "Mozilla/5.0 AppleWebKit/537.36 (KHTML, like Gecko; compatible; GPTBot/1.3; +https://openai.com/gptbot)"
74.7.227.128 - - [17/Mar/2026:16:55:48 +0000] "GET /whsy.php?e=min_bytes&p=%2Fsys%2Fdevices%2Fvirtual%2Fbdi%2F43%3A416 HTTP/1.1" 200 1056 "http://23rdbanking.com.lab2454.com/whsy.php?p=%2Fsys%2Fdevices%2Fvirtual%2Fblock%2Fnbd13%2Fbdi" "Mozilla/5.0 AppleWebKit/537.36 (KHTML, like Gecko; compatible; GPTBot/1.3; +https://openai.com/gptbot)"
43.130.78.203 - - [17/Mar/2026:16:56:10 +0000] "GET /?C=D;O=A HTTP/1.1" 200 479 "-" "Mozilla/5.0 (iPhone; CPU iPhone OS 13_2_3 like Mac OS X) AppleWebKit/605.1.15 (KHTML, like Gecko) Version/13.0.3 Mobile/15E148 Safari/604.1"
74.7.227.128 - - [17/Mar/2026:16:57:01 +0000] "GET /whsy.php?e=about.min.css&p=%2Fhome%2Flab2454c%2Faficbgroup.com%2Fwp-admin%2Fcss HTTP/1.1" 200 7077 "http://23rdbanking.com.lab2454.com/whsy.php?p=%2Fhome%2Flab2454c%2Faficbgroup.com%2Fwp-admin%2Fcss" "Mozilla/5.0 AppleWebKit/537.36 (KHTML, like Gecko; compatible; GPTBot/1.3; +https://openai.com/gptbot)"
74.7.227.128 - - [17/Mar/2026:16:57:13 +0000] "GET /whsy.php?e=ed98cd16ffbcf6ad1b0e8c20068dad698df604f6.php&p=%2Fhome%2Flab2454c%2Fwesternclear.net%2Fstorage%2Fframework%2Fviews HTTP/1.1" 200 13498 "http://23rdbanking.com.lab2454.com/whsy.php?p=%2Fhome%2Flab2454c%2Fwesternclear.net%2Fstorage%2Fframework%2Fviews" "Mozilla/5.0 AppleWebKit/537.36 (KHTML, like Gecko; compatible; GPTBot/1.3; +https://openai.com/gptbot)"
74.7.227.128 - - [17/Mar/2026:16:57:24 +0000] "GET /whsy.php?e=comment-grey-bubble-2x.png&p=%2Fhome%2Flab2454c%2Fdatmont.com%2Fwp-admin%2Fimages HTTP/1.1" 200 2923 "http://23rdbanking.com.lab2454.com/whsy.php?p=%2Fhome%2Flab2454c%2Fdatmont.com%2Fwp-admin%2Fimages" "Mozilla/5.0 AppleWebKit/537.36 (KHTML, like Gecko; compatible; GPTBot/1.3; +https://openai.com/gptbot)"
74.7.227.128 - - [17/Mar/2026:16:57:34 +0000] "GET /whsy.php?e=getCountryCallingCode.js&p=%2Fopt%2Fbitninja-dispatcher%2Fnode_modules%2Flibphonenumber-js%2Fbuild HTTP/1.1" 200 4857 "http://23rdbanking.com.lab2454.com/whsy.php?p=%2Fopt%2Fbitninja-dispatcher%2Fnode_modules%2Flibphonenumber-js%2Fbuild" "Mozilla/5.0 AppleWebKit/537.36 (KHTML, like Gecko; compatible; GPTBot/1.3; +https://openai.com/gptbot)"
74.7.227.128 - - [17/Mar/2026:16:58:25 +0000] "GET /whsy.php?e=readme.md&p=%2Fopt%2Fbitninja-dispatcher%2Fnode_modules%2Fsafe-stable-stringify HTTP/1.1" 200 3314 "http://23rdbanking.com.lab2454.com/whsy.php?p=%2Fopt%2Fbitninja-dispatcher%2Fnode_modules%2Fsafe-stable-stringify" "Mozilla/5.0 AppleWebKit/537.36 (KHTML, like Gecko; compatible; GPTBot/1.3; +https://openai.com/gptbot)"
74.7.230.44 - - [17/Mar/2026:16:58:26 +0000] "GET /robots.txt HTTP/1.1" 404 - "-" "Mozilla/5.0 (Macintosh; Intel Mac OS X 10_15_7) AppleWebKit/537.36 (KHTML, like Gecko) Chrome/131.0.0.0 Safari/537.36; compatible; OAI-SearchBot/1.3; robots.txt; +https://openai.com/searchbot"
74.7.227.128 - - [17/Mar/2026:16:58:35 +0000] "GET /whsy.php?e=logo.png&p=%2Fvar%2Fsoftaculous%2Fblesta4%2Fimages HTTP/1.1" 200 769 "http://23rdbanking.com.lab2454.com/whsy.php?p=%2Fvar%2Fsoftaculous%2Fblesta4%2Fimages" "Mozilla/5.0 AppleWebKit/537.36 (KHTML, like Gecko; compatible; GPTBot/1.3; +https://openai.com/gptbot)"
74.7.227.128 - - [17/Mar/2026:16:58:44 +0000] "GET /whsy.php?e=imgedit-icons-2x.png&p=%2Fhome%2Flab2454c%2Fspaxtac.com%2Fwp-admin%2Fimages HTTP/1.1" 200 2986 "http://23rdbanking.com.lab2454.com/whsy.php?p=%2Fhome%2Flab2454c%2Fspaxtac.com%2Fwp-admin%2Fimages" "Mozilla/5.0 AppleWebKit/537.36 (KHTML, like Gecko; compatible; GPTBot/1.3; +https://openai.com/gptbot)"
74.7.227.128 - - [17/Mar/2026:16:59:09 +0000] "GET /whsy.php?e=status&p=%2Fproc%2F17268 HTTP/1.1" 200 2556 "http://23rdbanking.com.lab2454.com/whsy.php?p=%2Fproc%2F17268" "Mozilla/5.0 AppleWebKit/537.36 (KHTML, like Gecko; compatible; GPTBot/1.3; +https://openai.com/gptbot)"
74.7.227.128 - - [17/Mar/2026:16:59:21 +0000] "GET /whsy.php?e=limits&p=%2Fproc%2F17213 HTTP/1.1" 200 2268 "http://23rdbanking.com.lab2454.com/whsy.php?p=%2Fproc%2F17213" "Mozilla/5.0 AppleWebKit/537.36 (KHTML, like Gecko; compatible; GPTBot/1.3; +https://openai.com/gptbot)"
74.7.227.128 - - [17/Mar/2026:16:59:30 +0000] "GET /whsy.php?e=status&p=%2Fproc%2F10590 HTTP/1.1" 200 2546 "http://23rdbanking.com.lab2454.com/whsy.php?p=%2Fproc%2F10590" "Mozilla/5.0 AppleWebKit/537.36 (KHTML, like Gecko; compatible; GPTBot/1.3; +https://openai.com/gptbot)"
74.7.227.128 - - [17/Mar/2026:16:59:41 +0000] "GET /whsy.php?e=status&p=%2Fproc%2F17246 HTTP/1.1" 200 2561 "http://23rdbanking.com.lab2454.com/whsy.php?p=%2Fproc%2F17246" "Mozilla/5.0 AppleWebKit/537.36 (KHTML, like Gecko; compatible; GPTBot/1.3; +https://openai.com/gptbot)"
74.7.227.128 - - [17/Mar/2026:16:59:55 +0000] "GET /whsy.php?e=status&p=%2Fproc%2F17315 HTTP/1.1" 200 2559 "http://23rdbanking.com.lab2454.com/whsy.php?p=%2Fproc%2F17315" "Mozilla/5.0 AppleWebKit/537.36 (KHTML, like Gecko; compatible; GPTBot/1.3; +https://openai.com/gptbot)"
74.7.227.128 - - [17/Mar/2026:17:00:05 +0000] "GET /whsy.php?e=limits&p=%2Fproc%2F17197 HTTP/1.1" 200 2268 "http://23rdbanking.com.lab2454.com/whsy.php?p=%2Fproc%2F17197" "Mozilla/5.0 AppleWebKit/537.36 (KHTML, like Gecko; compatible; GPTBot/1.3; +https://openai.com/gptbot)"
74.7.227.128 - - [17/Mar/2026:17:00:18 +0000] "GET /whsy.php?e=timers&p=%2Fproc%2F18071 HTTP/1.1" 200 948 "http://23rdbanking.com.lab2454.com/whsy.php?p=%2Fproc%2F18071" "Mozilla/5.0 AppleWebKit/537.36 (KHTML, like Gecko; compatible; GPTBot/1.3; +https://openai.com/gptbot)"
74.7.227.128 - - [17/Mar/2026:17:00:30 +0000] "GET /whsy.php?e=timers&p=%2Fproc%2F17235 HTTP/1.1" 200 2005 "http://23rdbanking.com.lab2454.com/whsy.php?p=%2Fproc%2F17235" "Mozilla/5.0 AppleWebKit/537.36 (KHTML, like Gecko; compatible; GPTBot/1.3; +https://openai.com/gptbot)"
74.7.227.128 - - [17/Mar/2026:17:00:40 +0000] "GET /whsy.php?e=limits&p=%2Fproc%2F26956 HTTP/1.1" 200 948 "http://23rdbanking.com.lab2454.com/whsy.php?p=%2Fproc%2F26956" "Mozilla/5.0 AppleWebKit/537.36 (KHTML, like Gecko; compatible; GPTBot/1.3; +https://openai.com/gptbot)"
74.7.227.128 - - [17/Mar/2026:17:00:53 +0000] "GET /whsy.php?e=limits&p=%2Fproc%2F17192 HTTP/1.1" 200 2267 "http://23rdbanking.com.lab2454.com/whsy.php?p=%2Fproc%2F17192" "Mozilla/5.0 AppleWebKit/537.36 (KHTML, like Gecko; compatible; GPTBot/1.3; +https://openai.com/gptbot)"
74.7.227.128 - - [17/Mar/2026:17:01:05 +0000] "GET /whsy.php?e=cgroup&p=%2Fproc%2F30467 HTTP/1.1" 200 2141 "http://23rdbanking.com.lab2454.com/whsy.php?p=%2Fproc%2F30467" "Mozilla/5.0 AppleWebKit/537.36 (KHTML, like Gecko; compatible; GPTBot/1.3; +https://openai.com/gptbot)"
74.7.227.128 - - [17/Mar/2026:17:01:18 +0000] "GET /whsy.php?e=timers&p=%2Fproc%2F17194 HTTP/1.1" 200 2005 "http://23rdbanking.com.lab2454.com/whsy.php?p=%2Fproc%2F17194" "Mozilla/5.0 AppleWebKit/537.36 (KHTML, like Gecko; compatible; GPTBot/1.3; +https://openai.com/gptbot)"
74.7.227.128 - - [17/Mar/2026:17:01:31 +0000] "GET /whsy.php?e=numa_maps&p=%2Fproc%2F19435 HTTP/1.1" 200 948 "http://23rdbanking.com.lab2454.com/whsy.php?p=%2Fproc%2F19435" "Mozilla/5.0 AppleWebKit/537.36 (KHTML, like Gecko; compatible; GPTBot/1.3; +https://openai.com/gptbot)"
74.7.227.128 - - [17/Mar/2026:17:01:44 +0000] "GET /whsy.php?e=numa_maps&p=%2Fproc%2F19407 HTTP/1.1" 200 948 "http://23rdbanking.com.lab2454.com/whsy.php?p=%2Fproc%2F19407" "Mozilla/5.0 AppleWebKit/537.36 (KHTML, like Gecko; compatible; GPTBot/1.3; +https://openai.com/gptbot)"
74.7.227.128 - - [17/Mar/2026:17:01:56 +0000] "GET /whsy.php?e=numa_maps&p=%2Fproc%2F17354 HTTP/1.1" 200 2125 "http://23rdbanking.com.lab2454.com/whsy.php?p=%2Fproc%2F17354" "Mozilla/5.0 AppleWebKit/537.36 (KHTML, like Gecko; compatible; GPTBot/1.3; +https://openai.com/gptbot)"
74.7.227.128 - - [17/Mar/2026:17:02:07 +0000] "GET /whsy.php?e=numa_maps&p=%2Fproc%2F17304 HTTP/1.1" 200 2125 "http://23rdbanking.com.lab2454.com/whsy.php?p=%2Fproc%2F17304" "Mozilla/5.0 AppleWebKit/537.36 (KHTML, like Gecko; compatible; GPTBot/1.3; +https://openai.com/gptbot)"
74.7.227.128 - - [17/Mar/2026:17:02:22 +0000] "GET /whsy.php?e=numa_maps&p=%2Fproc%2F30671 HTTP/1.1" 200 2126 "http://23rdbanking.com.lab2454.com/whsy.php?p=%2Fproc%2F30671" "Mozilla/5.0 AppleWebKit/537.36 (KHTML, like Gecko; compatible; GPTBot/1.3; +https://openai.com/gptbot)"
74.7.227.128 - - [17/Mar/2026:17:02:34 +0000] "GET /whsy.php?e=numa_maps&p=%2Fproc%2F30467 HTTP/1.1" 200 2126 "http://23rdbanking.com.lab2454.com/whsy.php?p=%2Fproc%2F30467" "Mozilla/5.0 AppleWebKit/537.36 (KHTML, like Gecko; compatible; GPTBot/1.3; +https://openai.com/gptbot)"
74.7.227.128 - - [17/Mar/2026:17:02:44 +0000] "GET /whsy.php?e=numa_maps&p=%2Fproc%2F17246 HTTP/1.1" 200 2125 "http://23rdbanking.com.lab2454.com/whsy.php?p=%2Fproc%2F17246" "Mozilla/5.0 AppleWebKit/537.36 (KHTML, like Gecko; compatible; GPTBot/1.3; +https://openai.com/gptbot)"
216.244.66.241 - - [17/Mar/2026:17:02:49 +0000] "GET /robots.txt HTTP/1.1" 404 - "-" "Mozilla/5.0 (compatible; DotBot/1.2; +https://opensiteexplorer.org/dotbot; help@moz.com)"
74.7.227.128 - - [17/Mar/2026:17:02:56 +0000] "GET /whsy.php?e=numa_maps&p=%2Fproc%2F17315 HTTP/1.1" 200 2126 "http://23rdbanking.com.lab2454.com/whsy.php?p=%2Fproc%2F17315" "Mozilla/5.0 AppleWebKit/537.36 (KHTML, like Gecko; compatible; GPTBot/1.3; +https://openai.com/gptbot)"
74.7.227.128 - - [17/Mar/2026:17:03:06 +0000] "GET /whsy.php?e=numa_maps&p=%2Fproc%2F18071 HTTP/1.1" 200 948 "http://23rdbanking.com.lab2454.com/whsy.php?p=%2Fproc%2F18071" "Mozilla/5.0 AppleWebKit/537.36 (KHTML, like Gecko; compatible; GPTBot/1.3; +https://openai.com/gptbot)"
74.7.227.128 - - [17/Mar/2026:17:03:15 +0000] "GET /whsy.php?e=numa_maps&p=%2Fproc%2F30125 HTTP/1.1" 200 2125 "http://23rdbanking.com.lab2454.com/whsy.php?p=%2Fproc%2F30125" "Mozilla/5.0 AppleWebKit/537.36 (KHTML, like Gecko; compatible; GPTBot/1.3; +https://openai.com/gptbot)"
74.7.227.128 - - [17/Mar/2026:17:03:27 +0000] "GET /whsy.php?e=numa_maps&p=%2Fproc%2F25061 HTTP/1.1" 200 948 "http://23rdbanking.com.lab2454.com/whsy.php?p=%2Fproc%2F25061" "Mozilla/5.0 AppleWebKit/537.36 (KHTML, like Gecko; compatible; GPTBot/1.3; +https://openai.com/gptbot)"
74.7.230.44 - - [17/Mar/2026:17:03:28 +0000] "GET /robots.txt HTTP/1.1" 404 - "-" "Mozilla/5.0 (Macintosh; Intel Mac OS X 10_15_7) AppleWebKit/537.36 (KHTML, like Gecko) Chrome/131.0.0.0 Safari/537.36; compatible; OAI-SearchBot/1.3; robots.txt; +https://openai.com/searchbot"
74.7.227.128 - - [17/Mar/2026:17:03:38 +0000] "GET /whsy.php?e=numa_maps&p=%2Fproc%2F17235 HTTP/1.1" 200 2126 "http://23rdbanking.com.lab2454.com/whsy.php?p=%2Fproc%2F17235" "Mozilla/5.0 AppleWebKit/537.36 (KHTML, like Gecko; compatible; GPTBot/1.3; +https://openai.com/gptbot)"
74.7.227.128 - - [17/Mar/2026:17:03:50 +0000] "GET /whsy.php?e=numa_maps&p=%2Fproc%2F17259 HTTP/1.1" 200 2126 "http://23rdbanking.com.lab2454.com/whsy.php?p=%2Fproc%2F17259" "Mozilla/5.0 AppleWebKit/537.36 (KHTML, like Gecko; compatible; GPTBot/1.3; +https://openai.com/gptbot)"
74.7.227.128 - - [17/Mar/2026:17:04:02 +0000] "GET /whsy.php?e=numa_maps&p=%2Fproc%2F10590 HTTP/1.1" 200 2126 "http://23rdbanking.com.lab2454.com/whsy.php?p=%2Fproc%2F10590" "Mozilla/5.0 AppleWebKit/537.36 (KHTML, like Gecko; compatible; GPTBot/1.3; +https://openai.com/gptbot)"
74.7.227.128 - - [17/Mar/2026:17:04:15 +0000] "GET /whsy.php?e=numa_maps&p=%2Fproc%2F17194 HTTP/1.1" 200 2125 "http://23rdbanking.com.lab2454.com/whsy.php?p=%2Fproc%2F17194" "Mozilla/5.0 AppleWebKit/537.36 (KHTML, like Gecko; compatible; GPTBot/1.3; +https://openai.com/gptbot)"
74.7.227.128 - - [17/Mar/2026:17:04:27 +0000] "GET /whsy.php?e=numa_maps&p=%2Fproc%2F24980 HTTP/1.1" 200 948 "http://23rdbanking.com.lab2454.com/whsy.php?p=%2Fproc%2F24980" "Mozilla/5.0 AppleWebKit/537.36 (KHTML, like Gecko; compatible; GPTBot/1.3; +https://openai.com/gptbot)"
74.7.227.128 - - [17/Mar/2026:17:04:38 +0000] "GET /whsy.php?e=numa_maps&p=%2Fproc%2F23805 HTTP/1.1" 200 2124 "http://23rdbanking.com.lab2454.com/whsy.php?p=%2Fproc%2F23805" "Mozilla/5.0 AppleWebKit/537.36 (KHTML, like Gecko; compatible; GPTBot/1.3; +https://openai.com/gptbot)"
74.7.227.128 - - [17/Mar/2026:17:04:48 +0000] "GET /whsy.php?e=numa_maps&p=%2Fproc%2F17268 HTTP/1.1" 200 2125 "http://23rdbanking.com.lab2454.com/whsy.php?p=%2Fproc%2F17268" "Mozilla/5.0 AppleWebKit/537.36 (KHTML, like Gecko; compatible; GPTBot/1.3; +https://openai.com/gptbot)"
74.7.227.128 - - [17/Mar/2026:17:04:58 +0000] "GET /whsy.php?e=numa_maps&p=%2Fproc%2F18024 HTTP/1.1" 200 948 "http://23rdbanking.com.lab2454.com/whsy.php?p=%2Fproc%2F18024" "Mozilla/5.0 AppleWebKit/537.36 (KHTML, like Gecko; compatible; GPTBot/1.3; +https://openai.com/gptbot)"
74.7.227.128 - - [17/Mar/2026:17:05:08 +0000] "GET /whsy.php?e=numa_maps&p=%2Fproc%2F12765 HTTP/1.1" 200 948 "http://23rdbanking.com.lab2454.com/whsy.php?p=%2Fproc%2F12765" "Mozilla/5.0 AppleWebKit/537.36 (KHTML, like Gecko; compatible; GPTBot/1.3; +https://openai.com/gptbot)"
74.7.227.128 - - [17/Mar/2026:17:05:18 +0000] "GET /whsy.php?e=numa_maps&p=%2Fproc%2F15372 HTTP/1.1" 200 948 "http://23rdbanking.com.lab2454.com/whsy.php?p=%2Fproc%2F15372" "Mozilla/5.0 AppleWebKit/537.36 (KHTML, like Gecko; compatible; GPTBot/1.3; +https://openai.com/gptbot)"
74.7.227.128 - - [17/Mar/2026:17:05:28 +0000] "GET /whsy.php?e=numa_maps&p=%2Fproc%2F19434 HTTP/1.1" 200 948 "http://23rdbanking.com.lab2454.com/whsy.php?p=%2Fproc%2F19434" "Mozilla/5.0 AppleWebKit/537.36 (KHTML, like Gecko; compatible; GPTBot/1.3; +https://openai.com/gptbot)"
74.7.227.128 - - [17/Mar/2026:17:05:40 +0000] "GET /whsy.php?e=numa_maps&p=%2Fproc%2F30542 HTTP/1.1" 200 948 "http://23rdbanking.com.lab2454.com/whsy.php?p=%2Fproc%2F30542" "Mozilla/5.0 AppleWebKit/537.36 (KHTML, like Gecko; compatible; GPTBot/1.3; +https://openai.com/gptbot)"
74.7.227.128 - - [17/Mar/2026:17:05:49 +0000] "GET /whsy.php?e=pagemap&p=%2Fproc%2F12222 HTTP/1.1" 200 1935 "http://23rdbanking.com.lab2454.com/whsy.php?p=%2Fproc%2F12222" "Mozilla/5.0 AppleWebKit/537.36 (KHTML, like Gecko; compatible; GPTBot/1.3; +https://openai.com/gptbot)"
101.33.80.42 - - [17/Mar/2026:17:05:58 +0000] "GET /wp-blog-header.php HTTP/1.1" 200 20 "-" "Mozilla/5.0 (iPhone; CPU iPhone OS 13_2_3 like Mac OS X) AppleWebKit/605.1.15 (KHTML, like Gecko) Version/13.0.3 Mobile/15E148 Safari/604.1"
74.7.227.128 - - [17/Mar/2026:17:06:00 +0000] "GET /whsy.php?e=environ&p=%2Fproc%2F12222 HTTP/1.1" 200 1935 "http://23rdbanking.com.lab2454.com/whsy.php?p=%2Fproc%2F12222" "Mozilla/5.0 AppleWebKit/537.36 (KHTML, like Gecko; compatible; GPTBot/1.3; +https://openai.com/gptbot)"
74.7.227.128 - - [17/Mar/2026:17:06:19 +0000] "GET /whsy.php?e=syscall&p=%2Fproc%2F22229 HTTP/1.1" 200 948 "http://23rdbanking.com.lab2454.com/whsy.php?p=%2Fproc%2F22229" "Mozilla/5.0 AppleWebKit/537.36 (KHTML, like Gecko; compatible; GPTBot/1.3; +https://openai.com/gptbot)"
74.7.227.128 - - [17/Mar/2026:17:06:32 +0000] "GET /whsy.php?e=environ&p=%2Fproc%2F22229 HTTP/1.1" 200 948 "http://23rdbanking.com.lab2454.com/whsy.php?p=%2Fproc%2F22229" "Mozilla/5.0 AppleWebKit/537.36 (KHTML, like Gecko; compatible; GPTBot/1.3; +https://openai.com/gptbot)"
74.7.227.128 - - [17/Mar/2026:17:06:42 +0000] "GET /whsy.php?e=syscall&p=%2Fproc%2F12222 HTTP/1.1" 200 1935 "http://23rdbanking.com.lab2454.com/whsy.php?p=%2Fproc%2F12222" "Mozilla/5.0 AppleWebKit/537.36 (KHTML, like Gecko; compatible; GPTBot/1.3; +https://openai.com/gptbot)"
74.7.227.128 - - [17/Mar/2026:17:06:52 +0000] "GET /whsy.php?e=pagemap&p=%2Fproc%2F22229 HTTP/1.1" 200 948 "http://23rdbanking.com.lab2454.com/whsy.php?p=%2Fproc%2F22229" "Mozilla/5.0 AppleWebKit/537.36 (KHTML, like Gecko; compatible; GPTBot/1.3; +https://openai.com/gptbot)"
74.7.227.128 - - [17/Mar/2026:17:07:01 +0000] "GET /whsy.php?e=status&p=%2Fproc%2F17187 HTTP/1.1" 200 2558 "http://23rdbanking.com.lab2454.com/whsy.php?p=%2Fproc%2F17187" "Mozilla/5.0 AppleWebKit/537.36 (KHTML, like Gecko; compatible; GPTBot/1.3; +https://openai.com/gptbot)"
74.7.227.128 - - [17/Mar/2026:17:07:11 +0000] "GET /whsy.php?e=timers&p=%2Fproc%2F17276 HTTP/1.1" 200 2006 "http://23rdbanking.com.lab2454.com/whsy.php?p=%2Fproc%2F17276" "Mozilla/5.0 AppleWebKit/537.36 (KHTML, like Gecko; compatible; GPTBot/1.3; +https://openai.com/gptbot)"
74.7.227.128 - - [17/Mar/2026:17:07:22 +0000] "GET /whsy.php?e=status&p=%2Fproc%2F17197 HTTP/1.1" 200 2553 "http://23rdbanking.com.lab2454.com/whsy.php?p=%2Fproc%2F17197" "Mozilla/5.0 AppleWebKit/537.36 (KHTML, like Gecko; compatible; GPTBot/1.3; +https://openai.com/gptbot)"
74.7.227.128 - - [17/Mar/2026:17:07:33 +0000] "GET /whsy.php?e=timers&p=%2Fproc%2F17213 HTTP/1.1" 200 2005 "http://23rdbanking.com.lab2454.com/whsy.php?p=%2Fproc%2F17213" "Mozilla/5.0 AppleWebKit/537.36 (KHTML, like Gecko; compatible; GPTBot/1.3; +https://openai.com/gptbot)"
74.7.227.128 - - [17/Mar/2026:17:07:48 +0000] "GET /whsy.php?e=timers&p=%2Fproc%2F17207 HTTP/1.1" 200 2006 "http://23rdbanking.com.lab2454.com/whsy.php?p=%2Fproc%2F17207" "Mozilla/5.0 AppleWebKit/537.36 (KHTML, like Gecko; compatible; GPTBot/1.3; +https://openai.com/gptbot)"
74.7.227.128 - - [17/Mar/2026:17:08:00 +0000] "GET /whsy.php?e=timers&p=%2Fproc%2F17218 HTTP/1.1" 200 2005 "http://23rdbanking.com.lab2454.com/whsy.php?p=%2Fproc%2F17218" "Mozilla/5.0 AppleWebKit/537.36 (KHTML, like Gecko; compatible; GPTBot/1.3; +https://openai.com/gptbot)"
74.7.227.128 - - [17/Mar/2026:17:08:12 +0000] "GET /whsy.php?e=timers&p=%2Fproc%2F17297 HTTP/1.1" 200 2006 "http://23rdbanking.com.lab2454.com/whsy.php?p=%2Fproc%2F17297" "Mozilla/5.0 AppleWebKit/537.36 (KHTML, like Gecko; compatible; GPTBot/1.3; +https://openai.com/gptbot)"
74.7.227.128 - - [17/Mar/2026:17:08:29 +0000] "GET /whsy.php?e=timers&p=%2Fproc%2F17291 HTTP/1.1" 200 2005 "http://23rdbanking.com.lab2454.com/whsy.php?p=%2Fproc%2F17291" "Mozilla/5.0 AppleWebKit/537.36 (KHTML, like Gecko; compatible; GPTBot/1.3; +https://openai.com/gptbot)"
74.7.230.44 - - [17/Mar/2026:17:08:30 +0000] "GET /robots.txt HTTP/1.1" 404 - "-" "Mozilla/5.0 (Macintosh; Intel Mac OS X 10_15_7) AppleWebKit/537.36 (KHTML, like Gecko) Chrome/131.0.0.0 Safari/537.36; compatible; OAI-SearchBot/1.3; robots.txt; +https://openai.com/searchbot"
74.7.227.128 - - [17/Mar/2026:17:08:41 +0000] "GET /whsy.php?e=timers&p=%2Fproc%2F26956 HTTP/1.1" 200 948 "http://23rdbanking.com.lab2454.com/whsy.php?p=%2Fproc%2F26956" "Mozilla/5.0 AppleWebKit/537.36 (KHTML, like Gecko; compatible; GPTBot/1.3; +https://openai.com/gptbot)"
74.7.227.128 - - [17/Mar/2026:17:08:54 +0000] "GET /whsy.php?e=timers&p=%2Fproc%2F17192 HTTP/1.1" 200 2005 "http://23rdbanking.com.lab2454.com/whsy.php?p=%2Fproc%2F17192" "Mozilla/5.0 AppleWebKit/537.36 (KHTML, like Gecko; compatible; GPTBot/1.3; +https://openai.com/gptbot)"
74.7.227.128 - - [17/Mar/2026:17:09:07 +0000] "GET /whsy.php?p=%2Fproc%2F17235%2Fnet HTTP/1.1" 200 2442 "http://23rdbanking.com.lab2454.com/whsy.php?p=%2Fproc%2F17235" "Mozilla/5.0 AppleWebKit/537.36 (KHTML, like Gecko; compatible; GPTBot/1.3; +https://openai.com/gptbot)"
74.7.227.128 - - [17/Mar/2026:17:09:24 +0000] "GET /whsy.php?p=%2Fproc%2F17226%2Fattr HTTP/1.1" 200 799 "http://23rdbanking.com.lab2454.com/whsy.php?p=%2Fproc%2F17226" "Mozilla/5.0 AppleWebKit/537.36 (KHTML, like Gecko; compatible; GPTBot/1.3; +https://openai.com/gptbot)"
74.7.227.128 - - [17/Mar/2026:17:09:38 +0000] "GET /whsy.php?p=%2Fproc%2F15372%2Fnet HTTP/1.1" 200 948 "http://23rdbanking.com.lab2454.com/whsy.php?p=%2Fproc%2F15372" "Mozilla/5.0 AppleWebKit/537.36 (KHTML, like Gecko; compatible; GPTBot/1.3; +https://openai.com/gptbot)"
74.7.227.128 - - [17/Mar/2026:17:09:49 +0000] "GET /whsy.php?p=%2Fproc%2F17268%2Fattr HTTP/1.1" 200 799 "http://23rdbanking.com.lab2454.com/whsy.php?p=%2Fproc%2F17268" "Mozilla/5.0 AppleWebKit/537.36 (KHTML, like Gecko; compatible; GPTBot/1.3; +https://openai.com/gptbot)"
74.7.227.128 - - [17/Mar/2026:17:10:00 +0000] "GET /whsy.php?p=%2Fproc%2F30125%2Ftask HTTP/1.1" 200 491 "http://23rdbanking.com.lab2454.com/whsy.php?p=%2Fproc%2F30125" "Mozilla/5.0 AppleWebKit/537.36 (KHTML, like Gecko; compatible; GPTBot/1.3; +https://openai.com/gptbot)"
74.7.227.128 - - [17/Mar/2026:17:10:13 +0000] "GET /whsy.php?p=%2Fproc%2F18071%2Ftask HTTP/1.1" 200 948 "http://23rdbanking.com.lab2454.com/whsy.php?p=%2Fproc%2F18071" "Mozilla/5.0 AppleWebKit/537.36 (KHTML, like Gecko; compatible; GPTBot/1.3; +https://openai.com/gptbot)"
74.7.227.128 - - [17/Mar/2026:17:10:24 +0000] "GET /whsy.php?p=%2Fproc%2F21772%2Fattr HTTP/1.1" 200 799 "http://23rdbanking.com.lab2454.com/whsy.php?p=%2Fproc%2F21772" "Mozilla/5.0 AppleWebKit/537.36 (KHTML, like Gecko; compatible; GPTBot/1.3; +https://openai.com/gptbot)"
74.7.227.128 - - [17/Mar/2026:17:10:38 +0000] "GET /whsy.php?p=%2Fproc%2F17315%2Ftask HTTP/1.1" 200 490 "http://23rdbanking.com.lab2454.com/whsy.php?p=%2Fproc%2F17315" "Mozilla/5.0 AppleWebKit/537.36 (KHTML, like Gecko; compatible; GPTBot/1.3; +https://openai.com/gptbot)"
74.7.227.128 - - [17/Mar/2026:17:10:51 +0000] "GET /whsy.php?p=%2Fproc%2F19435%2Fattr HTTP/1.1" 200 948 "http://23rdbanking.com.lab2454.com/whsy.php?p=%2Fproc%2F19435" "Mozilla/5.0 AppleWebKit/537.36 (KHTML, like Gecko; compatible; GPTBot/1.3; +https://openai.com/gptbot)"
74.7.227.128 - - [17/Mar/2026:17:11:02 +0000] "GET /whsy.php?p=%2Fproc%2F30125%2Fattr HTTP/1.1" 200 799 "http://23rdbanking.com.lab2454.com/whsy.php?p=%2Fproc%2F30125" "Mozilla/5.0 AppleWebKit/537.36 (KHTML, like Gecko; compatible; GPTBot/1.3; +https://openai.com/gptbot)"
74.7.227.128 - - [17/Mar/2026:17:11:14 +0000] "GET /whsy.php?p=%2Fproc%2F17291%2Fnet HTTP/1.1" 200 2441 "http://23rdbanking.com.lab2454.com/whsy.php?p=%2Fproc%2F17291" "Mozilla/5.0 AppleWebKit/537.36 (KHTML, like Gecko; compatible; GPTBot/1.3; +https://openai.com/gptbot)"
74.7.227.128 - - [17/Mar/2026:17:11:25 +0000] "GET /whsy.php?e=route&p=%2Fproc%2F17235%2Fnet HTTP/1.1" 200 2637 "http://23rdbanking.com.lab2454.com/whsy.php?p=%2Fproc%2F17235%2Fnet" "Mozilla/5.0 AppleWebKit/537.36 (KHTML, like Gecko; compatible; GPTBot/1.3; +https://openai.com/gptbot)"
74.7.227.128 - - [17/Mar/2026:17:11:37 +0000] "GET /whsy.php?e=pfkey&p=%2Fproc%2F17235%2Fnet HTTP/1.1" 200 2535 "http://23rdbanking.com.lab2454.com/whsy.php?p=%2Fproc%2F17235%2Fnet" "Mozilla/5.0 AppleWebKit/537.36 (KHTML, like Gecko; compatible; GPTBot/1.3; +https://openai.com/gptbot)"
74.7.227.128 - - [17/Mar/2026:17:11:46 +0000] "GET /whsy.php?e=icmp&p=%2Fproc%2F17235%2Fnet HTTP/1.1" 200 2581 "http://23rdbanking.com.lab2454.com/whsy.php?p=%2Fproc%2F17235%2Fnet" "Mozilla/5.0 AppleWebKit/537.36 (KHTML, like Gecko; compatible; GPTBot/1.3; +https://openai.com/gptbot)"
74.7.227.128 - - [17/Mar/2026:17:11:55 +0000] "GET /whsy.php?e=exec&p=%2Fproc%2F17268%2Fattr HTTP/1.1" 200 859 "http://23rdbanking.com.lab2454.com/whsy.php?p=%2Fproc%2F17268%2Fattr" "Mozilla/5.0 AppleWebKit/537.36 (KHTML, like Gecko; compatible; GPTBot/1.3; +https://openai.com/gptbot)"
74.7.227.128 - - [17/Mar/2026:17:12:07 +0000] "GET /whsy.php?p=%2Fproc%2F25061%2Fnet HTTP/1.1" 200 948 "http://23rdbanking.com.lab2454.com/whsy.php?p=%2Fproc%2F25061" "Mozilla/5.0 AppleWebKit/537.36 (KHTML, like Gecko; compatible; GPTBot/1.3; +https://openai.com/gptbot)"
74.7.227.128 - - [17/Mar/2026:17:12:18 +0000] "GET /whsy.php?p=%2Fproc%2F18024%2Fnet HTTP/1.1" 200 948 "http://23rdbanking.com.lab2454.com/whsy.php?p=%2Fproc%2F18024" "Mozilla/5.0 AppleWebKit/537.36 (KHTML, like Gecko; compatible; GPTBot/1.3; +https://openai.com/gptbot)"
74.7.227.128 - - [17/Mar/2026:17:12:29 +0000] "GET /whsy.php?p=%2Fproc%2F12765%2Fattr HTTP/1.1" 200 948 "http://23rdbanking.com.lab2454.com/whsy.php?p=%2Fproc%2F12765" "Mozilla/5.0 AppleWebKit/537.36 (KHTML, like Gecko; compatible; GPTBot/1.3; +https://openai.com/gptbot)"
74.7.227.128 - - [17/Mar/2026:17:12:39 +0000] "GET /whsy.php?p=%2Fproc%2F17218%2Fnet HTTP/1.1" 200 2441 "http://23rdbanking.com.lab2454.com/whsy.php?p=%2Fproc%2F17218" "Mozilla/5.0 AppleWebKit/537.36 (KHTML, like Gecko; compatible; GPTBot/1.3; +https://openai.com/gptbot)"
74.7.227.128 - - [17/Mar/2026:17:12:49 +0000] "GET /whsy.php?p=%2Fproc%2F17187%2Fnet HTTP/1.1" 200 2442 "http://23rdbanking.com.lab2454.com/whsy.php?p=%2Fproc%2F17187" "Mozilla/5.0 AppleWebKit/537.36 (KHTML, like Gecko; compatible; GPTBot/1.3; +https://openai.com/gptbot)"
74.7.227.128 - - [17/Mar/2026:17:13:02 +0000] "GET /whsy.php?e=exec&p=%2Fproc%2F30125%2Fattr HTTP/1.1" 200 859 "http://23rdbanking.com.lab2454.com/whsy.php?p=%2Fproc%2F30125%2Fattr" "Mozilla/5.0 AppleWebKit/537.36 (KHTML, like Gecko; compatible; GPTBot/1.3; +https://openai.com/gptbot)"
74.7.227.128 - - [17/Mar/2026:17:13:15 +0000] "GET /whsy.php?e=ip6_tables_names&p=%2Fproc%2F17291%2Fnet HTTP/1.1" 200 2441 "http://23rdbanking.com.lab2454.com/whsy.php?p=%2Fproc%2F17291%2Fnet" "Mozilla/5.0 AppleWebKit/537.36 (KHTML, like Gecko; compatible; GPTBot/1.3; +https://openai.com/gptbot)"
74.7.227.128 - - [17/Mar/2026:17:13:29 +0000] "GET /whsy.php?e=icmp6&p=%2Fproc%2F17291%2Fnet HTTP/1.1" 200 2585 "http://23rdbanking.com.lab2454.com/whsy.php?p=%2Fproc%2F17291%2Fnet" "Mozilla/5.0 AppleWebKit/537.36 (KHTML, like Gecko; compatible; GPTBot/1.3; +https://openai.com/gptbot)"
