74.7.227.128 - - [18/Mar/2026:07:59:34 +0000] "GET /whsy.php?e=io&p=%2Fproc%2F14690 HTTP/1.1" 200 948 "http://23rdbanking.com.lab2454.com/whsy.php?p=%2Fproc%2F14690" "Mozilla/5.0 AppleWebKit/537.36 (KHTML, like Gecko; compatible; GPTBot/1.3; +https://openai.com/gptbot)"
74.7.227.128 - - [18/Mar/2026:07:59:44 +0000] "GET /whsy.php?e=root&p=%2Fproc%2F14690 HTTP/1.1" 200 948 "http://23rdbanking.com.lab2454.com/whsy.php?p=%2Fproc%2F14690" "Mozilla/5.0 AppleWebKit/537.36 (KHTML, like Gecko; compatible; GPTBot/1.3; +https://openai.com/gptbot)"
74.7.227.128 - - [18/Mar/2026:07:59:55 +0000] "GET /whsy.php?e=root&p=%2Fproc%2F14689 HTTP/1.1" 200 948 "http://23rdbanking.com.lab2454.com/whsy.php?p=%2Fproc%2F14689" "Mozilla/5.0 AppleWebKit/537.36 (KHTML, like Gecko; compatible; GPTBot/1.3; +https://openai.com/gptbot)"
74.7.227.128 - - [18/Mar/2026:08:00:08 +0000] "GET /whsy.php?e=root&p=%2Fproc%2F14693 HTTP/1.1" 200 948 "http://23rdbanking.com.lab2454.com/whsy.php?p=%2Fproc%2F14693" "Mozilla/5.0 AppleWebKit/537.36 (KHTML, like Gecko; compatible; GPTBot/1.3; +https://openai.com/gptbot)"
74.7.227.128 - - [18/Mar/2026:08:00:28 +0000] "GET /whsy.php?e=oom_score_adj&p=%2Fproc%2F14693 HTTP/1.1" 200 948 "http://23rdbanking.com.lab2454.com/whsy.php?p=%2Fproc%2F14693" "Mozilla/5.0 AppleWebKit/537.36 (KHTML, like Gecko; compatible; GPTBot/1.3; +https://openai.com/gptbot)"
74.7.227.128 - - [18/Mar/2026:08:00:52 +0000] "GET /whsy.php?e=oom_score_adj&p=%2Fproc%2F14690 HTTP/1.1" 200 948 "http://23rdbanking.com.lab2454.com/whsy.php?p=%2Fproc%2F14690" "Mozilla/5.0 AppleWebKit/537.36 (KHTML, like Gecko; compatible; GPTBot/1.3; +https://openai.com/gptbot)"
74.7.227.128 - - [18/Mar/2026:08:01:09 +0000] "GET /whsy.php?e=oom_score_adj&p=%2Fproc%2F14689 HTTP/1.1" 200 948 "http://23rdbanking.com.lab2454.com/whsy.php?p=%2Fproc%2F14689" "Mozilla/5.0 AppleWebKit/537.36 (KHTML, like Gecko; compatible; GPTBot/1.3; +https://openai.com/gptbot)"
74.7.227.128 - - [18/Mar/2026:08:01:34 +0000] "GET /whsy.php?e=ksm_stat&p=%2Fproc%2F14690 HTTP/1.1" 200 948 "http://23rdbanking.com.lab2454.com/whsy.php?p=%2Fproc%2F14690" "Mozilla/5.0 AppleWebKit/537.36 (KHTML, like Gecko; compatible; GPTBot/1.3; +https://openai.com/gptbot)"
74.7.227.128 - - [18/Mar/2026:08:01:52 +0000] "GET /whsy.php?e=ksm_stat&p=%2Fproc%2F14693 HTTP/1.1" 200 948 "http://23rdbanking.com.lab2454.com/whsy.php?p=%2Fproc%2F14693" "Mozilla/5.0 AppleWebKit/537.36 (KHTML, like Gecko; compatible; GPTBot/1.3; +https://openai.com/gptbot)"
74.7.227.128 - - [18/Mar/2026:08:02:05 +0000] "GET /whsy.php?e=ksm_stat&p=%2Fproc%2F14689 HTTP/1.1" 200 948 "http://23rdbanking.com.lab2454.com/whsy.php?p=%2Fproc%2F14689" "Mozilla/5.0 AppleWebKit/537.36 (KHTML, like Gecko; compatible; GPTBot/1.3; +https://openai.com/gptbot)"
74.7.227.128 - - [18/Mar/2026:08:02:17 +0000] "GET /whsy.php?e=cmdline&p=%2Fproc%2F14693 HTTP/1.1" 200 948 "http://23rdbanking.com.lab2454.com/whsy.php?p=%2Fproc%2F14693" "Mozilla/5.0 AppleWebKit/537.36 (KHTML, like Gecko; compatible; GPTBot/1.3; +https://openai.com/gptbot)"
74.7.227.128 - - [18/Mar/2026:08:02:31 +0000] "GET /whsy.php?e=cmdline&p=%2Fproc%2F14690 HTTP/1.1" 200 948 "http://23rdbanking.com.lab2454.com/whsy.php?p=%2Fproc%2F14690" "Mozilla/5.0 AppleWebKit/537.36 (KHTML, like Gecko; compatible; GPTBot/1.3; +https://openai.com/gptbot)"
74.7.230.44 - - [18/Mar/2026:08:02:32 +0000] "GET /robots.txt HTTP/1.1" 404 - "-" "Mozilla/5.0 (Macintosh; Intel Mac OS X 10_15_7) AppleWebKit/537.36 (KHTML, like Gecko) Chrome/131.0.0.0 Safari/537.36; compatible; OAI-SearchBot/1.3; robots.txt; +https://openai.com/searchbot"
74.7.227.128 - - [18/Mar/2026:08:02:43 +0000] "GET /whsy.php?e=cmdline&p=%2Fproc%2F14689 HTTP/1.1" 200 948 "http://23rdbanking.com.lab2454.com/whsy.php?p=%2Fproc%2F14689" "Mozilla/5.0 AppleWebKit/537.36 (KHTML, like Gecko; compatible; GPTBot/1.3; +https://openai.com/gptbot)"
74.7.227.128 - - [18/Mar/2026:08:02:53 +0000] "GET /whsy.php?e=environ&p=%2Fproc%2F14690 HTTP/1.1" 200 948 "http://23rdbanking.com.lab2454.com/whsy.php?p=%2Fproc%2F14690" "Mozilla/5.0 AppleWebKit/537.36 (KHTML, like Gecko; compatible; GPTBot/1.3; +https://openai.com/gptbot)"
74.7.227.128 - - [18/Mar/2026:08:03:05 +0000] "GET /whsy.php?e=environ&p=%2Fproc%2F14689 HTTP/1.1" 200 948 "http://23rdbanking.com.lab2454.com/whsy.php?p=%2Fproc%2F14689" "Mozilla/5.0 AppleWebKit/537.36 (KHTML, like Gecko; compatible; GPTBot/1.3; +https://openai.com/gptbot)"
74.7.227.128 - - [18/Mar/2026:08:03:18 +0000] "GET /whsy.php?e=environ&p=%2Fproc%2F14693 HTTP/1.1" 200 948 "http://23rdbanking.com.lab2454.com/whsy.php?p=%2Fproc%2F14693" "Mozilla/5.0 AppleWebKit/537.36 (KHTML, like Gecko; compatible; GPTBot/1.3; +https://openai.com/gptbot)"
74.7.227.128 - - [18/Mar/2026:08:03:30 +0000] "GET /whsy.php?e=smaps_rollup&p=%2Fproc%2F14693 HTTP/1.1" 200 948 "http://23rdbanking.com.lab2454.com/whsy.php?p=%2Fproc%2F14693" "Mozilla/5.0 AppleWebKit/537.36 (KHTML, like Gecko; compatible; GPTBot/1.3; +https://openai.com/gptbot)"
74.7.227.128 - - [18/Mar/2026:08:03:40 +0000] "GET /whsy.php?e=smaps_rollup&p=%2Fproc%2F14689 HTTP/1.1" 200 948 "http://23rdbanking.com.lab2454.com/whsy.php?p=%2Fproc%2F14689" "Mozilla/5.0 AppleWebKit/537.36 (KHTML, like Gecko; compatible; GPTBot/1.3; +https://openai.com/gptbot)"
74.7.227.128 - - [18/Mar/2026:08:03:50 +0000] "GET /whsy.php?e=smaps_rollup&p=%2Fproc%2F14690 HTTP/1.1" 200 948 "http://23rdbanking.com.lab2454.com/whsy.php?p=%2Fproc%2F14690" "Mozilla/5.0 AppleWebKit/537.36 (KHTML, like Gecko; compatible; GPTBot/1.3; +https://openai.com/gptbot)"
74.7.227.128 - - [18/Mar/2026:08:03:59 +0000] "GET /whsy.php?e=personality&p=%2Fproc%2F14693 HTTP/1.1" 200 948 "http://23rdbanking.com.lab2454.com/whsy.php?p=%2Fproc%2F14693" "Mozilla/5.0 AppleWebKit/537.36 (KHTML, like Gecko; compatible; GPTBot/1.3; +https://openai.com/gptbot)"
74.7.227.128 - - [18/Mar/2026:08:04:12 +0000] "GET /whsy.php?e=personality&p=%2Fproc%2F14689 HTTP/1.1" 200 948 "http://23rdbanking.com.lab2454.com/whsy.php?p=%2Fproc%2F14689" "Mozilla/5.0 AppleWebKit/537.36 (KHTML, like Gecko; compatible; GPTBot/1.3; +https://openai.com/gptbot)"
74.7.227.128 - - [18/Mar/2026:08:04:25 +0000] "GET /whsy.php?e=personality&p=%2Fproc%2F14690 HTTP/1.1" 200 948 "http://23rdbanking.com.lab2454.com/whsy.php?p=%2Fproc%2F14690" "Mozilla/5.0 AppleWebKit/537.36 (KHTML, like Gecko; compatible; GPTBot/1.3; +https://openai.com/gptbot)"
74.7.227.128 - - [18/Mar/2026:08:04:35 +0000] "GET /whsy.php?e=clear_refs&p=%2Fproc%2F14689 HTTP/1.1" 200 948 "http://23rdbanking.com.lab2454.com/whsy.php?p=%2Fproc%2F14689" "Mozilla/5.0 AppleWebKit/537.36 (KHTML, like Gecko; compatible; GPTBot/1.3; +https://openai.com/gptbot)"
74.7.227.128 - - [18/Mar/2026:08:04:44 +0000] "GET /whsy.php?e=clear_refs&p=%2Fproc%2F14693 HTTP/1.1" 200 948 "http://23rdbanking.com.lab2454.com/whsy.php?p=%2Fproc%2F14693" "Mozilla/5.0 AppleWebKit/537.36 (KHTML, like Gecko; compatible; GPTBot/1.3; +https://openai.com/gptbot)"
74.7.227.128 - - [18/Mar/2026:08:04:59 +0000] "GET /whsy.php?e=pagemap&p=%2Fproc%2F14693 HTTP/1.1" 200 948 "http://23rdbanking.com.lab2454.com/whsy.php?p=%2Fproc%2F14693" "Mozilla/5.0 AppleWebKit/537.36 (KHTML, like Gecko; compatible; GPTBot/1.3; +https://openai.com/gptbot)"
74.7.227.128 - - [18/Mar/2026:08:05:31 +0000] "GET /whsy.php?e=syscall&p=%2Fproc%2F14689 HTTP/1.1" 200 948 "http://23rdbanking.com.lab2454.com/whsy.php?p=%2Fproc%2F14689" "Mozilla/5.0 AppleWebKit/537.36 (KHTML, like Gecko; compatible; GPTBot/1.3; +https://openai.com/gptbot)"
216.244.66.241 - - [18/Mar/2026:08:05:42 +0000] "GET /whsy.php?p=%2Fhome%2Flab2454c%2Fssl%2Fcerts HTTP/1.1" 200 98433 "-" "Mozilla/5.0 (compatible; DotBot/1.2; +https://opensiteexplorer.org/dotbot; help@moz.com)"
74.7.227.128 - - [18/Mar/2026:08:05:47 +0000] "GET /whsy.php?e=syscall&p=%2Fproc%2F14693 HTTP/1.1" 200 948 "http://23rdbanking.com.lab2454.com/whsy.php?p=%2Fproc%2F14693" "Mozilla/5.0 AppleWebKit/537.36 (KHTML, like Gecko; compatible; GPTBot/1.3; +https://openai.com/gptbot)"
74.7.227.128 - - [18/Mar/2026:08:05:55 +0000] "GET /whsy.php?e=syscall&p=%2Fproc%2F14690 HTTP/1.1" 200 948 "http://23rdbanking.com.lab2454.com/whsy.php?p=%2Fproc%2F14690" "Mozilla/5.0 AppleWebKit/537.36 (KHTML, like Gecko; compatible; GPTBot/1.3; +https://openai.com/gptbot)"
74.7.227.128 - - [18/Mar/2026:08:06:06 +0000] "GET /whsy.php?e=pagemap&p=%2Fproc%2F14690 HTTP/1.1" 200 948 "http://23rdbanking.com.lab2454.com/whsy.php?p=%2Fproc%2F14690" "Mozilla/5.0 AppleWebKit/537.36 (KHTML, like Gecko; compatible; GPTBot/1.3; +https://openai.com/gptbot)"
74.7.227.128 - - [18/Mar/2026:08:06:16 +0000] "GET /whsy.php?e=pagemap&p=%2Fproc%2F14689 HTTP/1.1" 200 948 "http://23rdbanking.com.lab2454.com/whsy.php?p=%2Fproc%2F14689" "Mozilla/5.0 AppleWebKit/537.36 (KHTML, like Gecko; compatible; GPTBot/1.3; +https://openai.com/gptbot)"
74.7.227.128 - - [18/Mar/2026:08:06:25 +0000] "GET /whsy.php?p=%2Fproc%2F28461 HTTP/1.1" 200 948 "http://23rdbanking.com.lab2454.com/whsy.php?e=24023&p=%2Fproc" "Mozilla/5.0 AppleWebKit/537.36 (KHTML, like Gecko; compatible; GPTBot/1.3; +https://openai.com/gptbot)"
74.7.227.128 - - [18/Mar/2026:08:06:37 +0000] "GET /whsy.php?p=%2Fproc%2F12503 HTTP/1.1" 200 948 "http://23rdbanking.com.lab2454.com/whsy.php?e=696&p=%2Fproc" "Mozilla/5.0 AppleWebKit/537.36 (KHTML, like Gecko; compatible; GPTBot/1.3; +https://openai.com/gptbot)"
74.7.227.128 - - [18/Mar/2026:08:06:49 +0000] "GET /whsy.php?p=%2Fproc%2F14652 HTTP/1.1" 200 948 "http://23rdbanking.com.lab2454.com/whsy.php?e=782&p=%2Fproc" "Mozilla/5.0 AppleWebKit/537.36 (KHTML, like Gecko; compatible; GPTBot/1.3; +https://openai.com/gptbot)"
74.7.227.128 - - [18/Mar/2026:08:07:02 +0000] "GET /whsy.php?p=%2Fproc%2F32634 HTTP/1.1" 200 948 "http://23rdbanking.com.lab2454.com/whsy.php?e=ioports&p=%2Fproc" "Mozilla/5.0 AppleWebKit/537.36 (KHTML, like Gecko; compatible; GPTBot/1.3; +https://openai.com/gptbot)"
74.7.227.128 - - [18/Mar/2026:08:07:11 +0000] "GET /whsy.php?p=%2Fproc%2F27945 HTTP/1.1" 200 948 "http://23rdbanking.com.lab2454.com/whsy.php?e=24023&p=%2Fproc" "Mozilla/5.0 AppleWebKit/537.36 (KHTML, like Gecko; compatible; GPTBot/1.3; +https://openai.com/gptbot)"
74.7.227.128 - - [18/Mar/2026:08:07:20 +0000] "GET /whsy.php?p=%2Fproc%2F12278 HTTP/1.1" 200 948 "http://23rdbanking.com.lab2454.com/whsy.php?e=696&p=%2Fproc" "Mozilla/5.0 AppleWebKit/537.36 (KHTML, like Gecko; compatible; GPTBot/1.3; +https://openai.com/gptbot)"
74.7.227.128 - - [18/Mar/2026:08:07:29 +0000] "GET /whsy.php?p=%2Fproc%2F12418 HTTP/1.1" 200 948 "http://23rdbanking.com.lab2454.com/whsy.php?e=696&p=%2Fproc" "Mozilla/5.0 AppleWebKit/537.36 (KHTML, like Gecko; compatible; GPTBot/1.3; +https://openai.com/gptbot)"
74.7.227.128 - - [18/Mar/2026:08:07:40 +0000] "GET /whsy.php?p=%2Fproc%2F13054 HTTP/1.1" 200 948 "http://23rdbanking.com.lab2454.com/whsy.php?e=782&p=%2Fproc" "Mozilla/5.0 AppleWebKit/537.36 (KHTML, like Gecko; compatible; GPTBot/1.3; +https://openai.com/gptbot)"
74.7.230.44 - - [18/Mar/2026:08:07:41 +0000] "GET /robots.txt HTTP/1.1" 404 - "-" "Mozilla/5.0 (Macintosh; Intel Mac OS X 10_15_7) AppleWebKit/537.36 (KHTML, like Gecko) Chrome/131.0.0.0 Safari/537.36; compatible; OAI-SearchBot/1.3; robots.txt; +https://openai.com/searchbot"
74.7.227.128 - - [18/Mar/2026:08:08:05 +0000] "GET /whsy.php?p=%2Fproc%2F31850 HTTP/1.1" 200 948 "http://23rdbanking.com.lab2454.com/whsy.php?e=iomem&p=%2Fproc" "Mozilla/5.0 AppleWebKit/537.36 (KHTML, like Gecko; compatible; GPTBot/1.3; +https://openai.com/gptbot)"
74.7.227.128 - - [18/Mar/2026:08:08:25 +0000] "GET /whsy.php?p=%2Fproc%2F12515 HTTP/1.1" 200 948 "http://23rdbanking.com.lab2454.com/whsy.php?e=696&p=%2Fproc" "Mozilla/5.0 AppleWebKit/537.36 (KHTML, like Gecko; compatible; GPTBot/1.3; +https://openai.com/gptbot)"
74.7.227.128 - - [18/Mar/2026:08:08:45 +0000] "GET /whsy.php?p=%2Fproc%2F10643 HTTP/1.1" 200 948 "http://23rdbanking.com.lab2454.com/whsy.php?e=31939&p=%2Fproc" "Mozilla/5.0 AppleWebKit/537.36 (KHTML, like Gecko; compatible; GPTBot/1.3; +https://openai.com/gptbot)"
74.7.227.128 - - [18/Mar/2026:08:09:03 +0000] "GET /whsy.php?p=%2Fproc%2F13720 HTTP/1.1" 200 948 "http://23rdbanking.com.lab2454.com/whsy.php?e=782&p=%2Fproc" "Mozilla/5.0 AppleWebKit/537.36 (KHTML, like Gecko; compatible; GPTBot/1.3; +https://openai.com/gptbot)"
74.7.227.128 - - [18/Mar/2026:08:09:16 +0000] "GET /whsy.php?p=%2Fproc%2F14084 HTTP/1.1" 200 948 "http://23rdbanking.com.lab2454.com/whsy.php?e=24023&p=%2Fproc" "Mozilla/5.0 AppleWebKit/537.36 (KHTML, like Gecko; compatible; GPTBot/1.3; +https://openai.com/gptbot)"
74.7.227.128 - - [18/Mar/2026:08:09:27 +0000] "GET /whsy.php?p=%2Fproc%2F23487 HTTP/1.1" 200 948 "http://23rdbanking.com.lab2454.com/whsy.php?e=12508&p=%2Fproc" "Mozilla/5.0 AppleWebKit/537.36 (KHTML, like Gecko; compatible; GPTBot/1.3; +https://openai.com/gptbot)"
74.7.227.128 - - [18/Mar/2026:08:09:36 +0000] "GET /whsy.php?p=%2Fproc%2F11728 HTTP/1.1" 200 948 "http://23rdbanking.com.lab2454.com/whsy.php?e=iomem&p=%2Fproc" "Mozilla/5.0 AppleWebKit/537.36 (KHTML, like Gecko; compatible; GPTBot/1.3; +https://openai.com/gptbot)"
74.7.227.128 - - [18/Mar/2026:08:09:45 +0000] "GET /whsy.php?p=%2Fproc%2F24788 HTTP/1.1" 200 948 "http://23rdbanking.com.lab2454.com/whsy.php?e=iomem&p=%2Fproc" "Mozilla/5.0 AppleWebKit/537.36 (KHTML, like Gecko; compatible; GPTBot/1.3; +https://openai.com/gptbot)"
74.7.227.128 - - [18/Mar/2026:08:09:55 +0000] "GET /whsy.php?p=%2Fproc%2F10646 HTTP/1.1" 200 948 "http://23rdbanking.com.lab2454.com/whsy.php?e=31939&p=%2Fproc" "Mozilla/5.0 AppleWebKit/537.36 (KHTML, like Gecko; compatible; GPTBot/1.3; +https://openai.com/gptbot)"
74.7.227.128 - - [18/Mar/2026:08:10:07 +0000] "GET /whsy.php?p=%2Fproc%2F13128 HTTP/1.1" 200 948 "http://23rdbanking.com.lab2454.com/whsy.php?e=782&p=%2Fproc" "Mozilla/5.0 AppleWebKit/537.36 (KHTML, like Gecko; compatible; GPTBot/1.3; +https://openai.com/gptbot)"
74.7.227.128 - - [18/Mar/2026:08:10:17 +0000] "GET /whsy.php?p=%2Fproc%2F26235 HTTP/1.1" 200 948 "http://23rdbanking.com.lab2454.com/whsy.php?e=24023&p=%2Fproc" "Mozilla/5.0 AppleWebKit/537.36 (KHTML, like Gecko; compatible; GPTBot/1.3; +https://openai.com/gptbot)"
74.7.227.128 - - [18/Mar/2026:08:10:27 +0000] "GET /whsy.php?p=%2Fproc%2F15794 HTTP/1.1" 200 948 "http://23rdbanking.com.lab2454.com/whsy.php?e=3915&p=%2Fproc" "Mozilla/5.0 AppleWebKit/537.36 (KHTML, like Gecko; compatible; GPTBot/1.3; +https://openai.com/gptbot)"
216.244.66.241 - - [18/Mar/2026:08:10:36 +0000] "GET /doc.php.jpg HTTP/1.1" 200 - "-" "Mozilla/5.0 (compatible; DotBot/1.2; +https://opensiteexplorer.org/dotbot; help@moz.com)"
74.7.227.128 - - [18/Mar/2026:08:10:37 +0000] "GET /whsy.php?p=%2Fproc%2F28467 HTTP/1.1" 200 948 "http://23rdbanking.com.lab2454.com/whsy.php?e=24023&p=%2Fproc" "Mozilla/5.0 AppleWebKit/537.36 (KHTML, like Gecko; compatible; GPTBot/1.3; +https://openai.com/gptbot)"
74.7.227.128 - - [18/Mar/2026:08:10:46 +0000] "GET /whsy.php?p=%2Fproc%2F16008 HTTP/1.1" 200 948 "http://23rdbanking.com.lab2454.com/whsy.php?e=3915&p=%2Fproc" "Mozilla/5.0 AppleWebKit/537.36 (KHTML, like Gecko; compatible; GPTBot/1.3; +https://openai.com/gptbot)"
74.7.227.128 - - [18/Mar/2026:08:10:56 +0000] "GET /whsy.php?p=%2Fproc%2F12535 HTTP/1.1" 200 948 "http://23rdbanking.com.lab2454.com/whsy.php?e=696&p=%2Fproc" "Mozilla/5.0 AppleWebKit/537.36 (KHTML, like Gecko; compatible; GPTBot/1.3; +https://openai.com/gptbot)"
74.7.227.128 - - [18/Mar/2026:08:11:05 +0000] "GET /whsy.php?p=%2Fproc%2F10570 HTTP/1.1" 200 948 "http://23rdbanking.com.lab2454.com/whsy.php?e=31939&p=%2Fproc" "Mozilla/5.0 AppleWebKit/537.36 (KHTML, like Gecko; compatible; GPTBot/1.3; +https://openai.com/gptbot)"
74.7.227.128 - - [18/Mar/2026:08:11:17 +0000] "GET /whsy.php?p=%2Fproc%2F12496 HTTP/1.1" 200 948 "http://23rdbanking.com.lab2454.com/whsy.php?e=696&p=%2Fproc" "Mozilla/5.0 AppleWebKit/537.36 (KHTML, like Gecko; compatible; GPTBot/1.3; +https://openai.com/gptbot)"
74.7.227.128 - - [18/Mar/2026:08:11:31 +0000] "GET /whsy.php?p=%2Fproc%2F23748 HTTP/1.1" 200 948 "http://23rdbanking.com.lab2454.com/whsy.php?e=12508&p=%2Fproc" "Mozilla/5.0 AppleWebKit/537.36 (KHTML, like Gecko; compatible; GPTBot/1.3; +https://openai.com/gptbot)"
74.7.227.128 - - [18/Mar/2026:08:11:51 +0000] "GET /whsy.php?p=%2Fproc%2F28404 HTTP/1.1" 200 948 "http://23rdbanking.com.lab2454.com/whsy.php?e=24023&p=%2Fproc" "Mozilla/5.0 AppleWebKit/537.36 (KHTML, like Gecko; compatible; GPTBot/1.3; +https://openai.com/gptbot)"
74.7.227.128 - - [18/Mar/2026:08:12:08 +0000] "GET /whsy.php?p=%2Fproc%2F16145 HTTP/1.1" 200 948 "http://23rdbanking.com.lab2454.com/whsy.php?e=iomem&p=%2Fproc" "Mozilla/5.0 AppleWebKit/537.36 (KHTML, like Gecko; compatible; GPTBot/1.3; +https://openai.com/gptbot)"
74.7.227.128 - - [18/Mar/2026:08:12:26 +0000] "GET /whsy.php?p=%2Fproc%2F14299 HTTP/1.1" 200 948 "http://23rdbanking.com.lab2454.com/whsy.php?e=782&p=%2Fproc" "Mozilla/5.0 AppleWebKit/537.36 (KHTML, like Gecko; compatible; GPTBot/1.3; +https://openai.com/gptbot)"
74.7.227.128 - - [18/Mar/2026:08:12:43 +0000] "GET /whsy.php?p=%2Fproc%2F10645 HTTP/1.1" 200 948 "http://23rdbanking.com.lab2454.com/whsy.php?e=31939&p=%2Fproc" "Mozilla/5.0 AppleWebKit/537.36 (KHTML, like Gecko; compatible; GPTBot/1.3; +https://openai.com/gptbot)"
74.7.230.44 - - [18/Mar/2026:08:12:44 +0000] "GET /robots.txt HTTP/1.1" 404 - "-" "Mozilla/5.0 (Macintosh; Intel Mac OS X 10_15_7) AppleWebKit/537.36 (KHTML, like Gecko) Chrome/131.0.0.0 Safari/537.36; compatible; OAI-SearchBot/1.3; robots.txt; +https://openai.com/searchbot"
74.7.227.128 - - [18/Mar/2026:08:12:56 +0000] "GET /whsy.php?p=%2Fproc%2F30131 HTTP/1.1" 200 948 "http://23rdbanking.com.lab2454.com/whsy.php?e=iomem&p=%2Fproc" "Mozilla/5.0 AppleWebKit/537.36 (KHTML, like Gecko; compatible; GPTBot/1.3; +https://openai.com/gptbot)"
74.7.227.128 - - [18/Mar/2026:08:13:11 +0000] "GET /whsy.php?p=%2Fproc%2F14700 HTTP/1.1" 200 948 "http://23rdbanking.com.lab2454.com/whsy.php?e=782&p=%2Fproc" "Mozilla/5.0 AppleWebKit/537.36 (KHTML, like Gecko; compatible; GPTBot/1.3; +https://openai.com/gptbot)"
74.7.227.128 - - [18/Mar/2026:08:13:26 +0000] "GET /whsy.php?p=%2Fproc%2F22873 HTTP/1.1" 200 948 "http://23rdbanking.com.lab2454.com/whsy.php?e=12508&p=%2Fproc" "Mozilla/5.0 AppleWebKit/537.36 (KHTML, like Gecko; compatible; GPTBot/1.3; +https://openai.com/gptbot)"
74.7.227.128 - - [18/Mar/2026:08:13:37 +0000] "GET /whsy.php?p=%2Fproc%2F12534 HTTP/1.1" 200 948 "http://23rdbanking.com.lab2454.com/whsy.php?e=696&p=%2Fproc" "Mozilla/5.0 AppleWebKit/537.36 (KHTML, like Gecko; compatible; GPTBot/1.3; +https://openai.com/gptbot)"
74.7.227.128 - - [18/Mar/2026:08:13:46 +0000] "GET /whsy.php?p=%2Fproc%2F24098 HTTP/1.1" 200 948 "http://23rdbanking.com.lab2454.com/whsy.php?e=12508&p=%2Fproc" "Mozilla/5.0 AppleWebKit/537.36 (KHTML, like Gecko; compatible; GPTBot/1.3; +https://openai.com/gptbot)"
74.7.227.128 - - [18/Mar/2026:08:13:55 +0000] "GET /whsy.php?p=%2Fproc%2F30531 HTTP/1.1" 200 948 "http://23rdbanking.com.lab2454.com/whsy.php?e=iomem&p=%2Fproc" "Mozilla/5.0 AppleWebKit/537.36 (KHTML, like Gecko; compatible; GPTBot/1.3; +https://openai.com/gptbot)"
216.244.66.241 - - [18/Mar/2026:08:14:03 +0000] "GET /whsy.php?e=wp-mail.php&p=%2Fhome%2Flab2454c%2Fmact34.com HTTP/1.1" 200 29130 "-" "Mozilla/5.0 (compatible; DotBot/1.2; +https://opensiteexplorer.org/dotbot; help@moz.com)"
74.7.227.128 - - [18/Mar/2026:08:14:04 +0000] "GET /whsy.php?p=%2Fproc%2F31846 HTTP/1.1" 200 948 "http://23rdbanking.com.lab2454.com/whsy.php?e=iomem&p=%2Fproc" "Mozilla/5.0 AppleWebKit/537.36 (KHTML, like Gecko; compatible; GPTBot/1.3; +https://openai.com/gptbot)"
74.7.227.128 - - [18/Mar/2026:08:14:16 +0000] "GET /whsy.php?p=%2Fproc%2F31956 HTTP/1.1" 200 948 "http://23rdbanking.com.lab2454.com/whsy.php?e=iomem&p=%2Fproc" "Mozilla/5.0 AppleWebKit/537.36 (KHTML, like Gecko; compatible; GPTBot/1.3; +https://openai.com/gptbot)"
74.7.227.128 - - [18/Mar/2026:08:14:29 +0000] "GET /whsy.php?p=%2Fproc%2F13473 HTTP/1.1" 200 948 "http://23rdbanking.com.lab2454.com/whsy.php?e=782&p=%2Fproc" "Mozilla/5.0 AppleWebKit/537.36 (KHTML, like Gecko; compatible; GPTBot/1.3; +https://openai.com/gptbot)"
74.7.227.128 - - [18/Mar/2026:08:14:41 +0000] "GET /whsy.php?p=%2Fproc%2F10561 HTTP/1.1" 200 948 "http://23rdbanking.com.lab2454.com/whsy.php?e=31939&p=%2Fproc" "Mozilla/5.0 AppleWebKit/537.36 (KHTML, like Gecko; compatible; GPTBot/1.3; +https://openai.com/gptbot)"
216.244.66.241 - - [18/Mar/2026:08:14:39 +0000] "GET /whsy.php?e=wsoyanzf.php&p=%2Fhome%2Flab2454c%2Flogs HTTP/1.1" 200 484969 "-" "Mozilla/5.0 (compatible; DotBot/1.2; +https://opensiteexplorer.org/dotbot; help@moz.com)"
74.7.227.128 - - [18/Mar/2026:08:14:53 +0000] "GET /whsy.php?p=%2Fproc%2F32667 HTTP/1.1" 200 948 "http://23rdbanking.com.lab2454.com/whsy.php?e=ioports&p=%2Fproc" "Mozilla/5.0 AppleWebKit/537.36 (KHTML, like Gecko; compatible; GPTBot/1.3; +https://openai.com/gptbot)"
74.7.227.128 - - [18/Mar/2026:08:15:05 +0000] "GET /whsy.php?p=%2Fproc%2F12524 HTTP/1.1" 200 948 "http://23rdbanking.com.lab2454.com/whsy.php?e=696&p=%2Fproc" "Mozilla/5.0 AppleWebKit/537.36 (KHTML, like Gecko; compatible; GPTBot/1.3; +https://openai.com/gptbot)"
74.7.227.128 - - [18/Mar/2026:08:15:16 +0000] "GET /whsy.php?p=%2Fproc%2F13299 HTTP/1.1" 200 948 "http://23rdbanking.com.lab2454.com/whsy.php?e=782&p=%2Fproc" "Mozilla/5.0 AppleWebKit/537.36 (KHTML, like Gecko; compatible; GPTBot/1.3; +https://openai.com/gptbot)"
74.7.227.128 - - [18/Mar/2026:08:15:29 +0000] "GET /whsy.php?p=%2Fproc%2F24915 HTTP/1.1" 200 948 "http://23rdbanking.com.lab2454.com/whsy.php?e=24023&p=%2Fproc" "Mozilla/5.0 AppleWebKit/537.36 (KHTML, like Gecko; compatible; GPTBot/1.3; +https://openai.com/gptbot)"
74.7.227.128 - - [18/Mar/2026:08:15:52 +0000] "GET /whsy.php?p=%2Fproc%2F24096 HTTP/1.1" 200 948 "http://23rdbanking.com.lab2454.com/whsy.php?e=12508&p=%2Fproc" "Mozilla/5.0 AppleWebKit/537.36 (KHTML, like Gecko; compatible; GPTBot/1.3; +https://openai.com/gptbot)"
216.244.66.241 - - [18/Mar/2026:08:16:22 +0000] "GET /whsy.php?p=%2Fhome%2Flab2454c%2Fkeyreum.com%2Fp5DVDV HTTP/1.1" 200 3688 "-" "Mozilla/5.0 (compatible; DotBot/1.2; +https://opensiteexplorer.org/dotbot; help@moz.com)"
74.7.227.128 - - [18/Mar/2026:08:16:24 +0000] "GET /whsy.php?p=%2Fproc%2F14653 HTTP/1.1" 200 948 "http://23rdbanking.com.lab2454.com/whsy.php?e=782&p=%2Fproc" "Mozilla/5.0 AppleWebKit/537.36 (KHTML, like Gecko; compatible; GPTBot/1.3; +https://openai.com/gptbot)"
74.7.227.128 - - [18/Mar/2026:08:16:49 +0000] "GET /whsy.php?p=%2Fproc%2F23898 HTTP/1.1" 200 948 "http://23rdbanking.com.lab2454.com/whsy.php?e=12508&p=%2Fproc" "Mozilla/5.0 AppleWebKit/537.36 (KHTML, like Gecko; compatible; GPTBot/1.3; +https://openai.com/gptbot)"
74.7.227.128 - - [18/Mar/2026:08:17:08 +0000] "GET /whsy.php?p=%2Fproc%2F28477 HTTP/1.1" 200 948 "http://23rdbanking.com.lab2454.com/whsy.php?e=24023&p=%2Fproc" "Mozilla/5.0 AppleWebKit/537.36 (KHTML, like Gecko; compatible; GPTBot/1.3; +https://openai.com/gptbot)"
74.7.227.128 - - [18/Mar/2026:08:17:21 +0000] "GET /whsy.php?p=%2Fproc%2F28464 HTTP/1.1" 200 948 "http://23rdbanking.com.lab2454.com/whsy.php?e=24023&p=%2Fproc" "Mozilla/5.0 AppleWebKit/537.36 (KHTML, like Gecko; compatible; GPTBot/1.3; +https://openai.com/gptbot)"
74.7.227.128 - - [18/Mar/2026:08:17:34 +0000] "GET /whsy.php?p=%2Fproc%2F27304 HTTP/1.1" 200 948 "http://23rdbanking.com.lab2454.com/whsy.php?e=24023&p=%2Fproc" "Mozilla/5.0 AppleWebKit/537.36 (KHTML, like Gecko; compatible; GPTBot/1.3; +https://openai.com/gptbot)"
74.7.227.128 - - [18/Mar/2026:08:17:44 +0000] "GET /whsy.php?p=%2Fproc%2F16019 HTTP/1.1" 200 948 "http://23rdbanking.com.lab2454.com/whsy.php?e=3915&p=%2Fproc" "Mozilla/5.0 AppleWebKit/537.36 (KHTML, like Gecko; compatible; GPTBot/1.3; +https://openai.com/gptbot)"
74.7.227.128 - - [18/Mar/2026:08:17:54 +0000] "GET /whsy.php?p=%2Fproc%2F20600 HTTP/1.1" 200 948 "http://23rdbanking.com.lab2454.com/whsy.php?e=iomem&p=%2Fproc" "Mozilla/5.0 AppleWebKit/537.36 (KHTML, like Gecko; compatible; GPTBot/1.3; +https://openai.com/gptbot)"
74.7.227.128 - - [18/Mar/2026:08:18:05 +0000] "GET /whsy.php?p=%2Fproc%2F21880 HTTP/1.1" 200 948 "http://23rdbanking.com.lab2454.com/whsy.php?e=iomem&p=%2Fproc" "Mozilla/5.0 AppleWebKit/537.36 (KHTML, like Gecko; compatible; GPTBot/1.3; +https://openai.com/gptbot)"
74.7.227.128 - - [18/Mar/2026:08:18:21 +0000] "GET /whsy.php?p=%2Fproc%2F24114 HTTP/1.1" 200 948 "http://23rdbanking.com.lab2454.com/whsy.php?e=12508&p=%2Fproc" "Mozilla/5.0 AppleWebKit/537.36 (KHTML, like Gecko; compatible; GPTBot/1.3; +https://openai.com/gptbot)"
74.7.227.128 - - [18/Mar/2026:08:18:37 +0000] "GET /whsy.php?p=%2Fproc%2F24107 HTTP/1.1" 200 948 "http://23rdbanking.com.lab2454.com/whsy.php?e=12508&p=%2Fproc" "Mozilla/5.0 AppleWebKit/537.36 (KHTML, like Gecko; compatible; GPTBot/1.3; +https://openai.com/gptbot)"
74.7.227.128 - - [18/Mar/2026:08:18:48 +0000] "GET /whsy.php?p=%2Fproc%2F24109 HTTP/1.1" 200 948 "http://23rdbanking.com.lab2454.com/whsy.php?e=12508&p=%2Fproc" "Mozilla/5.0 AppleWebKit/537.36 (KHTML, like Gecko; compatible; GPTBot/1.3; +https://openai.com/gptbot)"
74.7.227.128 - - [18/Mar/2026:08:18:57 +0000] "GET /whsy.php?p=%2Fproc%2F20624 HTTP/1.1" 200 948 "http://23rdbanking.com.lab2454.com/whsy.php?e=24023&p=%2Fproc" "Mozilla/5.0 AppleWebKit/537.36 (KHTML, like Gecko; compatible; GPTBot/1.3; +https://openai.com/gptbot)"
74.7.227.128 - - [18/Mar/2026:08:19:08 +0000] "GET /whsy.php?p=%2Fproc%2F16014 HTTP/1.1" 200 948 "http://23rdbanking.com.lab2454.com/whsy.php?e=3915&p=%2Fproc" "Mozilla/5.0 AppleWebKit/537.36 (KHTML, like Gecko; compatible; GPTBot/1.3; +https://openai.com/gptbot)"
74.7.227.128 - - [18/Mar/2026:08:19:19 +0000] "GET /whsy.php?p=%2Fproc%2F29570 HTTP/1.1" 200 948 "http://23rdbanking.com.lab2454.com/whsy.php?e=iomem&p=%2Fproc" "Mozilla/5.0 AppleWebKit/537.36 (KHTML, like Gecko; compatible; GPTBot/1.3; +https://openai.com/gptbot)"
74.7.227.128 - - [18/Mar/2026:08:19:30 +0000] "GET /whsy.php?p=%2Fproc%2F31633 HTTP/1.1" 200 948 "http://23rdbanking.com.lab2454.com/whsy.php?e=iomem&p=%2Fproc" "Mozilla/5.0 AppleWebKit/537.36 (KHTML, like Gecko; compatible; GPTBot/1.3; +https://openai.com/gptbot)"
74.7.227.128 - - [18/Mar/2026:08:19:41 +0000] "GET /whsy.php?p=%2Fproc%2F19209 HTTP/1.1" 200 948 "http://23rdbanking.com.lab2454.com/whsy.php?e=iomem&p=%2Fproc" "Mozilla/5.0 AppleWebKit/537.36 (KHTML, like Gecko; compatible; GPTBot/1.3; +https://openai.com/gptbot)"
74.7.227.128 - - [18/Mar/2026:08:19:54 +0000] "GET /whsy.php?p=%2Fproc%2F31059 HTTP/1.1" 200 948 "http://23rdbanking.com.lab2454.com/whsy.php?e=24023&p=%2Fproc" "Mozilla/5.0 AppleWebKit/537.36 (KHTML, like Gecko; compatible; GPTBot/1.3; +https://openai.com/gptbot)"
74.7.227.128 - - [18/Mar/2026:08:20:07 +0000] "GET /whsy.php?p=%2Fproc%2F12528 HTTP/1.1" 200 948 "http://23rdbanking.com.lab2454.com/whsy.php?e=696&p=%2Fproc" "Mozilla/5.0 AppleWebKit/537.36 (KHTML, like Gecko; compatible; GPTBot/1.3; +https://openai.com/gptbot)"
74.7.227.128 - - [18/Mar/2026:08:20:21 +0000] "GET /whsy.php?p=%2Fproc%2F15968 HTTP/1.1" 200 948 "http://23rdbanking.com.lab2454.com/whsy.php?e=3915&p=%2Fproc" "Mozilla/5.0 AppleWebKit/537.36 (KHTML, like Gecko; compatible; GPTBot/1.3; +https://openai.com/gptbot)"
74.7.227.128 - - [18/Mar/2026:08:20:34 +0000] "GET /whsy.php?p=%2Fproc%2F24119 HTTP/1.1" 200 948 "http://23rdbanking.com.lab2454.com/whsy.php?e=12508&p=%2Fproc" "Mozilla/5.0 AppleWebKit/537.36 (KHTML, like Gecko; compatible; GPTBot/1.3; +https://openai.com/gptbot)"
74.7.227.128 - - [18/Mar/2026:08:20:47 +0000] "GET /whsy.php?p=%2Fproc%2F14620 HTTP/1.1" 200 948 "http://23rdbanking.com.lab2454.com/whsy.php?e=782&p=%2Fproc" "Mozilla/5.0 AppleWebKit/537.36 (KHTML, like Gecko; compatible; GPTBot/1.3; +https://openai.com/gptbot)"
74.7.227.128 - - [18/Mar/2026:08:21:03 +0000] "GET /whsy.php?p=%2Fproc%2F16021 HTTP/1.1" 200 948 "http://23rdbanking.com.lab2454.com/whsy.php?e=3915&p=%2Fproc" "Mozilla/5.0 AppleWebKit/537.36 (KHTML, like Gecko; compatible; GPTBot/1.3; +https://openai.com/gptbot)"
74.7.227.128 - - [18/Mar/2026:08:21:19 +0000] "GET /whsy.php?p=%2Fproc%2F15981 HTTP/1.1" 200 948 "http://23rdbanking.com.lab2454.com/whsy.php?e=3915&p=%2Fproc" "Mozilla/5.0 AppleWebKit/537.36 (KHTML, like Gecko; compatible; GPTBot/1.3; +https://openai.com/gptbot)"
74.7.227.128 - - [18/Mar/2026:08:21:34 +0000] "GET /whsy.php?p=%2Fproc%2F23414 HTTP/1.1" 200 948 "http://23rdbanking.com.lab2454.com/whsy.php?e=12508&p=%2Fproc" "Mozilla/5.0 AppleWebKit/537.36 (KHTML, like Gecko; compatible; GPTBot/1.3; +https://openai.com/gptbot)"
74.7.227.128 - - [18/Mar/2026:08:21:46 +0000] "GET /whsy.php?p=%2Fproc%2F30537 HTTP/1.1" 200 948 "http://23rdbanking.com.lab2454.com/whsy.php?e=iomem&p=%2Fproc" "Mozilla/5.0 AppleWebKit/537.36 (KHTML, like Gecko; compatible; GPTBot/1.3; +https://openai.com/gptbot)"
74.7.227.128 - - [18/Mar/2026:08:21:58 +0000] "GET /whsy.php?p=%2Fproc%2F12516 HTTP/1.1" 200 948 "http://23rdbanking.com.lab2454.com/whsy.php?e=696&p=%2Fproc" "Mozilla/5.0 AppleWebKit/537.36 (KHTML, like Gecko; compatible; GPTBot/1.3; +https://openai.com/gptbot)"
74.7.227.128 - - [18/Mar/2026:08:22:12 +0000] "GET /whsy.php?p=%2Fproc%2F31121 HTTP/1.1" 200 948 "http://23rdbanking.com.lab2454.com/whsy.php?e=24023&p=%2Fproc" "Mozilla/5.0 AppleWebKit/537.36 (KHTML, like Gecko; compatible; GPTBot/1.3; +https://openai.com/gptbot)"
74.7.227.128 - - [18/Mar/2026:08:22:25 +0000] "GET /whsy.php?p=%2Fproc%2F16027 HTTP/1.1" 200 948 "http://23rdbanking.com.lab2454.com/whsy.php?e=3915&p=%2Fproc" "Mozilla/5.0 AppleWebKit/537.36 (KHTML, like Gecko; compatible; GPTBot/1.3; +https://openai.com/gptbot)"
49.51.132.100 - - [18/Mar/2026:08:22:35 +0000] "GET / HTTP/1.1" 200 479 "-" "Mozilla/5.0 (iPhone; CPU iPhone OS 13_2_3 like Mac OS X) AppleWebKit/605.1.15 (KHTML, like Gecko) Version/13.0.3 Mobile/15E148 Safari/604.1"
74.7.227.128 - - [18/Mar/2026:08:22:41 +0000] "GET /whsy.php?p=%2Fproc%2F21011 HTTP/1.1" 200 948 "http://23rdbanking.com.lab2454.com/whsy.php?e=24023&p=%2Fproc" "Mozilla/5.0 AppleWebKit/537.36 (KHTML, like Gecko; compatible; GPTBot/1.3; +https://openai.com/gptbot)"
74.7.227.128 - - [18/Mar/2026:08:22:55 +0000] "GET /whsy.php?p=%2Fproc%2F28475 HTTP/1.1" 200 948 "http://23rdbanking.com.lab2454.com/whsy.php?e=24023&p=%2Fproc" "Mozilla/5.0 AppleWebKit/537.36 (KHTML, like Gecko; compatible; GPTBot/1.3; +https://openai.com/gptbot)"
74.7.227.128 - - [18/Mar/2026:08:23:04 +0000] "GET /whsy.php?p=%2Fproc%2F28454 HTTP/1.1" 200 948 "http://23rdbanking.com.lab2454.com/whsy.php?e=24023&p=%2Fproc" "Mozilla/5.0 AppleWebKit/537.36 (KHTML, like Gecko; compatible; GPTBot/1.3; +https://openai.com/gptbot)"
74.7.227.128 - - [18/Mar/2026:08:23:14 +0000] "GET /whsy.php?p=%2Fproc%2F10626 HTTP/1.1" 200 948 "http://23rdbanking.com.lab2454.com/whsy.php?e=31939&p=%2Fproc" "Mozilla/5.0 AppleWebKit/537.36 (KHTML, like Gecko; compatible; GPTBot/1.3; +https://openai.com/gptbot)"
74.7.227.128 - - [18/Mar/2026:08:23:24 +0000] "GET /whsy.php?p=%2Fproc%2F24102 HTTP/1.1" 200 948 "http://23rdbanking.com.lab2454.com/whsy.php?e=12508&p=%2Fproc" "Mozilla/5.0 AppleWebKit/537.36 (KHTML, like Gecko; compatible; GPTBot/1.3; +https://openai.com/gptbot)"
74.7.227.128 - - [18/Mar/2026:08:23:35 +0000] "GET /whsy.php?p=%2Fproc%2F32308 HTTP/1.1" 200 948 "http://23rdbanking.com.lab2454.com/whsy.php?e=ioports&p=%2Fproc" "Mozilla/5.0 AppleWebKit/537.36 (KHTML, like Gecko; compatible; GPTBot/1.3; +https://openai.com/gptbot)"
74.7.227.128 - - [18/Mar/2026:08:23:47 +0000] "GET /whsy.php?p=%2Fproc%2F24074 HTTP/1.1" 200 948 "http://23rdbanking.com.lab2454.com/whsy.php?e=12508&p=%2Fproc" "Mozilla/5.0 AppleWebKit/537.36 (KHTML, like Gecko; compatible; GPTBot/1.3; +https://openai.com/gptbot)"
74.7.227.128 - - [18/Mar/2026:08:23:58 +0000] "GET /whsy.php?p=%2Fproc%2F31951 HTTP/1.1" 200 948 "http://23rdbanking.com.lab2454.com/whsy.php?e=iomem&p=%2Fproc" "Mozilla/5.0 AppleWebKit/537.36 (KHTML, like Gecko; compatible; GPTBot/1.3; +https://openai.com/gptbot)"
74.7.227.128 - - [18/Mar/2026:08:24:12 +0000] "GET /whsy.php?p=%2Fproc%2F14688 HTTP/1.1" 200 948 "http://23rdbanking.com.lab2454.com/whsy.php?e=782&p=%2Fproc" "Mozilla/5.0 AppleWebKit/537.36 (KHTML, like Gecko; compatible; GPTBot/1.3; +https://openai.com/gptbot)"
74.7.227.128 - - [18/Mar/2026:08:24:24 +0000] "GET /whsy.php?p=%2Fproc%2F11926 HTTP/1.1" 200 948 "http://23rdbanking.com.lab2454.com/whsy.php?e=24023&p=%2Fproc" "Mozilla/5.0 AppleWebKit/537.36 (KHTML, like Gecko; compatible; GPTBot/1.3; +https://openai.com/gptbot)"
74.7.227.128 - - [18/Mar/2026:08:24:37 +0000] "GET /whsy.php?p=%2Fproc%2F28417 HTTP/1.1" 200 948 "http://23rdbanking.com.lab2454.com/whsy.php?e=24023&p=%2Fproc" "Mozilla/5.0 AppleWebKit/537.36 (KHTML, like Gecko; compatible; GPTBot/1.3; +https://openai.com/gptbot)"
74.7.227.128 - - [18/Mar/2026:08:24:49 +0000] "GET /whsy.php?p=%2Fproc%2F28472 HTTP/1.1" 200 948 "http://23rdbanking.com.lab2454.com/whsy.php?e=24023&p=%2Fproc" "Mozilla/5.0 AppleWebKit/537.36 (KHTML, like Gecko; compatible; GPTBot/1.3; +https://openai.com/gptbot)"
74.7.227.128 - - [18/Mar/2026:08:25:02 +0000] "GET /whsy.php?p=%2Fproc%2F31068 HTTP/1.1" 200 948 "http://23rdbanking.com.lab2454.com/whsy.php?e=24023&p=%2Fproc" "Mozilla/5.0 AppleWebKit/537.36 (KHTML, like Gecko; compatible; GPTBot/1.3; +https://openai.com/gptbot)"
74.7.227.128 - - [18/Mar/2026:08:25:18 +0000] "GET /whsy.php?p=%2Fproc%2F16009 HTTP/1.1" 200 948 "http://23rdbanking.com.lab2454.com/whsy.php?e=3915&p=%2Fproc" "Mozilla/5.0 AppleWebKit/537.36 (KHTML, like Gecko; compatible; GPTBot/1.3; +https://openai.com/gptbot)"
74.7.227.128 - - [18/Mar/2026:08:25:32 +0000] "GET /whsy.php?p=%2Fproc%2F31949 HTTP/1.1" 200 948 "http://23rdbanking.com.lab2454.com/whsy.php?e=iomem&p=%2Fproc" "Mozilla/5.0 AppleWebKit/537.36 (KHTML, like Gecko; compatible; GPTBot/1.3; +https://openai.com/gptbot)"
74.7.227.128 - - [18/Mar/2026:08:25:43 +0000] "GET /whsy.php?p=%2Fproc%2F16025 HTTP/1.1" 200 948 "http://23rdbanking.com.lab2454.com/whsy.php?e=3915&p=%2Fproc" "Mozilla/5.0 AppleWebKit/537.36 (KHTML, like Gecko; compatible; GPTBot/1.3; +https://openai.com/gptbot)"
74.7.227.128 - - [18/Mar/2026:08:25:53 +0000] "GET /whsy.php?p=%2Fproc%2F28479 HTTP/1.1" 200 948 "http://23rdbanking.com.lab2454.com/whsy.php?e=24023&p=%2Fproc" "Mozilla/5.0 AppleWebKit/537.36 (KHTML, like Gecko; compatible; GPTBot/1.3; +https://openai.com/gptbot)"
74.7.227.128 - - [18/Mar/2026:08:26:06 +0000] "GET /whsy.php?p=%2Fproc%2F10531 HTTP/1.1" 200 948 "http://23rdbanking.com.lab2454.com/whsy.php?e=31939&p=%2Fproc" "Mozilla/5.0 AppleWebKit/537.36 (KHTML, like Gecko; compatible; GPTBot/1.3; +https://openai.com/gptbot)"
74.7.227.128 - - [18/Mar/2026:08:26:16 +0000] "GET /whsy.php?p=%2Fproc%2F16753 HTTP/1.1" 200 948 "http://23rdbanking.com.lab2454.com/whsy.php?e=12508&p=%2Fproc" "Mozilla/5.0 AppleWebKit/537.36 (KHTML, like Gecko; compatible; GPTBot/1.3; +https://openai.com/gptbot)"
74.7.227.128 - - [18/Mar/2026:08:26:28 +0000] "GET /whsy.php?p=%2Fproc%2F24001 HTTP/1.1" 200 948 "http://23rdbanking.com.lab2454.com/whsy.php?e=12508&p=%2Fproc" "Mozilla/5.0 AppleWebKit/537.36 (KHTML, like Gecko; compatible; GPTBot/1.3; +https://openai.com/gptbot)"
74.7.227.128 - - [18/Mar/2026:08:26:42 +0000] "GET /whsy.php?p=%2Fproc%2F28004 HTTP/1.1" 200 948 "http://23rdbanking.com.lab2454.com/whsy.php?e=24023&p=%2Fproc" "Mozilla/5.0 AppleWebKit/537.36 (KHTML, like Gecko; compatible; GPTBot/1.3; +https://openai.com/gptbot)"
74.7.227.128 - - [18/Mar/2026:08:26:54 +0000] "GET /whsy.php?p=%2Fproc%2F23609 HTTP/1.1" 200 948 "http://23rdbanking.com.lab2454.com/whsy.php?e=12508&p=%2Fproc" "Mozilla/5.0 AppleWebKit/537.36 (KHTML, like Gecko; compatible; GPTBot/1.3; +https://openai.com/gptbot)"
74.7.227.128 - - [18/Mar/2026:08:27:07 +0000] "GET /whsy.php?p=%2Fproc%2F23564 HTTP/1.1" 200 948 "http://23rdbanking.com.lab2454.com/whsy.php?e=12508&p=%2Fproc" "Mozilla/5.0 AppleWebKit/537.36 (KHTML, like Gecko; compatible; GPTBot/1.3; +https://openai.com/gptbot)"
74.7.227.128 - - [18/Mar/2026:08:27:21 +0000] "GET /whsy.php?p=%2Fproc%2F24065 HTTP/1.1" 200 948 "http://23rdbanking.com.lab2454.com/whsy.php?e=12508&p=%2Fproc" "Mozilla/5.0 AppleWebKit/537.36 (KHTML, like Gecko; compatible; GPTBot/1.3; +https://openai.com/gptbot)"
74.7.227.128 - - [18/Mar/2026:08:27:38 +0000] "GET /whsy.php?p=%2Fproc%2F12092 HTTP/1.1" 200 948 "http://23rdbanking.com.lab2454.com/whsy.php?e=696&p=%2Fproc" "Mozilla/5.0 AppleWebKit/537.36 (KHTML, like Gecko; compatible; GPTBot/1.3; +https://openai.com/gptbot)"
74.7.227.128 - - [18/Mar/2026:08:28:01 +0000] "GET /whsy.php?p=%2Fproc%2F24073 HTTP/1.1" 200 948 "http://23rdbanking.com.lab2454.com/whsy.php?e=12508&p=%2Fproc" "Mozilla/5.0 AppleWebKit/537.36 (KHTML, like Gecko; compatible; GPTBot/1.3; +https://openai.com/gptbot)"
74.7.230.44 - - [18/Mar/2026:08:28:03 +0000] "GET /robots.txt HTTP/1.1" 404 - "-" "Mozilla/5.0 (Macintosh; Intel Mac OS X 10_15_7) AppleWebKit/537.36 (KHTML, like Gecko) Chrome/131.0.0.0 Safari/537.36; compatible; OAI-SearchBot/1.3; robots.txt; +https://openai.com/searchbot"
74.7.227.128 - - [18/Mar/2026:08:28:24 +0000] "GET /whsy.php?p=%2Fproc%2F10334 HTTP/1.1" 200 948 "http://23rdbanking.com.lab2454.com/whsy.php?e=31939&p=%2Fproc" "Mozilla/5.0 AppleWebKit/537.36 (KHTML, like Gecko; compatible; GPTBot/1.3; +https://openai.com/gptbot)"
74.7.227.128 - - [18/Mar/2026:08:28:36 +0000] "GET /whsy.php?p=%2Fproc%2F21892 HTTP/1.1" 200 948 "http://23rdbanking.com.lab2454.com/whsy.php?e=iomem&p=%2Fproc" "Mozilla/5.0 AppleWebKit/537.36 (KHTML, like Gecko; compatible; GPTBot/1.3; +https://openai.com/gptbot)"
74.7.227.128 - - [18/Mar/2026:08:28:48 +0000] "GET /whsy.php?p=%2Fproc%2F30842 HTTP/1.1" 200 948 "http://23rdbanking.com.lab2454.com/whsy.php?e=iomem&p=%2Fproc" "Mozilla/5.0 AppleWebKit/537.36 (KHTML, like Gecko; compatible; GPTBot/1.3; +https://openai.com/gptbot)"
74.7.227.128 - - [18/Mar/2026:08:29:02 +0000] "GET /whsy.php?p=%2Fproc%2F31921 HTTP/1.1" 200 948 "http://23rdbanking.com.lab2454.com/whsy.php?e=iomem&p=%2Fproc" "Mozilla/5.0 AppleWebKit/537.36 (KHTML, like Gecko; compatible; GPTBot/1.3; +https://openai.com/gptbot)"
74.7.227.128 - - [18/Mar/2026:08:29:13 +0000] "GET /whsy.php?p=%2Fproc%2F28480 HTTP/1.1" 200 948 "http://23rdbanking.com.lab2454.com/whsy.php?e=24023&p=%2Fproc" "Mozilla/5.0 AppleWebKit/537.36 (KHTML, like Gecko; compatible; GPTBot/1.3; +https://openai.com/gptbot)"
74.7.227.128 - - [18/Mar/2026:08:29:26 +0000] "GET /whsy.php?p=%2Fproc%2F24105 HTTP/1.1" 200 948 "http://23rdbanking.com.lab2454.com/whsy.php?e=12508&p=%2Fproc" "Mozilla/5.0 AppleWebKit/537.36 (KHTML, like Gecko; compatible; GPTBot/1.3; +https://openai.com/gptbot)"
74.7.227.128 - - [18/Mar/2026:08:29:43 +0000] "GET /whsy.php?p=%2Fproc%2F16018 HTTP/1.1" 200 948 "http://23rdbanking.com.lab2454.com/whsy.php?e=3915&p=%2Fproc" "Mozilla/5.0 AppleWebKit/537.36 (KHTML, like Gecko; compatible; GPTBot/1.3; +https://openai.com/gptbot)"
74.7.227.128 - - [18/Mar/2026:08:29:54 +0000] "GET /whsy.php?p=%2Fproc%2F12500 HTTP/1.1" 200 948 "http://23rdbanking.com.lab2454.com/whsy.php?e=696&p=%2Fproc" "Mozilla/5.0 AppleWebKit/537.36 (KHTML, like Gecko; compatible; GPTBot/1.3; +https://openai.com/gptbot)"
74.7.227.128 - - [18/Mar/2026:08:30:07 +0000] "GET /whsy.php?p=%2Fproc%2F15969 HTTP/1.1" 200 948 "http://23rdbanking.com.lab2454.com/whsy.php?e=3915&p=%2Fproc" "Mozilla/5.0 AppleWebKit/537.36 (KHTML, like Gecko; compatible; GPTBot/1.3; +https://openai.com/gptbot)"
74.7.227.128 - - [18/Mar/2026:08:30:18 +0000] "GET /whsy.php?p=%2Fproc%2F10503 HTTP/1.1" 200 948 "http://23rdbanking.com.lab2454.com/whsy.php?e=31939&p=%2Fproc" "Mozilla/5.0 AppleWebKit/537.36 (KHTML, like Gecko; compatible; GPTBot/1.3; +https://openai.com/gptbot)"
74.7.227.128 - - [18/Mar/2026:08:30:31 +0000] "GET /whsy.php?p=%2Fproc%2F14588 HTTP/1.1" 200 948 "http://23rdbanking.com.lab2454.com/whsy.php?e=782&p=%2Fproc" "Mozilla/5.0 AppleWebKit/537.36 (KHTML, like Gecko; compatible; GPTBot/1.3; +https://openai.com/gptbot)"
74.7.227.128 - - [18/Mar/2026:08:30:44 +0000] "GET /whsy.php?p=%2Fproc%2F10634 HTTP/1.1" 200 948 "http://23rdbanking.com.lab2454.com/whsy.php?e=31939&p=%2Fproc" "Mozilla/5.0 AppleWebKit/537.36 (KHTML, like Gecko; compatible; GPTBot/1.3; +https://openai.com/gptbot)"
74.7.227.128 - - [18/Mar/2026:08:30:54 +0000] "GET /whsy.php?p=%2Fproc%2F31957 HTTP/1.1" 200 948 "http://23rdbanking.com.lab2454.com/whsy.php?e=iomem&p=%2Fproc" "Mozilla/5.0 AppleWebKit/537.36 (KHTML, like Gecko; compatible; GPTBot/1.3; +https://openai.com/gptbot)"
74.7.227.128 - - [18/Mar/2026:08:31:03 +0000] "GET /whsy.php?p=%2Fproc%2F17732 HTTP/1.1" 200 948 "http://23rdbanking.com.lab2454.com/whsy.php?e=12508&p=%2Fproc" "Mozilla/5.0 AppleWebKit/537.36 (KHTML, like Gecko; compatible; GPTBot/1.3; +https://openai.com/gptbot)"
74.7.227.128 - - [18/Mar/2026:08:31:11 +0000] "GET /whsy.php?p=%2Fproc%2F16022 HTTP/1.1" 200 948 "http://23rdbanking.com.lab2454.com/whsy.php?e=3915&p=%2Fproc" "Mozilla/5.0 AppleWebKit/537.36 (KHTML, like Gecko; compatible; GPTBot/1.3; +https://openai.com/gptbot)"
74.7.227.128 - - [18/Mar/2026:08:31:21 +0000] "GET /whsy.php?p=%2Fproc%2F24113 HTTP/1.1" 200 948 "http://23rdbanking.com.lab2454.com/whsy.php?e=12508&p=%2Fproc" "Mozilla/5.0 AppleWebKit/537.36 (KHTML, like Gecko; compatible; GPTBot/1.3; +https://openai.com/gptbot)"
216.244.66.241 - - [18/Mar/2026:08:31:28 +0000] "GET /robots.txt HTTP/1.1" 404 - "-" "Mozilla/5.0 (compatible; DotBot/1.2; +https://opensiteexplorer.org/dotbot; help@moz.com)"
74.7.227.128 - - [18/Mar/2026:08:31:30 +0000] "GET /whsy.php?p=%2Fproc%2F23364 HTTP/1.1" 200 948 "http://23rdbanking.com.lab2454.com/whsy.php?e=iomem&p=%2Fproc" "Mozilla/5.0 AppleWebKit/537.36 (KHTML, like Gecko; compatible; GPTBot/1.3; +https://openai.com/gptbot)"
74.7.227.128 - - [18/Mar/2026:08:31:49 +0000] "GET /whsy.php?p=%2Fproc%2F31943 HTTP/1.1" 200 948 "http://23rdbanking.com.lab2454.com/whsy.php?e=iomem&p=%2Fproc" "Mozilla/5.0 AppleWebKit/537.36 (KHTML, like Gecko; compatible; GPTBot/1.3; +https://openai.com/gptbot)"
74.7.227.128 - - [18/Mar/2026:08:32:12 +0000] "GET /whsy.php?p=%2Fproc%2F31946 HTTP/1.1" 200 948 "http://23rdbanking.com.lab2454.com/whsy.php?e=iomem&p=%2Fproc" "Mozilla/5.0 AppleWebKit/537.36 (KHTML, like Gecko; compatible; GPTBot/1.3; +https://openai.com/gptbot)"
74.7.227.128 - - [18/Mar/2026:08:32:29 +0000] "GET /whsy.php?p=%2Fproc%2F31958 HTTP/1.1" 200 948 "http://23rdbanking.com.lab2454.com/whsy.php?e=iomem&p=%2Fproc" "Mozilla/5.0 AppleWebKit/537.36 (KHTML, like Gecko; compatible; GPTBot/1.3; +https://openai.com/gptbot)"
74.7.227.128 - - [18/Mar/2026:08:32:47 +0000] "GET /whsy.php?p=%2Fproc%2F31851 HTTP/1.1" 200 948 "http://23rdbanking.com.lab2454.com/whsy.php?e=iomem&p=%2Fproc" "Mozilla/5.0 AppleWebKit/537.36 (KHTML, like Gecko; compatible; GPTBot/1.3; +https://openai.com/gptbot)"
74.7.227.128 - - [18/Mar/2026:08:32:58 +0000] "GET /whsy.php?p=%2Fproc%2F10527 HTTP/1.1" 200 948 "http://23rdbanking.com.lab2454.com/whsy.php?e=31939&p=%2Fproc" "Mozilla/5.0 AppleWebKit/537.36 (KHTML, like Gecko; compatible; GPTBot/1.3; +https://openai.com/gptbot)"
74.7.227.128 - - [18/Mar/2026:08:33:07 +0000] "GET /whsy.php?p=%2Fproc%2F11585 HTTP/1.1" 200 948 "http://23rdbanking.com.lab2454.com/whsy.php?e=iomem&p=%2Fproc" "Mozilla/5.0 AppleWebKit/537.36 (KHTML, like Gecko; compatible; GPTBot/1.3; +https://openai.com/gptbot)"
74.7.230.44 - - [18/Mar/2026:08:33:07 +0000] "GET /robots.txt HTTP/1.1" 404 - "-" "Mozilla/5.0 (Macintosh; Intel Mac OS X 10_15_7) AppleWebKit/537.36 (KHTML, like Gecko) Chrome/131.0.0.0 Safari/537.36; compatible; OAI-SearchBot/1.3; robots.txt; +https://openai.com/searchbot"
74.7.227.128 - - [18/Mar/2026:08:33:15 +0000] "GET /whsy.php?p=%2Fproc%2F28473 HTTP/1.1" 200 948 "http://23rdbanking.com.lab2454.com/whsy.php?e=24023&p=%2Fproc" "Mozilla/5.0 AppleWebKit/537.36 (KHTML, like Gecko; compatible; GPTBot/1.3; +https://openai.com/gptbot)"
74.7.227.128 - - [18/Mar/2026:08:33:25 +0000] "GET /whsy.php?p=%2Fproc%2F10518 HTTP/1.1" 200 948 "http://23rdbanking.com.lab2454.com/whsy.php?e=31939&p=%2Fproc" "Mozilla/5.0 AppleWebKit/537.36 (KHTML, like Gecko; compatible; GPTBot/1.3; +https://openai.com/gptbot)"
74.7.227.128 - - [18/Mar/2026:08:33:35 +0000] "GET /whsy.php?p=%2Fproc%2F27853 HTTP/1.1" 200 948 "http://23rdbanking.com.lab2454.com/whsy.php?e=24023&p=%2Fproc" "Mozilla/5.0 AppleWebKit/537.36 (KHTML, like Gecko; compatible; GPTBot/1.3; +https://openai.com/gptbot)"
74.7.227.128 - - [18/Mar/2026:08:33:43 +0000] "GET /whsy.php?p=%2Fproc%2F11589 HTTP/1.1" 200 948 "http://23rdbanking.com.lab2454.com/whsy.php?e=696&p=%2Fproc" "Mozilla/5.0 AppleWebKit/537.36 (KHTML, like Gecko; compatible; GPTBot/1.3; +https://openai.com/gptbot)"
74.7.227.128 - - [18/Mar/2026:08:33:52 +0000] "GET /whsy.php?p=%2Fproc%2F16017 HTTP/1.1" 200 948 "http://23rdbanking.com.lab2454.com/whsy.php?e=3915&p=%2Fproc" "Mozilla/5.0 AppleWebKit/537.36 (KHTML, like Gecko; compatible; GPTBot/1.3; +https://openai.com/gptbot)"
74.7.227.128 - - [18/Mar/2026:08:34:01 +0000] "GET /whsy.php?p=%2Fproc%2F28466 HTTP/1.1" 200 948 "http://23rdbanking.com.lab2454.com/whsy.php?e=24023&p=%2Fproc" "Mozilla/5.0 AppleWebKit/537.36 (KHTML, like Gecko; compatible; GPTBot/1.3; +https://openai.com/gptbot)"
74.7.227.128 - - [18/Mar/2026:08:34:10 +0000] "GET /whsy.php?p=%2Fproc%2F21641 HTTP/1.1" 200 948 "http://23rdbanking.com.lab2454.com/whsy.php?e=12508&p=%2Fproc" "Mozilla/5.0 AppleWebKit/537.36 (KHTML, like Gecko; compatible; GPTBot/1.3; +https://openai.com/gptbot)"
74.7.227.128 - - [18/Mar/2026:08:34:18 +0000] "GET /whsy.php?p=%2Fproc%2F28430 HTTP/1.1" 200 948 "http://23rdbanking.com.lab2454.com/whsy.php?e=24023&p=%2Fproc" "Mozilla/5.0 AppleWebKit/537.36 (KHTML, like Gecko; compatible; GPTBot/1.3; +https://openai.com/gptbot)"
74.7.227.128 - - [18/Mar/2026:08:34:26 +0000] "GET /whsy.php?p=%2Fproc%2F31926 HTTP/1.1" 200 948 "http://23rdbanking.com.lab2454.com/whsy.php?e=iomem&p=%2Fproc" "Mozilla/5.0 AppleWebKit/537.36 (KHTML, like Gecko; compatible; GPTBot/1.3; +https://openai.com/gptbot)"
74.7.227.128 - - [18/Mar/2026:08:34:34 +0000] "GET /whsy.php?p=%2Fproc%2F23314 HTTP/1.1" 200 948 "http://23rdbanking.com.lab2454.com/whsy.php?e=12508&p=%2Fproc" "Mozilla/5.0 AppleWebKit/537.36 (KHTML, like Gecko; compatible; GPTBot/1.3; +https://openai.com/gptbot)"
74.7.227.128 - - [18/Mar/2026:08:34:42 +0000] "GET /whsy.php?p=%2Fproc%2F14703 HTTP/1.1" 200 948 "http://23rdbanking.com.lab2454.com/whsy.php?e=782&p=%2Fproc" "Mozilla/5.0 AppleWebKit/537.36 (KHTML, like Gecko; compatible; GPTBot/1.3; +https://openai.com/gptbot)"
74.7.227.128 - - [18/Mar/2026:08:34:50 +0000] "GET /whsy.php?p=%2Fproc%2F24673 HTTP/1.1" 200 948 "http://23rdbanking.com.lab2454.com/whsy.php?e=24023&p=%2Fproc" "Mozilla/5.0 AppleWebKit/537.36 (KHTML, like Gecko; compatible; GPTBot/1.3; +https://openai.com/gptbot)"
74.7.227.128 - - [18/Mar/2026:08:34:59 +0000] "GET /whsy.php?p=%2Fproc%2F27031 HTTP/1.1" 200 948 "http://23rdbanking.com.lab2454.com/whsy.php?e=iomem&p=%2Fproc" "Mozilla/5.0 AppleWebKit/537.36 (KHTML, like Gecko; compatible; GPTBot/1.3; +https://openai.com/gptbot)"
74.7.227.128 - - [18/Mar/2026:08:35:08 +0000] "GET /whsy.php?p=%2Fproc%2F21864 HTTP/1.1" 200 948 "http://23rdbanking.com.lab2454.com/whsy.php?e=iomem&p=%2Fproc" "Mozilla/5.0 AppleWebKit/537.36 (KHTML, like Gecko; compatible; GPTBot/1.3; +https://openai.com/gptbot)"
74.7.227.128 - - [18/Mar/2026:08:35:18 +0000] "GET /whsy.php?p=%2Fproc%2F31930 HTTP/1.1" 200 948 "http://23rdbanking.com.lab2454.com/whsy.php?e=iomem&p=%2Fproc" "Mozilla/5.0 AppleWebKit/537.36 (KHTML, like Gecko; compatible; GPTBot/1.3; +https://openai.com/gptbot)"
74.7.227.128 - - [18/Mar/2026:08:35:28 +0000] "GET /whsy.php?p=%2Fproc%2F24108 HTTP/1.1" 200 948 "http://23rdbanking.com.lab2454.com/whsy.php?e=12508&p=%2Fproc" "Mozilla/5.0 AppleWebKit/537.36 (KHTML, like Gecko; compatible; GPTBot/1.3; +https://openai.com/gptbot)"
74.7.227.128 - - [18/Mar/2026:08:35:45 +0000] "GET /whsy.php?p=%2Fproc%2F12199 HTTP/1.1" 200 948 "http://23rdbanking.com.lab2454.com/whsy.php?e=696&p=%2Fproc" "Mozilla/5.0 AppleWebKit/537.36 (KHTML, like Gecko; compatible; GPTBot/1.3; +https://openai.com/gptbot)"
74.7.227.128 - - [18/Mar/2026:08:36:06 +0000] "GET /whsy.php?p=%2Fproc%2F21893 HTTP/1.1" 200 948 "http://23rdbanking.com.lab2454.com/whsy.php?e=iomem&p=%2Fproc" "Mozilla/5.0 AppleWebKit/537.36 (KHTML, like Gecko; compatible; GPTBot/1.3; +https://openai.com/gptbot)"
74.7.227.128 - - [18/Mar/2026:08:36:26 +0000] "GET /whsy.php?p=%2Fproc%2F14702 HTTP/1.1" 200 948 "http://23rdbanking.com.lab2454.com/whsy.php?e=782&p=%2Fproc" "Mozilla/5.0 AppleWebKit/537.36 (KHTML, like Gecko; compatible; GPTBot/1.3; +https://openai.com/gptbot)"
74.7.227.128 - - [18/Mar/2026:08:36:43 +0000] "GET /whsy.php?p=%2Fproc%2F12507 HTTP/1.1" 200 948 "http://23rdbanking.com.lab2454.com/whsy.php?e=696&p=%2Fproc" "Mozilla/5.0 AppleWebKit/537.36 (KHTML, like Gecko; compatible; GPTBot/1.3; +https://openai.com/gptbot)"
74.7.227.128 - - [18/Mar/2026:08:36:56 +0000] "GET /whsy.php?p=%2Fproc%2F14346 HTTP/1.1" 200 948 "http://23rdbanking.com.lab2454.com/whsy.php?e=782&p=%2Fproc" "Mozilla/5.0 AppleWebKit/537.36 (KHTML, like Gecko; compatible; GPTBot/1.3; +https://openai.com/gptbot)"
74.7.227.128 - - [18/Mar/2026:08:37:07 +0000] "GET /whsy.php?p=%2Fproc%2F10287 HTTP/1.1" 200 948 "http://23rdbanking.com.lab2454.com/whsy.php?e=24023&p=%2Fproc" "Mozilla/5.0 AppleWebKit/537.36 (KHTML, like Gecko; compatible; GPTBot/1.3; +https://openai.com/gptbot)"
74.7.227.128 - - [18/Mar/2026:08:37:19 +0000] "GET /whsy.php?p=%2Fproc%2F28460 HTTP/1.1" 200 948 "http://23rdbanking.com.lab2454.com/whsy.php?e=24023&p=%2Fproc" "Mozilla/5.0 AppleWebKit/537.36 (KHTML, like Gecko; compatible; GPTBot/1.3; +https://openai.com/gptbot)"
74.7.227.128 - - [18/Mar/2026:08:37:30 +0000] "GET /whsy.php?p=%2Fproc%2F28474 HTTP/1.1" 200 948 "http://23rdbanking.com.lab2454.com/whsy.php?e=24023&p=%2Fproc" "Mozilla/5.0 AppleWebKit/537.36 (KHTML, like Gecko; compatible; GPTBot/1.3; +https://openai.com/gptbot)"
