74.7.227.128 - - [17/Mar/2026:20:53:24 +0000] "GET /whsy.php?e=mcfilter&p=%2Fproc%2F11894%2Fnet HTTP/1.1" 200 2538 "http://23rdbanking.com.lab2454.com/whsy.php?p=%2Fproc%2F11894%2Fnet" "Mozilla/5.0 AppleWebKit/537.36 (KHTML, like Gecko; compatible; GPTBot/1.3; +https://openai.com/gptbot)"
74.7.227.128 - - [17/Mar/2026:20:53:39 +0000] "GET /whsy.php?e=fib_trie&p=%2Fproc%2F30755%2Fnet HTTP/1.1" 200 2694 "http://23rdbanking.com.lab2454.com/whsy.php?p=%2Fproc%2F30755%2Fnet" "Mozilla/5.0 AppleWebKit/537.36 (KHTML, like Gecko; compatible; GPTBot/1.3; +https://openai.com/gptbot)"
74.7.227.128 - - [17/Mar/2026:20:53:53 +0000] "GET /whsy.php?e=fib_trie&p=%2Fproc%2F18646%2Fnet HTTP/1.1" 200 2694 "http://23rdbanking.com.lab2454.com/whsy.php?p=%2Fproc%2F18646%2Fnet" "Mozilla/5.0 AppleWebKit/537.36 (KHTML, like Gecko; compatible; GPTBot/1.3; +https://openai.com/gptbot)"
74.7.227.128 - - [17/Mar/2026:20:54:10 +0000] "GET /whsy.php?e=mcfilter&p=%2Fproc%2F17315%2Fnet HTTP/1.1" 200 2538 "http://23rdbanking.com.lab2454.com/whsy.php?p=%2Fproc%2F17315%2Fnet" "Mozilla/5.0 AppleWebKit/537.36 (KHTML, like Gecko; compatible; GPTBot/1.3; +https://openai.com/gptbot)"
74.7.227.128 - - [17/Mar/2026:20:54:25 +0000] "GET /whsy.php?e=udplite&p=%2Fproc%2F14589%2Fnet HTTP/1.1" 200 2584 "http://23rdbanking.com.lab2454.com/whsy.php?p=%2Fproc%2F14589%2Fnet" "Mozilla/5.0 AppleWebKit/537.36 (KHTML, like Gecko; compatible; GPTBot/1.3; +https://openai.com/gptbot)"
74.7.227.128 - - [17/Mar/2026:20:54:38 +0000] "GET /whsy.php?e=fib_trie&p=%2Fproc%2F11369%2Fnet HTTP/1.1" 200 2693 "http://23rdbanking.com.lab2454.com/whsy.php?p=%2Fproc%2F11369%2Fnet" "Mozilla/5.0 AppleWebKit/537.36 (KHTML, like Gecko; compatible; GPTBot/1.3; +https://openai.com/gptbot)"
74.7.227.128 - - [17/Mar/2026:20:54:50 +0000] "GET /whsy.php?e=mcfilter&p=%2Fproc%2F11053%2Fnet HTTP/1.1" 200 2538 "http://23rdbanking.com.lab2454.com/whsy.php?p=%2Fproc%2F11053%2Fnet" "Mozilla/5.0 AppleWebKit/537.36 (KHTML, like Gecko; compatible; GPTBot/1.3; +https://openai.com/gptbot)"
74.7.227.128 - - [17/Mar/2026:20:55:04 +0000] "GET /whsy.php?e=mcfilter&p=%2Fproc%2F17194%2Fnet HTTP/1.1" 200 2538 "http://23rdbanking.com.lab2454.com/whsy.php?p=%2Fproc%2F17194%2Fnet" "Mozilla/5.0 AppleWebKit/537.36 (KHTML, like Gecko; compatible; GPTBot/1.3; +https://openai.com/gptbot)"
74.7.227.128 - - [17/Mar/2026:20:55:16 +0000] "GET /whsy.php?e=udplite&p=%2Fproc%2F17304%2Fnet HTTP/1.1" 200 2583 "http://23rdbanking.com.lab2454.com/whsy.php?p=%2Fproc%2F17304%2Fnet" "Mozilla/5.0 AppleWebKit/537.36 (KHTML, like Gecko; compatible; GPTBot/1.3; +https://openai.com/gptbot)"
74.7.227.128 - - [17/Mar/2026:20:55:29 +0000] "GET /whsy.php?e=mcfilter&p=%2Fproc%2F30575%2Fnet HTTP/1.1" 200 948 "http://23rdbanking.com.lab2454.com/whsy.php?p=%2Fproc%2F30575%2Fnet" "Mozilla/5.0 AppleWebKit/537.36 (KHTML, like Gecko; compatible; GPTBot/1.3; +https://openai.com/gptbot)"
74.7.227.128 - - [17/Mar/2026:20:55:41 +0000] "GET /whsy.php?e=mcfilter&p=%2Fproc%2F30755%2Fnet HTTP/1.1" 200 2539 "http://23rdbanking.com.lab2454.com/whsy.php?p=%2Fproc%2F30755%2Fnet" "Mozilla/5.0 AppleWebKit/537.36 (KHTML, like Gecko; compatible; GPTBot/1.3; +https://openai.com/gptbot)"
43.130.47.33 - - [17/Mar/2026:20:55:48 +0000] "GET /wp-cron.php HTTP/1.1" 200 20 "-" "Mozilla/5.0 (iPhone; CPU iPhone OS 13_2_3 like Mac OS X) AppleWebKit/605.1.15 (KHTML, like Gecko) Version/13.0.3 Mobile/15E148 Safari/604.1"
74.7.227.128 - - [17/Mar/2026:20:55:52 +0000] "GET /whsy.php?e=udplite&p=%2Fproc%2F30578%2Fnet HTTP/1.1" 200 948 "http://23rdbanking.com.lab2454.com/whsy.php?p=%2Fproc%2F30578%2Fnet" "Mozilla/5.0 AppleWebKit/537.36 (KHTML, like Gecko; compatible; GPTBot/1.3; +https://openai.com/gptbot)"
74.7.227.128 - - [17/Mar/2026:20:56:03 +0000] "GET /whsy.php?e=mcfilter&p=%2Fproc%2F14351%2Fnet HTTP/1.1" 200 948 "http://23rdbanking.com.lab2454.com/whsy.php?p=%2Fproc%2F14351%2Fnet" "Mozilla/5.0 AppleWebKit/537.36 (KHTML, like Gecko; compatible; GPTBot/1.3; +https://openai.com/gptbot)"
74.7.227.128 - - [17/Mar/2026:20:56:14 +0000] "GET /whsy.php?e=udplite&p=%2Fproc%2F30671%2Fnet HTTP/1.1" 200 2583 "http://23rdbanking.com.lab2454.com/whsy.php?p=%2Fproc%2F30671%2Fnet" "Mozilla/5.0 AppleWebKit/537.36 (KHTML, like Gecko; compatible; GPTBot/1.3; +https://openai.com/gptbot)"
74.7.227.128 - - [17/Mar/2026:20:56:29 +0000] "GET /whsy.php?e=fib_trie&p=%2Fproc%2F19663%2Fnet HTTP/1.1" 200 2694 "http://23rdbanking.com.lab2454.com/whsy.php?p=%2Fproc%2F19663%2Fnet" "Mozilla/5.0 AppleWebKit/537.36 (KHTML, like Gecko; compatible; GPTBot/1.3; +https://openai.com/gptbot)"
74.7.227.128 - - [17/Mar/2026:20:56:40 +0000] "GET /whsy.php?e=mcfilter&p=%2Fproc%2F18646%2Fnet HTTP/1.1" 200 2538 "http://23rdbanking.com.lab2454.com/whsy.php?p=%2Fproc%2F18646%2Fnet" "Mozilla/5.0 AppleWebKit/537.36 (KHTML, like Gecko; compatible; GPTBot/1.3; +https://openai.com/gptbot)"
74.7.227.128 - - [17/Mar/2026:20:56:51 +0000] "GET /whsy.php?e=mcfilter&p=%2Fproc%2F13147%2Fnet HTTP/1.1" 200 2538 "http://23rdbanking.com.lab2454.com/whsy.php?p=%2Fproc%2F13147%2Fnet" "Mozilla/5.0 AppleWebKit/537.36 (KHTML, like Gecko; compatible; GPTBot/1.3; +https://openai.com/gptbot)"
74.7.227.128 - - [17/Mar/2026:20:57:01 +0000] "GET /whsy.php?e=mcfilter&p=%2Fproc%2F17913%2Fnet HTTP/1.1" 200 2538 "http://23rdbanking.com.lab2454.com/whsy.php?p=%2Fproc%2F17913%2Fnet" "Mozilla/5.0 AppleWebKit/537.36 (KHTML, like Gecko; compatible; GPTBot/1.3; +https://openai.com/gptbot)"
74.7.227.128 - - [17/Mar/2026:20:57:15 +0000] "GET /whsy.php?e=udplite&p=%2Fproc%2F30576%2Fnet HTTP/1.1" 200 948 "http://23rdbanking.com.lab2454.com/whsy.php?p=%2Fproc%2F30576%2Fnet" "Mozilla/5.0 AppleWebKit/537.36 (KHTML, like Gecko; compatible; GPTBot/1.3; +https://openai.com/gptbot)"
74.7.227.128 - - [17/Mar/2026:20:57:33 +0000] "GET /whsy.php?e=mcfilter&p=%2Fproc%2F13196%2Fnet HTTP/1.1" 200 2537 "http://23rdbanking.com.lab2454.com/whsy.php?p=%2Fproc%2F13196%2Fnet" "Mozilla/5.0 AppleWebKit/537.36 (KHTML, like Gecko; compatible; GPTBot/1.3; +https://openai.com/gptbot)"
74.7.227.128 - - [17/Mar/2026:20:57:49 +0000] "GET /whsy.php?e=mcfilter&p=%2Fproc%2F31066%2Fnet HTTP/1.1" 200 948 "http://23rdbanking.com.lab2454.com/whsy.php?p=%2Fproc%2F31066%2Fnet" "Mozilla/5.0 AppleWebKit/537.36 (KHTML, like Gecko; compatible; GPTBot/1.3; +https://openai.com/gptbot)"
74.7.227.128 - - [17/Mar/2026:20:58:02 +0000] "GET /whsy.php?e=mcfilter&p=%2Fproc%2F15931%2Fnet HTTP/1.1" 200 948 "http://23rdbanking.com.lab2454.com/whsy.php?p=%2Fproc%2F15931%2Fnet" "Mozilla/5.0 AppleWebKit/537.36 (KHTML, like Gecko; compatible; GPTBot/1.3; +https://openai.com/gptbot)"
74.7.227.128 - - [17/Mar/2026:20:58:17 +0000] "GET /whsy.php?e=fib_trie&p=%2Fproc%2F31060%2Fnet HTTP/1.1" 200 948 "http://23rdbanking.com.lab2454.com/whsy.php?p=%2Fproc%2F31060%2Fnet" "Mozilla/5.0 AppleWebKit/537.36 (KHTML, like Gecko; compatible; GPTBot/1.3; +https://openai.com/gptbot)"
74.7.227.128 - - [17/Mar/2026:20:58:33 +0000] "GET /whsy.php?e=fib_trie&p=%2Fproc%2F14351%2Fnet HTTP/1.1" 200 948 "http://23rdbanking.com.lab2454.com/whsy.php?p=%2Fproc%2F14351%2Fnet" "Mozilla/5.0 AppleWebKit/537.36 (KHTML, like Gecko; compatible; GPTBot/1.3; +https://openai.com/gptbot)"
74.7.227.128 - - [17/Mar/2026:20:58:50 +0000] "GET /whsy.php?e=udplite&p=%2Fproc%2F18769%2Fnet HTTP/1.1" 200 2584 "http://23rdbanking.com.lab2454.com/whsy.php?p=%2Fproc%2F18769%2Fnet" "Mozilla/5.0 AppleWebKit/537.36 (KHTML, like Gecko; compatible; GPTBot/1.3; +https://openai.com/gptbot)"
74.7.227.128 - - [17/Mar/2026:20:59:02 +0000] "GET /whsy.php?e=fib_trie&p=%2Fproc%2F31066%2Fnet HTTP/1.1" 200 948 "http://23rdbanking.com.lab2454.com/whsy.php?p=%2Fproc%2F31066%2Fnet" "Mozilla/5.0 AppleWebKit/537.36 (KHTML, like Gecko; compatible; GPTBot/1.3; +https://openai.com/gptbot)"
74.7.227.128 - - [17/Mar/2026:20:59:14 +0000] "GET /whsy.php?e=fib_trie&p=%2Fproc%2F30577%2Fnet HTTP/1.1" 200 948 "http://23rdbanking.com.lab2454.com/whsy.php?p=%2Fproc%2F30577%2Fnet" "Mozilla/5.0 AppleWebKit/537.36 (KHTML, like Gecko; compatible; GPTBot/1.3; +https://openai.com/gptbot)"
74.7.227.128 - - [17/Mar/2026:20:59:26 +0000] "GET /whsy.php?e=fib_trie&p=%2Fproc%2F13196%2Fnet HTTP/1.1" 200 2693 "http://23rdbanking.com.lab2454.com/whsy.php?p=%2Fproc%2F13196%2Fnet" "Mozilla/5.0 AppleWebKit/537.36 (KHTML, like Gecko; compatible; GPTBot/1.3; +https://openai.com/gptbot)"
74.7.227.128 - - [17/Mar/2026:20:59:39 +0000] "GET /whsy.php?e=fib_trie&p=%2Fproc%2F11890%2Fnet HTTP/1.1" 200 2693 "http://23rdbanking.com.lab2454.com/whsy.php?p=%2Fproc%2F11890%2Fnet" "Mozilla/5.0 AppleWebKit/537.36 (KHTML, like Gecko; compatible; GPTBot/1.3; +https://openai.com/gptbot)"
74.7.227.128 - - [17/Mar/2026:20:59:50 +0000] "GET /whsy.php?e=mcfilter&p=%2Fproc%2F31038%2Fnet HTTP/1.1" 200 948 "http://23rdbanking.com.lab2454.com/whsy.php?p=%2Fproc%2F31038%2Fnet" "Mozilla/5.0 AppleWebKit/537.36 (KHTML, like Gecko; compatible; GPTBot/1.3; +https://openai.com/gptbot)"
74.7.227.128 - - [17/Mar/2026:21:00:00 +0000] "GET /whsy.php?e=mcfilter&p=%2Fproc%2F11893%2Fnet HTTP/1.1" 200 2538 "http://23rdbanking.com.lab2454.com/whsy.php?p=%2Fproc%2F11893%2Fnet" "Mozilla/5.0 AppleWebKit/537.36 (KHTML, like Gecko; compatible; GPTBot/1.3; +https://openai.com/gptbot)"
74.7.227.128 - - [17/Mar/2026:21:00:10 +0000] "GET /whsy.php?e=fib_trie&p=%2Fproc%2F30575%2Fnet HTTP/1.1" 200 948 "http://23rdbanking.com.lab2454.com/whsy.php?p=%2Fproc%2F30575%2Fnet" "Mozilla/5.0 AppleWebKit/537.36 (KHTML, like Gecko; compatible; GPTBot/1.3; +https://openai.com/gptbot)"
74.7.227.128 - - [17/Mar/2026:21:00:22 +0000] "GET /whsy.php?e=mcfilter&p=%2Fproc%2F30577%2Fnet HTTP/1.1" 200 948 "http://23rdbanking.com.lab2454.com/whsy.php?p=%2Fproc%2F30577%2Fnet" "Mozilla/5.0 AppleWebKit/537.36 (KHTML, like Gecko; compatible; GPTBot/1.3; +https://openai.com/gptbot)"
74.7.227.128 - - [17/Mar/2026:21:00:36 +0000] "GET /whsy.php?e=mcfilter&p=%2Fproc%2F18767%2Fnet HTTP/1.1" 200 2539 "http://23rdbanking.com.lab2454.com/whsy.php?p=%2Fproc%2F18767%2Fnet" "Mozilla/5.0 AppleWebKit/537.36 (KHTML, like Gecko; compatible; GPTBot/1.3; +https://openai.com/gptbot)"
74.7.227.128 - - [17/Mar/2026:21:00:52 +0000] "GET /whsy.php?e=udplite&p=%2Fproc%2F14590%2Fnet HTTP/1.1" 200 2582 "http://23rdbanking.com.lab2454.com/whsy.php?p=%2Fproc%2F14590%2Fnet" "Mozilla/5.0 AppleWebKit/537.36 (KHTML, like Gecko; compatible; GPTBot/1.3; +https://openai.com/gptbot)"
74.7.227.128 - - [17/Mar/2026:21:01:04 +0000] "GET /whsy.php?e=fib_trie&p=%2Fproc%2F15931%2Fnet HTTP/1.1" 200 948 "http://23rdbanking.com.lab2454.com/whsy.php?p=%2Fproc%2F15931%2Fnet" "Mozilla/5.0 AppleWebKit/537.36 (KHTML, like Gecko; compatible; GPTBot/1.3; +https://openai.com/gptbot)"
74.7.227.128 - - [17/Mar/2026:21:01:14 +0000] "GET /whsy.php?e=mcfilter&p=%2Fproc%2F11384%2Fnet HTTP/1.1" 200 2538 "http://23rdbanking.com.lab2454.com/whsy.php?p=%2Fproc%2F11384%2Fnet" "Mozilla/5.0 AppleWebKit/537.36 (KHTML, like Gecko; compatible; GPTBot/1.3; +https://openai.com/gptbot)"
74.7.227.128 - - [17/Mar/2026:21:01:26 +0000] "GET /whsy.php?e=mcfilter&p=%2Fproc%2F10590%2Fnet HTTP/1.1" 200 2537 "http://23rdbanking.com.lab2454.com/whsy.php?p=%2Fproc%2F10590%2Fnet" "Mozilla/5.0 AppleWebKit/537.36 (KHTML, like Gecko; compatible; GPTBot/1.3; +https://openai.com/gptbot)"
74.7.227.128 - - [17/Mar/2026:21:01:37 +0000] "GET /whsy.php?e=fib_trie&p=%2Fproc%2F31038%2Fnet HTTP/1.1" 200 948 "http://23rdbanking.com.lab2454.com/whsy.php?p=%2Fproc%2F31038%2Fnet" "Mozilla/5.0 AppleWebKit/537.36 (KHTML, like Gecko; compatible; GPTBot/1.3; +https://openai.com/gptbot)"
74.7.227.128 - - [17/Mar/2026:21:01:47 +0000] "GET /whsy.php?e=setgroups&p=%2Fproc%2F4314 HTTP/1.1" 200 948 "http://23rdbanking.com.lab2454.com/whsy.php?p=%2Fproc%2F4314" "Mozilla/5.0 AppleWebKit/537.36 (KHTML, like Gecko; compatible; GPTBot/1.3; +https://openai.com/gptbot)"
74.7.227.128 - - [17/Mar/2026:21:02:01 +0000] "GET /whsy.php?p=%2Fproc%2F30633%2Fnet%2Fipt_hashlimit HTTP/1.1" 200 948 "http://23rdbanking.com.lab2454.com/whsy.php?p=%2Fproc%2F30633%2Fnet" "Mozilla/5.0 AppleWebKit/537.36 (KHTML, like Gecko; compatible; GPTBot/1.3; +https://openai.com/gptbot)"
74.7.227.128 - - [17/Mar/2026:21:02:12 +0000] "GET /whsy.php?p=%2Fproc%2F18011%2Fnet%2Fipt_hashlimit HTTP/1.1" 200 500 "http://23rdbanking.com.lab2454.com/whsy.php?p=%2Fproc%2F18011%2Fnet" "Mozilla/5.0 AppleWebKit/537.36 (KHTML, like Gecko; compatible; GPTBot/1.3; +https://openai.com/gptbot)"
74.7.227.128 - - [17/Mar/2026:21:02:24 +0000] "GET /whsy.php?p=%2Fproc%2F11891%2Fnet%2Fipt_hashlimit HTTP/1.1" 200 500 "http://23rdbanking.com.lab2454.com/whsy.php?p=%2Fproc%2F11891%2Fnet" "Mozilla/5.0 AppleWebKit/537.36 (KHTML, like Gecko; compatible; GPTBot/1.3; +https://openai.com/gptbot)"
74.7.227.128 - - [17/Mar/2026:21:02:37 +0000] "GET /whsy.php?e=udplite&p=%2Fproc%2F17194%2Fnet HTTP/1.1" 200 2583 "http://23rdbanking.com.lab2454.com/whsy.php?p=%2Fproc%2F17194%2Fnet" "Mozilla/5.0 AppleWebKit/537.36 (KHTML, like Gecko; compatible; GPTBot/1.3; +https://openai.com/gptbot)"
74.7.227.128 - - [17/Mar/2026:21:02:48 +0000] "GET /whsy.php?e=sockstat&p=%2Fproc%2F17304%2Fnet HTTP/1.1" 200 2604 "http://23rdbanking.com.lab2454.com/whsy.php?p=%2Fproc%2F17304%2Fnet" "Mozilla/5.0 AppleWebKit/537.36 (KHTML, like Gecko; compatible; GPTBot/1.3; +https://openai.com/gptbot)"
74.7.227.128 - - [17/Mar/2026:21:02:59 +0000] "GET /whsy.php?e=udplite&p=%2Fproc%2F30577%2Fnet HTTP/1.1" 200 948 "http://23rdbanking.com.lab2454.com/whsy.php?p=%2Fproc%2F30577%2Fnet" "Mozilla/5.0 AppleWebKit/537.36 (KHTML, like Gecko; compatible; GPTBot/1.3; +https://openai.com/gptbot)"
74.7.227.128 - - [17/Mar/2026:21:03:10 +0000] "GET /whsy.php?e=mcfilter&p=%2Fproc%2F13245%2Fnet HTTP/1.1" 200 2538 "http://23rdbanking.com.lab2454.com/whsy.php?p=%2Fproc%2F13245%2Fnet" "Mozilla/5.0 AppleWebKit/537.36 (KHTML, like Gecko; compatible; GPTBot/1.3; +https://openai.com/gptbot)"
74.7.227.128 - - [17/Mar/2026:21:03:22 +0000] "GET /whsy.php?e=fib_trie&p=%2Fproc%2F11877%2Fnet HTTP/1.1" 200 2694 "http://23rdbanking.com.lab2454.com/whsy.php?p=%2Fproc%2F11877%2Fnet" "Mozilla/5.0 AppleWebKit/537.36 (KHTML, like Gecko; compatible; GPTBot/1.3; +https://openai.com/gptbot)"
74.7.227.128 - - [17/Mar/2026:21:03:37 +0000] "GET /whsy.php?e=fib_trie&p=%2Fproc%2F31029%2Fnet HTTP/1.1" 200 948 "http://23rdbanking.com.lab2454.com/whsy.php?p=%2Fproc%2F31029%2Fnet" "Mozilla/5.0 AppleWebKit/537.36 (KHTML, like Gecko; compatible; GPTBot/1.3; +https://openai.com/gptbot)"
74.7.227.128 - - [17/Mar/2026:21:03:52 +0000] "GET /whsy.php?e=sockstat&p=%2Fproc%2F31067%2Fnet HTTP/1.1" 200 948 "http://23rdbanking.com.lab2454.com/whsy.php?p=%2Fproc%2F31067%2Fnet" "Mozilla/5.0 AppleWebKit/537.36 (KHTML, like Gecko; compatible; GPTBot/1.3; +https://openai.com/gptbot)"
74.7.227.128 - - [17/Mar/2026:21:04:14 +0000] "GET /whsy.php?e=fib_trie&p=%2Fproc%2F30633%2Fnet HTTP/1.1" 200 948 "http://23rdbanking.com.lab2454.com/whsy.php?p=%2Fproc%2F30633%2Fnet" "Mozilla/5.0 AppleWebKit/537.36 (KHTML, like Gecko; compatible; GPTBot/1.3; +https://openai.com/gptbot)"
74.7.227.128 - - [17/Mar/2026:21:04:28 +0000] "GET /whsy.php?e=tls_stat&p=%2Fproc%2F17354%2Fnet HTTP/1.1" 200 2601 "http://23rdbanking.com.lab2454.com/whsy.php?p=%2Fproc%2F17354%2Fnet" "Mozilla/5.0 AppleWebKit/537.36 (KHTML, like Gecko; compatible; GPTBot/1.3; +https://openai.com/gptbot)"
74.7.227.128 - - [17/Mar/2026:21:04:43 +0000] "GET /whsy.php?e=tls_stat&p=%2Fproc%2F30578%2Fnet HTTP/1.1" 200 948 "http://23rdbanking.com.lab2454.com/whsy.php?p=%2Fproc%2F30578%2Fnet" "Mozilla/5.0 AppleWebKit/537.36 (KHTML, like Gecko; compatible; GPTBot/1.3; +https://openai.com/gptbot)"
74.7.227.128 - - [17/Mar/2026:21:05:00 +0000] "GET /whsy.php?e=netlink&p=%2Fproc%2F14590%2Fnet HTTP/1.1" 200 2811 "http://23rdbanking.com.lab2454.com/whsy.php?p=%2Fproc%2F14590%2Fnet" "Mozilla/5.0 AppleWebKit/537.36 (KHTML, like Gecko; compatible; GPTBot/1.3; +https://openai.com/gptbot)"
74.7.227.128 - - [17/Mar/2026:21:05:20 +0000] "GET /whsy.php?e=fib_trie&p=%2Fproc%2F17235%2Fnet HTTP/1.1" 200 2694 "http://23rdbanking.com.lab2454.com/whsy.php?p=%2Fproc%2F17235%2Fnet" "Mozilla/5.0 AppleWebKit/537.36 (KHTML, like Gecko; compatible; GPTBot/1.3; +https://openai.com/gptbot)"
74.7.227.128 - - [17/Mar/2026:21:05:33 +0000] "GET /whsy.php?e=udplite&p=%2Fproc%2F10590%2Fnet HTTP/1.1" 200 2581 "http://23rdbanking.com.lab2454.com/whsy.php?p=%2Fproc%2F10590%2Fnet" "Mozilla/5.0 AppleWebKit/537.36 (KHTML, like Gecko; compatible; GPTBot/1.3; +https://openai.com/gptbot)"
74.7.230.44 - - [17/Mar/2026:21:05:34 +0000] "GET /robots.txt HTTP/1.1" 404 - "-" "Mozilla/5.0 (Macintosh; Intel Mac OS X 10_15_7) AppleWebKit/537.36 (KHTML, like Gecko) Chrome/131.0.0.0 Safari/537.36; compatible; OAI-SearchBot/1.3; robots.txt; +https://openai.com/searchbot"
74.7.227.128 - - [17/Mar/2026:21:05:46 +0000] "GET /whsy.php?e=udplite&p=%2Fproc%2F13196%2Fnet HTTP/1.1" 200 2583 "http://23rdbanking.com.lab2454.com/whsy.php?p=%2Fproc%2F13196%2Fnet" "Mozilla/5.0 AppleWebKit/537.36 (KHTML, like Gecko; compatible; GPTBot/1.3; +https://openai.com/gptbot)"
74.7.227.128 - - [17/Mar/2026:21:05:59 +0000] "GET /whsy.php?e=udplite&p=%2Fproc%2F30755%2Fnet HTTP/1.1" 200 2583 "http://23rdbanking.com.lab2454.com/whsy.php?p=%2Fproc%2F30755%2Fnet" "Mozilla/5.0 AppleWebKit/537.36 (KHTML, like Gecko; compatible; GPTBot/1.3; +https://openai.com/gptbot)"
74.7.227.128 - - [17/Mar/2026:21:06:11 +0000] "GET /whsy.php?e=udplite&p=%2Fproc%2F11384%2Fnet HTTP/1.1" 200 2583 "http://23rdbanking.com.lab2454.com/whsy.php?p=%2Fproc%2F11384%2Fnet" "Mozilla/5.0 AppleWebKit/537.36 (KHTML, like Gecko; compatible; GPTBot/1.3; +https://openai.com/gptbot)"
74.7.227.128 - - [17/Mar/2026:21:06:27 +0000] "GET /whsy.php?e=mcfilter&p=%2Fproc%2F31029%2Fnet HTTP/1.1" 200 948 "http://23rdbanking.com.lab2454.com/whsy.php?p=%2Fproc%2F31029%2Fnet" "Mozilla/5.0 AppleWebKit/537.36 (KHTML, like Gecko; compatible; GPTBot/1.3; +https://openai.com/gptbot)"
74.7.227.128 - - [17/Mar/2026:21:06:42 +0000] "GET /whsy.php?e=udplite&p=%2Fproc%2F18646%2Fnet HTTP/1.1" 200 2583 "http://23rdbanking.com.lab2454.com/whsy.php?p=%2Fproc%2F18646%2Fnet" "Mozilla/5.0 AppleWebKit/537.36 (KHTML, like Gecko; compatible; GPTBot/1.3; +https://openai.com/gptbot)"
74.7.227.128 - - [17/Mar/2026:21:06:55 +0000] "GET /whsy.php?e=udplite&p=%2Fproc%2F14351%2Fnet HTTP/1.1" 200 948 "http://23rdbanking.com.lab2454.com/whsy.php?p=%2Fproc%2F14351%2Fnet" "Mozilla/5.0 AppleWebKit/537.36 (KHTML, like Gecko; compatible; GPTBot/1.3; +https://openai.com/gptbot)"
74.7.227.128 - - [17/Mar/2026:21:07:08 +0000] "GET /whsy.php?e=udplite&p=%2Fproc%2F13501%2Fnet HTTP/1.1" 200 2582 "http://23rdbanking.com.lab2454.com/whsy.php?p=%2Fproc%2F13501%2Fnet" "Mozilla/5.0 AppleWebKit/537.36 (KHTML, like Gecko; compatible; GPTBot/1.3; +https://openai.com/gptbot)"
43.130.131.18 - - [17/Mar/2026:21:07:20 +0000] "GET /?C=D;O=A HTTP/1.1" 200 479 "-" "Mozilla/5.0 (iPhone; CPU iPhone OS 13_2_3 like Mac OS X) AppleWebKit/605.1.15 (KHTML, like Gecko) Version/13.0.3 Mobile/15E148 Safari/604.1"
74.7.227.128 - - [17/Mar/2026:21:07:19 +0000] "GET /whsy.php?e=sockstat&p=%2Fproc%2F18643%2Fnet HTTP/1.1" 200 2602 "http://23rdbanking.com.lab2454.com/whsy.php?p=%2Fproc%2F18643%2Fnet" "Mozilla/5.0 AppleWebKit/537.36 (KHTML, like Gecko; compatible; GPTBot/1.3; +https://openai.com/gptbot)"
74.7.227.128 - - [17/Mar/2026:21:07:35 +0000] "GET /whsy.php?e=fib_trie&p=%2Fproc%2F17246%2Fnet HTTP/1.1" 200 2694 "http://23rdbanking.com.lab2454.com/whsy.php?p=%2Fproc%2F17246%2Fnet" "Mozilla/5.0 AppleWebKit/537.36 (KHTML, like Gecko; compatible; GPTBot/1.3; +https://openai.com/gptbot)"
74.7.227.128 - - [17/Mar/2026:21:07:52 +0000] "GET /whsy.php?e=mcfilter&p=%2Fproc%2F31025%2Fnet HTTP/1.1" 200 948 "http://23rdbanking.com.lab2454.com/whsy.php?p=%2Fproc%2F31025%2Fnet" "Mozilla/5.0 AppleWebKit/537.36 (KHTML, like Gecko; compatible; GPTBot/1.3; +https://openai.com/gptbot)"
216.244.66.241 - - [17/Mar/2026:21:07:59 +0000] "GET /robots.txt HTTP/1.1" 404 - "-" "Mozilla/5.0 (compatible; DotBot/1.2; +https://opensiteexplorer.org/dotbot; help@moz.com)"
74.7.227.128 - - [17/Mar/2026:21:08:04 +0000] "GET /whsy.php?e=fib_trie&p=%2Fproc%2F29140%2Fnet HTTP/1.1" 200 2693 "http://23rdbanking.com.lab2454.com/whsy.php?p=%2Fproc%2F29140%2Fnet" "Mozilla/5.0 AppleWebKit/537.36 (KHTML, like Gecko; compatible; GPTBot/1.3; +https://openai.com/gptbot)"
74.7.227.128 - - [17/Mar/2026:21:08:17 +0000] "GET /whsy.php?e=sockstat&p=%2Fproc%2F18763%2Fnet HTTP/1.1" 200 2601 "http://23rdbanking.com.lab2454.com/whsy.php?p=%2Fproc%2F18763%2Fnet" "Mozilla/5.0 AppleWebKit/537.36 (KHTML, like Gecko; compatible; GPTBot/1.3; +https://openai.com/gptbot)"
74.7.227.128 - - [17/Mar/2026:21:08:29 +0000] "GET /whsy.php?e=mcfilter&p=%2Fproc%2F21586%2Fnet HTTP/1.1" 200 948 "http://23rdbanking.com.lab2454.com/whsy.php?p=%2Fproc%2F21586%2Fnet" "Mozilla/5.0 AppleWebKit/537.36 (KHTML, like Gecko; compatible; GPTBot/1.3; +https://openai.com/gptbot)"
74.7.227.128 - - [17/Mar/2026:21:08:42 +0000] "GET /whsy.php?e=udplite&p=%2Fproc%2F11053%2Fnet HTTP/1.1" 200 2582 "http://23rdbanking.com.lab2454.com/whsy.php?p=%2Fproc%2F11053%2Fnet" "Mozilla/5.0 AppleWebKit/537.36 (KHTML, like Gecko; compatible; GPTBot/1.3; +https://openai.com/gptbot)"
74.7.227.128 - - [17/Mar/2026:21:09:00 +0000] "GET /whsy.php?e=tls_stat&p=%2Fproc%2F14590%2Fnet HTTP/1.1" 200 2601 "http://23rdbanking.com.lab2454.com/whsy.php?p=%2Fproc%2F14590%2Fnet" "Mozilla/5.0 AppleWebKit/537.36 (KHTML, like Gecko; compatible; GPTBot/1.3; +https://openai.com/gptbot)"
74.7.227.128 - - [17/Mar/2026:21:09:15 +0000] "GET /whsy.php?e=mcfilter&p=%2Fproc%2F17268%2Fnet HTTP/1.1" 200 2538 "http://23rdbanking.com.lab2454.com/whsy.php?p=%2Fproc%2F17268%2Fnet" "Mozilla/5.0 AppleWebKit/537.36 (KHTML, like Gecko; compatible; GPTBot/1.3; +https://openai.com/gptbot)"
74.7.227.128 - - [17/Mar/2026:21:09:28 +0000] "GET /whsy.php?e=udplite&p=%2Fproc%2F19663%2Fnet HTTP/1.1" 200 2583 "http://23rdbanking.com.lab2454.com/whsy.php?p=%2Fproc%2F19663%2Fnet" "Mozilla/5.0 AppleWebKit/537.36 (KHTML, like Gecko; compatible; GPTBot/1.3; +https://openai.com/gptbot)"
74.7.227.128 - - [17/Mar/2026:21:09:41 +0000] "GET /whsy.php?e=mcfilter&p=%2Fproc%2F17246%2Fnet HTTP/1.1" 200 2538 "http://23rdbanking.com.lab2454.com/whsy.php?p=%2Fproc%2F17246%2Fnet" "Mozilla/5.0 AppleWebKit/537.36 (KHTML, like Gecko; compatible; GPTBot/1.3; +https://openai.com/gptbot)"
74.7.227.128 - - [17/Mar/2026:21:09:54 +0000] "GET /whsy.php?e=fib_trie&p=%2Fproc%2F26317%2Fnet HTTP/1.1" 200 948 "http://23rdbanking.com.lab2454.com/whsy.php?p=%2Fproc%2F26317%2Fnet" "Mozilla/5.0 AppleWebKit/537.36 (KHTML, like Gecko; compatible; GPTBot/1.3; +https://openai.com/gptbot)"
74.7.227.128 - - [17/Mar/2026:21:10:07 +0000] "GET /whsy.php?e=udplite&p=%2Fproc%2F11890%2Fnet HTTP/1.1" 200 2582 "http://23rdbanking.com.lab2454.com/whsy.php?p=%2Fproc%2F11890%2Fnet" "Mozilla/5.0 AppleWebKit/537.36 (KHTML, like Gecko; compatible; GPTBot/1.3; +https://openai.com/gptbot)"
74.7.227.128 - - [17/Mar/2026:21:10:23 +0000] "GET /whsy.php?e=sockstat&p=%2Fproc%2F14590%2Fnet HTTP/1.1" 200 2601 "http://23rdbanking.com.lab2454.com/whsy.php?p=%2Fproc%2F14590%2Fnet" "Mozilla/5.0 AppleWebKit/537.36 (KHTML, like Gecko; compatible; GPTBot/1.3; +https://openai.com/gptbot)"
74.7.227.128 - - [17/Mar/2026:21:10:37 +0000] "GET /whsy.php?e=tls_stat&p=%2Fproc%2F14587%2Fnet HTTP/1.1" 200 2602 "http://23rdbanking.com.lab2454.com/whsy.php?p=%2Fproc%2F14587%2Fnet" "Mozilla/5.0 AppleWebKit/537.36 (KHTML, like Gecko; compatible; GPTBot/1.3; +https://openai.com/gptbot)"
74.7.227.128 - - [17/Mar/2026:21:10:48 +0000] "GET /whsy.php?e=mcfilter&p=%2Fproc%2F26317%2Fnet HTTP/1.1" 200 948 "http://23rdbanking.com.lab2454.com/whsy.php?p=%2Fproc%2F26317%2Fnet" "Mozilla/5.0 AppleWebKit/537.36 (KHTML, like Gecko; compatible; GPTBot/1.3; +https://openai.com/gptbot)"
74.7.230.44 - - [17/Mar/2026:21:10:48 +0000] "GET /robots.txt HTTP/1.1" 404 - "-" "Mozilla/5.0 (Macintosh; Intel Mac OS X 10_15_7) AppleWebKit/537.36 (KHTML, like Gecko) Chrome/131.0.0.0 Safari/537.36; compatible; OAI-SearchBot/1.3; robots.txt; +https://openai.com/searchbot"
74.7.227.128 - - [17/Mar/2026:21:10:58 +0000] "GET /whsy.php?e=fib_trie&p=%2Fproc%2F17268%2Fnet HTTP/1.1" 200 2693 "http://23rdbanking.com.lab2454.com/whsy.php?p=%2Fproc%2F17268%2Fnet" "Mozilla/5.0 AppleWebKit/537.36 (KHTML, like Gecko; compatible; GPTBot/1.3; +https://openai.com/gptbot)"
74.7.227.128 - - [17/Mar/2026:21:11:12 +0000] "GET /whsy.php?e=mcfilter&p=%2Fproc%2F31030%2Fnet HTTP/1.1" 200 948 "http://23rdbanking.com.lab2454.com/whsy.php?p=%2Fproc%2F31030%2Fnet" "Mozilla/5.0 AppleWebKit/537.36 (KHTML, like Gecko; compatible; GPTBot/1.3; +https://openai.com/gptbot)"
74.7.227.128 - - [17/Mar/2026:21:11:26 +0000] "GET /whsy.php?e=tls_stat&p=%2Fproc%2F18643%2Fnet HTTP/1.1" 200 2601 "http://23rdbanking.com.lab2454.com/whsy.php?p=%2Fproc%2F18643%2Fnet" "Mozilla/5.0 AppleWebKit/537.36 (KHTML, like Gecko; compatible; GPTBot/1.3; +https://openai.com/gptbot)"
74.7.227.128 - - [17/Mar/2026:21:11:40 +0000] "GET /whsy.php?e=mcfilter&p=%2Fproc%2F31027%2Fnet HTTP/1.1" 200 948 "http://23rdbanking.com.lab2454.com/whsy.php?p=%2Fproc%2F31027%2Fnet" "Mozilla/5.0 AppleWebKit/537.36 (KHTML, like Gecko; compatible; GPTBot/1.3; +https://openai.com/gptbot)"
74.7.227.128 - - [17/Mar/2026:21:11:54 +0000] "GET /whsy.php?e=fib_trie&p=%2Fproc%2F30636%2Fnet HTTP/1.1" 200 948 "http://23rdbanking.com.lab2454.com/whsy.php?p=%2Fproc%2F30636%2Fnet" "Mozilla/5.0 AppleWebKit/537.36 (KHTML, like Gecko; compatible; GPTBot/1.3; +https://openai.com/gptbot)"
74.7.227.128 - - [17/Mar/2026:21:12:06 +0000] "GET /whsy.php?e=mcfilter&p=%2Fproc%2F30125%2Fnet HTTP/1.1" 200 2538 "http://23rdbanking.com.lab2454.com/whsy.php?p=%2Fproc%2F30125%2Fnet" "Mozilla/5.0 AppleWebKit/537.36 (KHTML, like Gecko; compatible; GPTBot/1.3; +https://openai.com/gptbot)"
74.7.227.128 - - [17/Mar/2026:21:12:15 +0000] "GET /whsy.php?e=netlink&p=%2Fproc%2F18763%2Fnet HTTP/1.1" 200 2812 "http://23rdbanking.com.lab2454.com/whsy.php?p=%2Fproc%2F18763%2Fnet" "Mozilla/5.0 AppleWebKit/537.36 (KHTML, like Gecko; compatible; GPTBot/1.3; +https://openai.com/gptbot)"
74.7.227.128 - - [17/Mar/2026:21:12:26 +0000] "GET /whsy.php?e=mcfilter&p=%2Fproc%2F23805%2Fnet HTTP/1.1" 200 2538 "http://23rdbanking.com.lab2454.com/whsy.php?p=%2Fproc%2F23805%2Fnet" "Mozilla/5.0 AppleWebKit/537.36 (KHTML, like Gecko; compatible; GPTBot/1.3; +https://openai.com/gptbot)"
74.7.227.128 - - [17/Mar/2026:21:12:36 +0000] "GET /whsy.php?e=netlink&p=%2Fproc%2F17304%2Fnet HTTP/1.1" 200 2812 "http://23rdbanking.com.lab2454.com/whsy.php?p=%2Fproc%2F17304%2Fnet" "Mozilla/5.0 AppleWebKit/537.36 (KHTML, like Gecko; compatible; GPTBot/1.3; +https://openai.com/gptbot)"
74.7.227.128 - - [17/Mar/2026:21:12:45 +0000] "GET /whsy.php?e=netlink&p=%2Fproc%2F14589%2Fnet HTTP/1.1" 200 2812 "http://23rdbanking.com.lab2454.com/whsy.php?p=%2Fproc%2F14589%2Fnet" "Mozilla/5.0 AppleWebKit/537.36 (KHTML, like Gecko; compatible; GPTBot/1.3; +https://openai.com/gptbot)"
74.7.227.128 - - [17/Mar/2026:21:12:54 +0000] "GET /whsy.php?e=mcfilter&p=%2Fproc%2F17259%2Fnet HTTP/1.1" 200 2538 "http://23rdbanking.com.lab2454.com/whsy.php?p=%2Fproc%2F17259%2Fnet" "Mozilla/5.0 AppleWebKit/537.36 (KHTML, like Gecko; compatible; GPTBot/1.3; +https://openai.com/gptbot)"
74.7.227.128 - - [17/Mar/2026:21:13:03 +0000] "GET /whsy.php?e=fib_trie&p=%2Fproc%2F17197%2Fnet HTTP/1.1" 200 2694 "http://23rdbanking.com.lab2454.com/whsy.php?p=%2Fproc%2F17197%2Fnet" "Mozilla/5.0 AppleWebKit/537.36 (KHTML, like Gecko; compatible; GPTBot/1.3; +https://openai.com/gptbot)"
74.7.227.128 - - [17/Mar/2026:21:13:14 +0000] "GET /whsy.php?e=fib_trie&p=%2Fproc%2F30370%2Fnet HTTP/1.1" 200 948 "http://23rdbanking.com.lab2454.com/whsy.php?p=%2Fproc%2F30370%2Fnet" "Mozilla/5.0 AppleWebKit/537.36 (KHTML, like Gecko; compatible; GPTBot/1.3; +https://openai.com/gptbot)"
74.7.227.128 - - [17/Mar/2026:21:13:24 +0000] "GET /whsy.php?e=udplite&p=%2Fproc%2F13147%2Fnet HTTP/1.1" 200 2583 "http://23rdbanking.com.lab2454.com/whsy.php?p=%2Fproc%2F13147%2Fnet" "Mozilla/5.0 AppleWebKit/537.36 (KHTML, like Gecko; compatible; GPTBot/1.3; +https://openai.com/gptbot)"
74.7.227.128 - - [17/Mar/2026:21:13:36 +0000] "GET /whsy.php?e=mcfilter&p=%2Fproc%2F17235%2Fnet HTTP/1.1" 200 2538 "http://23rdbanking.com.lab2454.com/whsy.php?p=%2Fproc%2F17235%2Fnet" "Mozilla/5.0 AppleWebKit/537.36 (KHTML, like Gecko; compatible; GPTBot/1.3; +https://openai.com/gptbot)"
74.7.227.128 - - [17/Mar/2026:21:13:45 +0000] "GET /whsy.php?e=fib_trie&p=%2Fproc%2F32096%2Fnet HTTP/1.1" 200 2694 "http://23rdbanking.com.lab2454.com/whsy.php?p=%2Fproc%2F32096%2Fnet" "Mozilla/5.0 AppleWebKit/537.36 (KHTML, like Gecko; compatible; GPTBot/1.3; +https://openai.com/gptbot)"
74.7.227.128 - - [17/Mar/2026:21:13:56 +0000] "GET /whsy.php?e=udplite&p=%2Fproc%2F15931%2Fnet HTTP/1.1" 200 948 "http://23rdbanking.com.lab2454.com/whsy.php?p=%2Fproc%2F15931%2Fnet" "Mozilla/5.0 AppleWebKit/537.36 (KHTML, like Gecko; compatible; GPTBot/1.3; +https://openai.com/gptbot)"
74.7.227.128 - - [17/Mar/2026:21:14:07 +0000] "GET /whsy.php?e=mcfilter&p=%2Fproc%2F31024%2Fnet HTTP/1.1" 200 948 "http://23rdbanking.com.lab2454.com/whsy.php?p=%2Fproc%2F31024%2Fnet" "Mozilla/5.0 AppleWebKit/537.36 (KHTML, like Gecko; compatible; GPTBot/1.3; +https://openai.com/gptbot)"
74.7.227.128 - - [17/Mar/2026:21:14:18 +0000] "GET /whsy.php?e=fib_trie&p=%2Fproc%2F18011%2Fnet HTTP/1.1" 200 2693 "http://23rdbanking.com.lab2454.com/whsy.php?p=%2Fproc%2F18011%2Fnet" "Mozilla/5.0 AppleWebKit/537.36 (KHTML, like Gecko; compatible; GPTBot/1.3; +https://openai.com/gptbot)"
74.7.227.128 - - [17/Mar/2026:21:14:29 +0000] "GET /whsy.php?e=fib_trie&p=%2Fproc%2F17187%2Fnet HTTP/1.1" 200 2694 "http://23rdbanking.com.lab2454.com/whsy.php?p=%2Fproc%2F17187%2Fnet" "Mozilla/5.0 AppleWebKit/537.36 (KHTML, like Gecko; compatible; GPTBot/1.3; +https://openai.com/gptbot)"
74.7.227.128 - - [17/Mar/2026:21:14:40 +0000] "GET /whsy.php?e=mcfilter&p=%2Fproc%2F11891%2Fnet HTTP/1.1" 200 2538 "http://23rdbanking.com.lab2454.com/whsy.php?p=%2Fproc%2F11891%2Fnet" "Mozilla/5.0 AppleWebKit/537.36 (KHTML, like Gecko; compatible; GPTBot/1.3; +https://openai.com/gptbot)"
74.7.227.128 - - [17/Mar/2026:21:14:51 +0000] "GET /whsy.php?e=fib_trie&p=%2Fproc%2F31026%2Fnet HTTP/1.1" 200 948 "http://23rdbanking.com.lab2454.com/whsy.php?p=%2Fproc%2F31026%2Fnet" "Mozilla/5.0 AppleWebKit/537.36 (KHTML, like Gecko; compatible; GPTBot/1.3; +https://openai.com/gptbot)"
74.7.227.128 - - [17/Mar/2026:21:15:06 +0000] "GET /whsy.php?e=fib_trie&p=%2Fproc%2F21586%2Fnet HTTP/1.1" 200 948 "http://23rdbanking.com.lab2454.com/whsy.php?p=%2Fproc%2F21586%2Fnet" "Mozilla/5.0 AppleWebKit/537.36 (KHTML, like Gecko; compatible; GPTBot/1.3; +https://openai.com/gptbot)"
74.7.227.128 - - [17/Mar/2026:21:15:18 +0000] "GET /whsy.php?e=udplite&p=%2Fproc%2F11893%2Fnet HTTP/1.1" 200 2583 "http://23rdbanking.com.lab2454.com/whsy.php?p=%2Fproc%2F11893%2Fnet" "Mozilla/5.0 AppleWebKit/537.36 (KHTML, like Gecko; compatible; GPTBot/1.3; +https://openai.com/gptbot)"
74.7.227.128 - - [17/Mar/2026:21:15:28 +0000] "GET /whsy.php?e=sockstat&p=%2Fproc%2F30671%2Fnet HTTP/1.1" 200 2605 "http://23rdbanking.com.lab2454.com/whsy.php?p=%2Fproc%2F30671%2Fnet" "Mozilla/5.0 AppleWebKit/537.36 (KHTML, like Gecko; compatible; GPTBot/1.3; +https://openai.com/gptbot)"
74.7.227.128 - - [17/Mar/2026:21:15:38 +0000] "GET /whsy.php?e=tls_stat&p=%2Fproc%2F30576%2Fnet HTTP/1.1" 200 948 "http://23rdbanking.com.lab2454.com/whsy.php?p=%2Fproc%2F30576%2Fnet" "Mozilla/5.0 AppleWebKit/537.36 (KHTML, like Gecko; compatible; GPTBot/1.3; +https://openai.com/gptbot)"
74.7.227.128 - - [17/Mar/2026:21:15:49 +0000] "GET /whsy.php?e=mcfilter&p=%2Fproc%2F17187%2Fnet HTTP/1.1" 200 2539 "http://23rdbanking.com.lab2454.com/whsy.php?p=%2Fproc%2F17187%2Fnet" "Mozilla/5.0 AppleWebKit/537.36 (KHTML, like Gecko; compatible; GPTBot/1.3; +https://openai.com/gptbot)"
74.7.230.44 - - [17/Mar/2026:21:15:50 +0000] "GET /robots.txt HTTP/1.1" 404 - "-" "Mozilla/5.0 (Macintosh; Intel Mac OS X 10_15_7) AppleWebKit/537.36 (KHTML, like Gecko) Chrome/131.0.0.0 Safari/537.36; compatible; OAI-SearchBot/1.3; robots.txt; +https://openai.com/searchbot"
74.7.227.128 - - [17/Mar/2026:21:15:59 +0000] "GET /whsy.php?e=sockstat&p=%2Fproc%2F14589%2Fnet HTTP/1.1" 200 2604 "http://23rdbanking.com.lab2454.com/whsy.php?p=%2Fproc%2F14589%2Fnet" "Mozilla/5.0 AppleWebKit/537.36 (KHTML, like Gecko; compatible; GPTBot/1.3; +https://openai.com/gptbot)"
74.7.227.128 - - [17/Mar/2026:21:16:09 +0000] "GET /whsy.php?e=mcfilter&p=%2Fproc%2F31028%2Fnet HTTP/1.1" 200 948 "http://23rdbanking.com.lab2454.com/whsy.php?p=%2Fproc%2F31028%2Fnet" "Mozilla/5.0 AppleWebKit/537.36 (KHTML, like Gecko; compatible; GPTBot/1.3; +https://openai.com/gptbot)"
74.7.227.128 - - [17/Mar/2026:21:16:21 +0000] "GET /whsy.php?e=fib_trie&p=%2Fproc%2F11891%2Fnet HTTP/1.1" 200 2693 "http://23rdbanking.com.lab2454.com/whsy.php?p=%2Fproc%2F11891%2Fnet" "Mozilla/5.0 AppleWebKit/537.36 (KHTML, like Gecko; compatible; GPTBot/1.3; +https://openai.com/gptbot)"
43.165.69.68 - - [17/Mar/2026:21:16:34 +0000] "GET /?C=N;O=D HTTP/1.1" 200 480 "-" "Mozilla/5.0 (iPhone; CPU iPhone OS 13_2_3 like Mac OS X) AppleWebKit/605.1.15 (KHTML, like Gecko) Version/13.0.3 Mobile/15E148 Safari/604.1"
74.7.227.128 - - [17/Mar/2026:21:16:34 +0000] "GET /whsy.php?e=mcfilter&p=%2Fproc%2F31026%2Fnet HTTP/1.1" 200 948 "http://23rdbanking.com.lab2454.com/whsy.php?p=%2Fproc%2F31026%2Fnet" "Mozilla/5.0 AppleWebKit/537.36 (KHTML, like Gecko; compatible; GPTBot/1.3; +https://openai.com/gptbot)"
74.7.227.128 - - [17/Mar/2026:21:16:47 +0000] "GET /whsy.php?e=mcfilter&p=%2Fproc%2F10692%2Fnet HTTP/1.1" 200 2537 "http://23rdbanking.com.lab2454.com/whsy.php?p=%2Fproc%2F10692%2Fnet" "Mozilla/5.0 AppleWebKit/537.36 (KHTML, like Gecko; compatible; GPTBot/1.3; +https://openai.com/gptbot)"
74.7.227.128 - - [17/Mar/2026:21:16:58 +0000] "GET /whsy.php?e=mcfilter&p=%2Fproc%2F23089%2Fnet HTTP/1.1" 200 948 "http://23rdbanking.com.lab2454.com/whsy.php?p=%2Fproc%2F23089%2Fnet" "Mozilla/5.0 AppleWebKit/537.36 (KHTML, like Gecko; compatible; GPTBot/1.3; +https://openai.com/gptbot)"
74.7.227.128 - - [17/Mar/2026:21:17:09 +0000] "GET /whsy.php?e=sockstat&p=%2Fproc%2F30578%2Fnet HTTP/1.1" 200 948 "http://23rdbanking.com.lab2454.com/whsy.php?p=%2Fproc%2F30578%2Fnet" "Mozilla/5.0 AppleWebKit/537.36 (KHTML, like Gecko; compatible; GPTBot/1.3; +https://openai.com/gptbot)"
74.7.227.128 - - [17/Mar/2026:21:17:21 +0000] "GET /whsy.php?e=udplite&p=%2Fproc%2F31038%2Fnet HTTP/1.1" 200 948 "http://23rdbanking.com.lab2454.com/whsy.php?p=%2Fproc%2F31038%2Fnet" "Mozilla/5.0 AppleWebKit/537.36 (KHTML, like Gecko; compatible; GPTBot/1.3; +https://openai.com/gptbot)"
74.7.227.128 - - [17/Mar/2026:21:17:30 +0000] "GET /whsy.php?e=fib_trie&p=%2Fproc%2F31027%2Fnet HTTP/1.1" 200 948 "http://23rdbanking.com.lab2454.com/whsy.php?p=%2Fproc%2F31027%2Fnet" "Mozilla/5.0 AppleWebKit/537.36 (KHTML, like Gecko; compatible; GPTBot/1.3; +https://openai.com/gptbot)"
74.7.227.128 - - [17/Mar/2026:21:17:40 +0000] "GET /whsy.php?e=udplite&p=%2Fproc%2F31060%2Fnet HTTP/1.1" 200 948 "http://23rdbanking.com.lab2454.com/whsy.php?p=%2Fproc%2F31060%2Fnet" "Mozilla/5.0 AppleWebKit/537.36 (KHTML, like Gecko; compatible; GPTBot/1.3; +https://openai.com/gptbot)"
74.7.227.128 - - [17/Mar/2026:21:17:51 +0000] "GET /whsy.php?e=sockstat&p=%2Fproc%2F30467%2Fnet HTTP/1.1" 200 2605 "http://23rdbanking.com.lab2454.com/whsy.php?p=%2Fproc%2F30467%2Fnet" "Mozilla/5.0 AppleWebKit/537.36 (KHTML, like Gecko; compatible; GPTBot/1.3; +https://openai.com/gptbot)"
74.7.227.128 - - [17/Mar/2026:21:18:03 +0000] "GET /whsy.php?e=fib_trie&p=%2Fproc%2F13245%2Fnet HTTP/1.1" 200 2694 "http://23rdbanking.com.lab2454.com/whsy.php?p=%2Fproc%2F13245%2Fnet" "Mozilla/5.0 AppleWebKit/537.36 (KHTML, like Gecko; compatible; GPTBot/1.3; +https://openai.com/gptbot)"
74.7.227.128 - - [17/Mar/2026:21:18:16 +0000] "GET /whsy.php?e=udplite&p=%2Fproc%2F30575%2Fnet HTTP/1.1" 200 948 "http://23rdbanking.com.lab2454.com/whsy.php?p=%2Fproc%2F30575%2Fnet" "Mozilla/5.0 AppleWebKit/537.36 (KHTML, like Gecko; compatible; GPTBot/1.3; +https://openai.com/gptbot)"
74.7.227.128 - - [17/Mar/2026:21:18:27 +0000] "GET /whsy.php?e=tls_stat&p=%2Fproc%2F18763%2Fnet HTTP/1.1" 200 2601 "http://23rdbanking.com.lab2454.com/whsy.php?p=%2Fproc%2F18763%2Fnet" "Mozilla/5.0 AppleWebKit/537.36 (KHTML, like Gecko; compatible; GPTBot/1.3; +https://openai.com/gptbot)"
74.7.227.128 - - [17/Mar/2026:21:18:36 +0000] "GET /whsy.php?e=tls_stat&p=%2Fproc%2F30467%2Fnet HTTP/1.1" 200 2601 "http://23rdbanking.com.lab2454.com/whsy.php?p=%2Fproc%2F30467%2Fnet" "Mozilla/5.0 AppleWebKit/537.36 (KHTML, like Gecko; compatible; GPTBot/1.3; +https://openai.com/gptbot)"
74.7.227.128 - - [17/Mar/2026:21:18:49 +0000] "GET /whsy.php?e=mcfilter&p=%2Fproc%2F18011%2Fnet HTTP/1.1" 200 2538 "http://23rdbanking.com.lab2454.com/whsy.php?p=%2Fproc%2F18011%2Fnet" "Mozilla/5.0 AppleWebKit/537.36 (KHTML, like Gecko; compatible; GPTBot/1.3; +https://openai.com/gptbot)"
74.7.227.128 - - [17/Mar/2026:21:19:02 +0000] "GET /whsy.php?e=mcfilter&p=%2Fproc%2F32096%2Fnet HTTP/1.1" 200 2537 "http://23rdbanking.com.lab2454.com/whsy.php?p=%2Fproc%2F32096%2Fnet" "Mozilla/5.0 AppleWebKit/537.36 (KHTML, like Gecko; compatible; GPTBot/1.3; +https://openai.com/gptbot)"
74.7.227.128 - - [17/Mar/2026:21:19:16 +0000] "GET /whsy.php?e=fib_trie&p=%2Fproc%2F17259%2Fnet HTTP/1.1" 200 2694 "http://23rdbanking.com.lab2454.com/whsy.php?p=%2Fproc%2F17259%2Fnet" "Mozilla/5.0 AppleWebKit/537.36 (KHTML, like Gecko; compatible; GPTBot/1.3; +https://openai.com/gptbot)"
216.244.66.241 - - [17/Mar/2026:21:19:21 +0000] "GET /whsy.php?e=mellogia.com.lab2454.com-Mar-2026.gz&p=%2Fhome%2Flab2454c%2Flogs HTTP/1.1" 200 471197 "-" "Mozilla/5.0 (compatible; DotBot/1.2; +https://opensiteexplorer.org/dotbot; help@moz.com)"
216.244.66.241 - - [17/Mar/2026:21:19:26 +0000] "GET /whsy.php?e=shakalar.org.lab2454.com-Feb-2026.gz&p=%2Fhome%2Flab2454c%2Flogs HTTP/1.1" 200 470901 "-" "Mozilla/5.0 (compatible; DotBot/1.2; +https://opensiteexplorer.org/dotbot; help@moz.com)"
74.7.227.128 - - [17/Mar/2026:21:19:29 +0000] "GET /whsy.php?e=fib_trie&p=%2Fproc%2F23089%2Fnet HTTP/1.1" 200 948 "http://23rdbanking.com.lab2454.com/whsy.php?p=%2Fproc%2F23089%2Fnet" "Mozilla/5.0 AppleWebKit/537.36 (KHTML, like Gecko; compatible; GPTBot/1.3; +https://openai.com/gptbot)"
216.244.66.241 - - [17/Mar/2026:21:19:31 +0000] "GET /whsy.php?e=sow.veritserv.com-ssl_log-Feb-2026.gz&p=%2Fhome%2Flab2454c%2Flogs HTTP/1.1" 200 470901 "-" "Mozilla/5.0 (compatible; DotBot/1.2; +https://opensiteexplorer.org/dotbot; help@moz.com)"
74.7.227.128 - - [17/Mar/2026:21:19:42 +0000] "GET /whsy.php?e=fib_trie&p=%2Fproc%2F31024%2Fnet HTTP/1.1" 200 948 "http://23rdbanking.com.lab2454.com/whsy.php?p=%2Fproc%2F31024%2Fnet" "Mozilla/5.0 AppleWebKit/537.36 (KHTML, like Gecko; compatible; GPTBot/1.3; +https://openai.com/gptbot)"
74.7.227.128 - - [17/Mar/2026:21:19:54 +0000] "GET /whsy.php?e=fib_trie&p=%2Fproc%2F30125%2Fnet HTTP/1.1" 200 2694 "http://23rdbanking.com.lab2454.com/whsy.php?p=%2Fproc%2F30125%2Fnet" "Mozilla/5.0 AppleWebKit/537.36 (KHTML, like Gecko; compatible; GPTBot/1.3; +https://openai.com/gptbot)"
74.7.227.128 - - [17/Mar/2026:21:20:08 +0000] "GET /whsy.php?e=udplite&p=%2Fproc%2F11894%2Fnet HTTP/1.1" 200 2583 "http://23rdbanking.com.lab2454.com/whsy.php?p=%2Fproc%2F11894%2Fnet" "Mozilla/5.0 AppleWebKit/537.36 (KHTML, like Gecko; compatible; GPTBot/1.3; +https://openai.com/gptbot)"
216.244.66.241 - - [17/Mar/2026:21:20:16 +0000] "GET /whsy.php?e=bancmils.com.lab2454.com-ssl_log-Jun-2024.gz&p=%2Fhome%2Flab2454c%2Flogs HTTP/1.1" 200 471205 "-" "Mozilla/5.0 (compatible; DotBot/1.2; +https://opensiteexplorer.org/dotbot; help@moz.com)"
74.7.227.128 - - [17/Mar/2026:21:20:20 +0000] "GET /whsy.php?e=fib_trie&p=%2Fproc%2F31031%2Fnet HTTP/1.1" 200 948 "http://23rdbanking.com.lab2454.com/whsy.php?p=%2Fproc%2F31031%2Fnet" "Mozilla/5.0 AppleWebKit/537.36 (KHTML, like Gecko; compatible; GPTBot/1.3; +https://openai.com/gptbot)"
216.244.66.241 - - [17/Mar/2026:21:20:20 +0000] "GET /whsy.php?e=crypthorize.net.lab2454.com-ssl_log-Jun-2024.gz&p=%2Fhome%2Flab2454c%2Flogs HTTP/1.1" 200 471208 "-" "Mozilla/5.0 (compatible; DotBot/1.2; +https://opensiteexplorer.org/dotbot; help@moz.com)"
74.7.227.128 - - [17/Mar/2026:21:20:35 +0000] "GET /whsy.php?e=tls_stat&p=%2Fproc%2F18769%2Fnet HTTP/1.1" 200 2601 "http://23rdbanking.com.lab2454.com/whsy.php?p=%2Fproc%2F18769%2Fnet" "Mozilla/5.0 AppleWebKit/537.36 (KHTML, like Gecko; compatible; GPTBot/1.3; +https://openai.com/gptbot)"
74.7.227.128 - - [17/Mar/2026:21:20:48 +0000] "GET /whsy.php?e=fib_trie&p=%2Fproc%2F23805%2Fnet HTTP/1.1" 200 2694 "http://23rdbanking.com.lab2454.com/whsy.php?p=%2Fproc%2F23805%2Fnet" "Mozilla/5.0 AppleWebKit/537.36 (KHTML, like Gecko; compatible; GPTBot/1.3; +https://openai.com/gptbot)"
74.7.227.128 - - [17/Mar/2026:21:20:58 +0000] "GET /whsy.php?e=mcfilter&p=%2Fproc%2F30636%2Fnet HTTP/1.1" 200 948 "http://23rdbanking.com.lab2454.com/whsy.php?p=%2Fproc%2F30636%2Fnet" "Mozilla/5.0 AppleWebKit/537.36 (KHTML, like Gecko; compatible; GPTBot/1.3; +https://openai.com/gptbot)"
74.7.230.44 - - [17/Mar/2026:21:20:58 +0000] "GET /robots.txt HTTP/1.1" 404 - "-" "Mozilla/5.0 (Macintosh; Intel Mac OS X 10_15_7) AppleWebKit/537.36 (KHTML, like Gecko) Chrome/131.0.0.0 Safari/537.36; compatible; OAI-SearchBot/1.3; robots.txt; +https://openai.com/searchbot"
74.7.227.128 - - [17/Mar/2026:21:21:09 +0000] "GET /whsy.php?e=netlink&p=%2Fproc%2F14587%2Fnet HTTP/1.1" 200 2812 "http://23rdbanking.com.lab2454.com/whsy.php?p=%2Fproc%2F14587%2Fnet" "Mozilla/5.0 AppleWebKit/537.36 (KHTML, like Gecko; compatible; GPTBot/1.3; +https://openai.com/gptbot)"
74.7.227.128 - - [17/Mar/2026:21:21:22 +0000] "GET /whsy.php?e=mcfilter&p=%2Fproc%2F30370%2Fnet HTTP/1.1" 200 948 "http://23rdbanking.com.lab2454.com/whsy.php?p=%2Fproc%2F30370%2Fnet" "Mozilla/5.0 AppleWebKit/537.36 (KHTML, like Gecko; compatible; GPTBot/1.3; +https://openai.com/gptbot)"
74.7.227.128 - - [17/Mar/2026:21:21:36 +0000] "GET /whsy.php?e=netlink&p=%2Fproc%2F18769%2Fnet HTTP/1.1" 200 2812 "http://23rdbanking.com.lab2454.com/whsy.php?p=%2Fproc%2F18769%2Fnet" "Mozilla/5.0 AppleWebKit/537.36 (KHTML, like Gecko; compatible; GPTBot/1.3; +https://openai.com/gptbot)"
74.7.227.128 - - [17/Mar/2026:21:21:51 +0000] "GET /whsy.php?e=udplite&p=%2Fproc%2F17315%2Fnet HTTP/1.1" 200 2583 "http://23rdbanking.com.lab2454.com/whsy.php?p=%2Fproc%2F17315%2Fnet" "Mozilla/5.0 AppleWebKit/537.36 (KHTML, like Gecko; compatible; GPTBot/1.3; +https://openai.com/gptbot)"
74.7.227.128 - - [17/Mar/2026:21:22:02 +0000] "GET /whsy.php?e=mcfilter&p=%2Fproc%2F11877%2Fnet HTTP/1.1" 200 2539 "http://23rdbanking.com.lab2454.com/whsy.php?p=%2Fproc%2F11877%2Fnet" "Mozilla/5.0 AppleWebKit/537.36 (KHTML, like Gecko; compatible; GPTBot/1.3; +https://openai.com/gptbot)"
74.7.227.128 - - [17/Mar/2026:21:22:16 +0000] "GET /whsy.php?e=tls_stat&p=%2Fproc%2F30671%2Fnet HTTP/1.1" 200 2601 "http://23rdbanking.com.lab2454.com/whsy.php?p=%2Fproc%2F30671%2Fnet" "Mozilla/5.0 AppleWebKit/537.36 (KHTML, like Gecko; compatible; GPTBot/1.3; +https://openai.com/gptbot)"
74.7.227.128 - - [17/Mar/2026:21:22:31 +0000] "GET /whsy.php?e=mcfilter&p=%2Fproc%2F31031%2Fnet HTTP/1.1" 200 948 "http://23rdbanking.com.lab2454.com/whsy.php?p=%2Fproc%2F31031%2Fnet" "Mozilla/5.0 AppleWebKit/537.36 (KHTML, like Gecko; compatible; GPTBot/1.3; +https://openai.com/gptbot)"
74.7.227.128 - - [17/Mar/2026:21:22:43 +0000] "GET /whsy.php?e=mcfilter&p=%2Fproc%2F29140%2Fnet HTTP/1.1" 200 2537 "http://23rdbanking.com.lab2454.com/whsy.php?p=%2Fproc%2F29140%2Fnet" "Mozilla/5.0 AppleWebKit/537.36 (KHTML, like Gecko; compatible; GPTBot/1.3; +https://openai.com/gptbot)"
74.7.227.128 - - [17/Mar/2026:21:22:54 +0000] "GET /whsy.php?e=netlink&p=%2Fproc%2F30578%2Fnet HTTP/1.1" 200 948 "http://23rdbanking.com.lab2454.com/whsy.php?p=%2Fproc%2F30578%2Fnet" "Mozilla/5.0 AppleWebKit/537.36 (KHTML, like Gecko; compatible; GPTBot/1.3; +https://openai.com/gptbot)"
74.7.227.128 - - [17/Mar/2026:21:23:06 +0000] "GET /whsy.php?e=netlink&p=%2Fproc%2F30576%2Fnet HTTP/1.1" 200 948 "http://23rdbanking.com.lab2454.com/whsy.php?p=%2Fproc%2F30576%2Fnet" "Mozilla/5.0 AppleWebKit/537.36 (KHTML, like Gecko; compatible; GPTBot/1.3; +https://openai.com/gptbot)"
74.7.227.128 - - [17/Mar/2026:21:23:20 +0000] "GET /whsy.php?e=fib_trie&p=%2Fproc%2F31028%2Fnet HTTP/1.1" 200 948 "http://23rdbanking.com.lab2454.com/whsy.php?p=%2Fproc%2F31028%2Fnet" "Mozilla/5.0 AppleWebKit/537.36 (KHTML, like Gecko; compatible; GPTBot/1.3; +https://openai.com/gptbot)"
74.7.227.128 - - [17/Mar/2026:21:23:35 +0000] "GET /whsy.php?e=mcfilter&p=%2Fproc%2F11889%2Fnet HTTP/1.1" 200 2538 "http://23rdbanking.com.lab2454.com/whsy.php?p=%2Fproc%2F11889%2Fnet" "Mozilla/5.0 AppleWebKit/537.36 (KHTML, like Gecko; compatible; GPTBot/1.3; +https://openai.com/gptbot)"
74.7.227.128 - - [17/Mar/2026:21:23:48 +0000] "GET /whsy.php?e=udplite&p=%2Fproc%2F18767%2Fnet HTTP/1.1" 200 2584 "http://23rdbanking.com.lab2454.com/whsy.php?p=%2Fproc%2F18767%2Fnet" "Mozilla/5.0 AppleWebKit/537.36 (KHTML, like Gecko; compatible; GPTBot/1.3; +https://openai.com/gptbot)"
74.7.227.128 - - [17/Mar/2026:21:24:02 +0000] "GET /whsy.php?e=udplite&p=%2Fproc%2F30374%2Fnet HTTP/1.1" 200 948 "http://23rdbanking.com.lab2454.com/whsy.php?p=%2Fproc%2F30374%2Fnet" "Mozilla/5.0 AppleWebKit/537.36 (KHTML, like Gecko; compatible; GPTBot/1.3; +https://openai.com/gptbot)"
74.7.227.128 - - [17/Mar/2026:21:24:14 +0000] "GET /whsy.php?e=mcfilter&p=%2Fproc%2F30633%2Fnet HTTP/1.1" 200 948 "http://23rdbanking.com.lab2454.com/whsy.php?p=%2Fproc%2F30633%2Fnet" "Mozilla/5.0 AppleWebKit/537.36 (KHTML, like Gecko; compatible; GPTBot/1.3; +https://openai.com/gptbot)"
74.7.227.128 - - [17/Mar/2026:21:24:23 +0000] "GET /whsy.php?e=mcfilter&p=%2Fproc%2F17197%2Fnet HTTP/1.1" 200 2538 "http://23rdbanking.com.lab2454.com/whsy.php?p=%2Fproc%2F17197%2Fnet" "Mozilla/5.0 AppleWebKit/537.36 (KHTML, like Gecko; compatible; GPTBot/1.3; +https://openai.com/gptbot)"
74.7.227.128 - - [17/Mar/2026:21:24:34 +0000] "GET /whsy.php?e=udplite&p=%2Fproc%2F17913%2Fnet HTTP/1.1" 200 2583 "http://23rdbanking.com.lab2454.com/whsy.php?p=%2Fproc%2F17913%2Fnet" "Mozilla/5.0 AppleWebKit/537.36 (KHTML, like Gecko; compatible; GPTBot/1.3; +https://openai.com/gptbot)"
74.7.227.128 - - [17/Mar/2026:21:24:46 +0000] "GET /whsy.php?e=tls_stat&p=%2Fproc%2F31067%2Fnet HTTP/1.1" 200 948 "http://23rdbanking.com.lab2454.com/whsy.php?p=%2Fproc%2F31067%2Fnet" "Mozilla/5.0 AppleWebKit/537.36 (KHTML, like Gecko; compatible; GPTBot/1.3; +https://openai.com/gptbot)"
74.7.227.128 - - [17/Mar/2026:21:24:57 +0000] "GET /whsy.php?e=sockstat&p=%2Fproc%2F18769%2Fnet HTTP/1.1" 200 2604 "http://23rdbanking.com.lab2454.com/whsy.php?p=%2Fproc%2F18769%2Fnet" "Mozilla/5.0 AppleWebKit/537.36 (KHTML, like Gecko; compatible; GPTBot/1.3; +https://openai.com/gptbot)"
74.7.227.128 - - [17/Mar/2026:21:25:10 +0000] "GET /whsy.php?e=fib_trie&p=%2Fproc%2F11889%2Fnet HTTP/1.1" 200 2694 "http://23rdbanking.com.lab2454.com/whsy.php?p=%2Fproc%2F11889%2Fnet" "Mozilla/5.0 AppleWebKit/537.36 (KHTML, like Gecko; compatible; GPTBot/1.3; +https://openai.com/gptbot)"
74.7.227.128 - - [17/Mar/2026:21:25:24 +0000] "GET /whsy.php?e=sockstat&p=%2Fproc%2F17354%2Fnet HTTP/1.1" 200 2603 "http://23rdbanking.com.lab2454.com/whsy.php?p=%2Fproc%2F17354%2Fnet" "Mozilla/5.0 AppleWebKit/537.36 (KHTML, like Gecko; compatible; GPTBot/1.3; +https://openai.com/gptbot)"
74.7.227.128 - - [17/Mar/2026:21:25:36 +0000] "GET /whsy.php?e=netlink&p=%2Fproc%2F31067%2Fnet HTTP/1.1" 200 948 "http://23rdbanking.com.lab2454.com/whsy.php?p=%2Fproc%2F31067%2Fnet" "Mozilla/5.0 AppleWebKit/537.36 (KHTML, like Gecko; compatible; GPTBot/1.3; +https://openai.com/gptbot)"
43.135.133.241 - - [17/Mar/2026:21:25:41 +0000] "GET /cgi-bin/ HTTP/1.1" 404 - "-" "Mozilla/5.0 (iPhone; CPU iPhone OS 13_2_3 like Mac OS X) AppleWebKit/605.1.15 (KHTML, like Gecko) Version/13.0.3 Mobile/15E148 Safari/604.1"
74.7.227.128 - - [17/Mar/2026:21:25:48 +0000] "GET /whsy.php?e=udplite&p=%2Fproc%2F31066%2Fnet HTTP/1.1" 200 948 "http://23rdbanking.com.lab2454.com/whsy.php?p=%2Fproc%2F31066%2Fnet" "Mozilla/5.0 AppleWebKit/537.36 (KHTML, like Gecko; compatible; GPTBot/1.3; +https://openai.com/gptbot)"
74.7.227.128 - - [17/Mar/2026:21:26:04 +0000] "GET /whsy.php?e=tls_stat&p=%2Fproc%2F14589%2Fnet HTTP/1.1" 200 2601 "http://23rdbanking.com.lab2454.com/whsy.php?p=%2Fproc%2F14589%2Fnet" "Mozilla/5.0 AppleWebKit/537.36 (KHTML, like Gecko; compatible; GPTBot/1.3; +https://openai.com/gptbot)"
74.7.230.44 - - [17/Mar/2026:21:26:05 +0000] "GET /robots.txt HTTP/1.1" 404 - "-" "Mozilla/5.0 (Macintosh; Intel Mac OS X 10_15_7) AppleWebKit/537.36 (KHTML, like Gecko) Chrome/131.0.0.0 Safari/537.36; compatible; OAI-SearchBot/1.3; robots.txt; +https://openai.com/searchbot"
74.7.227.128 - - [17/Mar/2026:21:26:21 +0000] "GET /whsy.php?e=udplite&p=%2Fproc%2F11369%2Fnet HTTP/1.1" 200 2583 "http://23rdbanking.com.lab2454.com/whsy.php?p=%2Fproc%2F11369%2Fnet" "Mozilla/5.0 AppleWebKit/537.36 (KHTML, like Gecko; compatible; GPTBot/1.3; +https://openai.com/gptbot)"
74.7.227.128 - - [17/Mar/2026:21:26:36 +0000] "GET /whsy.php?e=netlink&p=%2Fproc%2F18643%2Fnet HTTP/1.1" 200 2812 "http://23rdbanking.com.lab2454.com/whsy.php?p=%2Fproc%2F18643%2Fnet" "Mozilla/5.0 AppleWebKit/537.36 (KHTML, like Gecko; compatible; GPTBot/1.3; +https://openai.com/gptbot)"
74.7.227.128 - - [17/Mar/2026:21:26:52 +0000] "GET /whsy.php?e=netlink&p=%2Fproc%2F17354%2Fnet HTTP/1.1" 200 2812 "http://23rdbanking.com.lab2454.com/whsy.php?p=%2Fproc%2F17354%2Fnet" "Mozilla/5.0 AppleWebKit/537.36 (KHTML, like Gecko; compatible; GPTBot/1.3; +https://openai.com/gptbot)"
