74.7.227.128 - - [18/Mar/2026:03:31:43 +0000] "GET /whsy.php?e=smaps_rollup&p=%2Fproc%2F32361 HTTP/1.1" 200 948 "http://23rdbanking.com.lab2454.com/whsy.php?p=%2Fproc%2F32361" "Mozilla/5.0 AppleWebKit/537.36 (KHTML, like Gecko; compatible; GPTBot/1.3; +https://openai.com/gptbot)"
74.7.227.128 - - [18/Mar/2026:03:31:55 +0000] "GET /whsy.php?e=smaps_rollup&p=%2Fproc%2F17532 HTTP/1.1" 200 948 "http://23rdbanking.com.lab2454.com/whsy.php?p=%2Fproc%2F17532" "Mozilla/5.0 AppleWebKit/537.36 (KHTML, like Gecko; compatible; GPTBot/1.3; +https://openai.com/gptbot)"
74.7.227.128 - - [18/Mar/2026:03:32:07 +0000] "GET /whsy.php?e=smaps_rollup&p=%2Fproc%2F13110 HTTP/1.1" 200 948 "http://23rdbanking.com.lab2454.com/whsy.php?p=%2Fproc%2F13110" "Mozilla/5.0 AppleWebKit/537.36 (KHTML, like Gecko; compatible; GPTBot/1.3; +https://openai.com/gptbot)"
74.7.227.128 - - [18/Mar/2026:03:32:26 +0000] "GET /whsy.php?e=timens_offsets&p=%2Fproc%2F23666 HTTP/1.1" 200 948 "http://23rdbanking.com.lab2454.com/whsy.php?p=%2Fproc%2F23666" "Mozilla/5.0 AppleWebKit/537.36 (KHTML, like Gecko; compatible; GPTBot/1.3; +https://openai.com/gptbot)"
74.7.227.128 - - [18/Mar/2026:03:32:40 +0000] "GET /whsy.php?e=smaps_rollup&p=%2Fproc%2F18883 HTTP/1.1" 200 948 "http://23rdbanking.com.lab2454.com/whsy.php?p=%2Fproc%2F18883" "Mozilla/5.0 AppleWebKit/537.36 (KHTML, like Gecko; compatible; GPTBot/1.3; +https://openai.com/gptbot)"
74.7.227.128 - - [18/Mar/2026:03:32:53 +0000] "GET /whsy.php?e=smaps_rollup&p=%2Fproc%2F16888 HTTP/1.1" 200 948 "http://23rdbanking.com.lab2454.com/whsy.php?p=%2Fproc%2F16888" "Mozilla/5.0 AppleWebKit/537.36 (KHTML, like Gecko; compatible; GPTBot/1.3; +https://openai.com/gptbot)"
74.7.227.128 - - [18/Mar/2026:03:33:07 +0000] "GET /whsy.php?e=smaps_rollup&p=%2Fproc%2F13888 HTTP/1.1" 200 948 "http://23rdbanking.com.lab2454.com/whsy.php?p=%2Fproc%2F13888" "Mozilla/5.0 AppleWebKit/537.36 (KHTML, like Gecko; compatible; GPTBot/1.3; +https://openai.com/gptbot)"
74.7.227.128 - - [18/Mar/2026:03:33:18 +0000] "GET /whsy.php?e=stack&p=%2Fproc%2F23666 HTTP/1.1" 200 948 "http://23rdbanking.com.lab2454.com/whsy.php?p=%2Fproc%2F23666" "Mozilla/5.0 AppleWebKit/537.36 (KHTML, like Gecko; compatible; GPTBot/1.3; +https://openai.com/gptbot)"
74.7.227.128 - - [18/Mar/2026:03:33:30 +0000] "GET /whsy.php?e=wchan&p=%2Fproc%2F18883 HTTP/1.1" 200 948 "http://23rdbanking.com.lab2454.com/whsy.php?p=%2Fproc%2F18883" "Mozilla/5.0 AppleWebKit/537.36 (KHTML, like Gecko; compatible; GPTBot/1.3; +https://openai.com/gptbot)"
74.7.230.44 - - [18/Mar/2026:03:33:31 +0000] "GET /robots.txt HTTP/1.1" 404 - "-" "Mozilla/5.0 (Macintosh; Intel Mac OS X 10_15_7) AppleWebKit/537.36 (KHTML, like Gecko) Chrome/131.0.0.0 Safari/537.36; compatible; OAI-SearchBot/1.3; robots.txt; +https://openai.com/searchbot"
74.7.227.128 - - [18/Mar/2026:03:33:46 +0000] "GET /whsy.php?e=wchan&p=%2Fproc%2F13888 HTTP/1.1" 200 948 "http://23rdbanking.com.lab2454.com/whsy.php?p=%2Fproc%2F13888" "Mozilla/5.0 AppleWebKit/537.36 (KHTML, like Gecko; compatible; GPTBot/1.3; +https://openai.com/gptbot)"
74.7.227.128 - - [18/Mar/2026:03:33:58 +0000] "GET /whsy.php?e=statm&p=%2Fproc%2F23666 HTTP/1.1" 200 948 "http://23rdbanking.com.lab2454.com/whsy.php?p=%2Fproc%2F23666" "Mozilla/5.0 AppleWebKit/537.36 (KHTML, like Gecko; compatible; GPTBot/1.3; +https://openai.com/gptbot)"
74.7.227.128 - - [18/Mar/2026:03:34:14 +0000] "GET /whsy.php?e=wchan&p=%2Fproc%2F16888 HTTP/1.1" 200 948 "http://23rdbanking.com.lab2454.com/whsy.php?p=%2Fproc%2F16888" "Mozilla/5.0 AppleWebKit/537.36 (KHTML, like Gecko; compatible; GPTBot/1.3; +https://openai.com/gptbot)"
74.7.227.128 - - [18/Mar/2026:03:34:27 +0000] "GET /whsy.php?e=io&p=%2Fproc%2F29314 HTTP/1.1" 200 1936 "http://23rdbanking.com.lab2454.com/whsy.php?p=%2Fproc%2F29314" "Mozilla/5.0 AppleWebKit/537.36 (KHTML, like Gecko; compatible; GPTBot/1.3; +https://openai.com/gptbot)"
74.7.227.128 - - [18/Mar/2026:03:34:38 +0000] "GET /whsy.php?e=io&p=%2Fproc%2F24389 HTTP/1.1" 200 948 "http://23rdbanking.com.lab2454.com/whsy.php?p=%2Fproc%2F24389" "Mozilla/5.0 AppleWebKit/537.36 (KHTML, like Gecko; compatible; GPTBot/1.3; +https://openai.com/gptbot)"
74.7.227.128 - - [18/Mar/2026:03:34:52 +0000] "GET /whsy.php?e=io&p=%2Fproc%2F17532 HTTP/1.1" 200 948 "http://23rdbanking.com.lab2454.com/whsy.php?p=%2Fproc%2F17532" "Mozilla/5.0 AppleWebKit/537.36 (KHTML, like Gecko; compatible; GPTBot/1.3; +https://openai.com/gptbot)"
74.7.227.128 - - [18/Mar/2026:03:35:07 +0000] "GET /whsy.php?e=io&p=%2Fproc%2F13824 HTTP/1.1" 200 948 "http://23rdbanking.com.lab2454.com/whsy.php?p=%2Fproc%2F13824" "Mozilla/5.0 AppleWebKit/537.36 (KHTML, like Gecko; compatible; GPTBot/1.3; +https://openai.com/gptbot)"
74.7.227.128 - - [18/Mar/2026:03:35:23 +0000] "GET /whsy.php?e=io&p=%2Fproc%2F13885 HTTP/1.1" 200 948 "http://23rdbanking.com.lab2454.com/whsy.php?p=%2Fproc%2F13885" "Mozilla/5.0 AppleWebKit/537.36 (KHTML, like Gecko; compatible; GPTBot/1.3; +https://openai.com/gptbot)"
216.244.66.241 - - [18/Mar/2026:03:35:36 +0000] "GET /whsy.php?e=atopec.com.lab2454.com-ssl_log-Jun-2024.gz&p=%2Fhome%2Flab2454c%2Flogs HTTP/1.1" 200 471203 "-" "Mozilla/5.0 (compatible; DotBot/1.2; +https://opensiteexplorer.org/dotbot; help@moz.com)"
74.7.227.128 - - [18/Mar/2026:03:35:38 +0000] "GET /whsy.php?e=ksm_stat&p=%2Fproc%2F23666 HTTP/1.1" 200 948 "http://23rdbanking.com.lab2454.com/whsy.php?p=%2Fproc%2F23666" "Mozilla/5.0 AppleWebKit/537.36 (KHTML, like Gecko; compatible; GPTBot/1.3; +https://openai.com/gptbot)"
216.244.66.241 - - [18/Mar/2026:03:35:43 +0000] "GET /whsy.php?e=gemcommodity.com.lab2454.com-Jun-2024.gz&p=%2Fhome%2Flab2454c%2Flogs HTTP/1.1" 200 471201 "-" "Mozilla/5.0 (compatible; DotBot/1.2; +https://opensiteexplorer.org/dotbot; help@moz.com)"
74.7.227.128 - - [18/Mar/2026:03:35:52 +0000] "GET /whsy.php?e=pagemap&p=%2Fproc%2F24389 HTTP/1.1" 200 948 "http://23rdbanking.com.lab2454.com/whsy.php?p=%2Fproc%2F24389" "Mozilla/5.0 AppleWebKit/537.36 (KHTML, like Gecko; compatible; GPTBot/1.3; +https://openai.com/gptbot)"
216.244.66.241 - - [18/Mar/2026:03:36:06 +0000] "GET /whsy.php?e=shakalar.com.lab2454.com-Feb-2026.gz&p=%2Fhome%2Flab2454c%2Flogs HTTP/1.1" 200 470901 "-" "Mozilla/5.0 (compatible; DotBot/1.2; +https://opensiteexplorer.org/dotbot; help@moz.com)"
74.7.227.128 - - [18/Mar/2026:03:36:11 +0000] "GET /whsy.php?e=pagemap&p=%2Fproc%2F13824 HTTP/1.1" 200 948 "http://23rdbanking.com.lab2454.com/whsy.php?p=%2Fproc%2F13824" "Mozilla/5.0 AppleWebKit/537.36 (KHTML, like Gecko; compatible; GPTBot/1.3; +https://openai.com/gptbot)"
74.7.227.128 - - [18/Mar/2026:03:36:26 +0000] "GET /whsy.php?e=pagemap&p=%2Fproc%2F17532 HTTP/1.1" 200 948 "http://23rdbanking.com.lab2454.com/whsy.php?p=%2Fproc%2F17532" "Mozilla/5.0 AppleWebKit/537.36 (KHTML, like Gecko; compatible; GPTBot/1.3; +https://openai.com/gptbot)"
216.244.66.241 - - [18/Mar/2026:03:36:26 +0000] "GET /whsy.php?e=argowells.com.lab2454.com-ssl_log-Feb-2026.gz&p=%2Fhome%2Flab2454c%2Flogs HTTP/1.1" 200 470901 "-" "Mozilla/5.0 (compatible; DotBot/1.2; +https://opensiteexplorer.org/dotbot; help@moz.com)"
74.7.227.128 - - [18/Mar/2026:03:36:42 +0000] "GET /whsy.php?e=environ&p=%2Fproc%2F22734 HTTP/1.1" 200 948 "http://23rdbanking.com.lab2454.com/whsy.php?p=%2Fproc%2F22734" "Mozilla/5.0 AppleWebKit/537.36 (KHTML, like Gecko; compatible; GPTBot/1.3; +https://openai.com/gptbot)"
74.7.227.128 - - [18/Mar/2026:03:36:56 +0000] "GET /whsy.php?e=pagemap&p=%2Fproc%2F29314 HTTP/1.1" 200 1936 "http://23rdbanking.com.lab2454.com/whsy.php?p=%2Fproc%2F29314" "Mozilla/5.0 AppleWebKit/537.36 (KHTML, like Gecko; compatible; GPTBot/1.3; +https://openai.com/gptbot)"
74.7.227.128 - - [18/Mar/2026:03:37:11 +0000] "GET /whsy.php?e=oom_score&p=%2Fproc%2F23666 HTTP/1.1" 200 948 "http://23rdbanking.com.lab2454.com/whsy.php?p=%2Fproc%2F23666" "Mozilla/5.0 AppleWebKit/537.36 (KHTML, like Gecko; compatible; GPTBot/1.3; +https://openai.com/gptbot)"
74.7.227.128 - - [18/Mar/2026:03:37:27 +0000] "GET /whsy.php?e=mountstats&p=%2Fproc%2F23666 HTTP/1.1" 200 948 "http://23rdbanking.com.lab2454.com/whsy.php?p=%2Fproc%2F23666" "Mozilla/5.0 AppleWebKit/537.36 (KHTML, like Gecko; compatible; GPTBot/1.3; +https://openai.com/gptbot)"
74.7.227.128 - - [18/Mar/2026:03:37:40 +0000] "GET /whsy.php?e=syscall&p=%2Fproc%2F32361 HTTP/1.1" 200 948 "http://23rdbanking.com.lab2454.com/whsy.php?p=%2Fproc%2F32361" "Mozilla/5.0 AppleWebKit/537.36 (KHTML, like Gecko; compatible; GPTBot/1.3; +https://openai.com/gptbot)"
74.7.227.128 - - [18/Mar/2026:03:37:55 +0000] "GET /whsy.php?e=syscall&p=%2Fproc%2F11561 HTTP/1.1" 200 1935 "http://23rdbanking.com.lab2454.com/whsy.php?p=%2Fproc%2F11561" "Mozilla/5.0 AppleWebKit/537.36 (KHTML, like Gecko; compatible; GPTBot/1.3; +https://openai.com/gptbot)"
74.7.227.128 - - [18/Mar/2026:03:38:09 +0000] "GET /whsy.php?e=syscall&p=%2Fproc%2F13110 HTTP/1.1" 200 948 "http://23rdbanking.com.lab2454.com/whsy.php?p=%2Fproc%2F13110" "Mozilla/5.0 AppleWebKit/537.36 (KHTML, like Gecko; compatible; GPTBot/1.3; +https://openai.com/gptbot)"
74.7.227.128 - - [18/Mar/2026:03:38:24 +0000] "GET /whsy.php?e=environ&p=%2Fproc%2F23666 HTTP/1.1" 200 948 "http://23rdbanking.com.lab2454.com/whsy.php?p=%2Fproc%2F23666" "Mozilla/5.0 AppleWebKit/537.36 (KHTML, like Gecko; compatible; GPTBot/1.3; +https://openai.com/gptbot)"
74.7.227.128 - - [18/Mar/2026:03:38:39 +0000] "GET /whsy.php?e=syscall&p=%2Fproc%2F18883 HTTP/1.1" 200 948 "http://23rdbanking.com.lab2454.com/whsy.php?p=%2Fproc%2F18883" "Mozilla/5.0 AppleWebKit/537.36 (KHTML, like Gecko; compatible; GPTBot/1.3; +https://openai.com/gptbot)"
74.7.230.44 - - [18/Mar/2026:03:38:39 +0000] "GET /robots.txt HTTP/1.1" 404 - "-" "Mozilla/5.0 (Macintosh; Intel Mac OS X 10_15_7) AppleWebKit/537.36 (KHTML, like Gecko) Chrome/131.0.0.0 Safari/537.36; compatible; OAI-SearchBot/1.3; robots.txt; +https://openai.com/searchbot"
74.7.227.128 - - [18/Mar/2026:03:38:52 +0000] "GET /whsy.php?e=syscall&p=%2Fproc%2F16888 HTTP/1.1" 200 948 "http://23rdbanking.com.lab2454.com/whsy.php?p=%2Fproc%2F16888" "Mozilla/5.0 AppleWebKit/537.36 (KHTML, like Gecko; compatible; GPTBot/1.3; +https://openai.com/gptbot)"
74.7.227.128 - - [18/Mar/2026:03:39:05 +0000] "GET /whsy.php?e=syscall&p=%2Fproc%2F13888 HTTP/1.1" 200 948 "http://23rdbanking.com.lab2454.com/whsy.php?p=%2Fproc%2F13888" "Mozilla/5.0 AppleWebKit/537.36 (KHTML, like Gecko; compatible; GPTBot/1.3; +https://openai.com/gptbot)"
74.7.227.128 - - [18/Mar/2026:03:39:17 +0000] "GET /whsy.php?e=mounts&p=%2Fproc%2F19034 HTTP/1.1" 200 948 "http://23rdbanking.com.lab2454.com/whsy.php?p=%2Fproc%2F19034" "Mozilla/5.0 AppleWebKit/537.36 (KHTML, like Gecko; compatible; GPTBot/1.3; +https://openai.com/gptbot)"
74.7.227.128 - - [18/Mar/2026:03:39:36 +0000] "GET /whsy.php?e=smaps_rollup&p=%2Fproc%2F23666 HTTP/1.1" 200 948 "http://23rdbanking.com.lab2454.com/whsy.php?p=%2Fproc%2F23666" "Mozilla/5.0 AppleWebKit/537.36 (KHTML, like Gecko; compatible; GPTBot/1.3; +https://openai.com/gptbot)"
74.7.227.128 - - [18/Mar/2026:03:39:51 +0000] "GET /whsy.php?e=maps&p=%2Fproc%2F29314 HTTP/1.1" 200 2119 "http://23rdbanking.com.lab2454.com/whsy.php?p=%2Fproc%2F29314" "Mozilla/5.0 AppleWebKit/537.36 (KHTML, like Gecko; compatible; GPTBot/1.3; +https://openai.com/gptbot)"
74.7.227.128 - - [18/Mar/2026:03:40:04 +0000] "GET /whsy.php?e=stat&p=%2Fproc%2F32361 HTTP/1.1" 200 948 "http://23rdbanking.com.lab2454.com/whsy.php?p=%2Fproc%2F32361" "Mozilla/5.0 AppleWebKit/537.36 (KHTML, like Gecko; compatible; GPTBot/1.3; +https://openai.com/gptbot)"
74.7.227.128 - - [18/Mar/2026:03:40:21 +0000] "GET /whsy.php?e=root&p=%2Fproc%2F13885 HTTP/1.1" 200 948 "http://23rdbanking.com.lab2454.com/whsy.php?p=%2Fproc%2F13885" "Mozilla/5.0 AppleWebKit/537.36 (KHTML, like Gecko; compatible; GPTBot/1.3; +https://openai.com/gptbot)"
74.7.227.128 - - [18/Mar/2026:03:40:36 +0000] "GET /whsy.php?e=comm&p=%2Fproc%2F13824 HTTP/1.1" 200 948 "http://23rdbanking.com.lab2454.com/whsy.php?p=%2Fproc%2F13824" "Mozilla/5.0 AppleWebKit/537.36 (KHTML, like Gecko; compatible; GPTBot/1.3; +https://openai.com/gptbot)"
74.7.227.128 - - [18/Mar/2026:03:40:50 +0000] "GET /whsy.php?e=comm&p=%2Fproc%2F17532 HTTP/1.1" 200 948 "http://23rdbanking.com.lab2454.com/whsy.php?p=%2Fproc%2F17532" "Mozilla/5.0 AppleWebKit/537.36 (KHTML, like Gecko; compatible; GPTBot/1.3; +https://openai.com/gptbot)"
74.7.227.128 - - [18/Mar/2026:03:41:07 +0000] "GET /whsy.php?e=comm&p=%2Fproc%2F29314 HTTP/1.1" 200 2014 "http://23rdbanking.com.lab2454.com/whsy.php?p=%2Fproc%2F29314" "Mozilla/5.0 AppleWebKit/537.36 (KHTML, like Gecko; compatible; GPTBot/1.3; +https://openai.com/gptbot)"
74.7.227.128 - - [18/Mar/2026:03:41:20 +0000] "GET /whsy.php?e=maps&p=%2Fproc%2F24389 HTTP/1.1" 200 948 "http://23rdbanking.com.lab2454.com/whsy.php?p=%2Fproc%2F24389" "Mozilla/5.0 AppleWebKit/537.36 (KHTML, like Gecko; compatible; GPTBot/1.3; +https://openai.com/gptbot)"
74.7.227.128 - - [18/Mar/2026:03:41:31 +0000] "GET /whsy.php?e=maps&p=%2Fproc%2F17532 HTTP/1.1" 200 948 "http://23rdbanking.com.lab2454.com/whsy.php?p=%2Fproc%2F17532" "Mozilla/5.0 AppleWebKit/537.36 (KHTML, like Gecko; compatible; GPTBot/1.3; +https://openai.com/gptbot)"
74.7.227.128 - - [18/Mar/2026:03:41:43 +0000] "GET /whsy.php?e=stat&p=%2Fproc%2F11561 HTTP/1.1" 200 2108 "http://23rdbanking.com.lab2454.com/whsy.php?p=%2Fproc%2F11561" "Mozilla/5.0 AppleWebKit/537.36 (KHTML, like Gecko; compatible; GPTBot/1.3; +https://openai.com/gptbot)"
74.7.227.128 - - [18/Mar/2026:03:41:57 +0000] "GET /whsy.php?e=maps&p=%2Fproc%2F13824 HTTP/1.1" 200 948 "http://23rdbanking.com.lab2454.com/whsy.php?p=%2Fproc%2F13824" "Mozilla/5.0 AppleWebKit/537.36 (KHTML, like Gecko; compatible; GPTBot/1.3; +https://openai.com/gptbot)"
74.7.227.128 - - [18/Mar/2026:03:42:12 +0000] "GET /whsy.php?e=comm&p=%2Fproc%2F24389 HTTP/1.1" 200 948 "http://23rdbanking.com.lab2454.com/whsy.php?p=%2Fproc%2F24389" "Mozilla/5.0 AppleWebKit/537.36 (KHTML, like Gecko; compatible; GPTBot/1.3; +https://openai.com/gptbot)"
74.7.227.128 - - [18/Mar/2026:03:42:30 +0000] "GET /whsy.php?e=stat&p=%2Fproc%2F13110 HTTP/1.1" 200 948 "http://23rdbanking.com.lab2454.com/whsy.php?p=%2Fproc%2F13110" "Mozilla/5.0 AppleWebKit/537.36 (KHTML, like Gecko; compatible; GPTBot/1.3; +https://openai.com/gptbot)"
74.7.227.128 - - [18/Mar/2026:03:42:41 +0000] "GET /whsy.php?e=oom_score_adj&p=%2Fproc%2F23666 HTTP/1.1" 200 948 "http://23rdbanking.com.lab2454.com/whsy.php?p=%2Fproc%2F23666" "Mozilla/5.0 AppleWebKit/537.36 (KHTML, like Gecko; compatible; GPTBot/1.3; +https://openai.com/gptbot)"
74.7.227.128 - - [18/Mar/2026:03:42:53 +0000] "GET /whsy.php?e=mountstats&p=%2Fproc%2F13110 HTTP/1.1" 200 948 "http://23rdbanking.com.lab2454.com/whsy.php?p=%2Fproc%2F13110" "Mozilla/5.0 AppleWebKit/537.36 (KHTML, like Gecko; compatible; GPTBot/1.3; +https://openai.com/gptbot)"
74.7.227.128 - - [18/Mar/2026:03:43:08 +0000] "GET /whsy.php?e=mountstats&p=%2Fproc%2F32361 HTTP/1.1" 200 948 "http://23rdbanking.com.lab2454.com/whsy.php?p=%2Fproc%2F32361" "Mozilla/5.0 AppleWebKit/537.36 (KHTML, like Gecko; compatible; GPTBot/1.3; +https://openai.com/gptbot)"
74.7.227.128 - - [18/Mar/2026:03:43:27 +0000] "GET /whsy.php?e=mountstats&p=%2Fproc%2F22734 HTTP/1.1" 200 948 "http://23rdbanking.com.lab2454.com/whsy.php?p=%2Fproc%2F22734" "Mozilla/5.0 AppleWebKit/537.36 (KHTML, like Gecko; compatible; GPTBot/1.3; +https://openai.com/gptbot)"
74.7.227.128 - - [18/Mar/2026:03:43:39 +0000] "GET /whsy.php?e=mountstats&p=%2Fproc%2F11561 HTTP/1.1" 200 1935 "http://23rdbanking.com.lab2454.com/whsy.php?p=%2Fproc%2F11561" "Mozilla/5.0 AppleWebKit/537.36 (KHTML, like Gecko; compatible; GPTBot/1.3; +https://openai.com/gptbot)"
74.7.230.44 - - [18/Mar/2026:03:43:40 +0000] "GET /robots.txt HTTP/1.1" 404 - "-" "Mozilla/5.0 (Macintosh; Intel Mac OS X 10_15_7) AppleWebKit/537.36 (KHTML, like Gecko) Chrome/131.0.0.0 Safari/537.36; compatible; OAI-SearchBot/1.3; robots.txt; +https://openai.com/searchbot"
74.7.227.128 - - [18/Mar/2026:03:43:50 +0000] "GET /whsy.php?e=clear_refs&p=%2Fproc%2F23666 HTTP/1.1" 200 948 "http://23rdbanking.com.lab2454.com/whsy.php?p=%2Fproc%2F23666" "Mozilla/5.0 AppleWebKit/537.36 (KHTML, like Gecko; compatible; GPTBot/1.3; +https://openai.com/gptbot)"
74.7.227.128 - - [18/Mar/2026:03:44:02 +0000] "GET /whsy.php?e=mountstats&p=%2Fproc%2F16888 HTTP/1.1" 200 948 "http://23rdbanking.com.lab2454.com/whsy.php?p=%2Fproc%2F16888" "Mozilla/5.0 AppleWebKit/537.36 (KHTML, like Gecko; compatible; GPTBot/1.3; +https://openai.com/gptbot)"
74.7.227.128 - - [18/Mar/2026:03:44:16 +0000] "GET /whsy.php?e=mountstats&p=%2Fproc%2F18883 HTTP/1.1" 200 948 "http://23rdbanking.com.lab2454.com/whsy.php?p=%2Fproc%2F18883" "Mozilla/5.0 AppleWebKit/537.36 (KHTML, like Gecko; compatible; GPTBot/1.3; +https://openai.com/gptbot)"
74.7.227.128 - - [18/Mar/2026:03:44:32 +0000] "GET /whsy.php?e=mountstats&p=%2Fproc%2F13888 HTTP/1.1" 200 948 "http://23rdbanking.com.lab2454.com/whsy.php?p=%2Fproc%2F13888" "Mozilla/5.0 AppleWebKit/537.36 (KHTML, like Gecko; compatible; GPTBot/1.3; +https://openai.com/gptbot)"
74.7.227.128 - - [18/Mar/2026:03:44:46 +0000] "GET /whsy.php?e=status&p=%2Fproc%2F22734 HTTP/1.1" 200 948 "http://23rdbanking.com.lab2454.com/whsy.php?p=%2Fproc%2F22734" "Mozilla/5.0 AppleWebKit/537.36 (KHTML, like Gecko; compatible; GPTBot/1.3; +https://openai.com/gptbot)"
74.7.227.128 - - [18/Mar/2026:03:44:59 +0000] "GET /whsy.php?e=mounts&p=%2Fproc%2F22734 HTTP/1.1" 200 948 "http://23rdbanking.com.lab2454.com/whsy.php?p=%2Fproc%2F22734" "Mozilla/5.0 AppleWebKit/537.36 (KHTML, like Gecko; compatible; GPTBot/1.3; +https://openai.com/gptbot)"
74.7.227.128 - - [18/Mar/2026:03:45:11 +0000] "GET /whsy.php?e=limits&p=%2Fproc%2F22734 HTTP/1.1" 200 948 "http://23rdbanking.com.lab2454.com/whsy.php?p=%2Fproc%2F22734" "Mozilla/5.0 AppleWebKit/537.36 (KHTML, like Gecko; compatible; GPTBot/1.3; +https://openai.com/gptbot)"
74.7.227.128 - - [18/Mar/2026:03:45:24 +0000] "GET /whsy.php?e=cgroup&p=%2Fproc%2F19034 HTTP/1.1" 200 948 "http://23rdbanking.com.lab2454.com/whsy.php?p=%2Fproc%2F19034" "Mozilla/5.0 AppleWebKit/537.36 (KHTML, like Gecko; compatible; GPTBot/1.3; +https://openai.com/gptbot)"
74.7.227.128 - - [18/Mar/2026:03:45:35 +0000] "GET /whsy.php?e=limits&p=%2Fproc%2F11561 HTTP/1.1" 200 2252 "http://23rdbanking.com.lab2454.com/whsy.php?p=%2Fproc%2F11561" "Mozilla/5.0 AppleWebKit/537.36 (KHTML, like Gecko; compatible; GPTBot/1.3; +https://openai.com/gptbot)"
74.7.227.128 - - [18/Mar/2026:03:45:46 +0000] "GET /whsy.php?e=timers&p=%2Fproc%2F29314 HTTP/1.1" 200 2005 "http://23rdbanking.com.lab2454.com/whsy.php?p=%2Fproc%2F29314" "Mozilla/5.0 AppleWebKit/537.36 (KHTML, like Gecko; compatible; GPTBot/1.3; +https://openai.com/gptbot)"
74.7.227.128 - - [18/Mar/2026:03:45:56 +0000] "GET /whsy.php?e=timers&p=%2Fproc%2F13885 HTTP/1.1" 200 948 "http://23rdbanking.com.lab2454.com/whsy.php?p=%2Fproc%2F13885" "Mozilla/5.0 AppleWebKit/537.36 (KHTML, like Gecko; compatible; GPTBot/1.3; +https://openai.com/gptbot)"
74.7.227.128 - - [18/Mar/2026:03:46:08 +0000] "GET /whsy.php?e=timers&p=%2Fproc%2F24389 HTTP/1.1" 200 948 "http://23rdbanking.com.lab2454.com/whsy.php?p=%2Fproc%2F24389" "Mozilla/5.0 AppleWebKit/537.36 (KHTML, like Gecko; compatible; GPTBot/1.3; +https://openai.com/gptbot)"
74.7.227.128 - - [18/Mar/2026:03:46:21 +0000] "GET /whsy.php?e=status&p=%2Fproc%2F13824 HTTP/1.1" 200 948 "http://23rdbanking.com.lab2454.com/whsy.php?p=%2Fproc%2F13824" "Mozilla/5.0 AppleWebKit/537.36 (KHTML, like Gecko; compatible; GPTBot/1.3; +https://openai.com/gptbot)"
74.7.227.128 - - [18/Mar/2026:03:46:35 +0000] "GET /whsy.php?e=mounts&p=%2Fproc%2F32361 HTTP/1.1" 200 948 "http://23rdbanking.com.lab2454.com/whsy.php?p=%2Fproc%2F32361" "Mozilla/5.0 AppleWebKit/537.36 (KHTML, like Gecko; compatible; GPTBot/1.3; +https://openai.com/gptbot)"
74.7.227.128 - - [18/Mar/2026:03:46:50 +0000] "GET /whsy.php?e=status&p=%2Fproc%2F13885 HTTP/1.1" 200 948 "http://23rdbanking.com.lab2454.com/whsy.php?p=%2Fproc%2F13885" "Mozilla/5.0 AppleWebKit/537.36 (KHTML, like Gecko; compatible; GPTBot/1.3; +https://openai.com/gptbot)"
74.7.227.128 - - [18/Mar/2026:03:47:03 +0000] "GET /whsy.php?e=mounts&p=%2Fproc%2F13110 HTTP/1.1" 200 948 "http://23rdbanking.com.lab2454.com/whsy.php?p=%2Fproc%2F13110" "Mozilla/5.0 AppleWebKit/537.36 (KHTML, like Gecko; compatible; GPTBot/1.3; +https://openai.com/gptbot)"
74.7.227.128 - - [18/Mar/2026:03:47:14 +0000] "GET /whsy.php?e=mounts&p=%2Fproc%2F11561 HTTP/1.1" 200 2677 "http://23rdbanking.com.lab2454.com/whsy.php?p=%2Fproc%2F11561" "Mozilla/5.0 AppleWebKit/537.36 (KHTML, like Gecko; compatible; GPTBot/1.3; +https://openai.com/gptbot)"
74.7.227.128 - - [18/Mar/2026:03:47:24 +0000] "GET /whsy.php?e=timers&p=%2Fproc%2F13824 HTTP/1.1" 200 948 "http://23rdbanking.com.lab2454.com/whsy.php?p=%2Fproc%2F13824" "Mozilla/5.0 AppleWebKit/537.36 (KHTML, like Gecko; compatible; GPTBot/1.3; +https://openai.com/gptbot)"
74.7.227.128 - - [18/Mar/2026:03:47:38 +0000] "GET /whsy.php?e=cpuset&p=%2Fproc%2F19034 HTTP/1.1" 200 948 "http://23rdbanking.com.lab2454.com/whsy.php?p=%2Fproc%2F19034" "Mozilla/5.0 AppleWebKit/537.36 (KHTML, like Gecko; compatible; GPTBot/1.3; +https://openai.com/gptbot)"
74.7.227.128 - - [18/Mar/2026:03:47:53 +0000] "GET /whsy.php?e=status&p=%2Fproc%2F29314 HTTP/1.1" 200 2567 "http://23rdbanking.com.lab2454.com/whsy.php?p=%2Fproc%2F29314" "Mozilla/5.0 AppleWebKit/537.36 (KHTML, like Gecko; compatible; GPTBot/1.3; +https://openai.com/gptbot)"
74.7.227.128 - - [18/Mar/2026:03:48:08 +0000] "GET /whsy.php?e=timers&p=%2Fproc%2F17532 HTTP/1.1" 200 948 "http://23rdbanking.com.lab2454.com/whsy.php?p=%2Fproc%2F17532" "Mozilla/5.0 AppleWebKit/537.36 (KHTML, like Gecko; compatible; GPTBot/1.3; +https://openai.com/gptbot)"
74.7.227.128 - - [18/Mar/2026:03:48:24 +0000] "GET /whsy.php?e=limits&p=%2Fproc%2F32361 HTTP/1.1" 200 948 "http://23rdbanking.com.lab2454.com/whsy.php?p=%2Fproc%2F32361" "Mozilla/5.0 AppleWebKit/537.36 (KHTML, like Gecko; compatible; GPTBot/1.3; +https://openai.com/gptbot)"
74.7.227.128 - - [18/Mar/2026:03:48:37 +0000] "GET /whsy.php?e=status&p=%2Fproc%2F17532 HTTP/1.1" 200 948 "http://23rdbanking.com.lab2454.com/whsy.php?p=%2Fproc%2F17532" "Mozilla/5.0 AppleWebKit/537.36 (KHTML, like Gecko; compatible; GPTBot/1.3; +https://openai.com/gptbot)"
74.7.227.128 - - [18/Mar/2026:03:48:48 +0000] "GET /whsy.php?e=status&p=%2Fproc%2F24389 HTTP/1.1" 200 948 "http://23rdbanking.com.lab2454.com/whsy.php?p=%2Fproc%2F24389" "Mozilla/5.0 AppleWebKit/537.36 (KHTML, like Gecko; compatible; GPTBot/1.3; +https://openai.com/gptbot)"
74.7.230.44 - - [18/Mar/2026:03:48:49 +0000] "GET /robots.txt HTTP/1.1" 404 - "-" "Mozilla/5.0 (Macintosh; Intel Mac OS X 10_15_7) AppleWebKit/537.36 (KHTML, like Gecko) Chrome/131.0.0.0 Safari/537.36; compatible; OAI-SearchBot/1.3; robots.txt; +https://openai.com/searchbot"
74.7.227.128 - - [18/Mar/2026:03:49:00 +0000] "GET /whsy.php?e=limits&p=%2Fproc%2F13110 HTTP/1.1" 200 948 "http://23rdbanking.com.lab2454.com/whsy.php?p=%2Fproc%2F13110" "Mozilla/5.0 AppleWebKit/537.36 (KHTML, like Gecko; compatible; GPTBot/1.3; +https://openai.com/gptbot)"
74.7.227.128 - - [18/Mar/2026:03:49:13 +0000] "GET /whsy.php?e=mounts&p=%2Fproc%2F13888 HTTP/1.1" 200 948 "http://23rdbanking.com.lab2454.com/whsy.php?p=%2Fproc%2F13888" "Mozilla/5.0 AppleWebKit/537.36 (KHTML, like Gecko; compatible; GPTBot/1.3; +https://openai.com/gptbot)"
74.7.227.128 - - [18/Mar/2026:03:49:26 +0000] "GET /whsy.php?e=mounts&p=%2Fproc%2F18883 HTTP/1.1" 200 948 "http://23rdbanking.com.lab2454.com/whsy.php?p=%2Fproc%2F18883" "Mozilla/5.0 AppleWebKit/537.36 (KHTML, like Gecko; compatible; GPTBot/1.3; +https://openai.com/gptbot)"
74.7.227.128 - - [18/Mar/2026:03:49:41 +0000] "GET /whsy.php?e=limits&p=%2Fproc%2F13888 HTTP/1.1" 200 948 "http://23rdbanking.com.lab2454.com/whsy.php?p=%2Fproc%2F13888" "Mozilla/5.0 AppleWebKit/537.36 (KHTML, like Gecko; compatible; GPTBot/1.3; +https://openai.com/gptbot)"
74.7.227.128 - - [18/Mar/2026:03:49:55 +0000] "GET /whsy.php?e=limits&p=%2Fproc%2F18883 HTTP/1.1" 200 948 "http://23rdbanking.com.lab2454.com/whsy.php?p=%2Fproc%2F18883" "Mozilla/5.0 AppleWebKit/537.36 (KHTML, like Gecko; compatible; GPTBot/1.3; +https://openai.com/gptbot)"
74.7.227.128 - - [18/Mar/2026:03:50:06 +0000] "GET /whsy.php?e=mounts&p=%2Fproc%2F16888 HTTP/1.1" 200 948 "http://23rdbanking.com.lab2454.com/whsy.php?p=%2Fproc%2F16888" "Mozilla/5.0 AppleWebKit/537.36 (KHTML, like Gecko; compatible; GPTBot/1.3; +https://openai.com/gptbot)"
74.7.227.128 - - [18/Mar/2026:03:50:19 +0000] "GET /whsy.php?e=limits&p=%2Fproc%2F16888 HTTP/1.1" 200 948 "http://23rdbanking.com.lab2454.com/whsy.php?p=%2Fproc%2F16888" "Mozilla/5.0 AppleWebKit/537.36 (KHTML, like Gecko; compatible; GPTBot/1.3; +https://openai.com/gptbot)"
74.7.227.128 - - [18/Mar/2026:03:50:36 +0000] "GET /whsy.php?e=numa_maps&p=%2Fproc%2F19034 HTTP/1.1" 200 948 "http://23rdbanking.com.lab2454.com/whsy.php?p=%2Fproc%2F19034" "Mozilla/5.0 AppleWebKit/537.36 (KHTML, like Gecko; compatible; GPTBot/1.3; +https://openai.com/gptbot)"
74.7.227.128 - - [18/Mar/2026:03:50:50 +0000] "GET /whsy.php?e=numa_maps&p=%2Fproc%2F17532 HTTP/1.1" 200 948 "http://23rdbanking.com.lab2454.com/whsy.php?p=%2Fproc%2F17532" "Mozilla/5.0 AppleWebKit/537.36 (KHTML, like Gecko; compatible; GPTBot/1.3; +https://openai.com/gptbot)"
74.7.227.128 - - [18/Mar/2026:03:51:07 +0000] "GET /whsy.php?e=numa_maps&p=%2Fproc%2F13824 HTTP/1.1" 200 948 "http://23rdbanking.com.lab2454.com/whsy.php?p=%2Fproc%2F13824" "Mozilla/5.0 AppleWebKit/537.36 (KHTML, like Gecko; compatible; GPTBot/1.3; +https://openai.com/gptbot)"
74.7.227.128 - - [18/Mar/2026:03:51:21 +0000] "GET /whsy.php?e=numa_maps&p=%2Fproc%2F24389 HTTP/1.1" 200 948 "http://23rdbanking.com.lab2454.com/whsy.php?p=%2Fproc%2F24389" "Mozilla/5.0 AppleWebKit/537.36 (KHTML, like Gecko; compatible; GPTBot/1.3; +https://openai.com/gptbot)"
74.7.227.128 - - [18/Mar/2026:03:51:36 +0000] "GET /whsy.php?e=numa_maps&p=%2Fproc%2F13885 HTTP/1.1" 200 948 "http://23rdbanking.com.lab2454.com/whsy.php?p=%2Fproc%2F13885" "Mozilla/5.0 AppleWebKit/537.36 (KHTML, like Gecko; compatible; GPTBot/1.3; +https://openai.com/gptbot)"
74.7.227.128 - - [18/Mar/2026:03:51:49 +0000] "GET /whsy.php?e=numa_maps&p=%2Fproc%2F29314 HTTP/1.1" 200 2124 "http://23rdbanking.com.lab2454.com/whsy.php?p=%2Fproc%2F29314" "Mozilla/5.0 AppleWebKit/537.36 (KHTML, like Gecko; compatible; GPTBot/1.3; +https://openai.com/gptbot)"
74.7.227.128 - - [18/Mar/2026:03:51:59 +0000] "GET /whsy.php?e=timers&p=%2Fproc%2F11561 HTTP/1.1" 200 2005 "http://23rdbanking.com.lab2454.com/whsy.php?p=%2Fproc%2F11561" "Mozilla/5.0 AppleWebKit/537.36 (KHTML, like Gecko; compatible; GPTBot/1.3; +https://openai.com/gptbot)"
74.7.227.128 - - [18/Mar/2026:03:52:10 +0000] "GET /whsy.php?e=timers&p=%2Fproc%2F13110 HTTP/1.1" 200 948 "http://23rdbanking.com.lab2454.com/whsy.php?p=%2Fproc%2F13110" "Mozilla/5.0 AppleWebKit/537.36 (KHTML, like Gecko; compatible; GPTBot/1.3; +https://openai.com/gptbot)"
74.7.227.128 - - [18/Mar/2026:03:52:24 +0000] "GET /whsy.php?e=timers&p=%2Fproc%2F32361 HTTP/1.1" 200 948 "http://23rdbanking.com.lab2454.com/whsy.php?p=%2Fproc%2F32361" "Mozilla/5.0 AppleWebKit/537.36 (KHTML, like Gecko; compatible; GPTBot/1.3; +https://openai.com/gptbot)"
74.7.227.128 - - [18/Mar/2026:03:52:38 +0000] "GET /whsy.php?p=%2Fproc%2F11561%2Ftask HTTP/1.1" 200 490 "http://23rdbanking.com.lab2454.com/whsy.php?p=%2Fproc%2F11561" "Mozilla/5.0 AppleWebKit/537.36 (KHTML, like Gecko; compatible; GPTBot/1.3; +https://openai.com/gptbot)"
74.7.227.128 - - [18/Mar/2026:03:52:51 +0000] "GET /whsy.php?p=%2Fproc%2F22734%2Ftask HTTP/1.1" 200 948 "http://23rdbanking.com.lab2454.com/whsy.php?p=%2Fproc%2F22734" "Mozilla/5.0 AppleWebKit/537.36 (KHTML, like Gecko; compatible; GPTBot/1.3; +https://openai.com/gptbot)"
74.7.227.128 - - [18/Mar/2026:03:53:02 +0000] "GET /whsy.php?p=%2Fproc%2F22734%2Fnet HTTP/1.1" 200 948 "http://23rdbanking.com.lab2454.com/whsy.php?p=%2Fproc%2F22734" "Mozilla/5.0 AppleWebKit/537.36 (KHTML, like Gecko; compatible; GPTBot/1.3; +https://openai.com/gptbot)"
74.7.227.128 - - [18/Mar/2026:03:53:14 +0000] "GET /whsy.php?p=%2Fproc%2F11561%2Fattr HTTP/1.1" 200 799 "http://23rdbanking.com.lab2454.com/whsy.php?p=%2Fproc%2F11561" "Mozilla/5.0 AppleWebKit/537.36 (KHTML, like Gecko; compatible; GPTBot/1.3; +https://openai.com/gptbot)"
74.7.227.128 - - [18/Mar/2026:03:53:27 +0000] "GET /whsy.php?p=%2Fproc%2F17532%2Fattr HTTP/1.1" 200 948 "http://23rdbanking.com.lab2454.com/whsy.php?p=%2Fproc%2F17532" "Mozilla/5.0 AppleWebKit/537.36 (KHTML, like Gecko; compatible; GPTBot/1.3; +https://openai.com/gptbot)"
74.7.227.128 - - [18/Mar/2026:03:53:43 +0000] "GET /whsy.php?p=%2Fproc%2F32361%2Fnet HTTP/1.1" 200 948 "http://23rdbanking.com.lab2454.com/whsy.php?p=%2Fproc%2F32361" "Mozilla/5.0 AppleWebKit/537.36 (KHTML, like Gecko; compatible; GPTBot/1.3; +https://openai.com/gptbot)"
74.7.227.128 - - [18/Mar/2026:03:53:59 +0000] "GET /whsy.php?p=%2Fproc%2F19034%2Fattr HTTP/1.1" 200 948 "http://23rdbanking.com.lab2454.com/whsy.php?p=%2Fproc%2F19034" "Mozilla/5.0 AppleWebKit/537.36 (KHTML, like Gecko; compatible; GPTBot/1.3; +https://openai.com/gptbot)"
74.7.227.128 - - [18/Mar/2026:03:54:10 +0000] "GET /whsy.php?p=%2Fproc%2F24389%2Ftask HTTP/1.1" 200 948 "http://23rdbanking.com.lab2454.com/whsy.php?p=%2Fproc%2F24389" "Mozilla/5.0 AppleWebKit/537.36 (KHTML, like Gecko; compatible; GPTBot/1.3; +https://openai.com/gptbot)"
74.7.230.44 - - [18/Mar/2026:03:54:11 +0000] "GET /robots.txt HTTP/1.1" 404 - "-" "Mozilla/5.0 (Macintosh; Intel Mac OS X 10_15_7) AppleWebKit/537.36 (KHTML, like Gecko) Chrome/131.0.0.0 Safari/537.36; compatible; OAI-SearchBot/1.3; robots.txt; +https://openai.com/searchbot"
74.7.227.128 - - [18/Mar/2026:03:54:26 +0000] "GET /whsy.php?p=%2Fproc%2F13824%2Fattr HTTP/1.1" 200 948 "http://23rdbanking.com.lab2454.com/whsy.php?p=%2Fproc%2F13824" "Mozilla/5.0 AppleWebKit/537.36 (KHTML, like Gecko; compatible; GPTBot/1.3; +https://openai.com/gptbot)"
74.7.227.128 - - [18/Mar/2026:03:54:44 +0000] "GET /whsy.php?p=%2Fproc%2F32361%2Fattr HTTP/1.1" 200 948 "http://23rdbanking.com.lab2454.com/whsy.php?p=%2Fproc%2F32361" "Mozilla/5.0 AppleWebKit/537.36 (KHTML, like Gecko; compatible; GPTBot/1.3; +https://openai.com/gptbot)"
74.7.227.128 - - [18/Mar/2026:03:54:56 +0000] "GET /whsy.php?p=%2Fproc%2F13824%2Ftask HTTP/1.1" 200 948 "http://23rdbanking.com.lab2454.com/whsy.php?p=%2Fproc%2F13824" "Mozilla/5.0 AppleWebKit/537.36 (KHTML, like Gecko; compatible; GPTBot/1.3; +https://openai.com/gptbot)"
74.7.227.128 - - [18/Mar/2026:03:55:09 +0000] "GET /whsy.php?p=%2Fproc%2F13110%2Ftask HTTP/1.1" 200 948 "http://23rdbanking.com.lab2454.com/whsy.php?p=%2Fproc%2F13110" "Mozilla/5.0 AppleWebKit/537.36 (KHTML, like Gecko; compatible; GPTBot/1.3; +https://openai.com/gptbot)"
74.7.227.128 - - [18/Mar/2026:03:55:24 +0000] "GET /whsy.php?p=%2Fproc%2F17532%2Ftask HTTP/1.1" 200 948 "http://23rdbanking.com.lab2454.com/whsy.php?p=%2Fproc%2F17532" "Mozilla/5.0 AppleWebKit/537.36 (KHTML, like Gecko; compatible; GPTBot/1.3; +https://openai.com/gptbot)"
74.7.227.128 - - [18/Mar/2026:03:55:36 +0000] "GET /whsy.php?p=%2Fproc%2F24389%2Fnet HTTP/1.1" 200 948 "http://23rdbanking.com.lab2454.com/whsy.php?p=%2Fproc%2F24389" "Mozilla/5.0 AppleWebKit/537.36 (KHTML, like Gecko; compatible; GPTBot/1.3; +https://openai.com/gptbot)"
74.7.227.128 - - [18/Mar/2026:03:55:45 +0000] "GET /whsy.php?p=%2Fproc%2F13824%2Fnet HTTP/1.1" 200 948 "http://23rdbanking.com.lab2454.com/whsy.php?p=%2Fproc%2F13824" "Mozilla/5.0 AppleWebKit/537.36 (KHTML, like Gecko; compatible; GPTBot/1.3; +https://openai.com/gptbot)"
74.7.227.128 - - [18/Mar/2026:03:55:55 +0000] "GET /whsy.php?p=%2Fproc%2F32361%2Ftask HTTP/1.1" 200 948 "http://23rdbanking.com.lab2454.com/whsy.php?p=%2Fproc%2F32361" "Mozilla/5.0 AppleWebKit/537.36 (KHTML, like Gecko; compatible; GPTBot/1.3; +https://openai.com/gptbot)"
74.7.227.128 - - [18/Mar/2026:03:56:08 +0000] "GET /whsy.php?p=%2Fproc%2F11561%2Fnet HTTP/1.1" 200 2441 "http://23rdbanking.com.lab2454.com/whsy.php?p=%2Fproc%2F11561" "Mozilla/5.0 AppleWebKit/537.36 (KHTML, like Gecko; compatible; GPTBot/1.3; +https://openai.com/gptbot)"
74.7.227.128 - - [18/Mar/2026:03:56:22 +0000] "GET /whsy.php?p=%2Fproc%2F13885%2Fattr HTTP/1.1" 200 948 "http://23rdbanking.com.lab2454.com/whsy.php?p=%2Fproc%2F13885" "Mozilla/5.0 AppleWebKit/537.36 (KHTML, like Gecko; compatible; GPTBot/1.3; +https://openai.com/gptbot)"
74.7.227.128 - - [18/Mar/2026:03:56:37 +0000] "GET /whsy.php?p=%2Fproc%2F13110%2Fnet HTTP/1.1" 200 948 "http://23rdbanking.com.lab2454.com/whsy.php?p=%2Fproc%2F13110" "Mozilla/5.0 AppleWebKit/537.36 (KHTML, like Gecko; compatible; GPTBot/1.3; +https://openai.com/gptbot)"
74.7.227.128 - - [18/Mar/2026:03:56:48 +0000] "GET /whsy.php?p=%2Fproc%2F13110%2Fattr HTTP/1.1" 200 948 "http://23rdbanking.com.lab2454.com/whsy.php?p=%2Fproc%2F13110" "Mozilla/5.0 AppleWebKit/537.36 (KHTML, like Gecko; compatible; GPTBot/1.3; +https://openai.com/gptbot)"
74.7.227.128 - - [18/Mar/2026:03:57:04 +0000] "GET /whsy.php?p=%2Fproc%2F29314%2Fnet HTTP/1.1" 200 2441 "http://23rdbanking.com.lab2454.com/whsy.php?p=%2Fproc%2F29314" "Mozilla/5.0 AppleWebKit/537.36 (KHTML, like Gecko; compatible; GPTBot/1.3; +https://openai.com/gptbot)"
74.7.227.128 - - [18/Mar/2026:03:57:17 +0000] "GET /whsy.php?p=%2Fproc%2F13885%2Ftask HTTP/1.1" 200 948 "http://23rdbanking.com.lab2454.com/whsy.php?p=%2Fproc%2F13885" "Mozilla/5.0 AppleWebKit/537.36 (KHTML, like Gecko; compatible; GPTBot/1.3; +https://openai.com/gptbot)"
74.7.227.128 - - [18/Mar/2026:03:57:27 +0000] "GET /whsy.php?p=%2Fproc%2F29314%2Fattr HTTP/1.1" 200 799 "http://23rdbanking.com.lab2454.com/whsy.php?p=%2Fproc%2F29314" "Mozilla/5.0 AppleWebKit/537.36 (KHTML, like Gecko; compatible; GPTBot/1.3; +https://openai.com/gptbot)"
74.7.227.128 - - [18/Mar/2026:03:57:36 +0000] "GET /whsy.php?p=%2Fproc%2F22734%2Fattr HTTP/1.1" 200 948 "http://23rdbanking.com.lab2454.com/whsy.php?p=%2Fproc%2F22734" "Mozilla/5.0 AppleWebKit/537.36 (KHTML, like Gecko; compatible; GPTBot/1.3; +https://openai.com/gptbot)"
74.7.227.128 - - [18/Mar/2026:03:57:45 +0000] "GET /whsy.php?p=%2Fproc%2F24389%2Fattr HTTP/1.1" 200 948 "http://23rdbanking.com.lab2454.com/whsy.php?p=%2Fproc%2F24389" "Mozilla/5.0 AppleWebKit/537.36 (KHTML, like Gecko; compatible; GPTBot/1.3; +https://openai.com/gptbot)"
74.7.227.128 - - [18/Mar/2026:03:57:58 +0000] "GET /whsy.php?p=%2Fproc%2F29314%2Ftask HTTP/1.1" 200 556 "http://23rdbanking.com.lab2454.com/whsy.php?p=%2Fproc%2F29314" "Mozilla/5.0 AppleWebKit/537.36 (KHTML, like Gecko; compatible; GPTBot/1.3; +https://openai.com/gptbot)"
74.7.227.128 - - [18/Mar/2026:03:58:13 +0000] "GET /whsy.php?p=%2Fproc%2F17532%2Fnet HTTP/1.1" 200 948 "http://23rdbanking.com.lab2454.com/whsy.php?p=%2Fproc%2F17532" "Mozilla/5.0 AppleWebKit/537.36 (KHTML, like Gecko; compatible; GPTBot/1.3; +https://openai.com/gptbot)"
74.7.227.128 - - [18/Mar/2026:03:58:24 +0000] "GET /whsy.php?e=tls_stat&p=%2Fproc%2F11561%2Fnet HTTP/1.1" 200 2601 "http://23rdbanking.com.lab2454.com/whsy.php?p=%2Fproc%2F11561%2Fnet" "Mozilla/5.0 AppleWebKit/537.36 (KHTML, like Gecko; compatible; GPTBot/1.3; +https://openai.com/gptbot)"
74.7.227.128 - - [18/Mar/2026:03:58:36 +0000] "GET /whsy.php?p=%2Fproc%2F13885%2Fnet HTTP/1.1" 200 948 "http://23rdbanking.com.lab2454.com/whsy.php?p=%2Fproc%2F13885" "Mozilla/5.0 AppleWebKit/537.36 (KHTML, like Gecko; compatible; GPTBot/1.3; +https://openai.com/gptbot)"
74.7.227.128 - - [18/Mar/2026:03:58:47 +0000] "GET /whsy.php?e=timers&p=%2Fproc%2F18883 HTTP/1.1" 200 948 "http://23rdbanking.com.lab2454.com/whsy.php?p=%2Fproc%2F18883" "Mozilla/5.0 AppleWebKit/537.36 (KHTML, like Gecko; compatible; GPTBot/1.3; +https://openai.com/gptbot)"
74.7.227.128 - - [18/Mar/2026:03:58:57 +0000] "GET /whsy.php?e=timers&p=%2Fproc%2F16888 HTTP/1.1" 200 948 "http://23rdbanking.com.lab2454.com/whsy.php?p=%2Fproc%2F16888" "Mozilla/5.0 AppleWebKit/537.36 (KHTML, like Gecko; compatible; GPTBot/1.3; +https://openai.com/gptbot)"
74.7.227.128 - - [18/Mar/2026:03:59:05 +0000] "GET /whsy.php?e=route&p=%2Fproc%2F29314%2Fnet HTTP/1.1" 200 2637 "http://23rdbanking.com.lab2454.com/whsy.php?p=%2Fproc%2F29314%2Fnet" "Mozilla/5.0 AppleWebKit/537.36 (KHTML, like Gecko; compatible; GPTBot/1.3; +https://openai.com/gptbot)"
74.7.227.128 - - [18/Mar/2026:03:59:14 +0000] "GET /whsy.php?e=pfkey&p=%2Fproc%2F29314%2Fnet HTTP/1.1" 200 2534 "http://23rdbanking.com.lab2454.com/whsy.php?p=%2Fproc%2F29314%2Fnet" "Mozilla/5.0 AppleWebKit/537.36 (KHTML, like Gecko; compatible; GPTBot/1.3; +https://openai.com/gptbot)"
74.7.230.44 - - [18/Mar/2026:03:59:15 +0000] "GET /robots.txt HTTP/1.1" 404 - "-" "Mozilla/5.0 (Macintosh; Intel Mac OS X 10_15_7) AppleWebKit/537.36 (KHTML, like Gecko) Chrome/131.0.0.0 Safari/537.36; compatible; OAI-SearchBot/1.3; robots.txt; +https://openai.com/searchbot"
74.7.227.128 - - [18/Mar/2026:03:59:24 +0000] "GET /whsy.php?e=exec&p=%2Fproc%2F29314%2Fattr HTTP/1.1" 200 859 "http://23rdbanking.com.lab2454.com/whsy.php?p=%2Fproc%2F29314%2Fattr" "Mozilla/5.0 AppleWebKit/537.36 (KHTML, like Gecko; compatible; GPTBot/1.3; +https://openai.com/gptbot)"
74.7.227.128 - - [18/Mar/2026:03:59:35 +0000] "GET /whsy.php?e=icmp&p=%2Fproc%2F29314%2Fnet HTTP/1.1" 200 2580 "http://23rdbanking.com.lab2454.com/whsy.php?p=%2Fproc%2F29314%2Fnet" "Mozilla/5.0 AppleWebKit/537.36 (KHTML, like Gecko; compatible; GPTBot/1.3; +https://openai.com/gptbot)"
74.7.227.128 - - [18/Mar/2026:03:59:46 +0000] "GET /whsy.php?e=timers&p=%2Fproc%2F13888 HTTP/1.1" 200 948 "http://23rdbanking.com.lab2454.com/whsy.php?p=%2Fproc%2F13888" "Mozilla/5.0 AppleWebKit/537.36 (KHTML, like Gecko; compatible; GPTBot/1.3; +https://openai.com/gptbot)"
74.7.227.128 - - [18/Mar/2026:03:59:56 +0000] "GET /whsy.php?e=arch_status&p=%2Fproc%2F17532 HTTP/1.1" 200 948 "http://23rdbanking.com.lab2454.com/whsy.php?p=%2Fproc%2F17532" "Mozilla/5.0 AppleWebKit/537.36 (KHTML, like Gecko; compatible; GPTBot/1.3; +https://openai.com/gptbot)"
74.7.227.128 - - [18/Mar/2026:04:00:07 +0000] "GET /whsy.php?e=arch_status&p=%2Fproc%2F29314 HTTP/1.1" 200 2006 "http://23rdbanking.com.lab2454.com/whsy.php?p=%2Fproc%2F29314" "Mozilla/5.0 AppleWebKit/537.36 (KHTML, like Gecko; compatible; GPTBot/1.3; +https://openai.com/gptbot)"
74.7.227.128 - - [18/Mar/2026:04:00:25 +0000] "GET /whsy.php?e=arch_status&p=%2Fproc%2F13885 HTTP/1.1" 200 948 "http://23rdbanking.com.lab2454.com/whsy.php?p=%2Fproc%2F13885" "Mozilla/5.0 AppleWebKit/537.36 (KHTML, like Gecko; compatible; GPTBot/1.3; +https://openai.com/gptbot)"
74.7.227.128 - - [18/Mar/2026:04:00:37 +0000] "GET /whsy.php?e=arch_status&p=%2Fproc%2F13824 HTTP/1.1" 200 948 "http://23rdbanking.com.lab2454.com/whsy.php?p=%2Fproc%2F13824" "Mozilla/5.0 AppleWebKit/537.36 (KHTML, like Gecko; compatible; GPTBot/1.3; +https://openai.com/gptbot)"
74.7.227.128 - - [18/Mar/2026:04:00:47 +0000] "GET /whsy.php?e=arch_status&p=%2Fproc%2F24389 HTTP/1.1" 200 948 "http://23rdbanking.com.lab2454.com/whsy.php?p=%2Fproc%2F24389" "Mozilla/5.0 AppleWebKit/537.36 (KHTML, like Gecko; compatible; GPTBot/1.3; +https://openai.com/gptbot)"
74.7.227.128 - - [18/Mar/2026:04:00:58 +0000] "GET /whsy.php?e=stat&p=%2Fproc%2F18883 HTTP/1.1" 200 948 "http://23rdbanking.com.lab2454.com/whsy.php?p=%2Fproc%2F18883" "Mozilla/5.0 AppleWebKit/537.36 (KHTML, like Gecko; compatible; GPTBot/1.3; +https://openai.com/gptbot)"
74.7.227.128 - - [18/Mar/2026:04:01:10 +0000] "GET /whsy.php?e=stat&p=%2Fproc%2F13888 HTTP/1.1" 200 948 "http://23rdbanking.com.lab2454.com/whsy.php?p=%2Fproc%2F13888" "Mozilla/5.0 AppleWebKit/537.36 (KHTML, like Gecko; compatible; GPTBot/1.3; +https://openai.com/gptbot)"
74.7.227.128 - - [18/Mar/2026:04:01:24 +0000] "GET /whsy.php?e=stat&p=%2Fproc%2F16888 HTTP/1.1" 200 948 "http://23rdbanking.com.lab2454.com/whsy.php?p=%2Fproc%2F16888" "Mozilla/5.0 AppleWebKit/537.36 (KHTML, like Gecko; compatible; GPTBot/1.3; +https://openai.com/gptbot)"
216.244.66.241 - - [18/Mar/2026:04:01:37 +0000] "GET /robots.txt HTTP/1.1" 404 - "-" "Mozilla/5.0 (compatible; DotBot/1.2; +https://opensiteexplorer.org/dotbot; help@moz.com)"
74.7.227.128 - - [18/Mar/2026:04:01:39 +0000] "GET /whsy.php?e=unix&p=%2Fproc%2F29314%2Fnet HTTP/1.1" 200 4977 "http://23rdbanking.com.lab2454.com/whsy.php?p=%2Fproc%2F29314%2Fnet" "Mozilla/5.0 AppleWebKit/537.36 (KHTML, like Gecko; compatible; GPTBot/1.3; +https://openai.com/gptbot)"
74.7.227.128 - - [18/Mar/2026:04:01:53 +0000] "GET /whsy.php?e=cpuset&p=%2Fproc%2F29314 HTTP/1.1" 200 2005 "http://23rdbanking.com.lab2454.com/whsy.php?p=%2Fproc%2F29314" "Mozilla/5.0 AppleWebKit/537.36 (KHTML, like Gecko; compatible; GPTBot/1.3; +https://openai.com/gptbot)"
74.7.227.128 - - [18/Mar/2026:04:02:04 +0000] "GET /whsy.php?e=cpuset&p=%2Fproc%2F13824 HTTP/1.1" 200 948 "http://23rdbanking.com.lab2454.com/whsy.php?p=%2Fproc%2F13824" "Mozilla/5.0 AppleWebKit/537.36 (KHTML, like Gecko; compatible; GPTBot/1.3; +https://openai.com/gptbot)"
74.7.227.128 - - [18/Mar/2026:04:02:19 +0000] "GET /whsy.php?e=timers&p=%2Fproc%2F22734 HTTP/1.1" 200 948 "http://23rdbanking.com.lab2454.com/whsy.php?p=%2Fproc%2F22734" "Mozilla/5.0 AppleWebKit/537.36 (KHTML, like Gecko; compatible; GPTBot/1.3; +https://openai.com/gptbot)"
74.7.227.128 - - [18/Mar/2026:04:02:36 +0000] "GET /whsy.php?e=cgroup&p=%2Fproc%2F17532 HTTP/1.1" 200 948 "http://23rdbanking.com.lab2454.com/whsy.php?p=%2Fproc%2F17532" "Mozilla/5.0 AppleWebKit/537.36 (KHTML, like Gecko; compatible; GPTBot/1.3; +https://openai.com/gptbot)"
74.7.227.128 - - [18/Mar/2026:04:02:48 +0000] "GET /whsy.php?e=cgroup&p=%2Fproc%2F13885 HTTP/1.1" 200 948 "http://23rdbanking.com.lab2454.com/whsy.php?p=%2Fproc%2F13885" "Mozilla/5.0 AppleWebKit/537.36 (KHTML, like Gecko; compatible; GPTBot/1.3; +https://openai.com/gptbot)"
74.7.227.128 - - [18/Mar/2026:04:02:56 +0000] "GET /whsy.php?e=cpuset&p=%2Fproc%2F13885 HTTP/1.1" 200 948 "http://23rdbanking.com.lab2454.com/whsy.php?p=%2Fproc%2F13885" "Mozilla/5.0 AppleWebKit/537.36 (KHTML, like Gecko; compatible; GPTBot/1.3; +https://openai.com/gptbot)"
74.7.227.128 - - [18/Mar/2026:04:03:04 +0000] "GET /whsy.php?e=cgroup&p=%2Fproc%2F13824 HTTP/1.1" 200 948 "http://23rdbanking.com.lab2454.com/whsy.php?p=%2Fproc%2F13824" "Mozilla/5.0 AppleWebKit/537.36 (KHTML, like Gecko; compatible; GPTBot/1.3; +https://openai.com/gptbot)"
74.7.227.128 - - [18/Mar/2026:04:03:13 +0000] "GET /whsy.php?e=status&p=%2Fproc%2F13110 HTTP/1.1" 200 948 "http://23rdbanking.com.lab2454.com/whsy.php?p=%2Fproc%2F13110" "Mozilla/5.0 AppleWebKit/537.36 (KHTML, like Gecko; compatible; GPTBot/1.3; +https://openai.com/gptbot)"
74.7.227.128 - - [18/Mar/2026:04:03:21 +0000] "GET /whsy.php?e=cpuset&p=%2Fproc%2F24389 HTTP/1.1" 200 948 "http://23rdbanking.com.lab2454.com/whsy.php?p=%2Fproc%2F24389" "Mozilla/5.0 AppleWebKit/537.36 (KHTML, like Gecko; compatible; GPTBot/1.3; +https://openai.com/gptbot)"
74.7.227.128 - - [18/Mar/2026:04:03:31 +0000] "GET /whsy.php?e=cgroup&p=%2Fproc%2F24389 HTTP/1.1" 200 948 "http://23rdbanking.com.lab2454.com/whsy.php?p=%2Fproc%2F24389" "Mozilla/5.0 AppleWebKit/537.36 (KHTML, like Gecko; compatible; GPTBot/1.3; +https://openai.com/gptbot)"
74.7.227.128 - - [18/Mar/2026:04:03:41 +0000] "GET /whsy.php?e=cgroup&p=%2Fproc%2F29314 HTTP/1.1" 200 2142 "http://23rdbanking.com.lab2454.com/whsy.php?p=%2Fproc%2F29314" "Mozilla/5.0 AppleWebKit/537.36 (KHTML, like Gecko; compatible; GPTBot/1.3; +https://openai.com/gptbot)"
74.7.227.128 - - [18/Mar/2026:04:03:51 +0000] "GET /whsy.php?e=status&p=%2Fproc%2F32361 HTTP/1.1" 200 948 "http://23rdbanking.com.lab2454.com/whsy.php?p=%2Fproc%2F32361" "Mozilla/5.0 AppleWebKit/537.36 (KHTML, like Gecko; compatible; GPTBot/1.3; +https://openai.com/gptbot)"
74.7.227.128 - - [18/Mar/2026:04:04:00 +0000] "GET /whsy.php?e=cpuset&p=%2Fproc%2F17532 HTTP/1.1" 200 948 "http://23rdbanking.com.lab2454.com/whsy.php?p=%2Fproc%2F17532" "Mozilla/5.0 AppleWebKit/537.36 (KHTML, like Gecko; compatible; GPTBot/1.3; +https://openai.com/gptbot)"
74.7.227.128 - - [18/Mar/2026:04:04:12 +0000] "GET /whsy.php?e=status&p=%2Fproc%2F11561 HTTP/1.1" 200 2564 "http://23rdbanking.com.lab2454.com/whsy.php?p=%2Fproc%2F11561" "Mozilla/5.0 AppleWebKit/537.36 (KHTML, like Gecko; compatible; GPTBot/1.3; +https://openai.com/gptbot)"
74.7.227.128 - - [18/Mar/2026:04:04:22 +0000] "GET /whsy.php?e=mounts&p=%2Fproc%2F23666 HTTP/1.1" 200 948 "http://23rdbanking.com.lab2454.com/whsy.php?p=%2Fproc%2F23666" "Mozilla/5.0 AppleWebKit/537.36 (KHTML, like Gecko; compatible; GPTBot/1.3; +https://openai.com/gptbot)"
74.7.230.44 - - [18/Mar/2026:04:04:22 +0000] "GET /robots.txt HTTP/1.1" 404 - "-" "Mozilla/5.0 (Macintosh; Intel Mac OS X 10_15_7) AppleWebKit/537.36 (KHTML, like Gecko) Chrome/131.0.0.0 Safari/537.36; compatible; OAI-SearchBot/1.3; robots.txt; +https://openai.com/searchbot"
74.7.227.128 - - [18/Mar/2026:04:04:30 +0000] "GET /whsy.php?e=limits&p=%2Fproc%2F23666 HTTP/1.1" 200 948 "http://23rdbanking.com.lab2454.com/whsy.php?p=%2Fproc%2F23666" "Mozilla/5.0 AppleWebKit/537.36 (KHTML, like Gecko; compatible; GPTBot/1.3; +https://openai.com/gptbot)"
74.7.227.128 - - [18/Mar/2026:04:04:38 +0000] "GET /whsy.php?e=status&p=%2Fproc%2F16888 HTTP/1.1" 200 948 "http://23rdbanking.com.lab2454.com/whsy.php?p=%2Fproc%2F16888" "Mozilla/5.0 AppleWebKit/537.36 (KHTML, like Gecko; compatible; GPTBot/1.3; +https://openai.com/gptbot)"
74.7.227.128 - - [18/Mar/2026:04:04:50 +0000] "GET /whsy.php?e=status&p=%2Fproc%2F13888 HTTP/1.1" 200 948 "http://23rdbanking.com.lab2454.com/whsy.php?p=%2Fproc%2F13888" "Mozilla/5.0 AppleWebKit/537.36 (KHTML, like Gecko; compatible; GPTBot/1.3; +https://openai.com/gptbot)"
74.7.227.128 - - [18/Mar/2026:04:05:01 +0000] "GET /whsy.php?e=status&p=%2Fproc%2F18883 HTTP/1.1" 200 948 "http://23rdbanking.com.lab2454.com/whsy.php?p=%2Fproc%2F18883" "Mozilla/5.0 AppleWebKit/537.36 (KHTML, like Gecko; compatible; GPTBot/1.3; +https://openai.com/gptbot)"
74.7.227.128 - - [18/Mar/2026:04:05:12 +0000] "GET /whsy.php?e=udp&p=%2Fproc%2F29314%2Fnet HTTP/1.1" 200 2807 "http://23rdbanking.com.lab2454.com/whsy.php?p=%2Fproc%2F29314%2Fnet" "Mozilla/5.0 AppleWebKit/537.36 (KHTML, like Gecko; compatible; GPTBot/1.3; +https://openai.com/gptbot)"
74.7.227.128 - - [18/Mar/2026:04:05:20 +0000] "GET /whsy.php?e=arch_status&p=%2Fproc%2F19034 HTTP/1.1" 200 948 "http://23rdbanking.com.lab2454.com/whsy.php?p=%2Fproc%2F19034" "Mozilla/5.0 AppleWebKit/537.36 (KHTML, like Gecko; compatible; GPTBot/1.3; +https://openai.com/gptbot)"
74.7.227.128 - - [18/Mar/2026:04:05:29 +0000] "GET /whsy.php?e=numa_maps&p=%2Fproc%2F32361 HTTP/1.1" 200 948 "http://23rdbanking.com.lab2454.com/whsy.php?p=%2Fproc%2F32361" "Mozilla/5.0 AppleWebKit/537.36 (KHTML, like Gecko; compatible; GPTBot/1.3; +https://openai.com/gptbot)"
74.7.227.128 - - [18/Mar/2026:04:05:40 +0000] "GET /whsy.php?e=oom_score&p=%2Fproc%2F19034 HTTP/1.1" 200 948 "http://23rdbanking.com.lab2454.com/whsy.php?p=%2Fproc%2F19034" "Mozilla/5.0 AppleWebKit/537.36 (KHTML, like Gecko; compatible; GPTBot/1.3; +https://openai.com/gptbot)"
74.7.227.128 - - [18/Mar/2026:04:05:56 +0000] "GET /whsy.php?e=numa_maps&p=%2Fproc%2F22734 HTTP/1.1" 200 948 "http://23rdbanking.com.lab2454.com/whsy.php?p=%2Fproc%2F22734" "Mozilla/5.0 AppleWebKit/537.36 (KHTML, like Gecko; compatible; GPTBot/1.3; +https://openai.com/gptbot)"
74.7.227.128 - - [18/Mar/2026:04:06:07 +0000] "GET /whsy.php?e=numa_maps&p=%2Fproc%2F11561 HTTP/1.1" 200 2125 "http://23rdbanking.com.lab2454.com/whsy.php?p=%2Fproc%2F11561" "Mozilla/5.0 AppleWebKit/537.36 (KHTML, like Gecko; compatible; GPTBot/1.3; +https://openai.com/gptbot)"
74.7.227.128 - - [18/Mar/2026:04:06:18 +0000] "GET /whsy.php?e=numa_maps&p=%2Fproc%2F13110 HTTP/1.1" 200 948 "http://23rdbanking.com.lab2454.com/whsy.php?p=%2Fproc%2F13110" "Mozilla/5.0 AppleWebKit/537.36 (KHTML, like Gecko; compatible; GPTBot/1.3; +https://openai.com/gptbot)"
74.7.227.128 - - [18/Mar/2026:04:06:30 +0000] "GET /whsy.php?e=icmp&p=%2Fproc%2F11561%2Fnet HTTP/1.1" 200 2580 "http://23rdbanking.com.lab2454.com/whsy.php?p=%2Fproc%2F11561%2Fnet" "Mozilla/5.0 AppleWebKit/537.36 (KHTML, like Gecko; compatible; GPTBot/1.3; +https://openai.com/gptbot)"
74.7.227.128 - - [18/Mar/2026:04:06:43 +0000] "GET /whsy.php?p=%2Fproc%2F29314%2Ftask%2F.. HTTP/1.1" 200 1936 "http://23rdbanking.com.lab2454.com/whsy.php?p=%2Fproc%2F29314%2Ftask" "Mozilla/5.0 AppleWebKit/537.36 (KHTML, like Gecko; compatible; GPTBot/1.3; +https://openai.com/gptbot)"
74.7.227.128 - - [18/Mar/2026:04:06:55 +0000] "GET /whsy.php?p=%2Fproc%2F19034%2Ftask HTTP/1.1" 200 948 "http://23rdbanking.com.lab2454.com/whsy.php?p=%2Fproc%2F19034" "Mozilla/5.0 AppleWebKit/537.36 (KHTML, like Gecko; compatible; GPTBot/1.3; +https://openai.com/gptbot)"
74.7.227.128 - - [18/Mar/2026:04:07:07 +0000] "GET /whsy.php?p=%2Fproc%2F19034%2Fnet HTTP/1.1" 200 948 "http://23rdbanking.com.lab2454.com/whsy.php?p=%2Fproc%2F19034" "Mozilla/5.0 AppleWebKit/537.36 (KHTML, like Gecko; compatible; GPTBot/1.3; +https://openai.com/gptbot)"
74.7.227.128 - - [18/Mar/2026:04:07:18 +0000] "GET /whsy.php?e=oom_score&p=%2Fproc%2F13885 HTTP/1.1" 200 948 "http://23rdbanking.com.lab2454.com/whsy.php?p=%2Fproc%2F13885" "Mozilla/5.0 AppleWebKit/537.36 (KHTML, like Gecko; compatible; GPTBot/1.3; +https://openai.com/gptbot)"
74.7.227.128 - - [18/Mar/2026:04:07:26 +0000] "GET /whsy.php?e=raw&p=%2Fproc%2F29314%2Fnet HTTP/1.1" 200 2577 "http://23rdbanking.com.lab2454.com/whsy.php?p=%2Fproc%2F29314%2Fnet" "Mozilla/5.0 AppleWebKit/537.36 (KHTML, like Gecko; compatible; GPTBot/1.3; +https://openai.com/gptbot)"
74.7.227.128 - - [18/Mar/2026:04:07:34 +0000] "GET /whsy.php?e=arch_status&p=%2Fproc%2F22734 HTTP/1.1" 200 948 "http://23rdbanking.com.lab2454.com/whsy.php?p=%2Fproc%2F22734" "Mozilla/5.0 AppleWebKit/537.36 (KHTML, like Gecko; compatible; GPTBot/1.3; +https://openai.com/gptbot)"
