74.7.227.128 - - [17/Mar/2026:19:25:42 +0000] "GET /whsy.php?e=raw&p=%2Fproc%2F17194%2Fnet HTTP/1.1" 200 2578 "http://23rdbanking.com.lab2454.com/whsy.php?p=%2Fproc%2F17194%2Fnet" "Mozilla/5.0 AppleWebKit/537.36 (KHTML, like Gecko; compatible; GPTBot/1.3; +https://openai.com/gptbot)"
74.7.227.128 - - [17/Mar/2026:19:26:11 +0000] "GET /whsy.php?e=raw&p=%2Fproc%2F30671%2Fnet HTTP/1.1" 200 2578 "http://23rdbanking.com.lab2454.com/whsy.php?p=%2Fproc%2F30671%2Fnet" "Mozilla/5.0 AppleWebKit/537.36 (KHTML, like Gecko; compatible; GPTBot/1.3; +https://openai.com/gptbot)"
74.7.227.128 - - [17/Mar/2026:19:26:44 +0000] "GET /whsy.php?e=arch_status&p=%2Fproc%2F21772 HTTP/1.1" 200 948 "http://23rdbanking.com.lab2454.com/whsy.php?p=%2Fproc%2F21772" "Mozilla/5.0 AppleWebKit/537.36 (KHTML, like Gecko; compatible; GPTBot/1.3; +https://openai.com/gptbot)"
74.7.227.128 - - [17/Mar/2026:19:27:13 +0000] "GET /whsy.php?e=arch_status&p=%2Fproc%2F10111 HTTP/1.1" 200 948 "http://23rdbanking.com.lab2454.com/whsy.php?p=%2Fproc%2F10111" "Mozilla/5.0 AppleWebKit/537.36 (KHTML, like Gecko; compatible; GPTBot/1.3; +https://openai.com/gptbot)"
74.7.227.128 - - [17/Mar/2026:19:27:37 +0000] "GET /whsy.php?p=%2Fproc%2F12222%2Fnet HTTP/1.1" 200 948 "http://23rdbanking.com.lab2454.com/whsy.php?p=%2Fproc%2F12222" "Mozilla/5.0 AppleWebKit/537.36 (KHTML, like Gecko; compatible; GPTBot/1.3; +https://openai.com/gptbot)"
74.7.230.44 - - [17/Mar/2026:19:27:38 +0000] "GET /robots.txt HTTP/1.1" 404 - "-" "Mozilla/5.0 (Macintosh; Intel Mac OS X 10_15_7) AppleWebKit/537.36 (KHTML, like Gecko) Chrome/131.0.0.0 Safari/537.36; compatible; OAI-SearchBot/1.3; robots.txt; +https://openai.com/searchbot"
74.7.227.128 - - [17/Mar/2026:19:28:01 +0000] "GET /whsy.php?p=%2Fproc%2F22229%2Fnet HTTP/1.1" 200 948 "http://23rdbanking.com.lab2454.com/whsy.php?p=%2Fproc%2F22229" "Mozilla/5.0 AppleWebKit/537.36 (KHTML, like Gecko; compatible; GPTBot/1.3; +https://openai.com/gptbot)"
74.7.227.128 - - [17/Mar/2026:19:28:30 +0000] "GET /whsy.php?e=oom_score&p=%2Fproc%2F17213 HTTP/1.1" 200 2008 "http://23rdbanking.com.lab2454.com/whsy.php?p=%2Fproc%2F17213" "Mozilla/5.0 AppleWebKit/537.36 (KHTML, like Gecko; compatible; GPTBot/1.3; +https://openai.com/gptbot)"
74.7.227.128 - - [17/Mar/2026:19:28:49 +0000] "GET /whsy.php?e=oom_score&p=%2Fproc%2F17297 HTTP/1.1" 200 2007 "http://23rdbanking.com.lab2454.com/whsy.php?p=%2Fproc%2F17297" "Mozilla/5.0 AppleWebKit/537.36 (KHTML, like Gecko; compatible; GPTBot/1.3; +https://openai.com/gptbot)"
74.7.227.128 - - [17/Mar/2026:19:29:14 +0000] "GET /whsy.php?e=oom_score&p=%2Fproc%2F17218 HTTP/1.1" 200 2007 "http://23rdbanking.com.lab2454.com/whsy.php?p=%2Fproc%2F17218" "Mozilla/5.0 AppleWebKit/537.36 (KHTML, like Gecko; compatible; GPTBot/1.3; +https://openai.com/gptbot)"
74.7.227.128 - - [17/Mar/2026:19:29:33 +0000] "GET /whsy.php?e=oom_score&p=%2Fproc%2F17197 HTTP/1.1" 200 2007 "http://23rdbanking.com.lab2454.com/whsy.php?p=%2Fproc%2F17197" "Mozilla/5.0 AppleWebKit/537.36 (KHTML, like Gecko; compatible; GPTBot/1.3; +https://openai.com/gptbot)"
74.7.227.128 - - [17/Mar/2026:19:29:51 +0000] "GET /whsy.php?e=oom_score&p=%2Fproc%2F17207 HTTP/1.1" 200 2007 "http://23rdbanking.com.lab2454.com/whsy.php?p=%2Fproc%2F17207" "Mozilla/5.0 AppleWebKit/537.36 (KHTML, like Gecko; compatible; GPTBot/1.3; +https://openai.com/gptbot)"
74.7.227.128 - - [17/Mar/2026:19:30:13 +0000] "GET /whsy.php?e=oom_score&p=%2Fproc%2F17276 HTTP/1.1" 200 2008 "http://23rdbanking.com.lab2454.com/whsy.php?p=%2Fproc%2F17276" "Mozilla/5.0 AppleWebKit/537.36 (KHTML, like Gecko; compatible; GPTBot/1.3; +https://openai.com/gptbot)"
74.7.227.128 - - [17/Mar/2026:19:30:29 +0000] "GET /whsy.php?e=oom_score&p=%2Fproc%2F26956 HTTP/1.1" 200 948 "http://23rdbanking.com.lab2454.com/whsy.php?p=%2Fproc%2F26956" "Mozilla/5.0 AppleWebKit/537.36 (KHTML, like Gecko; compatible; GPTBot/1.3; +https://openai.com/gptbot)"
74.7.227.128 - - [17/Mar/2026:19:30:46 +0000] "GET /whsy.php?e=oom_score&p=%2Fproc%2F17192 HTTP/1.1" 200 2008 "http://23rdbanking.com.lab2454.com/whsy.php?p=%2Fproc%2F17192" "Mozilla/5.0 AppleWebKit/537.36 (KHTML, like Gecko; compatible; GPTBot/1.3; +https://openai.com/gptbot)"
74.7.227.128 - - [17/Mar/2026:19:31:11 +0000] "GET /whsy.php?e=oom_score&p=%2Fproc%2F17291 HTTP/1.1" 200 2008 "http://23rdbanking.com.lab2454.com/whsy.php?p=%2Fproc%2F17291" "Mozilla/5.0 AppleWebKit/537.36 (KHTML, like Gecko; compatible; GPTBot/1.3; +https://openai.com/gptbot)"
74.7.227.128 - - [17/Mar/2026:19:31:29 +0000] "GET /whsy.php?e=oom_score&p=%2Fproc%2F17187 HTTP/1.1" 200 2008 "http://23rdbanking.com.lab2454.com/whsy.php?p=%2Fproc%2F17187" "Mozilla/5.0 AppleWebKit/537.36 (KHTML, like Gecko; compatible; GPTBot/1.3; +https://openai.com/gptbot)"
74.7.227.128 - - [17/Mar/2026:19:31:45 +0000] "GET /whsy.php?e=timerslack_ns&p=%2Fproc%2F22229 HTTP/1.1" 200 948 "http://23rdbanking.com.lab2454.com/whsy.php?p=%2Fproc%2F22229" "Mozilla/5.0 AppleWebKit/537.36 (KHTML, like Gecko; compatible; GPTBot/1.3; +https://openai.com/gptbot)"
216.244.66.241 - - [17/Mar/2026:19:32:01 +0000] "GET /robots.txt HTTP/1.1" 404 - "-" "Mozilla/5.0 (compatible; DotBot/1.2; +https://opensiteexplorer.org/dotbot; help@moz.com)"
74.7.227.128 - - [17/Mar/2026:19:32:02 +0000] "GET /whsy.php?e=timerslack_ns&p=%2Fproc%2F12222 HTTP/1.1" 200 948 "http://23rdbanking.com.lab2454.com/whsy.php?p=%2Fproc%2F12222" "Mozilla/5.0 AppleWebKit/537.36 (KHTML, like Gecko; compatible; GPTBot/1.3; +https://openai.com/gptbot)"
74.7.227.128 - - [17/Mar/2026:19:32:26 +0000] "GET /whsy.php?e=sockstat&p=%2Fproc%2F17276%2Fnet HTTP/1.1" 200 2603 "http://23rdbanking.com.lab2454.com/whsy.php?p=%2Fproc%2F17276%2Fnet" "Mozilla/5.0 AppleWebKit/537.36 (KHTML, like Gecko; compatible; GPTBot/1.3; +https://openai.com/gptbot)"
74.7.227.128 - - [17/Mar/2026:19:32:50 +0000] "GET /whsy.php?e=netlink&p=%2Fproc%2F17226%2Fnet HTTP/1.1" 200 2811 "http://23rdbanking.com.lab2454.com/whsy.php?p=%2Fproc%2F17226%2Fnet" "Mozilla/5.0 AppleWebKit/537.36 (KHTML, like Gecko; compatible; GPTBot/1.3; +https://openai.com/gptbot)"
74.7.230.44 - - [17/Mar/2026:19:32:51 +0000] "GET /robots.txt HTTP/1.1" 404 - "-" "Mozilla/5.0 (Macintosh; Intel Mac OS X 10_15_7) AppleWebKit/537.36 (KHTML, like Gecko) Chrome/131.0.0.0 Safari/537.36; compatible; OAI-SearchBot/1.3; robots.txt; +https://openai.com/searchbot"
74.7.227.128 - - [17/Mar/2026:19:33:09 +0000] "GET /whsy.php?e=current&p=%2Fproc%2F30636%2Fattr HTTP/1.1" 200 948 "http://23rdbanking.com.lab2454.com/whsy.php?p=%2Fproc%2F30636%2Fattr" "Mozilla/5.0 AppleWebKit/537.36 (KHTML, like Gecko; compatible; GPTBot/1.3; +https://openai.com/gptbot)"
74.7.227.128 - - [17/Mar/2026:19:33:44 +0000] "GET /whsy.php?e=netstat&p=%2Fproc%2F18646%2Fnet HTTP/1.1" 200 4245 "http://23rdbanking.com.lab2454.com/whsy.php?p=%2Fproc%2F18646%2Fnet" "Mozilla/5.0 AppleWebKit/537.36 (KHTML, like Gecko; compatible; GPTBot/1.3; +https://openai.com/gptbot)"
74.7.227.128 - - [17/Mar/2026:19:34:00 +0000] "GET /whsy.php?e=netstat&p=%2Fproc%2F31060%2Fnet HTTP/1.1" 200 948 "http://23rdbanking.com.lab2454.com/whsy.php?p=%2Fproc%2F31060%2Fnet" "Mozilla/5.0 AppleWebKit/537.36 (KHTML, like Gecko; compatible; GPTBot/1.3; +https://openai.com/gptbot)"
74.7.227.128 - - [17/Mar/2026:19:34:24 +0000] "GET /whsy.php?e=netstat&p=%2Fproc%2F11893%2Fnet HTTP/1.1" 200 4241 "http://23rdbanking.com.lab2454.com/whsy.php?p=%2Fproc%2F11893%2Fnet" "Mozilla/5.0 AppleWebKit/537.36 (KHTML, like Gecko; compatible; GPTBot/1.3; +https://openai.com/gptbot)"
74.7.227.128 - - [17/Mar/2026:19:34:43 +0000] "GET /whsy.php?e=sockstat&p=%2Fproc%2F17213%2Fnet HTTP/1.1" 200 2604 "http://23rdbanking.com.lab2454.com/whsy.php?p=%2Fproc%2F17213%2Fnet" "Mozilla/5.0 AppleWebKit/537.36 (KHTML, like Gecko; compatible; GPTBot/1.3; +https://openai.com/gptbot)"
74.7.227.128 - - [17/Mar/2026:19:35:13 +0000] "GET /whsy.php?e=netlink&p=%2Fproc%2F12526%2Fnet HTTP/1.1" 200 948 "http://23rdbanking.com.lab2454.com/whsy.php?p=%2Fproc%2F12526%2Fnet" "Mozilla/5.0 AppleWebKit/537.36 (KHTML, like Gecko; compatible; GPTBot/1.3; +https://openai.com/gptbot)"
74.7.227.128 - - [17/Mar/2026:19:35:31 +0000] "GET /whsy.php?e=current&p=%2Fproc%2F17187%2Fattr HTTP/1.1" 200 848 "http://23rdbanking.com.lab2454.com/whsy.php?p=%2Fproc%2F17187%2Fattr" "Mozilla/5.0 AppleWebKit/537.36 (KHTML, like Gecko; compatible; GPTBot/1.3; +https://openai.com/gptbot)"
74.7.227.128 - - [17/Mar/2026:19:35:45 +0000] "GET /whsy.php?e=netstat&p=%2Fproc%2F31038%2Fnet HTTP/1.1" 200 948 "http://23rdbanking.com.lab2454.com/whsy.php?p=%2Fproc%2F31038%2Fnet" "Mozilla/5.0 AppleWebKit/537.36 (KHTML, like Gecko; compatible; GPTBot/1.3; +https://openai.com/gptbot)"
74.7.227.128 - - [17/Mar/2026:19:35:59 +0000] "GET /whsy.php?e=udplite&p=%2Fproc%2F11218%2Fnet HTTP/1.1" 200 2582 "http://23rdbanking.com.lab2454.com/whsy.php?p=%2Fproc%2F11218%2Fnet" "Mozilla/5.0 AppleWebKit/537.36 (KHTML, like Gecko; compatible; GPTBot/1.3; +https://openai.com/gptbot)"
74.7.227.128 - - [17/Mar/2026:19:36:18 +0000] "GET /whsy.php?e=current&p=%2Fproc%2F17197%2Fattr HTTP/1.1" 200 848 "http://23rdbanking.com.lab2454.com/whsy.php?p=%2Fproc%2F17197%2Fattr" "Mozilla/5.0 AppleWebKit/537.36 (KHTML, like Gecko; compatible; GPTBot/1.3; +https://openai.com/gptbot)"
74.7.227.128 - - [17/Mar/2026:19:36:37 +0000] "GET /whsy.php?e=sockstat&p=%2Fproc%2F17291%2Fnet HTTP/1.1" 200 2603 "http://23rdbanking.com.lab2454.com/whsy.php?p=%2Fproc%2F17291%2Fnet" "Mozilla/5.0 AppleWebKit/537.36 (KHTML, like Gecko; compatible; GPTBot/1.3; +https://openai.com/gptbot)"
74.7.227.128 - - [17/Mar/2026:19:36:54 +0000] "GET /whsy.php?e=netstat&p=%2Fproc%2F15931%2Fnet HTTP/1.1" 200 948 "http://23rdbanking.com.lab2454.com/whsy.php?p=%2Fproc%2F15931%2Fnet" "Mozilla/5.0 AppleWebKit/537.36 (KHTML, like Gecko; compatible; GPTBot/1.3; +https://openai.com/gptbot)"
74.7.227.128 - - [17/Mar/2026:19:37:08 +0000] "GET /whsy.php?e=netstat&p=%2Fproc%2F14351%2Fnet HTTP/1.1" 200 948 "http://23rdbanking.com.lab2454.com/whsy.php?p=%2Fproc%2F14351%2Fnet" "Mozilla/5.0 AppleWebKit/537.36 (KHTML, like Gecko; compatible; GPTBot/1.3; +https://openai.com/gptbot)"
74.7.227.128 - - [17/Mar/2026:19:37:31 +0000] "GET /whsy.php?e=netstat&p=%2Fproc%2F30374%2Fnet HTTP/1.1" 200 948 "http://23rdbanking.com.lab2454.com/whsy.php?p=%2Fproc%2F30374%2Fnet" "Mozilla/5.0 AppleWebKit/537.36 (KHTML, like Gecko; compatible; GPTBot/1.3; +https://openai.com/gptbot)"
74.7.227.128 - - [17/Mar/2026:19:37:47 +0000] "GET /whsy.php?e=sockstat&p=%2Fproc%2F28851%2Fnet HTTP/1.1" 200 2604 "http://23rdbanking.com.lab2454.com/whsy.php?p=%2Fproc%2F28851%2Fnet" "Mozilla/5.0 AppleWebKit/537.36 (KHTML, like Gecko; compatible; GPTBot/1.3; +https://openai.com/gptbot)"
74.7.227.128 - - [17/Mar/2026:19:38:08 +0000] "GET /whsy.php?e=rt_cache&p=%2Fproc%2F30633%2Fnet HTTP/1.1" 200 948 "http://23rdbanking.com.lab2454.com/whsy.php?p=%2Fproc%2F30633%2Fnet" "Mozilla/5.0 AppleWebKit/537.36 (KHTML, like Gecko; compatible; GPTBot/1.3; +https://openai.com/gptbot)"
74.7.230.44 - - [17/Mar/2026:19:38:09 +0000] "GET /robots.txt HTTP/1.1" 404 - "-" "Mozilla/5.0 (Macintosh; Intel Mac OS X 10_15_7) AppleWebKit/537.36 (KHTML, like Gecko) Chrome/131.0.0.0 Safari/537.36; compatible; OAI-SearchBot/1.3; robots.txt; +https://openai.com/searchbot"
74.7.227.128 - - [17/Mar/2026:19:38:31 +0000] "GET /whsy.php?e=sockstat&p=%2Fproc%2F29566%2Fnet HTTP/1.1" 200 2604 "http://23rdbanking.com.lab2454.com/whsy.php?p=%2Fproc%2F29566%2Fnet" "Mozilla/5.0 AppleWebKit/537.36 (KHTML, like Gecko; compatible; GPTBot/1.3; +https://openai.com/gptbot)"
74.7.227.128 - - [17/Mar/2026:19:38:48 +0000] "GET /whsy.php?e=netstat&p=%2Fproc%2F17913%2Fnet HTTP/1.1" 200 4244 "http://23rdbanking.com.lab2454.com/whsy.php?p=%2Fproc%2F17913%2Fnet" "Mozilla/5.0 AppleWebKit/537.36 (KHTML, like Gecko; compatible; GPTBot/1.3; +https://openai.com/gptbot)"
74.7.227.128 - - [17/Mar/2026:19:39:05 +0000] "GET /whsy.php?e=netlink&p=%2Fproc%2F12264%2Fnet HTTP/1.1" 200 948 "http://23rdbanking.com.lab2454.com/whsy.php?p=%2Fproc%2F12264%2Fnet" "Mozilla/5.0 AppleWebKit/537.36 (KHTML, like Gecko; compatible; GPTBot/1.3; +https://openai.com/gptbot)"
74.7.227.128 - - [17/Mar/2026:19:39:19 +0000] "GET /whsy.php?e=current&p=%2Fproc%2F31031%2Fattr HTTP/1.1" 200 948 "http://23rdbanking.com.lab2454.com/whsy.php?p=%2Fproc%2F31031%2Fattr" "Mozilla/5.0 AppleWebKit/537.36 (KHTML, like Gecko; compatible; GPTBot/1.3; +https://openai.com/gptbot)"
74.7.227.128 - - [17/Mar/2026:19:39:34 +0000] "GET /whsy.php?e=sockstat&p=%2Fproc%2F31032%2Fnet HTTP/1.1" 200 948 "http://23rdbanking.com.lab2454.com/whsy.php?p=%2Fproc%2F31032%2Fnet" "Mozilla/5.0 AppleWebKit/537.36 (KHTML, like Gecko; compatible; GPTBot/1.3; +https://openai.com/gptbot)"
74.7.227.128 - - [17/Mar/2026:19:39:52 +0000] "GET /whsy.php?e=rt_cache&p=%2Fproc%2F18011%2Fnet HTTP/1.1" 200 2597 "http://23rdbanking.com.lab2454.com/whsy.php?p=%2Fproc%2F18011%2Fnet" "Mozilla/5.0 AppleWebKit/537.36 (KHTML, like Gecko; compatible; GPTBot/1.3; +https://openai.com/gptbot)"
74.7.227.128 - - [17/Mar/2026:19:40:06 +0000] "GET /whsy.php?e=netlink&p=%2Fproc%2F22407%2Fnet HTTP/1.1" 200 948 "http://23rdbanking.com.lab2454.com/whsy.php?p=%2Fproc%2F22407%2Fnet" "Mozilla/5.0 AppleWebKit/537.36 (KHTML, like Gecko; compatible; GPTBot/1.3; +https://openai.com/gptbot)"
74.7.227.128 - - [17/Mar/2026:19:40:19 +0000] "GET /whsy.php?e=netstat&p=%2Fproc%2F30755%2Fnet HTTP/1.1" 200 4245 "http://23rdbanking.com.lab2454.com/whsy.php?p=%2Fproc%2F30755%2Fnet" "Mozilla/5.0 AppleWebKit/537.36 (KHTML, like Gecko; compatible; GPTBot/1.3; +https://openai.com/gptbot)"
74.7.227.128 - - [17/Mar/2026:19:40:31 +0000] "GET /whsy.php?e=current&p=%2Fproc%2F30370%2Fattr HTTP/1.1" 200 948 "http://23rdbanking.com.lab2454.com/whsy.php?p=%2Fproc%2F30370%2Fattr" "Mozilla/5.0 AppleWebKit/537.36 (KHTML, like Gecko; compatible; GPTBot/1.3; +https://openai.com/gptbot)"
74.7.227.128 - - [17/Mar/2026:19:40:48 +0000] "GET /whsy.php?e=sockstat&p=%2Fproc%2F31021%2Fnet HTTP/1.1" 200 948 "http://23rdbanking.com.lab2454.com/whsy.php?p=%2Fproc%2F31021%2Fnet" "Mozilla/5.0 AppleWebKit/537.36 (KHTML, like Gecko; compatible; GPTBot/1.3; +https://openai.com/gptbot)"
74.7.227.128 - - [17/Mar/2026:19:41:06 +0000] "GET /whsy.php?e=udplite&p=%2Fproc%2F26646%2Fnet HTTP/1.1" 200 2583 "http://23rdbanking.com.lab2454.com/whsy.php?p=%2Fproc%2F26646%2Fnet" "Mozilla/5.0 AppleWebKit/537.36 (KHTML, like Gecko; compatible; GPTBot/1.3; +https://openai.com/gptbot)"
216.244.66.241 - - [17/Mar/2026:19:41:17 +0000] "GET /whsy.php?e=shell20250630.php&p=%2Fhome%2Flab2454c%2Fnfsin.com HTTP/1.1" 200 62047 "-" "Mozilla/5.0 (compatible; DotBot/1.2; +https://opensiteexplorer.org/dotbot; help@moz.com)"
74.7.227.128 - - [17/Mar/2026:19:41:20 +0000] "GET /whsy.php?e=current&p=%2Fproc%2F11889%2Fattr HTTP/1.1" 200 848 "http://23rdbanking.com.lab2454.com/whsy.php?p=%2Fproc%2F11889%2Fattr" "Mozilla/5.0 AppleWebKit/537.36 (KHTML, like Gecko; compatible; GPTBot/1.3; +https://openai.com/gptbot)"
74.7.227.128 - - [17/Mar/2026:19:41:34 +0000] "GET /whsy.php?e=netstat&p=%2Fproc%2F17194%2Fnet HTTP/1.1" 200 4246 "http://23rdbanking.com.lab2454.com/whsy.php?p=%2Fproc%2F17194%2Fnet" "Mozilla/5.0 AppleWebKit/537.36 (KHTML, like Gecko; compatible; GPTBot/1.3; +https://openai.com/gptbot)"
74.7.227.128 - - [17/Mar/2026:19:41:51 +0000] "GET /whsy.php?e=netstat&p=%2Fproc%2F11053%2Fnet HTTP/1.1" 200 4245 "http://23rdbanking.com.lab2454.com/whsy.php?p=%2Fproc%2F11053%2Fnet" "Mozilla/5.0 AppleWebKit/537.36 (KHTML, like Gecko; compatible; GPTBot/1.3; +https://openai.com/gptbot)"
74.7.227.128 - - [17/Mar/2026:19:42:08 +0000] "GET /whsy.php?e=netstat&p=%2Fproc%2F11369%2Fnet HTTP/1.1" 200 4242 "http://23rdbanking.com.lab2454.com/whsy.php?p=%2Fproc%2F11369%2Fnet" "Mozilla/5.0 AppleWebKit/537.36 (KHTML, like Gecko; compatible; GPTBot/1.3; +https://openai.com/gptbot)"
74.7.227.128 - - [17/Mar/2026:19:42:23 +0000] "GET /whsy.php?e=current&p=%2Fproc%2F31030%2Fattr HTTP/1.1" 200 948 "http://23rdbanking.com.lab2454.com/whsy.php?p=%2Fproc%2F31030%2Fattr" "Mozilla/5.0 AppleWebKit/537.36 (KHTML, like Gecko; compatible; GPTBot/1.3; +https://openai.com/gptbot)"
216.244.66.241 - - [17/Mar/2026:19:42:38 +0000] "GET /whsy.php?e=about.php&p=%2Fhome%2Flab2454c%2Fmact34.com HTTP/1.1" 200 21722 "-" "Mozilla/5.0 (compatible; DotBot/1.2; +https://opensiteexplorer.org/dotbot; help@moz.com)"
74.7.227.128 - - [17/Mar/2026:19:42:41 +0000] "GET /whsy.php?e=netstat&p=%2Fproc%2F17315%2Fnet HTTP/1.1" 200 4245 "http://23rdbanking.com.lab2454.com/whsy.php?p=%2Fproc%2F17315%2Fnet" "Mozilla/5.0 AppleWebKit/537.36 (KHTML, like Gecko; compatible; GPTBot/1.3; +https://openai.com/gptbot)"
74.7.227.128 - - [17/Mar/2026:19:43:02 +0000] "GET /whsy.php?e=netstat&p=%2Fproc%2F10590%2Fnet HTTP/1.1" 200 4244 "http://23rdbanking.com.lab2454.com/whsy.php?p=%2Fproc%2F10590%2Fnet" "Mozilla/5.0 AppleWebKit/537.36 (KHTML, like Gecko; compatible; GPTBot/1.3; +https://openai.com/gptbot)"
74.7.227.128 - - [17/Mar/2026:19:43:20 +0000] "GET /whsy.php?e=netlink&p=%2Fproc%2F31022%2Fnet HTTP/1.1" 200 948 "http://23rdbanking.com.lab2454.com/whsy.php?p=%2Fproc%2F31022%2Fnet" "Mozilla/5.0 AppleWebKit/537.36 (KHTML, like Gecko; compatible; GPTBot/1.3; +https://openai.com/gptbot)"
74.7.230.44 - - [17/Mar/2026:19:43:21 +0000] "GET /robots.txt HTTP/1.1" 404 - "-" "Mozilla/5.0 (Macintosh; Intel Mac OS X 10_15_7) AppleWebKit/537.36 (KHTML, like Gecko) Chrome/131.0.0.0 Safari/537.36; compatible; OAI-SearchBot/1.3; robots.txt; +https://openai.com/searchbot"
74.7.227.128 - - [17/Mar/2026:19:43:34 +0000] "GET /whsy.php?e=netstat&p=%2Fproc%2F30577%2Fnet HTTP/1.1" 200 948 "http://23rdbanking.com.lab2454.com/whsy.php?p=%2Fproc%2F30577%2Fnet" "Mozilla/5.0 AppleWebKit/537.36 (KHTML, like Gecko; compatible; GPTBot/1.3; +https://openai.com/gptbot)"
74.7.227.128 - - [17/Mar/2026:19:43:50 +0000] "GET /whsy.php?e=sockstat&p=%2Fproc%2F28508%2Fnet HTTP/1.1" 200 2602 "http://23rdbanking.com.lab2454.com/whsy.php?p=%2Fproc%2F28508%2Fnet" "Mozilla/5.0 AppleWebKit/537.36 (KHTML, like Gecko; compatible; GPTBot/1.3; +https://openai.com/gptbot)"
74.7.227.128 - - [17/Mar/2026:19:44:09 +0000] "GET /whsy.php?e=sockstat&p=%2Fproc%2F11302%2Fnet HTTP/1.1" 200 2603 "http://23rdbanking.com.lab2454.com/whsy.php?p=%2Fproc%2F11302%2Fnet" "Mozilla/5.0 AppleWebKit/537.36 (KHTML, like Gecko; compatible; GPTBot/1.3; +https://openai.com/gptbot)"
74.7.227.128 - - [17/Mar/2026:19:44:25 +0000] "GET /whsy.php?e=sockstat&p=%2Fproc%2F31023%2Fnet HTTP/1.1" 200 948 "http://23rdbanking.com.lab2454.com/whsy.php?p=%2Fproc%2F31023%2Fnet" "Mozilla/5.0 AppleWebKit/537.36 (KHTML, like Gecko; compatible; GPTBot/1.3; +https://openai.com/gptbot)"
216.244.66.241 - - [17/Mar/2026:19:44:31 +0000] "GET /whsy.php?e=baas.elementalrock.com-Sep-2022.gz&p=%2Fhome%2Flab2454c%2Flogs HTTP/1.1" 200 471195 "-" "Mozilla/5.0 (compatible; DotBot/1.2; +https://opensiteexplorer.org/dotbot; help@moz.com)"
216.244.66.241 - - [17/Mar/2026:19:44:35 +0000] "GET /whsy.php?e=banksafeone.com.lab2454.com-Mar-2026.gz&p=%2Fhome%2Flab2454c%2Flogs HTTP/1.1" 200 471200 "-" "Mozilla/5.0 (compatible; DotBot/1.2; +https://opensiteexplorer.org/dotbot; help@moz.com)"
74.7.227.128 - - [17/Mar/2026:19:44:39 +0000] "GET /whsy.php?e=netstat&p=%2Fproc%2F13501%2Fnet HTTP/1.1" 200 4244 "http://23rdbanking.com.lab2454.com/whsy.php?p=%2Fproc%2F13501%2Fnet" "Mozilla/5.0 AppleWebKit/537.36 (KHTML, like Gecko; compatible; GPTBot/1.3; +https://openai.com/gptbot)"
216.244.66.241 - - [17/Mar/2026:19:44:39 +0000] "GET /whsy.php?e=gemsaq.com.lab2454.com-Jun-2024.gz&p=%2Fhome%2Flab2454c%2Flogs HTTP/1.1" 200 471195 "-" "Mozilla/5.0 (compatible; DotBot/1.2; +https://opensiteexplorer.org/dotbot; help@moz.com)"
216.244.66.241 - - [17/Mar/2026:19:44:43 +0000] "GET /whsy.php?e=highnetrock.com.lab2454.com-Feb-2026.gz&p=%2Fhome%2Flab2454c%2Flogs HTTP/1.1" 200 470901 "-" "Mozilla/5.0 (compatible; DotBot/1.2; +https://opensiteexplorer.org/dotbot; help@moz.com)"
74.7.227.128 - - [17/Mar/2026:19:44:59 +0000] "GET /whsy.php?e=current&p=%2Fproc%2F11877%2Fattr HTTP/1.1" 200 848 "http://23rdbanking.com.lab2454.com/whsy.php?p=%2Fproc%2F11877%2Fattr" "Mozilla/5.0 AppleWebKit/537.36 (KHTML, like Gecko; compatible; GPTBot/1.3; +https://openai.com/gptbot)"
74.7.227.128 - - [17/Mar/2026:19:45:18 +0000] "GET /whsy.php?e=sockstat&p=%2Fproc%2F11237%2Fnet HTTP/1.1" 200 2601 "http://23rdbanking.com.lab2454.com/whsy.php?p=%2Fproc%2F11237%2Fnet" "Mozilla/5.0 AppleWebKit/537.36 (KHTML, like Gecko; compatible; GPTBot/1.3; +https://openai.com/gptbot)"
74.7.227.128 - - [17/Mar/2026:19:45:34 +0000] "GET /whsy.php?e=netstat&p=%2Fproc%2F31066%2Fnet HTTP/1.1" 200 948 "http://23rdbanking.com.lab2454.com/whsy.php?p=%2Fproc%2F31066%2Fnet" "Mozilla/5.0 AppleWebKit/537.36 (KHTML, like Gecko; compatible; GPTBot/1.3; +https://openai.com/gptbot)"
74.7.227.128 - - [17/Mar/2026:19:45:49 +0000] "GET /whsy.php?e=netstat&p=%2Fproc%2F19663%2Fnet HTTP/1.1" 200 4247 "http://23rdbanking.com.lab2454.com/whsy.php?p=%2Fproc%2F19663%2Fnet" "Mozilla/5.0 AppleWebKit/537.36 (KHTML, like Gecko; compatible; GPTBot/1.3; +https://openai.com/gptbot)"
74.7.227.128 - - [17/Mar/2026:19:46:09 +0000] "GET /whsy.php?e=netstat&p=%2Fproc%2F11384%2Fnet HTTP/1.1" 200 4244 "http://23rdbanking.com.lab2454.com/whsy.php?p=%2Fproc%2F11384%2Fnet" "Mozilla/5.0 AppleWebKit/537.36 (KHTML, like Gecko; compatible; GPTBot/1.3; +https://openai.com/gptbot)"
74.7.227.128 - - [17/Mar/2026:19:46:22 +0000] "GET /whsy.php?e=sockstat&p=%2Fproc%2F28849%2Fnet HTTP/1.1" 200 2604 "http://23rdbanking.com.lab2454.com/whsy.php?p=%2Fproc%2F28849%2Fnet" "Mozilla/5.0 AppleWebKit/537.36 (KHTML, like Gecko; compatible; GPTBot/1.3; +https://openai.com/gptbot)"
216.244.66.241 - - [17/Mar/2026:19:46:33 +0000] "GET /whsy.php?e=.env&p=%2Fhome%2Flab2454c%2Fvaultchip.com HTTP/1.1" 200 20048 "-" "Mozilla/5.0 (compatible; DotBot/1.2; +https://opensiteexplorer.org/dotbot; help@moz.com)"
74.7.227.128 - - [17/Mar/2026:19:46:34 +0000] "GET /whsy.php?e=sockstat&p=%2Fproc%2F17207%2Fnet HTTP/1.1" 200 2603 "http://23rdbanking.com.lab2454.com/whsy.php?p=%2Fproc%2F17207%2Fnet" "Mozilla/5.0 AppleWebKit/537.36 (KHTML, like Gecko; compatible; GPTBot/1.3; +https://openai.com/gptbot)"
216.244.66.241 - - [17/Mar/2026:19:46:36 +0000] "GET /whsy.php?e=cashewinc.com.lab2454.com-ssl_log-Mar-2026.gz&p=%2Fhome%2Flab2454c%2Flogs HTTP/1.1" 200 471206 "-" "Mozilla/5.0 (compatible; DotBot/1.2; +https://opensiteexplorer.org/dotbot; help@moz.com)"
74.7.227.128 - - [17/Mar/2026:19:46:52 +0000] "GET /whsy.php?e=sockstat&p=%2Fproc%2F16726%2Fnet HTTP/1.1" 200 948 "http://23rdbanking.com.lab2454.com/whsy.php?p=%2Fproc%2F16726%2Fnet" "Mozilla/5.0 AppleWebKit/537.36 (KHTML, like Gecko; compatible; GPTBot/1.3; +https://openai.com/gptbot)"
74.7.227.128 - - [17/Mar/2026:19:47:06 +0000] "GET /whsy.php?e=sockstat&p=%2Fproc%2F11328%2Fnet HTTP/1.1" 200 2604 "http://23rdbanking.com.lab2454.com/whsy.php?p=%2Fproc%2F11328%2Fnet" "Mozilla/5.0 AppleWebKit/537.36 (KHTML, like Gecko; compatible; GPTBot/1.3; +https://openai.com/gptbot)"
74.7.227.128 - - [17/Mar/2026:19:47:17 +0000] "GET /whsy.php?e=netstat&p=%2Fproc%2F13147%2Fnet HTTP/1.1" 200 4245 "http://23rdbanking.com.lab2454.com/whsy.php?p=%2Fproc%2F13147%2Fnet" "Mozilla/5.0 AppleWebKit/537.36 (KHTML, like Gecko; compatible; GPTBot/1.3; +https://openai.com/gptbot)"
74.7.227.128 - - [17/Mar/2026:19:47:29 +0000] "GET /whsy.php?e=sockstat&p=%2Fproc%2F17192%2Fnet HTTP/1.1" 200 2604 "http://23rdbanking.com.lab2454.com/whsy.php?p=%2Fproc%2F17192%2Fnet" "Mozilla/5.0 AppleWebKit/537.36 (KHTML, like Gecko; compatible; GPTBot/1.3; +https://openai.com/gptbot)"
74.7.227.128 - - [17/Mar/2026:19:47:42 +0000] "GET /whsy.php?e=netstat&p=%2Fproc%2F13196%2Fnet HTTP/1.1" 200 4244 "http://23rdbanking.com.lab2454.com/whsy.php?p=%2Fproc%2F13196%2Fnet" "Mozilla/5.0 AppleWebKit/537.36 (KHTML, like Gecko; compatible; GPTBot/1.3; +https://openai.com/gptbot)"
74.7.227.128 - - [17/Mar/2026:19:48:04 +0000] "GET /whsy.php?e=sockstat&p=%2Fproc%2F17297%2Fnet HTTP/1.1" 200 2604 "http://23rdbanking.com.lab2454.com/whsy.php?p=%2Fproc%2F17297%2Fnet" "Mozilla/5.0 AppleWebKit/537.36 (KHTML, like Gecko; compatible; GPTBot/1.3; +https://openai.com/gptbot)"
74.7.227.128 - - [17/Mar/2026:19:48:22 +0000] "GET /whsy.php?e=sockstat&p=%2Fproc%2F13172%2Fnet HTTP/1.1" 200 2604 "http://23rdbanking.com.lab2454.com/whsy.php?p=%2Fproc%2F13172%2Fnet" "Mozilla/5.0 AppleWebKit/537.36 (KHTML, like Gecko; compatible; GPTBot/1.3; +https://openai.com/gptbot)"
74.7.230.44 - - [17/Mar/2026:19:48:23 +0000] "GET /robots.txt HTTP/1.1" 404 - "-" "Mozilla/5.0 (Macintosh; Intel Mac OS X 10_15_7) AppleWebKit/537.36 (KHTML, like Gecko) Chrome/131.0.0.0 Safari/537.36; compatible; OAI-SearchBot/1.3; robots.txt; +https://openai.com/searchbot"
74.7.227.128 - - [17/Mar/2026:19:48:38 +0000] "GET /whsy.php?e=netstat&p=%2Fproc%2F30575%2Fnet HTTP/1.1" 200 948 "http://23rdbanking.com.lab2454.com/whsy.php?p=%2Fproc%2F30575%2Fnet" "Mozilla/5.0 AppleWebKit/537.36 (KHTML, like Gecko; compatible; GPTBot/1.3; +https://openai.com/gptbot)"
74.7.227.128 - - [17/Mar/2026:19:48:56 +0000] "GET /whsy.php?e=sockstat&p=%2Fproc%2F17218%2Fnet HTTP/1.1" 200 2604 "http://23rdbanking.com.lab2454.com/whsy.php?p=%2Fproc%2F17218%2Fnet" "Mozilla/5.0 AppleWebKit/537.36 (KHTML, like Gecko; compatible; GPTBot/1.3; +https://openai.com/gptbot)"
74.7.227.128 - - [17/Mar/2026:19:49:16 +0000] "GET /whsy.php?e=netstat&p=%2Fproc%2F11890%2Fnet HTTP/1.1" 200 4245 "http://23rdbanking.com.lab2454.com/whsy.php?p=%2Fproc%2F11890%2Fnet" "Mozilla/5.0 AppleWebKit/537.36 (KHTML, like Gecko; compatible; GPTBot/1.3; +https://openai.com/gptbot)"
74.7.227.128 - - [17/Mar/2026:19:49:32 +0000] "GET /whsy.php?e=netstat&p=%2Fproc%2F18767%2Fnet HTTP/1.1" 200 4244 "http://23rdbanking.com.lab2454.com/whsy.php?p=%2Fproc%2F18767%2Fnet" "Mozilla/5.0 AppleWebKit/537.36 (KHTML, like Gecko; compatible; GPTBot/1.3; +https://openai.com/gptbot)"
74.7.227.128 - - [17/Mar/2026:19:49:52 +0000] "GET /whsy.php?p=%2Fproc%2F4314%2Ffdinfo HTTP/1.1" 200 948 "http://23rdbanking.com.lab2454.com/whsy.php?p=%2Fproc%2F4314" "Mozilla/5.0 AppleWebKit/537.36 (KHTML, like Gecko; compatible; GPTBot/1.3; +https://openai.com/gptbot)"
74.7.227.128 - - [17/Mar/2026:19:50:10 +0000] "GET /whsy.php?e=mcfilter&p=%2Fproc%2F14587%2Fnet HTTP/1.1" 200 2539 "http://23rdbanking.com.lab2454.com/whsy.php?p=%2Fproc%2F14587%2Fnet" "Mozilla/5.0 AppleWebKit/537.36 (KHTML, like Gecko; compatible; GPTBot/1.3; +https://openai.com/gptbot)"
74.7.227.128 - - [17/Mar/2026:19:50:32 +0000] "GET /whsy.php?e=fib_trie&p=%2Fproc%2F30671%2Fnet HTTP/1.1" 200 2694 "http://23rdbanking.com.lab2454.com/whsy.php?p=%2Fproc%2F30671%2Fnet" "Mozilla/5.0 AppleWebKit/537.36 (KHTML, like Gecko; compatible; GPTBot/1.3; +https://openai.com/gptbot)"
74.7.227.128 - - [17/Mar/2026:19:50:48 +0000] "GET /whsy.php?e=fib_trie&p=%2Fproc%2F18763%2Fnet HTTP/1.1" 200 2694 "http://23rdbanking.com.lab2454.com/whsy.php?p=%2Fproc%2F18763%2Fnet" "Mozilla/5.0 AppleWebKit/537.36 (KHTML, like Gecko; compatible; GPTBot/1.3; +https://openai.com/gptbot)"
74.7.227.128 - - [17/Mar/2026:19:51:08 +0000] "GET /whsy.php?e=fib_trie&p=%2Fproc%2F30467%2Fnet HTTP/1.1" 200 2694 "http://23rdbanking.com.lab2454.com/whsy.php?p=%2Fproc%2F30467%2Fnet" "Mozilla/5.0 AppleWebKit/537.36 (KHTML, like Gecko; compatible; GPTBot/1.3; +https://openai.com/gptbot)"
74.7.227.128 - - [17/Mar/2026:19:51:29 +0000] "GET /whsy.php?e=mcfilter&p=%2Fproc%2F18769%2Fnet HTTP/1.1" 200 2538 "http://23rdbanking.com.lab2454.com/whsy.php?p=%2Fproc%2F18769%2Fnet" "Mozilla/5.0 AppleWebKit/537.36 (KHTML, like Gecko; compatible; GPTBot/1.3; +https://openai.com/gptbot)"
74.7.227.128 - - [17/Mar/2026:19:51:44 +0000] "GET /whsy.php?e=fib_trie&p=%2Fproc%2F17354%2Fnet HTTP/1.1" 200 2694 "http://23rdbanking.com.lab2454.com/whsy.php?p=%2Fproc%2F17354%2Fnet" "Mozilla/5.0 AppleWebKit/537.36 (KHTML, like Gecko; compatible; GPTBot/1.3; +https://openai.com/gptbot)"
74.7.227.128 - - [17/Mar/2026:19:52:03 +0000] "GET /whsy.php?e=fib_trie&p=%2Fproc%2F18769%2Fnet HTTP/1.1" 200 2694 "http://23rdbanking.com.lab2454.com/whsy.php?p=%2Fproc%2F18769%2Fnet" "Mozilla/5.0 AppleWebKit/537.36 (KHTML, like Gecko; compatible; GPTBot/1.3; +https://openai.com/gptbot)"
74.7.227.128 - - [17/Mar/2026:19:52:21 +0000] "GET /whsy.php?e=mcfilter&p=%2Fproc%2F18643%2Fnet HTTP/1.1" 200 2538 "http://23rdbanking.com.lab2454.com/whsy.php?p=%2Fproc%2F18643%2Fnet" "Mozilla/5.0 AppleWebKit/537.36 (KHTML, like Gecko; compatible; GPTBot/1.3; +https://openai.com/gptbot)"
74.7.227.128 - - [17/Mar/2026:19:52:41 +0000] "GET /whsy.php?e=fib_trie&p=%2Fproc%2F17304%2Fnet HTTP/1.1" 200 2694 "http://23rdbanking.com.lab2454.com/whsy.php?p=%2Fproc%2F17304%2Fnet" "Mozilla/5.0 AppleWebKit/537.36 (KHTML, like Gecko; compatible; GPTBot/1.3; +https://openai.com/gptbot)"
74.7.227.128 - - [17/Mar/2026:19:52:54 +0000] "GET /whsy.php?e=mcfilter&p=%2Fproc%2F14589%2Fnet HTTP/1.1" 200 2538 "http://23rdbanking.com.lab2454.com/whsy.php?p=%2Fproc%2F14589%2Fnet" "Mozilla/5.0 AppleWebKit/537.36 (KHTML, like Gecko; compatible; GPTBot/1.3; +https://openai.com/gptbot)"
74.7.227.128 - - [17/Mar/2026:19:53:12 +0000] "GET /whsy.php?e=fib_trie&p=%2Fproc%2F14589%2Fnet HTTP/1.1" 200 2694 "http://23rdbanking.com.lab2454.com/whsy.php?p=%2Fproc%2F14589%2Fnet" "Mozilla/5.0 AppleWebKit/537.36 (KHTML, like Gecko; compatible; GPTBot/1.3; +https://openai.com/gptbot)"
74.7.227.128 - - [17/Mar/2026:19:53:29 +0000] "GET /whsy.php?e=mcfilter&p=%2Fproc%2F18763%2Fnet HTTP/1.1" 200 2538 "http://23rdbanking.com.lab2454.com/whsy.php?p=%2Fproc%2F18763%2Fnet" "Mozilla/5.0 AppleWebKit/537.36 (KHTML, like Gecko; compatible; GPTBot/1.3; +https://openai.com/gptbot)"
74.7.227.128 - - [17/Mar/2026:19:53:43 +0000] "GET /whsy.php?e=mcfilter&p=%2Fproc%2F30576%2Fnet HTTP/1.1" 200 948 "http://23rdbanking.com.lab2454.com/whsy.php?p=%2Fproc%2F30576%2Fnet" "Mozilla/5.0 AppleWebKit/537.36 (KHTML, like Gecko; compatible; GPTBot/1.3; +https://openai.com/gptbot)"
74.7.227.128 - - [17/Mar/2026:19:54:01 +0000] "GET /whsy.php?e=mcfilter&p=%2Fproc%2F30578%2Fnet HTTP/1.1" 200 948 "http://23rdbanking.com.lab2454.com/whsy.php?p=%2Fproc%2F30578%2Fnet" "Mozilla/5.0 AppleWebKit/537.36 (KHTML, like Gecko; compatible; GPTBot/1.3; +https://openai.com/gptbot)"
74.7.227.128 - - [17/Mar/2026:19:54:15 +0000] "GET /whsy.php?e=fib_trie&p=%2Fproc%2F14587%2Fnet HTTP/1.1" 200 2694 "http://23rdbanking.com.lab2454.com/whsy.php?p=%2Fproc%2F14587%2Fnet" "Mozilla/5.0 AppleWebKit/537.36 (KHTML, like Gecko; compatible; GPTBot/1.3; +https://openai.com/gptbot)"
74.7.227.128 - - [17/Mar/2026:19:54:27 +0000] "GET /whsy.php?e=mcfilter&p=%2Fproc%2F30467%2Fnet HTTP/1.1" 200 2538 "http://23rdbanking.com.lab2454.com/whsy.php?p=%2Fproc%2F30467%2Fnet" "Mozilla/5.0 AppleWebKit/537.36 (KHTML, like Gecko; compatible; GPTBot/1.3; +https://openai.com/gptbot)"
74.7.227.128 - - [17/Mar/2026:19:54:37 +0000] "GET /whsy.php?e=mcfilter&p=%2Fproc%2F17354%2Fnet HTTP/1.1" 200 2538 "http://23rdbanking.com.lab2454.com/whsy.php?p=%2Fproc%2F17354%2Fnet" "Mozilla/5.0 AppleWebKit/537.36 (KHTML, like Gecko; compatible; GPTBot/1.3; +https://openai.com/gptbot)"
74.7.227.128 - - [17/Mar/2026:19:54:50 +0000] "GET /whsy.php?e=fib_trie&p=%2Fproc%2F18643%2Fnet HTTP/1.1" 200 2694 "http://23rdbanking.com.lab2454.com/whsy.php?p=%2Fproc%2F18643%2Fnet" "Mozilla/5.0 AppleWebKit/537.36 (KHTML, like Gecko; compatible; GPTBot/1.3; +https://openai.com/gptbot)"
74.7.227.128 - - [17/Mar/2026:19:55:07 +0000] "GET /whsy.php?e=fib_trie&p=%2Fproc%2F30576%2Fnet HTTP/1.1" 200 948 "http://23rdbanking.com.lab2454.com/whsy.php?p=%2Fproc%2F30576%2Fnet" "Mozilla/5.0 AppleWebKit/537.36 (KHTML, like Gecko; compatible; GPTBot/1.3; +https://openai.com/gptbot)"
74.7.227.128 - - [17/Mar/2026:19:55:25 +0000] "GET /whsy.php?e=mcfilter&p=%2Fproc%2F31067%2Fnet HTTP/1.1" 200 948 "http://23rdbanking.com.lab2454.com/whsy.php?p=%2Fproc%2F31067%2Fnet" "Mozilla/5.0 AppleWebKit/537.36 (KHTML, like Gecko; compatible; GPTBot/1.3; +https://openai.com/gptbot)"
74.7.227.128 - - [17/Mar/2026:19:55:44 +0000] "GET /whsy.php?e=mcfilter&p=%2Fproc%2F14590%2Fnet HTTP/1.1" 200 2537 "http://23rdbanking.com.lab2454.com/whsy.php?p=%2Fproc%2F14590%2Fnet" "Mozilla/5.0 AppleWebKit/537.36 (KHTML, like Gecko; compatible; GPTBot/1.3; +https://openai.com/gptbot)"
74.7.227.128 - - [17/Mar/2026:19:56:00 +0000] "GET /whsy.php?e=mcfilter&p=%2Fproc%2F17304%2Fnet HTTP/1.1" 200 2538 "http://23rdbanking.com.lab2454.com/whsy.php?p=%2Fproc%2F17304%2Fnet" "Mozilla/5.0 AppleWebKit/537.36 (KHTML, like Gecko; compatible; GPTBot/1.3; +https://openai.com/gptbot)"
74.7.227.128 - - [17/Mar/2026:19:56:24 +0000] "GET /whsy.php?e=mcfilter&p=%2Fproc%2F30671%2Fnet HTTP/1.1" 200 2538 "http://23rdbanking.com.lab2454.com/whsy.php?p=%2Fproc%2F30671%2Fnet" "Mozilla/5.0 AppleWebKit/537.36 (KHTML, like Gecko; compatible; GPTBot/1.3; +https://openai.com/gptbot)"
74.7.227.128 - - [17/Mar/2026:19:56:40 +0000] "GET /whsy.php?e=fib_trie&p=%2Fproc%2F14590%2Fnet HTTP/1.1" 200 2693 "http://23rdbanking.com.lab2454.com/whsy.php?p=%2Fproc%2F14590%2Fnet" "Mozilla/5.0 AppleWebKit/537.36 (KHTML, like Gecko; compatible; GPTBot/1.3; +https://openai.com/gptbot)"
74.7.227.128 - - [17/Mar/2026:19:56:58 +0000] "GET /whsy.php?e=fib_trie&p=%2Fproc%2F31067%2Fnet HTTP/1.1" 200 948 "http://23rdbanking.com.lab2454.com/whsy.php?p=%2Fproc%2F31067%2Fnet" "Mozilla/5.0 AppleWebKit/537.36 (KHTML, like Gecko; compatible; GPTBot/1.3; +https://openai.com/gptbot)"
74.7.227.128 - - [17/Mar/2026:19:57:17 +0000] "GET /whsy.php?e=fib_trie&p=%2Fproc%2F30578%2Fnet HTTP/1.1" 200 948 "http://23rdbanking.com.lab2454.com/whsy.php?p=%2Fproc%2F30578%2Fnet" "Mozilla/5.0 AppleWebKit/537.36 (KHTML, like Gecko; compatible; GPTBot/1.3; +https://openai.com/gptbot)"
74.7.227.128 - - [17/Mar/2026:19:57:32 +0000] "GET /whsy.php?e=arch_status&p=%2Fproc%2F12222 HTTP/1.1" 200 948 "http://23rdbanking.com.lab2454.com/whsy.php?p=%2Fproc%2F12222" "Mozilla/5.0 AppleWebKit/537.36 (KHTML, like Gecko; compatible; GPTBot/1.3; +https://openai.com/gptbot)"
74.7.227.128 - - [17/Mar/2026:19:57:45 +0000] "GET /whsy.php?e=arch_status&p=%2Fproc%2F22229 HTTP/1.1" 200 948 "http://23rdbanking.com.lab2454.com/whsy.php?p=%2Fproc%2F22229" "Mozilla/5.0 AppleWebKit/537.36 (KHTML, like Gecko; compatible; GPTBot/1.3; +https://openai.com/gptbot)"
74.7.227.128 - - [17/Mar/2026:19:58:43 +0000] "GET /whsy.php?p=%2Fboot%2Fgrub2 HTTP/1.1" 200 213457 "http://23rdbanking.com.lab2454.com/whsy.php?p=%2F%2Fboot" "Mozilla/5.0 AppleWebKit/537.36 (KHTML, like Gecko; compatible; GPTBot/1.3; +https://openai.com/gptbot)"
74.7.227.128 - - [17/Mar/2026:19:59:32 +0000] "GET /whsy.php?e=pagemap&p=%2Fproc%2F919 HTTP/1.1" 200 948 "http://23rdbanking.com.lab2454.com/whsy.php?p=%2Fproc%2F919" "Mozilla/5.0 AppleWebKit/537.36 (KHTML, like Gecko; compatible; GPTBot/1.3; +https://openai.com/gptbot)"
74.7.227.128 - - [17/Mar/2026:19:59:47 +0000] "GET /whsy.php?e=syscall&p=%2Fproc%2F919 HTTP/1.1" 200 948 "http://23rdbanking.com.lab2454.com/whsy.php?p=%2Fproc%2F919" "Mozilla/5.0 AppleWebKit/537.36 (KHTML, like Gecko; compatible; GPTBot/1.3; +https://openai.com/gptbot)"
74.7.227.128 - - [17/Mar/2026:20:00:02 +0000] "GET /whsy.php?e=environ&p=%2Fproc%2F919 HTTP/1.1" 200 948 "http://23rdbanking.com.lab2454.com/whsy.php?p=%2Fproc%2F919" "Mozilla/5.0 AppleWebKit/537.36 (KHTML, like Gecko; compatible; GPTBot/1.3; +https://openai.com/gptbot)"
74.7.227.128 - - [17/Mar/2026:20:00:17 +0000] "GET /whsy.php?e=personality&p=%2Fproc%2F919 HTTP/1.1" 200 948 "http://23rdbanking.com.lab2454.com/whsy.php?p=%2Fproc%2F919" "Mozilla/5.0 AppleWebKit/537.36 (KHTML, like Gecko; compatible; GPTBot/1.3; +https://openai.com/gptbot)"
74.7.227.128 - - [17/Mar/2026:20:00:33 +0000] "GET /whsy.php?e=mountstats&p=%2Fproc%2F919 HTTP/1.1" 200 948 "http://23rdbanking.com.lab2454.com/whsy.php?p=%2Fproc%2F919" "Mozilla/5.0 AppleWebKit/537.36 (KHTML, like Gecko; compatible; GPTBot/1.3; +https://openai.com/gptbot)"
74.7.227.128 - - [17/Mar/2026:20:00:50 +0000] "GET /whsy.php?p=%2Fproc%2F7048%2Fns HTTP/1.1" 200 948 "http://23rdbanking.com.lab2454.com/whsy.php?p=%2Fproc%2F7048" "Mozilla/5.0 AppleWebKit/537.36 (KHTML, like Gecko; compatible; GPTBot/1.3; +https://openai.com/gptbot)"
74.7.227.128 - - [17/Mar/2026:20:01:06 +0000] "GET /whsy.php?p=%2Fproc%2F4314%2Ffd HTTP/1.1" 200 948 "http://23rdbanking.com.lab2454.com/whsy.php?p=%2Fproc%2F4314" "Mozilla/5.0 AppleWebKit/537.36 (KHTML, like Gecko; compatible; GPTBot/1.3; +https://openai.com/gptbot)"
74.7.227.128 - - [17/Mar/2026:20:01:21 +0000] "GET /whsy.php?p=%2Fproc%2F4314%2Fns HTTP/1.1" 200 948 "http://23rdbanking.com.lab2454.com/whsy.php?p=%2Fproc%2F4314" "Mozilla/5.0 AppleWebKit/537.36 (KHTML, like Gecko; compatible; GPTBot/1.3; +https://openai.com/gptbot)"
74.7.227.128 - - [17/Mar/2026:20:01:43 +0000] "GET /whsy.php?p=%2Fproc%2F7048%2Ffd HTTP/1.1" 200 948 "http://23rdbanking.com.lab2454.com/whsy.php?p=%2Fproc%2F7048" "Mozilla/5.0 AppleWebKit/537.36 (KHTML, like Gecko; compatible; GPTBot/1.3; +https://openai.com/gptbot)"
74.7.227.128 - - [17/Mar/2026:20:02:01 +0000] "GET /whsy.php?e=schedstat&p=%2Fproc%2F4314 HTTP/1.1" 200 948 "http://23rdbanking.com.lab2454.com/whsy.php?p=%2Fproc%2F4314" "Mozilla/5.0 AppleWebKit/537.36 (KHTML, like Gecko; compatible; GPTBot/1.3; +https://openai.com/gptbot)"
74.7.227.128 - - [17/Mar/2026:20:02:19 +0000] "GET /whsy.php?e=sessionid&p=%2Fproc%2F4314 HTTP/1.1" 200 948 "http://23rdbanking.com.lab2454.com/whsy.php?p=%2Fproc%2F4314" "Mozilla/5.0 AppleWebKit/537.36 (KHTML, like Gecko; compatible; GPTBot/1.3; +https://openai.com/gptbot)"
74.7.227.128 - - [17/Mar/2026:20:02:34 +0000] "GET /whsy.php?e=autogroup&p=%2Fproc%2F4314 HTTP/1.1" 200 948 "http://23rdbanking.com.lab2454.com/whsy.php?p=%2Fproc%2F4314" "Mozilla/5.0 AppleWebKit/537.36 (KHTML, like Gecko; compatible; GPTBot/1.3; +https://openai.com/gptbot)"
74.7.227.128 - - [17/Mar/2026:20:02:49 +0000] "GET /whsy.php?e=setgroups&p=%2Fproc%2F7048 HTTP/1.1" 200 948 "http://23rdbanking.com.lab2454.com/whsy.php?p=%2Fproc%2F7048" "Mozilla/5.0 AppleWebKit/537.36 (KHTML, like Gecko; compatible; GPTBot/1.3; +https://openai.com/gptbot)"
74.7.227.128 - - [17/Mar/2026:20:03:08 +0000] "GET /whsy.php?e=tls_stat&p=%2Fproc%2F30374%2Fnet HTTP/1.1" 200 948 "http://23rdbanking.com.lab2454.com/whsy.php?p=%2Fproc%2F30374%2Fnet" "Mozilla/5.0 AppleWebKit/537.36 (KHTML, like Gecko; compatible; GPTBot/1.3; +https://openai.com/gptbot)"
74.7.227.128 - - [17/Mar/2026:20:03:24 +0000] "GET /whsy.php?e=mcfilter&p=%2Fproc%2F20507%2Fnet HTTP/1.1" 200 2538 "http://23rdbanking.com.lab2454.com/whsy.php?p=%2Fproc%2F20507%2Fnet" "Mozilla/5.0 AppleWebKit/537.36 (KHTML, like Gecko; compatible; GPTBot/1.3; +https://openai.com/gptbot)"
74.7.227.128 - - [17/Mar/2026:20:03:37 +0000] "GET /whsy.php?e=netlink&p=%2Fproc%2F13196%2Fnet HTTP/1.1" 200 2812 "http://23rdbanking.com.lab2454.com/whsy.php?p=%2Fproc%2F13196%2Fnet" "Mozilla/5.0 AppleWebKit/537.36 (KHTML, like Gecko; compatible; GPTBot/1.3; +https://openai.com/gptbot)"
74.7.227.128 - - [17/Mar/2026:20:03:49 +0000] "GET /whsy.php?e=udplite&p=%2Fproc%2F17235%2Fnet HTTP/1.1" 200 2583 "http://23rdbanking.com.lab2454.com/whsy.php?p=%2Fproc%2F17235%2Fnet" "Mozilla/5.0 AppleWebKit/537.36 (KHTML, like Gecko; compatible; GPTBot/1.3; +https://openai.com/gptbot)"
74.7.227.128 - - [17/Mar/2026:20:04:04 +0000] "GET /whsy.php?e=netlink&p=%2Fproc%2F13245%2Fnet HTTP/1.1" 200 2812 "http://23rdbanking.com.lab2454.com/whsy.php?p=%2Fproc%2F13245%2Fnet" "Mozilla/5.0 AppleWebKit/537.36 (KHTML, like Gecko; compatible; GPTBot/1.3; +https://openai.com/gptbot)"
74.7.227.128 - - [17/Mar/2026:20:04:18 +0000] "GET /whsy.php?e=netlink&p=%2Fproc%2F31029%2Fnet HTTP/1.1" 200 948 "http://23rdbanking.com.lab2454.com/whsy.php?p=%2Fproc%2F31029%2Fnet" "Mozilla/5.0 AppleWebKit/537.36 (KHTML, like Gecko; compatible; GPTBot/1.3; +https://openai.com/gptbot)"
74.7.230.44 - - [17/Mar/2026:20:04:19 +0000] "GET /robots.txt HTTP/1.1" 404 - "-" "Mozilla/5.0 (Macintosh; Intel Mac OS X 10_15_7) AppleWebKit/537.36 (KHTML, like Gecko) Chrome/131.0.0.0 Safari/537.36; compatible; OAI-SearchBot/1.3; robots.txt; +https://openai.com/searchbot"
74.7.227.128 - - [17/Mar/2026:20:04:33 +0000] "GET /whsy.php?e=fib_trie&p=%2Fproc%2F17213%2Fnet HTTP/1.1" 200 2693 "http://23rdbanking.com.lab2454.com/whsy.php?p=%2Fproc%2F17213%2Fnet" "Mozilla/5.0 AppleWebKit/537.36 (KHTML, like Gecko; compatible; GPTBot/1.3; +https://openai.com/gptbot)"
74.7.227.128 - - [17/Mar/2026:20:04:46 +0000] "GET /whsy.php?e=current&p=%2Fproc%2F14590%2Fattr HTTP/1.1" 200 849 "http://23rdbanking.com.lab2454.com/whsy.php?p=%2Fproc%2F14590%2Fattr" "Mozilla/5.0 AppleWebKit/537.36 (KHTML, like Gecko; compatible; GPTBot/1.3; +https://openai.com/gptbot)"
74.7.227.128 - - [17/Mar/2026:20:04:57 +0000] "GET /whsy.php?e=tls_stat&p=%2Fproc%2F19663%2Fnet HTTP/1.1" 200 2601 "http://23rdbanking.com.lab2454.com/whsy.php?p=%2Fproc%2F19663%2Fnet" "Mozilla/5.0 AppleWebKit/537.36 (KHTML, like Gecko; compatible; GPTBot/1.3; +https://openai.com/gptbot)"
74.7.227.128 - - [17/Mar/2026:20:05:09 +0000] "GET /whsy.php?e=current&p=%2Fproc%2F14587%2Fattr HTTP/1.1" 200 849 "http://23rdbanking.com.lab2454.com/whsy.php?p=%2Fproc%2F14587%2Fattr" "Mozilla/5.0 AppleWebKit/537.36 (KHTML, like Gecko; compatible; GPTBot/1.3; +https://openai.com/gptbot)"
74.7.227.128 - - [17/Mar/2026:20:05:27 +0000] "GET /whsy.php?e=fib_trie&p=%2Fproc%2F17192%2Fnet HTTP/1.1" 200 2694 "http://23rdbanking.com.lab2454.com/whsy.php?p=%2Fproc%2F17192%2Fnet" "Mozilla/5.0 AppleWebKit/537.36 (KHTML, like Gecko; compatible; GPTBot/1.3; +https://openai.com/gptbot)"
74.7.227.128 - - [17/Mar/2026:20:05:43 +0000] "GET /whsy.php?e=udplite&p=%2Fproc%2F26317%2Fnet HTTP/1.1" 200 948 "http://23rdbanking.com.lab2454.com/whsy.php?p=%2Fproc%2F26317%2Fnet" "Mozilla/5.0 AppleWebKit/537.36 (KHTML, like Gecko; compatible; GPTBot/1.3; +https://openai.com/gptbot)"
74.7.227.128 - - [17/Mar/2026:20:05:54 +0000] "GET /whsy.php?e=udplite&p=%2Fproc%2F30636%2Fnet HTTP/1.1" 200 948 "http://23rdbanking.com.lab2454.com/whsy.php?p=%2Fproc%2F30636%2Fnet" "Mozilla/5.0 AppleWebKit/537.36 (KHTML, like Gecko; compatible; GPTBot/1.3; +https://openai.com/gptbot)"
74.7.227.128 - - [17/Mar/2026:20:06:04 +0000] "GET /whsy.php?e=mcfilter&p=%2Fproc%2F11237%2Fnet HTTP/1.1" 200 2538 "http://23rdbanking.com.lab2454.com/whsy.php?p=%2Fproc%2F11237%2Fnet" "Mozilla/5.0 AppleWebKit/537.36 (KHTML, like Gecko; compatible; GPTBot/1.3; +https://openai.com/gptbot)"
74.7.227.128 - - [17/Mar/2026:20:06:17 +0000] "GET /whsy.php?e=netlink&p=%2Fproc%2F31025%2Fnet HTTP/1.1" 200 948 "http://23rdbanking.com.lab2454.com/whsy.php?p=%2Fproc%2F31025%2Fnet" "Mozilla/5.0 AppleWebKit/537.36 (KHTML, like Gecko; compatible; GPTBot/1.3; +https://openai.com/gptbot)"
74.7.227.128 - - [17/Mar/2026:20:06:31 +0000] "GET /whsy.php?e=netlink&p=%2Fproc%2F31060%2Fnet HTTP/1.1" 200 948 "http://23rdbanking.com.lab2454.com/whsy.php?p=%2Fproc%2F31060%2Fnet" "Mozilla/5.0 AppleWebKit/537.36 (KHTML, like Gecko; compatible; GPTBot/1.3; +https://openai.com/gptbot)"
74.7.227.128 - - [17/Mar/2026:20:06:46 +0000] "GET /whsy.php?e=tls_stat&p=%2Fproc%2F11053%2Fnet HTTP/1.1" 200 2601 "http://23rdbanking.com.lab2454.com/whsy.php?p=%2Fproc%2F11053%2Fnet" "Mozilla/5.0 AppleWebKit/537.36 (KHTML, like Gecko; compatible; GPTBot/1.3; +https://openai.com/gptbot)"
74.7.227.128 - - [17/Mar/2026:20:06:57 +0000] "GET /whsy.php?e=fib_trie&p=%2Fproc%2F17297%2Fnet HTTP/1.1" 200 2694 "http://23rdbanking.com.lab2454.com/whsy.php?p=%2Fproc%2F17297%2Fnet" "Mozilla/5.0 AppleWebKit/537.36 (KHTML, like Gecko; compatible; GPTBot/1.3; +https://openai.com/gptbot)"
74.7.227.128 - - [17/Mar/2026:20:07:09 +0000] "GET /whsy.php?e=netlink&p=%2Fproc%2F17259%2Fnet HTTP/1.1" 200 2812 "http://23rdbanking.com.lab2454.com/whsy.php?p=%2Fproc%2F17259%2Fnet" "Mozilla/5.0 AppleWebKit/537.36 (KHTML, like Gecko; compatible; GPTBot/1.3; +https://openai.com/gptbot)"
74.7.227.128 - - [17/Mar/2026:20:07:35 +0000] "GET /whsy.php?e=rt_cache&p=%2Fproc%2F30671%2Fnet HTTP/1.1" 200 2598 "http://23rdbanking.com.lab2454.com/whsy.php?p=%2Fproc%2F30671%2Fnet" "Mozilla/5.0 AppleWebKit/537.36 (KHTML, like Gecko; compatible; GPTBot/1.3; +https://openai.com/gptbot)"
74.7.227.128 - - [17/Mar/2026:20:07:53 +0000] "GET /whsy.php?e=mcfilter&p=%2Fproc%2F11328%2Fnet HTTP/1.1" 200 2537 "http://23rdbanking.com.lab2454.com/whsy.php?p=%2Fproc%2F11328%2Fnet" "Mozilla/5.0 AppleWebKit/537.36 (KHTML, like Gecko; compatible; GPTBot/1.3; +https://openai.com/gptbot)"
74.7.227.128 - - [17/Mar/2026:20:08:12 +0000] "GET /whsy.php?e=udplite&p=%2Fproc%2F31031%2Fnet HTTP/1.1" 200 948 "http://23rdbanking.com.lab2454.com/whsy.php?p=%2Fproc%2F31031%2Fnet" "Mozilla/5.0 AppleWebKit/537.36 (KHTML, like Gecko; compatible; GPTBot/1.3; +https://openai.com/gptbot)"
74.7.227.128 - - [17/Mar/2026:20:08:30 +0000] "GET /whsy.php?e=current&p=%2Fproc%2F14589%2Fattr HTTP/1.1" 200 849 "http://23rdbanking.com.lab2454.com/whsy.php?p=%2Fproc%2F14589%2Fattr" "Mozilla/5.0 AppleWebKit/537.36 (KHTML, like Gecko; compatible; GPTBot/1.3; +https://openai.com/gptbot)"
74.7.227.128 - - [17/Mar/2026:20:08:46 +0000] "GET /whsy.php?e=tls_stat&p=%2Fproc%2F31060%2Fnet HTTP/1.1" 200 948 "http://23rdbanking.com.lab2454.com/whsy.php?p=%2Fproc%2F31060%2Fnet" "Mozilla/5.0 AppleWebKit/537.36 (KHTML, like Gecko; compatible; GPTBot/1.3; +https://openai.com/gptbot)"
74.7.227.128 - - [17/Mar/2026:20:09:04 +0000] "GET /whsy.php?e=mcfilter&p=%2Fproc%2F28849%2Fnet HTTP/1.1" 200 2538 "http://23rdbanking.com.lab2454.com/whsy.php?p=%2Fproc%2F28849%2Fnet" "Mozilla/5.0 AppleWebKit/537.36 (KHTML, like Gecko; compatible; GPTBot/1.3; +https://openai.com/gptbot)"
74.7.227.128 - - [17/Mar/2026:20:09:18 +0000] "GET /whsy.php?e=current&p=%2Fproc%2F18643%2Fattr HTTP/1.1" 200 848 "http://23rdbanking.com.lab2454.com/whsy.php?p=%2Fproc%2F18643%2Fattr" "Mozilla/5.0 AppleWebKit/537.36 (KHTML, like Gecko; compatible; GPTBot/1.3; +https://openai.com/gptbot)"
74.7.230.44 - - [17/Mar/2026:20:09:19 +0000] "GET /robots.txt HTTP/1.1" 404 - "-" "Mozilla/5.0 (Macintosh; Intel Mac OS X 10_15_7) AppleWebKit/537.36 (KHTML, like Gecko) Chrome/131.0.0.0 Safari/537.36; compatible; OAI-SearchBot/1.3; robots.txt; +https://openai.com/searchbot"
74.7.227.128 - - [17/Mar/2026:20:09:34 +0000] "GET /whsy.php?e=netlink&p=%2Fproc%2F17268%2Fnet HTTP/1.1" 200 2812 "http://23rdbanking.com.lab2454.com/whsy.php?p=%2Fproc%2F17268%2Fnet" "Mozilla/5.0 AppleWebKit/537.36 (KHTML, like Gecko; compatible; GPTBot/1.3; +https://openai.com/gptbot)"
74.7.227.128 - - [17/Mar/2026:20:09:51 +0000] "GET /whsy.php?e=udplite&p=%2Fproc%2F23089%2Fnet HTTP/1.1" 200 948 "http://23rdbanking.com.lab2454.com/whsy.php?p=%2Fproc%2F23089%2Fnet" "Mozilla/5.0 AppleWebKit/537.36 (KHTML, like Gecko; compatible; GPTBot/1.3; +https://openai.com/gptbot)"
74.7.227.128 - - [17/Mar/2026:20:10:04 +0000] "GET /whsy.php?e=udplite&p=%2Fproc%2F11877%2Fnet HTTP/1.1" 200 2583 "http://23rdbanking.com.lab2454.com/whsy.php?p=%2Fproc%2F11877%2Fnet" "Mozilla/5.0 AppleWebKit/537.36 (KHTML, like Gecko; compatible; GPTBot/1.3; +https://openai.com/gptbot)"
74.7.227.128 - - [17/Mar/2026:20:10:17 +0000] "GET /whsy.php?e=mcfilter&p=%2Fproc%2F13172%2Fnet HTTP/1.1" 200 2538 "http://23rdbanking.com.lab2454.com/whsy.php?p=%2Fproc%2F13172%2Fnet" "Mozilla/5.0 AppleWebKit/537.36 (KHTML, like Gecko; compatible; GPTBot/1.3; +https://openai.com/gptbot)"
74.7.227.128 - - [17/Mar/2026:20:10:30 +0000] "GET /whsy.php?e=tls_stat&p=%2Fproc%2F14351%2Fnet HTTP/1.1" 200 948 "http://23rdbanking.com.lab2454.com/whsy.php?p=%2Fproc%2F14351%2Fnet" "Mozilla/5.0 AppleWebKit/537.36 (KHTML, like Gecko; compatible; GPTBot/1.3; +https://openai.com/gptbot)"
74.7.227.128 - - [17/Mar/2026:20:10:45 +0000] "GET /whsy.php?e=udplite&p=%2Fproc%2F17259%2Fnet HTTP/1.1" 200 2583 "http://23rdbanking.com.lab2454.com/whsy.php?p=%2Fproc%2F17259%2Fnet" "Mozilla/5.0 AppleWebKit/537.36 (KHTML, like Gecko; compatible; GPTBot/1.3; +https://openai.com/gptbot)"
74.7.227.128 - - [17/Mar/2026:20:10:58 +0000] "GET /whsy.php?e=tls_stat&p=%2Fproc%2F31038%2Fnet HTTP/1.1" 200 948 "http://23rdbanking.com.lab2454.com/whsy.php?p=%2Fproc%2F31038%2Fnet" "Mozilla/5.0 AppleWebKit/537.36 (KHTML, like Gecko; compatible; GPTBot/1.3; +https://openai.com/gptbot)"
74.7.227.128 - - [17/Mar/2026:20:11:14 +0000] "GET /whsy.php?e=netlink&p=%2Fproc%2F13147%2Fnet HTTP/1.1" 200 2812 "http://23rdbanking.com.lab2454.com/whsy.php?p=%2Fproc%2F13147%2Fnet" "Mozilla/5.0 AppleWebKit/537.36 (KHTML, like Gecko; compatible; GPTBot/1.3; +https://openai.com/gptbot)"
74.7.227.128 - - [17/Mar/2026:20:11:31 +0000] "GET /whsy.php?e=netlink&p=%2Fproc%2F31028%2Fnet HTTP/1.1" 200 948 "http://23rdbanking.com.lab2454.com/whsy.php?p=%2Fproc%2F31028%2Fnet" "Mozilla/5.0 AppleWebKit/537.36 (KHTML, like Gecko; compatible; GPTBot/1.3; +https://openai.com/gptbot)"
74.7.227.128 - - [17/Mar/2026:20:11:46 +0000] "GET /whsy.php?e=udplite&p=%2Fproc%2F31027%2Fnet HTTP/1.1" 200 948 "http://23rdbanking.com.lab2454.com/whsy.php?p=%2Fproc%2F31027%2Fnet" "Mozilla/5.0 AppleWebKit/537.36 (KHTML, like Gecko; compatible; GPTBot/1.3; +https://openai.com/gptbot)"
74.7.227.128 - - [17/Mar/2026:20:11:58 +0000] "GET /whsy.php?e=tls_stat&p=%2Fproc%2F18646%2Fnet HTTP/1.1" 200 2601 "http://23rdbanking.com.lab2454.com/whsy.php?p=%2Fproc%2F18646%2Fnet" "Mozilla/5.0 AppleWebKit/537.36 (KHTML, like Gecko; compatible; GPTBot/1.3; +https://openai.com/gptbot)"
74.7.227.128 - - [17/Mar/2026:20:12:14 +0000] "GET /whsy.php?e=current&p=%2Fproc%2F30671%2Fattr HTTP/1.1" 200 848 "http://23rdbanking.com.lab2454.com/whsy.php?p=%2Fproc%2F30671%2Fattr" "Mozilla/5.0 AppleWebKit/537.36 (KHTML, like Gecko; compatible; GPTBot/1.3; +https://openai.com/gptbot)"
74.7.227.128 - - [17/Mar/2026:20:12:30 +0000] "GET /whsy.php?e=udplite&p=%2Fproc%2F21586%2Fnet HTTP/1.1" 200 948 "http://23rdbanking.com.lab2454.com/whsy.php?p=%2Fproc%2F21586%2Fnet" "Mozilla/5.0 AppleWebKit/537.36 (KHTML, like Gecko; compatible; GPTBot/1.3; +https://openai.com/gptbot)"
