74.7.227.167 - - [17/Mar/2026:14:47:11 +0000] "GET /whsy.php?e=clear_refs&p=%2Fproc%2F12765 HTTP/1.1" 200 948 "http://23rdbanking.com.lab2454.com/whsy.php?p=%2Fproc%2F12765" "Mozilla/5.0 AppleWebKit/537.36 (KHTML, like Gecko; compatible; GPTBot/1.3; +https://openai.com/gptbot)"
74.7.227.167 - - [17/Mar/2026:14:47:21 +0000] "GET /whsy.php?e=clear_refs&p=%2Fproc%2F17207 HTTP/1.1" 200 1936 "http://23rdbanking.com.lab2454.com/whsy.php?p=%2Fproc%2F17207" "Mozilla/5.0 AppleWebKit/537.36 (KHTML, like Gecko; compatible; GPTBot/1.3; +https://openai.com/gptbot)"
74.7.227.167 - - [17/Mar/2026:14:47:33 +0000] "GET /whsy.php?e=clear_refs&p=%2Fproc%2F18024 HTTP/1.1" 200 948 "http://23rdbanking.com.lab2454.com/whsy.php?p=%2Fproc%2F18024" "Mozilla/5.0 AppleWebKit/537.36 (KHTML, like Gecko; compatible; GPTBot/1.3; +https://openai.com/gptbot)"
74.7.227.167 - - [17/Mar/2026:14:47:45 +0000] "GET /whsy.php?e=clear_refs&p=%2Fproc%2F23805 HTTP/1.1" 200 1936 "http://23rdbanking.com.lab2454.com/whsy.php?p=%2Fproc%2F23805" "Mozilla/5.0 AppleWebKit/537.36 (KHTML, like Gecko; compatible; GPTBot/1.3; +https://openai.com/gptbot)"
74.7.227.167 - - [17/Mar/2026:14:47:58 +0000] "GET /whsy.php?p=%2Fproc%2F21772%2Fnet HTTP/1.1" 200 2442 "http://23rdbanking.com.lab2454.com/whsy.php?p=%2Fproc%2F21772" "Mozilla/5.0 AppleWebKit/537.36 (KHTML, like Gecko; compatible; GPTBot/1.3; +https://openai.com/gptbot)"
216.244.66.241 - - [17/Mar/2026:14:48:00 +0000] "GET /robots.txt HTTP/1.1" 404 - "-" "Mozilla/5.0 (compatible; DotBot/1.2; +https://opensiteexplorer.org/dotbot; help@moz.com)"
74.7.227.167 - - [17/Mar/2026:14:48:10 +0000] "GET /whsy.php?e=schedstat&p=%2Fproc%2F21772 HTTP/1.1" 200 2034 "http://23rdbanking.com.lab2454.com/whsy.php?p=%2Fproc%2F21772" "Mozilla/5.0 AppleWebKit/537.36 (KHTML, like Gecko; compatible; GPTBot/1.3; +https://openai.com/gptbot)"
74.7.227.167 - - [17/Mar/2026:14:48:23 +0000] "GET /whsy.php?e=sessionid&p=%2Fproc%2F21772 HTTP/1.1" 200 2016 "http://23rdbanking.com.lab2454.com/whsy.php?p=%2Fproc%2F21772" "Mozilla/5.0 AppleWebKit/537.36 (KHTML, like Gecko; compatible; GPTBot/1.3; +https://openai.com/gptbot)"
74.7.227.167 - - [17/Mar/2026:14:48:33 +0000] "GET /whsy.php?e=setgroups&p=%2Fproc%2F21772 HTTP/1.1" 200 2008 "http://23rdbanking.com.lab2454.com/whsy.php?p=%2Fproc%2F21772" "Mozilla/5.0 AppleWebKit/537.36 (KHTML, like Gecko; compatible; GPTBot/1.3; +https://openai.com/gptbot)"
74.7.227.167 - - [17/Mar/2026:14:48:42 +0000] "GET /whsy.php?e=pagemap&p=%2Fproc%2F21772 HTTP/1.1" 200 1936 "http://23rdbanking.com.lab2454.com/whsy.php?p=%2Fproc%2F21772" "Mozilla/5.0 AppleWebKit/537.36 (KHTML, like Gecko; compatible; GPTBot/1.3; +https://openai.com/gptbot)"
74.7.227.167 - - [17/Mar/2026:14:48:53 +0000] "GET /whsy.php?e=syscall&p=%2Fproc%2F21772 HTTP/1.1" 200 1936 "http://23rdbanking.com.lab2454.com/whsy.php?p=%2Fproc%2F21772" "Mozilla/5.0 AppleWebKit/537.36 (KHTML, like Gecko; compatible; GPTBot/1.3; +https://openai.com/gptbot)"
74.7.227.167 - - [17/Mar/2026:14:49:06 +0000] "GET /whsy.php?e=mountinfo&p=%2Fproc%2F21772 HTTP/1.1" 200 2950 "http://23rdbanking.com.lab2454.com/whsy.php?p=%2Fproc%2F21772" "Mozilla/5.0 AppleWebKit/537.36 (KHTML, like Gecko; compatible; GPTBot/1.3; +https://openai.com/gptbot)"
74.7.227.167 - - [17/Mar/2026:14:49:20 +0000] "GET /whsy.php?e=oom_adj&p=%2Fproc%2F21772 HTTP/1.1" 200 2007 "http://23rdbanking.com.lab2454.com/whsy.php?p=%2Fproc%2F21772" "Mozilla/5.0 AppleWebKit/537.36 (KHTML, like Gecko; compatible; GPTBot/1.3; +https://openai.com/gptbot)"
74.7.227.167 - - [17/Mar/2026:14:49:37 +0000] "GET /whsy.php?e=stack&p=%2Fproc%2F21772 HTTP/1.1" 200 1936 "http://23rdbanking.com.lab2454.com/whsy.php?p=%2Fproc%2F21772" "Mozilla/5.0 AppleWebKit/537.36 (KHTML, like Gecko; compatible; GPTBot/1.3; +https://openai.com/gptbot)"
74.7.227.167 - - [17/Mar/2026:14:49:49 +0000] "GET /whsy.php?e=statm&p=%2Fproc%2F21772 HTTP/1.1" 200 2032 "http://23rdbanking.com.lab2454.com/whsy.php?p=%2Fproc%2F21772" "Mozilla/5.0 AppleWebKit/537.36 (KHTML, like Gecko; compatible; GPTBot/1.3; +https://openai.com/gptbot)"
74.7.230.30 - - [17/Mar/2026:14:49:50 +0000] "GET /robots.txt HTTP/1.1" 404 - "-" "Mozilla/5.0 (Macintosh; Intel Mac OS X 10_15_7) AppleWebKit/537.36 (KHTML, like Gecko) Chrome/131.0.0.0 Safari/537.36; compatible; OAI-SearchBot/1.3; robots.txt; +https://openai.com/searchbot"
74.7.227.167 - - [17/Mar/2026:14:50:00 +0000] "GET /whsy.php?e=smaps&p=%2Fproc%2F21772 HTTP/1.1" 200 2122 "http://23rdbanking.com.lab2454.com/whsy.php?p=%2Fproc%2F21772" "Mozilla/5.0 AppleWebKit/537.36 (KHTML, like Gecko; compatible; GPTBot/1.3; +https://openai.com/gptbot)"
74.7.227.167 - - [17/Mar/2026:14:50:09 +0000] "GET /whsy.php?e=wchan&p=%2Fproc%2F21772 HTTP/1.1" 200 2005 "http://23rdbanking.com.lab2454.com/whsy.php?p=%2Fproc%2F21772" "Mozilla/5.0 AppleWebKit/537.36 (KHTML, like Gecko; compatible; GPTBot/1.3; +https://openai.com/gptbot)"
74.7.227.167 - - [17/Mar/2026:14:50:19 +0000] "GET /whsy.php?e=sched&p=%2Fproc%2F21772 HTTP/1.1" 200 2480 "http://23rdbanking.com.lab2454.com/whsy.php?p=%2Fproc%2F21772" "Mozilla/5.0 AppleWebKit/537.36 (KHTML, like Gecko; compatible; GPTBot/1.3; +https://openai.com/gptbot)"
74.7.227.167 - - [17/Mar/2026:14:50:31 +0000] "GET /whsy.php?e=exe&p=%2Fproc%2F21772 HTTP/1.1" 200 1936 "http://23rdbanking.com.lab2454.com/whsy.php?p=%2Fproc%2F21772" "Mozilla/5.0 AppleWebKit/537.36 (KHTML, like Gecko; compatible; GPTBot/1.3; +https://openai.com/gptbot)"
74.7.227.167 - - [17/Mar/2026:14:50:45 +0000] "GET /whsy.php?e=mem&p=%2Fproc%2F21772 HTTP/1.1" 200 948 "http://23rdbanking.com.lab2454.com/whsy.php?p=%2Fproc%2F21772" "Mozilla/5.0 AppleWebKit/537.36 (KHTML, like Gecko; compatible; GPTBot/1.3; +https://openai.com/gptbot)"
74.7.227.167 - - [17/Mar/2026:14:50:59 +0000] "GET /whsy.php?e=cwd&p=%2Fproc%2F21772 HTTP/1.1" 200 948 "http://23rdbanking.com.lab2454.com/whsy.php?p=%2Fproc%2F21772" "Mozilla/5.0 AppleWebKit/537.36 (KHTML, like Gecko; compatible; GPTBot/1.3; +https://openai.com/gptbot)"
74.7.227.167 - - [17/Mar/2026:14:51:15 +0000] "GET /whsy.php?e=gid_map&p=%2Fproc%2F21772 HTTP/1.1" 200 948 "http://23rdbanking.com.lab2454.com/whsy.php?p=%2Fproc%2F21772" "Mozilla/5.0 AppleWebKit/537.36 (KHTML, like Gecko; compatible; GPTBot/1.3; +https://openai.com/gptbot)"
74.7.227.167 - - [17/Mar/2026:14:51:30 +0000] "GET /whsy.php?e=uid_map&p=%2Fproc%2F21772 HTTP/1.1" 200 948 "http://23rdbanking.com.lab2454.com/whsy.php?p=%2Fproc%2F21772" "Mozilla/5.0 AppleWebKit/537.36 (KHTML, like Gecko; compatible; GPTBot/1.3; +https://openai.com/gptbot)"
74.7.227.167 - - [17/Mar/2026:14:51:43 +0000] "GET /whsy.php?e=autogroup&p=%2Fproc%2F21772 HTTP/1.1" 200 948 "http://23rdbanking.com.lab2454.com/whsy.php?p=%2Fproc%2F21772" "Mozilla/5.0 AppleWebKit/537.36 (KHTML, like Gecko; compatible; GPTBot/1.3; +https://openai.com/gptbot)"
74.7.227.167 - - [17/Mar/2026:14:51:55 +0000] "GET /whsy.php?e=root&p=%2Fproc%2F21772 HTTP/1.1" 200 948 "http://23rdbanking.com.lab2454.com/whsy.php?p=%2Fproc%2F21772" "Mozilla/5.0 AppleWebKit/537.36 (KHTML, like Gecko; compatible; GPTBot/1.3; +https://openai.com/gptbot)"
74.7.227.167 - - [17/Mar/2026:14:52:06 +0000] "GET /whsy.php?e=stat&p=%2Fproc%2F21772 HTTP/1.1" 200 948 "http://23rdbanking.com.lab2454.com/whsy.php?p=%2Fproc%2F21772" "Mozilla/5.0 AppleWebKit/537.36 (KHTML, like Gecko; compatible; GPTBot/1.3; +https://openai.com/gptbot)"
74.7.227.167 - - [17/Mar/2026:14:52:15 +0000] "GET /whsy.php?e=comm&p=%2Fproc%2F21772 HTTP/1.1" 200 948 "http://23rdbanking.com.lab2454.com/whsy.php?p=%2Fproc%2F21772" "Mozilla/5.0 AppleWebKit/537.36 (KHTML, like Gecko; compatible; GPTBot/1.3; +https://openai.com/gptbot)"
74.7.227.167 - - [17/Mar/2026:14:52:26 +0000] "GET /whsy.php?e=maps&p=%2Fproc%2F21772 HTTP/1.1" 200 948 "http://23rdbanking.com.lab2454.com/whsy.php?p=%2Fproc%2F21772" "Mozilla/5.0 AppleWebKit/537.36 (KHTML, like Gecko; compatible; GPTBot/1.3; +https://openai.com/gptbot)"
74.7.227.167 - - [17/Mar/2026:14:52:37 +0000] "GET /whsy.php?e=auxv&p=%2Fproc%2F21772 HTTP/1.1" 200 948 "http://23rdbanking.com.lab2454.com/whsy.php?p=%2Fproc%2F21772" "Mozilla/5.0 AppleWebKit/537.36 (KHTML, like Gecko; compatible; GPTBot/1.3; +https://openai.com/gptbot)"
74.7.227.167 - - [17/Mar/2026:14:52:49 +0000] "GET /whsy.php?e=status&p=%2Fproc%2F21772 HTTP/1.1" 200 948 "http://23rdbanking.com.lab2454.com/whsy.php?p=%2Fproc%2F21772" "Mozilla/5.0 AppleWebKit/537.36 (KHTML, like Gecko; compatible; GPTBot/1.3; +https://openai.com/gptbot)"
74.7.227.167 - - [17/Mar/2026:14:53:02 +0000] "GET /whsy.php?e=timers&p=%2Fproc%2F21772 HTTP/1.1" 200 948 "http://23rdbanking.com.lab2454.com/whsy.php?p=%2Fproc%2F21772" "Mozilla/5.0 AppleWebKit/537.36 (KHTML, like Gecko; compatible; GPTBot/1.3; +https://openai.com/gptbot)"
74.7.227.167 - - [17/Mar/2026:14:53:14 +0000] "GET /whsy.php?e=cpuset&p=%2Fproc%2F21772 HTTP/1.1" 200 948 "http://23rdbanking.com.lab2454.com/whsy.php?p=%2Fproc%2F21772" "Mozilla/5.0 AppleWebKit/537.36 (KHTML, like Gecko; compatible; GPTBot/1.3; +https://openai.com/gptbot)"
74.7.227.167 - - [17/Mar/2026:14:53:25 +0000] "GET /whsy.php?e=cgroup&p=%2Fproc%2F21772 HTTP/1.1" 200 948 "http://23rdbanking.com.lab2454.com/whsy.php?p=%2Fproc%2F21772" "Mozilla/5.0 AppleWebKit/537.36 (KHTML, like Gecko; compatible; GPTBot/1.3; +https://openai.com/gptbot)"
74.7.227.167 - - [17/Mar/2026:14:53:39 +0000] "GET /whsy.php?e=timerslack_ns&p=%2Fproc%2F21772 HTTP/1.1" 200 948 "http://23rdbanking.com.lab2454.com/whsy.php?p=%2Fproc%2F21772" "Mozilla/5.0 AppleWebKit/537.36 (KHTML, like Gecko; compatible; GPTBot/1.3; +https://openai.com/gptbot)"
74.7.227.167 - - [17/Mar/2026:14:53:54 +0000] "GET /whsy.php?e=io&p=%2Fproc%2F21772 HTTP/1.1" 200 948 "http://23rdbanking.com.lab2454.com/whsy.php?p=%2Fproc%2F21772" "Mozilla/5.0 AppleWebKit/537.36 (KHTML, like Gecko; compatible; GPTBot/1.3; +https://openai.com/gptbot)"
74.7.227.167 - - [17/Mar/2026:14:54:06 +0000] "GET /whsy.php?e=ksm_stat&p=%2Fproc%2F21772 HTTP/1.1" 200 948 "http://23rdbanking.com.lab2454.com/whsy.php?p=%2Fproc%2F21772" "Mozilla/5.0 AppleWebKit/537.36 (KHTML, like Gecko; compatible; GPTBot/1.3; +https://openai.com/gptbot)"
74.7.227.167 - - [17/Mar/2026:14:54:15 +0000] "GET /whsy.php?e=cmdline&p=%2Fproc%2F21772 HTTP/1.1" 200 948 "http://23rdbanking.com.lab2454.com/whsy.php?p=%2Fproc%2F21772" "Mozilla/5.0 AppleWebKit/537.36 (KHTML, like Gecko; compatible; GPTBot/1.3; +https://openai.com/gptbot)"
74.7.227.167 - - [17/Mar/2026:14:54:29 +0000] "GET /whsy.php?e=oom_score&p=%2Fproc%2F21772 HTTP/1.1" 200 948 "http://23rdbanking.com.lab2454.com/whsy.php?p=%2Fproc%2F21772" "Mozilla/5.0 AppleWebKit/537.36 (KHTML, like Gecko; compatible; GPTBot/1.3; +https://openai.com/gptbot)"
74.7.227.167 - - [17/Mar/2026:14:54:42 +0000] "GET /whsy.php?e=personality&p=%2Fproc%2F21772 HTTP/1.1" 200 948 "http://23rdbanking.com.lab2454.com/whsy.php?p=%2Fproc%2F21772" "Mozilla/5.0 AppleWebKit/537.36 (KHTML, like Gecko; compatible; GPTBot/1.3; +https://openai.com/gptbot)"
74.7.227.167 - - [17/Mar/2026:14:54:55 +0000] "GET /whsy.php?e=oom_score_adj&p=%2Fproc%2F21772 HTTP/1.1" 200 948 "http://23rdbanking.com.lab2454.com/whsy.php?p=%2Fproc%2F21772" "Mozilla/5.0 AppleWebKit/537.36 (KHTML, like Gecko; compatible; GPTBot/1.3; +https://openai.com/gptbot)"
74.7.230.30 - - [17/Mar/2026:14:54:55 +0000] "GET /robots.txt HTTP/1.1" 404 - "-" "Mozilla/5.0 (Macintosh; Intel Mac OS X 10_15_7) AppleWebKit/537.36 (KHTML, like Gecko) Chrome/131.0.0.0 Safari/537.36; compatible; OAI-SearchBot/1.3; robots.txt; +https://openai.com/searchbot"
74.7.227.167 - - [17/Mar/2026:14:55:06 +0000] "GET /whsy.php?e=clear_refs&p=%2Fproc%2F17259 HTTP/1.1" 200 1936 "http://23rdbanking.com.lab2454.com/whsy.php?p=%2Fproc%2F17259" "Mozilla/5.0 AppleWebKit/537.36 (KHTML, like Gecko; compatible; GPTBot/1.3; +https://openai.com/gptbot)"
74.7.227.167 - - [17/Mar/2026:14:55:17 +0000] "GET /whsy.php?e=clear_refs&p=%2Fproc%2F17246 HTTP/1.1" 200 1936 "http://23rdbanking.com.lab2454.com/whsy.php?p=%2Fproc%2F17246" "Mozilla/5.0 AppleWebKit/537.36 (KHTML, like Gecko; compatible; GPTBot/1.3; +https://openai.com/gptbot)"
74.7.227.167 - - [17/Mar/2026:14:55:27 +0000] "GET /whsy.php?e=clear_refs&p=%2Fproc%2F26956 HTTP/1.1" 200 948 "http://23rdbanking.com.lab2454.com/whsy.php?p=%2Fproc%2F26956" "Mozilla/5.0 AppleWebKit/537.36 (KHTML, like Gecko; compatible; GPTBot/1.3; +https://openai.com/gptbot)"
74.7.227.167 - - [17/Mar/2026:14:55:39 +0000] "GET /whsy.php?e=clear_refs&p=%2Fproc%2F15372 HTTP/1.1" 200 948 "http://23rdbanking.com.lab2454.com/whsy.php?p=%2Fproc%2F15372" "Mozilla/5.0 AppleWebKit/537.36 (KHTML, like Gecko; compatible; GPTBot/1.3; +https://openai.com/gptbot)"
74.7.227.167 - - [17/Mar/2026:14:55:52 +0000] "GET /whsy.php?e=clear_refs&p=%2Fproc%2F17268 HTTP/1.1" 200 1935 "http://23rdbanking.com.lab2454.com/whsy.php?p=%2Fproc%2F17268" "Mozilla/5.0 AppleWebKit/537.36 (KHTML, like Gecko; compatible; GPTBot/1.3; +https://openai.com/gptbot)"
74.7.227.167 - - [17/Mar/2026:14:56:07 +0000] "GET /whsy.php?e=clear_refs&p=%2Fproc%2F17218 HTTP/1.1" 200 1936 "http://23rdbanking.com.lab2454.com/whsy.php?p=%2Fproc%2F17218" "Mozilla/5.0 AppleWebKit/537.36 (KHTML, like Gecko; compatible; GPTBot/1.3; +https://openai.com/gptbot)"
74.7.227.167 - - [17/Mar/2026:14:56:19 +0000] "GET /whsy.php?e=clear_refs&p=%2Fproc%2F30125 HTTP/1.1" 200 1936 "http://23rdbanking.com.lab2454.com/whsy.php?p=%2Fproc%2F30125" "Mozilla/5.0 AppleWebKit/537.36 (KHTML, like Gecko; compatible; GPTBot/1.3; +https://openai.com/gptbot)"
74.7.227.167 - - [17/Mar/2026:14:56:33 +0000] "GET /whsy.php?e=clear_refs&p=%2Fproc%2F30542 HTTP/1.1" 200 1936 "http://23rdbanking.com.lab2454.com/whsy.php?p=%2Fproc%2F30542" "Mozilla/5.0 AppleWebKit/537.36 (KHTML, like Gecko; compatible; GPTBot/1.3; +https://openai.com/gptbot)"
74.7.227.167 - - [17/Mar/2026:14:56:47 +0000] "GET /whsy.php?e=clear_refs&p=%2Fproc%2F17213 HTTP/1.1" 200 1935 "http://23rdbanking.com.lab2454.com/whsy.php?p=%2Fproc%2F17213" "Mozilla/5.0 AppleWebKit/537.36 (KHTML, like Gecko; compatible; GPTBot/1.3; +https://openai.com/gptbot)"
74.7.227.167 - - [17/Mar/2026:14:57:01 +0000] "GET /whsy.php?e=clear_refs&p=%2Fproc%2F17276 HTTP/1.1" 200 1936 "http://23rdbanking.com.lab2454.com/whsy.php?p=%2Fproc%2F17276" "Mozilla/5.0 AppleWebKit/537.36 (KHTML, like Gecko; compatible; GPTBot/1.3; +https://openai.com/gptbot)"
74.7.227.167 - - [17/Mar/2026:14:57:20 +0000] "GET /whsy.php?e=clear_refs&p=%2Fproc%2F17297 HTTP/1.1" 200 1936 "http://23rdbanking.com.lab2454.com/whsy.php?p=%2Fproc%2F17297" "Mozilla/5.0 AppleWebKit/537.36 (KHTML, like Gecko; compatible; GPTBot/1.3; +https://openai.com/gptbot)"
74.7.227.167 - - [17/Mar/2026:14:57:34 +0000] "GET /whsy.php?e=clear_refs&p=%2Fproc%2F25061 HTTP/1.1" 200 948 "http://23rdbanking.com.lab2454.com/whsy.php?p=%2Fproc%2F25061" "Mozilla/5.0 AppleWebKit/537.36 (KHTML, like Gecko; compatible; GPTBot/1.3; +https://openai.com/gptbot)"
74.7.227.167 - - [17/Mar/2026:14:57:51 +0000] "GET /whsy.php?e=clear_refs&p=%2Fproc%2F24980 HTTP/1.1" 200 948 "http://23rdbanking.com.lab2454.com/whsy.php?p=%2Fproc%2F24980" "Mozilla/5.0 AppleWebKit/537.36 (KHTML, like Gecko; compatible; GPTBot/1.3; +https://openai.com/gptbot)"
74.7.227.167 - - [17/Mar/2026:14:58:04 +0000] "GET /whsy.php?e=clear_refs&p=%2Fproc%2F17192 HTTP/1.1" 200 1935 "http://23rdbanking.com.lab2454.com/whsy.php?p=%2Fproc%2F17192" "Mozilla/5.0 AppleWebKit/537.36 (KHTML, like Gecko; compatible; GPTBot/1.3; +https://openai.com/gptbot)"
74.7.227.167 - - [17/Mar/2026:14:58:17 +0000] "GET /whsy.php?e=clear_refs&p=%2Fproc%2F17291 HTTP/1.1" 200 1935 "http://23rdbanking.com.lab2454.com/whsy.php?p=%2Fproc%2F17291" "Mozilla/5.0 AppleWebKit/537.36 (KHTML, like Gecko; compatible; GPTBot/1.3; +https://openai.com/gptbot)"
74.7.227.167 - - [17/Mar/2026:14:58:32 +0000] "GET /whsy.php?p=%2Fproc%2F22229%2Ftask HTTP/1.1" 200 948 "http://23rdbanking.com.lab2454.com/whsy.php?p=%2Fproc%2F22229" "Mozilla/5.0 AppleWebKit/537.36 (KHTML, like Gecko; compatible; GPTBot/1.3; +https://openai.com/gptbot)"
74.7.227.167 - - [17/Mar/2026:14:58:47 +0000] "GET /whsy.php?p=%2Fproc%2F12222%2Ftask HTTP/1.1" 200 948 "http://23rdbanking.com.lab2454.com/whsy.php?p=%2Fproc%2F12222" "Mozilla/5.0 AppleWebKit/537.36 (KHTML, like Gecko; compatible; GPTBot/1.3; +https://openai.com/gptbot)"
74.7.227.167 - - [17/Mar/2026:14:59:08 +0000] "GET /whsy.php?e=loginuid&p=%2Fproc%2F17291 HTTP/1.1" 200 2012 "http://23rdbanking.com.lab2454.com/whsy.php?p=%2Fproc%2F17291" "Mozilla/5.0 AppleWebKit/537.36 (KHTML, like Gecko; compatible; GPTBot/1.3; +https://openai.com/gptbot)"
216.244.66.241 - - [17/Mar/2026:15:00:07 +0000] "GET /whsy.php?e=argowell.com.lab2454.com-Jun-2024.gz&p=%2Fhome%2Flab2454c%2Flogs HTTP/1.1" 200 471197 "-" "Mozilla/5.0 (compatible; DotBot/1.2; +https://opensiteexplorer.org/dotbot; help@moz.com)"
74.7.227.167 - - [17/Mar/2026:15:00:12 +0000] "GET /whsy.php?e=loginuid&p=%2Fproc%2F26956 HTTP/1.1" 200 948 "http://23rdbanking.com.lab2454.com/whsy.php?p=%2Fproc%2F26956" "Mozilla/5.0 AppleWebKit/537.36 (KHTML, like Gecko; compatible; GPTBot/1.3; +https://openai.com/gptbot)"
74.7.230.30 - - [17/Mar/2026:15:00:12 +0000] "GET /robots.txt HTTP/1.1" 404 - "-" "Mozilla/5.0 (Macintosh; Intel Mac OS X 10_15_7) AppleWebKit/537.36 (KHTML, like Gecko) Chrome/131.0.0.0 Safari/537.36; compatible; OAI-SearchBot/1.3; robots.txt; +https://openai.com/searchbot"
216.244.66.241 - - [17/Mar/2026:15:00:18 +0000] "GET /whsy.php?e=igstin.com.lab2454.com-ssl_log-Jun-2024.gz&p=%2Fhome%2Flab2454c%2Flogs HTTP/1.1" 200 471203 "-" "Mozilla/5.0 (compatible; DotBot/1.2; +https://opensiteexplorer.org/dotbot; help@moz.com)"
216.244.66.241 - - [17/Mar/2026:15:00:47 +0000] "GET /whsy.php?e=costbloc.org.lab2454.com-ssl_log-Jun-2024.gz&p=%2Fhome%2Flab2454c%2Flogs HTTP/1.1" 200 471205 "-" "Mozilla/5.0 (compatible; DotBot/1.2; +https://opensiteexplorer.org/dotbot; help@moz.com)"
74.7.227.167 - - [17/Mar/2026:15:00:51 +0000] "GET /whsy.php?e=loginuid&p=%2Fproc%2F17213 HTTP/1.1" 200 2013 "http://23rdbanking.com.lab2454.com/whsy.php?p=%2Fproc%2F17213" "Mozilla/5.0 AppleWebKit/537.36 (KHTML, like Gecko; compatible; GPTBot/1.3; +https://openai.com/gptbot)"
216.244.66.241 - - [17/Mar/2026:15:00:54 +0000] "GET /whsy.php?e=originalmediaverse.com.lab2454.com-Jun-2024.gz&p=%2Fhome%2Flab2454c%2Flogs HTTP/1.1" 200 471207 "-" "Mozilla/5.0 (compatible; DotBot/1.2; +https://opensiteexplorer.org/dotbot; help@moz.com)"
74.7.227.167 - - [17/Mar/2026:15:01:13 +0000] "GET /whsy.php?e=loginuid&p=%2Fproc%2F12862 HTTP/1.1" 200 948 "http://23rdbanking.com.lab2454.com/whsy.php?p=%2Fproc%2F12862" "Mozilla/5.0 AppleWebKit/537.36 (KHTML, like Gecko; compatible; GPTBot/1.3; +https://openai.com/gptbot)"
216.244.66.241 - - [17/Mar/2026:15:01:01 +0000] "GET /whsy.php?e=scostrade.com.lab2454.com.bkup&p=%2Fhome%2Flab2454c%2Flogs HTTP/1.1" 200 2468742 "-" "Mozilla/5.0 (compatible; DotBot/1.2; +https://opensiteexplorer.org/dotbot; help@moz.com)"
74.7.227.167 - - [17/Mar/2026:15:01:30 +0000] "GET /whsy.php?e=loginuid&p=%2Fproc%2F17297 HTTP/1.1" 200 2012 "http://23rdbanking.com.lab2454.com/whsy.php?p=%2Fproc%2F17297" "Mozilla/5.0 AppleWebKit/537.36 (KHTML, like Gecko; compatible; GPTBot/1.3; +https://openai.com/gptbot)"
74.7.227.167 - - [17/Mar/2026:15:01:49 +0000] "GET /whsy.php?e=loginuid&p=%2Fproc%2F17276 HTTP/1.1" 200 2014 "http://23rdbanking.com.lab2454.com/whsy.php?p=%2Fproc%2F17276" "Mozilla/5.0 AppleWebKit/537.36 (KHTML, like Gecko; compatible; GPTBot/1.3; +https://openai.com/gptbot)"
216.244.66.241 - - [17/Mar/2026:15:02:21 +0000] "GET /whsy.php?e=internationalmetaversebank.com.lab2454.com-ssl_log-Jun-2024.gz&p=%2Fhome%2Flab2454c%2Flogs HTTP/1.1" 200 471223 "-" "Mozilla/5.0 (compatible; DotBot/1.2; +https://opensiteexplorer.org/dotbot; help@moz.com)"
74.7.227.167 - - [17/Mar/2026:15:02:25 +0000] "GET /whsy.php?e=loginuid&p=%2Fproc%2F17207 HTTP/1.1" 200 2013 "http://23rdbanking.com.lab2454.com/whsy.php?p=%2Fproc%2F17207" "Mozilla/5.0 AppleWebKit/537.36 (KHTML, like Gecko; compatible; GPTBot/1.3; +https://openai.com/gptbot)"
74.7.227.167 - - [17/Mar/2026:15:03:08 +0000] "GET /whsy.php?e=loginuid&p=%2Fproc%2F17192 HTTP/1.1" 200 2013 "http://23rdbanking.com.lab2454.com/whsy.php?p=%2Fproc%2F17192" "Mozilla/5.0 AppleWebKit/537.36 (KHTML, like Gecko; compatible; GPTBot/1.3; +https://openai.com/gptbot)"
74.7.227.167 - - [17/Mar/2026:15:03:38 +0000] "GET /whsy.php?e=loginuid&p=%2Fproc%2F17226 HTTP/1.1" 200 2013 "http://23rdbanking.com.lab2454.com/whsy.php?p=%2Fproc%2F17226" "Mozilla/5.0 AppleWebKit/537.36 (KHTML, like Gecko; compatible; GPTBot/1.3; +https://openai.com/gptbot)"
74.7.227.167 - - [17/Mar/2026:15:04:24 +0000] "GET /whsy.php?e=loginuid&p=%2Fproc%2F17218 HTTP/1.1" 200 2013 "http://23rdbanking.com.lab2454.com/whsy.php?p=%2Fproc%2F17218" "Mozilla/5.0 AppleWebKit/537.36 (KHTML, like Gecko; compatible; GPTBot/1.3; +https://openai.com/gptbot)"
74.7.227.167 - - [17/Mar/2026:15:04:49 +0000] "GET /whsy.php?e=mounts&p=%2Fproc%2F18071 HTTP/1.1" 200 948 "http://23rdbanking.com.lab2454.com/whsy.php?p=%2Fproc%2F18071" "Mozilla/5.0 AppleWebKit/537.36 (KHTML, like Gecko; compatible; GPTBot/1.3; +https://openai.com/gptbot)"
74.7.227.167 - - [17/Mar/2026:15:05:06 +0000] "GET /whsy.php?e=timers&p=%2Fproc%2F19435 HTTP/1.1" 200 948 "http://23rdbanking.com.lab2454.com/whsy.php?p=%2Fproc%2F19435" "Mozilla/5.0 AppleWebKit/537.36 (KHTML, like Gecko; compatible; GPTBot/1.3; +https://openai.com/gptbot)"
74.7.227.167 - - [17/Mar/2026:15:05:25 +0000] "GET /whsy.php?e=limits&p=%2Fproc%2F19434 HTTP/1.1" 200 948 "http://23rdbanking.com.lab2454.com/whsy.php?p=%2Fproc%2F19434" "Mozilla/5.0 AppleWebKit/537.36 (KHTML, like Gecko; compatible; GPTBot/1.3; +https://openai.com/gptbot)"
74.7.230.30 - - [17/Mar/2026:15:05:26 +0000] "GET /robots.txt HTTP/1.1" 404 - "-" "Mozilla/5.0 (Macintosh; Intel Mac OS X 10_15_7) AppleWebKit/537.36 (KHTML, like Gecko) Chrome/131.0.0.0 Safari/537.36; compatible; OAI-SearchBot/1.3; robots.txt; +https://openai.com/searchbot"
74.7.227.167 - - [17/Mar/2026:15:05:53 +0000] "GET /whsy.php?e=mounts&p=%2Fproc%2F17235 HTTP/1.1" 200 2649 "http://23rdbanking.com.lab2454.com/whsy.php?p=%2Fproc%2F17235" "Mozilla/5.0 AppleWebKit/537.36 (KHTML, like Gecko; compatible; GPTBot/1.3; +https://openai.com/gptbot)"
74.7.227.167 - - [17/Mar/2026:15:06:43 +0000] "GET /whsy.php?e=mounts&p=%2Fproc%2F23805 HTTP/1.1" 200 2649 "http://23rdbanking.com.lab2454.com/whsy.php?p=%2Fproc%2F23805" "Mozilla/5.0 AppleWebKit/537.36 (KHTML, like Gecko; compatible; GPTBot/1.3; +https://openai.com/gptbot)"
74.7.227.167 - - [17/Mar/2026:15:07:03 +0000] "GET /whsy.php?e=mounts&p=%2Fproc%2F15372 HTTP/1.1" 200 948 "http://23rdbanking.com.lab2454.com/whsy.php?p=%2Fproc%2F15372" "Mozilla/5.0 AppleWebKit/537.36 (KHTML, like Gecko; compatible; GPTBot/1.3; +https://openai.com/gptbot)"
74.7.227.167 - - [17/Mar/2026:15:07:17 +0000] "GET /whsy.php?e=status&p=%2Fproc%2F30467 HTTP/1.1" 200 2560 "http://23rdbanking.com.lab2454.com/whsy.php?p=%2Fproc%2F30467" "Mozilla/5.0 AppleWebKit/537.36 (KHTML, like Gecko; compatible; GPTBot/1.3; +https://openai.com/gptbot)"
74.7.227.167 - - [17/Mar/2026:15:07:30 +0000] "GET /whsy.php?e=limits&p=%2Fproc%2F18024 HTTP/1.1" 200 948 "http://23rdbanking.com.lab2454.com/whsy.php?p=%2Fproc%2F18024" "Mozilla/5.0 AppleWebKit/537.36 (KHTML, like Gecko; compatible; GPTBot/1.3; +https://openai.com/gptbot)"
74.7.227.167 - - [17/Mar/2026:15:07:41 +0000] "GET /whsy.php?e=timers&p=%2Fproc%2F30671 HTTP/1.1" 200 2006 "http://23rdbanking.com.lab2454.com/whsy.php?p=%2Fproc%2F30671" "Mozilla/5.0 AppleWebKit/537.36 (KHTML, like Gecko; compatible; GPTBot/1.3; +https://openai.com/gptbot)"
74.7.227.167 - - [17/Mar/2026:15:07:51 +0000] "GET /whsy.php?e=limits&p=%2Fproc%2F10590 HTTP/1.1" 200 2273 "http://23rdbanking.com.lab2454.com/whsy.php?p=%2Fproc%2F10590" "Mozilla/5.0 AppleWebKit/537.36 (KHTML, like Gecko; compatible; GPTBot/1.3; +https://openai.com/gptbot)"
74.7.227.167 - - [17/Mar/2026:15:08:00 +0000] "GET /whsy.php?e=timers&p=%2Fproc%2F17354 HTTP/1.1" 200 2006 "http://23rdbanking.com.lab2454.com/whsy.php?p=%2Fproc%2F17354" "Mozilla/5.0 AppleWebKit/537.36 (KHTML, like Gecko; compatible; GPTBot/1.3; +https://openai.com/gptbot)"
74.7.227.167 - - [17/Mar/2026:15:08:10 +0000] "GET /whsy.php?e=limits&p=%2Fproc%2F17246 HTTP/1.1" 200 2268 "http://23rdbanking.com.lab2454.com/whsy.php?p=%2Fproc%2F17246" "Mozilla/5.0 AppleWebKit/537.36 (KHTML, like Gecko; compatible; GPTBot/1.3; +https://openai.com/gptbot)"
74.7.227.167 - - [17/Mar/2026:15:08:21 +0000] "GET /whsy.php?e=limits&p=%2Fproc%2F24980 HTTP/1.1" 200 948 "http://23rdbanking.com.lab2454.com/whsy.php?p=%2Fproc%2F24980" "Mozilla/5.0 AppleWebKit/537.36 (KHTML, like Gecko; compatible; GPTBot/1.3; +https://openai.com/gptbot)"
74.7.227.167 - - [17/Mar/2026:15:08:31 +0000] "GET /whsy.php?e=mounts&p=%2Fproc%2F12765 HTTP/1.1" 200 948 "http://23rdbanking.com.lab2454.com/whsy.php?p=%2Fproc%2F12765" "Mozilla/5.0 AppleWebKit/537.36 (KHTML, like Gecko; compatible; GPTBot/1.3; +https://openai.com/gptbot)"
74.7.227.167 - - [17/Mar/2026:15:08:41 +0000] "GET /whsy.php?e=mounts&p=%2Fproc%2F17246 HTTP/1.1" 200 2649 "http://23rdbanking.com.lab2454.com/whsy.php?p=%2Fproc%2F17246" "Mozilla/5.0 AppleWebKit/537.36 (KHTML, like Gecko; compatible; GPTBot/1.3; +https://openai.com/gptbot)"
74.7.227.167 - - [17/Mar/2026:15:08:49 +0000] "GET /whsy.php?e=mounts&p=%2Fproc%2F10590 HTTP/1.1" 200 2649 "http://23rdbanking.com.lab2454.com/whsy.php?p=%2Fproc%2F10590" "Mozilla/5.0 AppleWebKit/537.36 (KHTML, like Gecko; compatible; GPTBot/1.3; +https://openai.com/gptbot)"
74.7.227.167 - - [17/Mar/2026:15:08:58 +0000] "GET /whsy.php?e=mounts&p=%2Fproc%2F24980 HTTP/1.1" 200 948 "http://23rdbanking.com.lab2454.com/whsy.php?p=%2Fproc%2F24980" "Mozilla/5.0 AppleWebKit/537.36 (KHTML, like Gecko; compatible; GPTBot/1.3; +https://openai.com/gptbot)"
74.7.227.167 - - [17/Mar/2026:15:09:08 +0000] "GET /whsy.php?e=status&p=%2Fproc%2F17354 HTTP/1.1" 200 2572 "http://23rdbanking.com.lab2454.com/whsy.php?p=%2Fproc%2F17354" "Mozilla/5.0 AppleWebKit/537.36 (KHTML, like Gecko; compatible; GPTBot/1.3; +https://openai.com/gptbot)"
74.7.227.167 - - [17/Mar/2026:15:09:19 +0000] "GET /whsy.php?e=mounts&p=%2Fproc%2F19434 HTTP/1.1" 200 948 "http://23rdbanking.com.lab2454.com/whsy.php?p=%2Fproc%2F19434" "Mozilla/5.0 AppleWebKit/537.36 (KHTML, like Gecko; compatible; GPTBot/1.3; +https://openai.com/gptbot)"
74.7.227.167 - - [17/Mar/2026:15:09:29 +0000] "GET /whsy.php?e=mounts&p=%2Fproc%2F17268 HTTP/1.1" 200 2649 "http://23rdbanking.com.lab2454.com/whsy.php?p=%2Fproc%2F17268" "Mozilla/5.0 AppleWebKit/537.36 (KHTML, like Gecko; compatible; GPTBot/1.3; +https://openai.com/gptbot)"
74.7.227.167 - - [17/Mar/2026:15:09:40 +0000] "GET /whsy.php?e=limits&p=%2Fproc%2F30125 HTTP/1.1" 200 2268 "http://23rdbanking.com.lab2454.com/whsy.php?p=%2Fproc%2F30125" "Mozilla/5.0 AppleWebKit/537.36 (KHTML, like Gecko; compatible; GPTBot/1.3; +https://openai.com/gptbot)"
74.7.227.167 - - [17/Mar/2026:15:09:51 +0000] "GET /whsy.php?e=mounts&p=%2Fproc%2F18024 HTTP/1.1" 200 948 "http://23rdbanking.com.lab2454.com/whsy.php?p=%2Fproc%2F18024" "Mozilla/5.0 AppleWebKit/537.36 (KHTML, like Gecko; compatible; GPTBot/1.3; +https://openai.com/gptbot)"
74.7.227.167 - - [17/Mar/2026:15:10:03 +0000] "GET /whsy.php?e=status&p=%2Fproc%2F19435 HTTP/1.1" 200 948 "http://23rdbanking.com.lab2454.com/whsy.php?p=%2Fproc%2F19435" "Mozilla/5.0 AppleWebKit/537.36 (KHTML, like Gecko; compatible; GPTBot/1.3; +https://openai.com/gptbot)"
74.7.227.167 - - [17/Mar/2026:15:10:16 +0000] "GET /whsy.php?e=mounts&p=%2Fproc%2F30542 HTTP/1.1" 200 2649 "http://23rdbanking.com.lab2454.com/whsy.php?p=%2Fproc%2F30542" "Mozilla/5.0 AppleWebKit/537.36 (KHTML, like Gecko; compatible; GPTBot/1.3; +https://openai.com/gptbot)"
74.7.227.167 - - [17/Mar/2026:15:10:27 +0000] "GET /whsy.php?e=timers&p=%2Fproc%2F30467 HTTP/1.1" 200 2006 "http://23rdbanking.com.lab2454.com/whsy.php?p=%2Fproc%2F30467" "Mozilla/5.0 AppleWebKit/537.36 (KHTML, like Gecko; compatible; GPTBot/1.3; +https://openai.com/gptbot)"
74.7.230.30 - - [17/Mar/2026:15:10:28 +0000] "GET /robots.txt HTTP/1.1" 404 - "-" "Mozilla/5.0 (Macintosh; Intel Mac OS X 10_15_7) AppleWebKit/537.36 (KHTML, like Gecko) Chrome/131.0.0.0 Safari/537.36; compatible; OAI-SearchBot/1.3; robots.txt; +https://openai.com/searchbot"
74.7.227.167 - - [17/Mar/2026:15:10:40 +0000] "GET /whsy.php?e=limits&p=%2Fproc%2F12765 HTTP/1.1" 200 948 "http://23rdbanking.com.lab2454.com/whsy.php?p=%2Fproc%2F12765" "Mozilla/5.0 AppleWebKit/537.36 (KHTML, like Gecko; compatible; GPTBot/1.3; +https://openai.com/gptbot)"
74.7.227.167 - - [17/Mar/2026:15:10:50 +0000] "GET /whsy.php?e=limits&p=%2Fproc%2F30542 HTTP/1.1" 200 2268 "http://23rdbanking.com.lab2454.com/whsy.php?p=%2Fproc%2F30542" "Mozilla/5.0 AppleWebKit/537.36 (KHTML, like Gecko; compatible; GPTBot/1.3; +https://openai.com/gptbot)"
74.7.227.167 - - [17/Mar/2026:15:11:00 +0000] "GET /whsy.php?e=mounts&p=%2Fproc%2F17315 HTTP/1.1" 200 2649 "http://23rdbanking.com.lab2454.com/whsy.php?p=%2Fproc%2F17315" "Mozilla/5.0 AppleWebKit/537.36 (KHTML, like Gecko; compatible; GPTBot/1.3; +https://openai.com/gptbot)"
74.7.227.167 - - [17/Mar/2026:15:11:09 +0000] "GET /whsy.php?e=timers&p=%2Fproc%2F19407 HTTP/1.1" 200 948 "http://23rdbanking.com.lab2454.com/whsy.php?p=%2Fproc%2F19407" "Mozilla/5.0 AppleWebKit/537.36 (KHTML, like Gecko; compatible; GPTBot/1.3; +https://openai.com/gptbot)"
74.7.227.167 - - [17/Mar/2026:15:11:18 +0000] "GET /whsy.php?e=limits&p=%2Fproc%2F17235 HTTP/1.1" 200 2269 "http://23rdbanking.com.lab2454.com/whsy.php?p=%2Fproc%2F17235" "Mozilla/5.0 AppleWebKit/537.36 (KHTML, like Gecko; compatible; GPTBot/1.3; +https://openai.com/gptbot)"
74.7.227.167 - - [17/Mar/2026:15:11:27 +0000] "GET /whsy.php?e=limits&p=%2Fproc%2F25061 HTTP/1.1" 200 948 "http://23rdbanking.com.lab2454.com/whsy.php?p=%2Fproc%2F25061" "Mozilla/5.0 AppleWebKit/537.36 (KHTML, like Gecko; compatible; GPTBot/1.3; +https://openai.com/gptbot)"
74.7.227.167 - - [17/Mar/2026:15:11:37 +0000] "GET /whsy.php?e=limits&p=%2Fproc%2F15372 HTTP/1.1" 200 948 "http://23rdbanking.com.lab2454.com/whsy.php?p=%2Fproc%2F15372" "Mozilla/5.0 AppleWebKit/537.36 (KHTML, like Gecko; compatible; GPTBot/1.3; +https://openai.com/gptbot)"
74.7.227.167 - - [17/Mar/2026:15:11:45 +0000] "GET /whsy.php?e=limits&p=%2Fproc%2F17315 HTTP/1.1" 200 2269 "http://23rdbanking.com.lab2454.com/whsy.php?p=%2Fproc%2F17315" "Mozilla/5.0 AppleWebKit/537.36 (KHTML, like Gecko; compatible; GPTBot/1.3; +https://openai.com/gptbot)"
74.7.227.167 - - [17/Mar/2026:15:11:54 +0000] "GET /whsy.php?e=limits&p=%2Fproc%2F23805 HTTP/1.1" 200 2273 "http://23rdbanking.com.lab2454.com/whsy.php?p=%2Fproc%2F23805" "Mozilla/5.0 AppleWebKit/537.36 (KHTML, like Gecko; compatible; GPTBot/1.3; +https://openai.com/gptbot)"
74.7.227.167 - - [17/Mar/2026:15:12:03 +0000] "GET /whsy.php?e=limits&p=%2Fproc%2F18071 HTTP/1.1" 200 948 "http://23rdbanking.com.lab2454.com/whsy.php?p=%2Fproc%2F18071" "Mozilla/5.0 AppleWebKit/537.36 (KHTML, like Gecko; compatible; GPTBot/1.3; +https://openai.com/gptbot)"
74.7.227.167 - - [17/Mar/2026:15:12:12 +0000] "GET /whsy.php?e=limits&p=%2Fproc%2F17259 HTTP/1.1" 200 2269 "http://23rdbanking.com.lab2454.com/whsy.php?p=%2Fproc%2F17259" "Mozilla/5.0 AppleWebKit/537.36 (KHTML, like Gecko; compatible; GPTBot/1.3; +https://openai.com/gptbot)"
74.7.227.167 - - [17/Mar/2026:15:12:20 +0000] "GET /whsy.php?e=mounts&p=%2Fproc%2F30125 HTTP/1.1" 200 2649 "http://23rdbanking.com.lab2454.com/whsy.php?p=%2Fproc%2F30125" "Mozilla/5.0 AppleWebKit/537.36 (KHTML, like Gecko; compatible; GPTBot/1.3; +https://openai.com/gptbot)"
74.7.227.167 - - [17/Mar/2026:15:12:29 +0000] "GET /whsy.php?e=status&p=%2Fproc%2F17304 HTTP/1.1" 200 2561 "http://23rdbanking.com.lab2454.com/whsy.php?p=%2Fproc%2F17304" "Mozilla/5.0 AppleWebKit/537.36 (KHTML, like Gecko; compatible; GPTBot/1.3; +https://openai.com/gptbot)"
74.7.227.167 - - [17/Mar/2026:15:12:38 +0000] "GET /whsy.php?e=mounts&p=%2Fproc%2F17194 HTTP/1.1" 200 2649 "http://23rdbanking.com.lab2454.com/whsy.php?p=%2Fproc%2F17194" "Mozilla/5.0 AppleWebKit/537.36 (KHTML, like Gecko; compatible; GPTBot/1.3; +https://openai.com/gptbot)"
74.7.227.167 - - [17/Mar/2026:15:12:48 +0000] "GET /whsy.php?e=status&p=%2Fproc%2F19407 HTTP/1.1" 200 948 "http://23rdbanking.com.lab2454.com/whsy.php?p=%2Fproc%2F19407" "Mozilla/5.0 AppleWebKit/537.36 (KHTML, like Gecko; compatible; GPTBot/1.3; +https://openai.com/gptbot)"
74.7.227.167 - - [17/Mar/2026:15:12:59 +0000] "GET /whsy.php?e=mounts&p=%2Fproc%2F25061 HTTP/1.1" 200 948 "http://23rdbanking.com.lab2454.com/whsy.php?p=%2Fproc%2F25061" "Mozilla/5.0 AppleWebKit/537.36 (KHTML, like Gecko; compatible; GPTBot/1.3; +https://openai.com/gptbot)"
74.7.227.167 - - [17/Mar/2026:15:13:11 +0000] "GET /whsy.php?e=mounts&p=%2Fproc%2F17259 HTTP/1.1" 200 2649 "http://23rdbanking.com.lab2454.com/whsy.php?p=%2Fproc%2F17259" "Mozilla/5.0 AppleWebKit/537.36 (KHTML, like Gecko; compatible; GPTBot/1.3; +https://openai.com/gptbot)"
74.7.227.167 - - [17/Mar/2026:15:13:21 +0000] "GET /whsy.php?e=limits&p=%2Fproc%2F17315 HTTP/1.1" 200 2269 "http://23rdbanking.com.lab2454.com/whsy.php?p=%2Fproc%2F17315" "Mozilla/5.0 AppleWebKit/537.36 (KHTML, like Gecko; compatible; GPTBot/1.3; +https://openai.com/gptbot)"
74.7.227.167 - - [17/Mar/2026:15:13:30 +0000] "GET /whsy.php?e=timers&p=%2Fproc%2F17304 HTTP/1.1" 200 2005 "http://23rdbanking.com.lab2454.com/whsy.php?p=%2Fproc%2F17304" "Mozilla/5.0 AppleWebKit/537.36 (KHTML, like Gecko; compatible; GPTBot/1.3; +https://openai.com/gptbot)"
74.7.227.167 - - [17/Mar/2026:15:13:38 +0000] "GET /whsy.php?e=limits&p=%2Fproc%2F17194 HTTP/1.1" 200 2268 "http://23rdbanking.com.lab2454.com/whsy.php?p=%2Fproc%2F17194" "Mozilla/5.0 AppleWebKit/537.36 (KHTML, like Gecko; compatible; GPTBot/1.3; +https://openai.com/gptbot)"
74.7.227.167 - - [17/Mar/2026:15:13:48 +0000] "GET /whsy.php?e=limits&p=%2Fproc%2F17268 HTTP/1.1" 200 2268 "http://23rdbanking.com.lab2454.com/whsy.php?p=%2Fproc%2F17268" "Mozilla/5.0 AppleWebKit/537.36 (KHTML, like Gecko; compatible; GPTBot/1.3; +https://openai.com/gptbot)"
74.7.227.167 - - [17/Mar/2026:15:13:58 +0000] "GET /whsy.php?e=status&p=%2Fproc%2F30671 HTTP/1.1" 200 2552 "http://23rdbanking.com.lab2454.com/whsy.php?p=%2Fproc%2F30671" "Mozilla/5.0 AppleWebKit/537.36 (KHTML, like Gecko; compatible; GPTBot/1.3; +https://openai.com/gptbot)"
74.7.227.167 - - [17/Mar/2026:15:14:07 +0000] "GET /whsy.php?e=syscall&p=%2Fproc%2F25061 HTTP/1.1" 200 948 "http://23rdbanking.com.lab2454.com/whsy.php?p=%2Fproc%2F25061" "Mozilla/5.0 AppleWebKit/537.36 (KHTML, like Gecko; compatible; GPTBot/1.3; +https://openai.com/gptbot)"
74.7.227.167 - - [17/Mar/2026:15:14:16 +0000] "GET /whsy.php?e=syscall&p=%2Fproc%2F23805 HTTP/1.1" 200 1936 "http://23rdbanking.com.lab2454.com/whsy.php?p=%2Fproc%2F23805" "Mozilla/5.0 AppleWebKit/537.36 (KHTML, like Gecko; compatible; GPTBot/1.3; +https://openai.com/gptbot)"
74.7.227.167 - - [17/Mar/2026:15:14:26 +0000] "GET /whsy.php?e=syscall&p=%2Fproc%2F18024 HTTP/1.1" 200 948 "http://23rdbanking.com.lab2454.com/whsy.php?p=%2Fproc%2F18024" "Mozilla/5.0 AppleWebKit/537.36 (KHTML, like Gecko; compatible; GPTBot/1.3; +https://openai.com/gptbot)"
74.7.227.167 - - [17/Mar/2026:15:14:34 +0000] "GET /whsy.php?e=pagemap&p=%2Fproc%2F17315 HTTP/1.1" 200 1936 "http://23rdbanking.com.lab2454.com/whsy.php?p=%2Fproc%2F17315" "Mozilla/5.0 AppleWebKit/537.36 (KHTML, like Gecko; compatible; GPTBot/1.3; +https://openai.com/gptbot)"
74.7.227.167 - - [17/Mar/2026:15:14:44 +0000] "GET /whsy.php?e=syscall&p=%2Fproc%2F17268 HTTP/1.1" 200 1935 "http://23rdbanking.com.lab2454.com/whsy.php?p=%2Fproc%2F17268" "Mozilla/5.0 AppleWebKit/537.36 (KHTML, like Gecko; compatible; GPTBot/1.3; +https://openai.com/gptbot)"
74.7.227.167 - - [17/Mar/2026:15:14:55 +0000] "GET /whsy.php?e=syscall&p=%2Fproc%2F12765 HTTP/1.1" 200 948 "http://23rdbanking.com.lab2454.com/whsy.php?p=%2Fproc%2F12765" "Mozilla/5.0 AppleWebKit/537.36 (KHTML, like Gecko; compatible; GPTBot/1.3; +https://openai.com/gptbot)"
74.7.227.167 - - [17/Mar/2026:15:15:07 +0000] "GET /whsy.php?e=syscall&p=%2Fproc%2F30125 HTTP/1.1" 200 1936 "http://23rdbanking.com.lab2454.com/whsy.php?p=%2Fproc%2F30125" "Mozilla/5.0 AppleWebKit/537.36 (KHTML, like Gecko; compatible; GPTBot/1.3; +https://openai.com/gptbot)"
74.7.227.167 - - [17/Mar/2026:15:15:19 +0000] "GET /whsy.php?e=pagemap&p=%2Fproc%2F10590 HTTP/1.1" 200 1936 "http://23rdbanking.com.lab2454.com/whsy.php?p=%2Fproc%2F10590" "Mozilla/5.0 AppleWebKit/537.36 (KHTML, like Gecko; compatible; GPTBot/1.3; +https://openai.com/gptbot)"
74.7.227.167 - - [17/Mar/2026:15:15:32 +0000] "GET /whsy.php?e=syscall&p=%2Fproc%2F24980 HTTP/1.1" 200 948 "http://23rdbanking.com.lab2454.com/whsy.php?p=%2Fproc%2F24980" "Mozilla/5.0 AppleWebKit/537.36 (KHTML, like Gecko; compatible; GPTBot/1.3; +https://openai.com/gptbot)"
74.7.227.167 - - [17/Mar/2026:15:15:43 +0000] "GET /whsy.php?e=pagemap&p=%2Fproc%2F19434 HTTP/1.1" 200 948 "http://23rdbanking.com.lab2454.com/whsy.php?p=%2Fproc%2F19434" "Mozilla/5.0 AppleWebKit/537.36 (KHTML, like Gecko; compatible; GPTBot/1.3; +https://openai.com/gptbot)"
74.7.227.167 - - [17/Mar/2026:15:15:56 +0000] "GET /whsy.php?e=syscall&p=%2Fproc%2F17246 HTTP/1.1" 200 1936 "http://23rdbanking.com.lab2454.com/whsy.php?p=%2Fproc%2F17246" "Mozilla/5.0 AppleWebKit/537.36 (KHTML, like Gecko; compatible; GPTBot/1.3; +https://openai.com/gptbot)"
74.7.227.167 - - [17/Mar/2026:15:16:06 +0000] "GET /whsy.php?e=syscall&p=%2Fproc%2F30542 HTTP/1.1" 200 1936 "http://23rdbanking.com.lab2454.com/whsy.php?p=%2Fproc%2F30542" "Mozilla/5.0 AppleWebKit/537.36 (KHTML, like Gecko; compatible; GPTBot/1.3; +https://openai.com/gptbot)"
74.7.227.167 - - [17/Mar/2026:15:16:14 +0000] "GET /whsy.php?e=pagemap&p=%2Fproc%2F18071 HTTP/1.1" 200 948 "http://23rdbanking.com.lab2454.com/whsy.php?p=%2Fproc%2F18071" "Mozilla/5.0 AppleWebKit/537.36 (KHTML, like Gecko; compatible; GPTBot/1.3; +https://openai.com/gptbot)"
74.7.227.167 - - [17/Mar/2026:15:16:25 +0000] "GET /whsy.php?e=syscall&p=%2Fproc%2F17259 HTTP/1.1" 200 1936 "http://23rdbanking.com.lab2454.com/whsy.php?p=%2Fproc%2F17259" "Mozilla/5.0 AppleWebKit/537.36 (KHTML, like Gecko; compatible; GPTBot/1.3; +https://openai.com/gptbot)"
74.7.227.167 - - [17/Mar/2026:15:16:34 +0000] "GET /whsy.php?e=syscall&p=%2Fproc%2F17235 HTTP/1.1" 200 1936 "http://23rdbanking.com.lab2454.com/whsy.php?p=%2Fproc%2F17235" "Mozilla/5.0 AppleWebKit/537.36 (KHTML, like Gecko; compatible; GPTBot/1.3; +https://openai.com/gptbot)"
74.7.227.167 - - [17/Mar/2026:15:16:44 +0000] "GET /whsy.php?e=syscall&p=%2Fproc%2F15372 HTTP/1.1" 200 948 "http://23rdbanking.com.lab2454.com/whsy.php?p=%2Fproc%2F15372" "Mozilla/5.0 AppleWebKit/537.36 (KHTML, like Gecko; compatible; GPTBot/1.3; +https://openai.com/gptbot)"
74.7.227.167 - - [17/Mar/2026:15:16:54 +0000] "GET /whsy.php?e=pagemap&p=%2Fproc%2F17194 HTTP/1.1" 200 1936 "http://23rdbanking.com.lab2454.com/whsy.php?p=%2Fproc%2F17194" "Mozilla/5.0 AppleWebKit/537.36 (KHTML, like Gecko; compatible; GPTBot/1.3; +https://openai.com/gptbot)"
74.7.227.167 - - [17/Mar/2026:15:17:03 +0000] "GET /whsy.php?e=timens_offsets&p=%2Fproc%2F21772 HTTP/1.1" 200 948 "http://23rdbanking.com.lab2454.com/whsy.php?p=%2Fproc%2F21772" "Mozilla/5.0 AppleWebKit/537.36 (KHTML, like Gecko; compatible; GPTBot/1.3; +https://openai.com/gptbot)"
74.7.227.167 - - [17/Mar/2026:15:17:11 +0000] "GET /whsy.php?e=smaps_rollup&p=%2Fproc%2F17276 HTTP/1.1" 200 2122 "http://23rdbanking.com.lab2454.com/whsy.php?p=%2Fproc%2F17276" "Mozilla/5.0 AppleWebKit/537.36 (KHTML, like Gecko; compatible; GPTBot/1.3; +https://openai.com/gptbot)"
74.7.227.167 - - [17/Mar/2026:15:17:20 +0000] "GET /whsy.php?e=smaps_rollup&p=%2Fproc%2F17192 HTTP/1.1" 200 2122 "http://23rdbanking.com.lab2454.com/whsy.php?p=%2Fproc%2F17192" "Mozilla/5.0 AppleWebKit/537.36 (KHTML, like Gecko; compatible; GPTBot/1.3; +https://openai.com/gptbot)"
152.32.174.201 - - [17/Mar/2026:15:17:24 +0000] "GET / HTTP/1.1" 200 479 "http://www.23rdbanking.com.lab2454.com:80/" "Mozilla/5.0 (iPhone; CPU iPhone OS 14_1 like Mac OS X) AppleWebKit/537.36 (KHTML, like Gecko) CriOS/112.0.5615.98 Mobile/15E148 Safari/537.36"
152.32.174.201 - - [17/Mar/2026:15:17:25 +0000] "GET /favicon.ico HTTP/1.1" 404 - "http://www.23rdbanking.com.lab2454.com:80/favicon.ico" "Mozilla/5.0 (iPhone; CPU iPhone OS 14_2 like Mac OS X) AppleWebKit/605.1.15 (KHTML, like Gecko) FxiOS/115.5 Mobile/15E148 Safari/605.1.15"
152.32.174.201 - - [17/Mar/2026:15:17:26 +0000] "GET / HTTP/1.1" 200 479 "http://www.23rdbanking.com.lab2454.com:80/" "Mozilla/5.0 (iPhone; CPU iPhone OS 14_2 like Mac OS X) AppleWebKit/605.1.15 (KHTML, like Gecko) FxiOS/115.5 Mobile/15E148 Safari/605.1.15"
152.32.174.201 - - [17/Mar/2026:15:17:27 +0000] "GET / HTTP/1.1" 200 479 "http://www.23rdbanking.com.lab2454.com:80/" "Mozilla/5.0 (Macintosh; Intel Mac OS X 10_15_7) AppleWebKit/537.36 (KHTML, like Gecko) Chrome/85.0.4183.121 Safari/537.36"
152.32.174.201 - - [17/Mar/2026:15:17:27 +0000] "GET / HTTP/1.1" 200 479 "http://www.23rdbanking.com.lab2454.com:80/" "curl/7.4.0"
152.32.174.201 - - [17/Mar/2026:15:17:28 +0000] "GET / HTTP/1.1" 200 479 "http://www.23rdbanking.com.lab2454.com:80/" "Mozilla/5.0 (Android 12; Mobile; rv:137.0.1) Gecko/137.0.1 Firefox/137.0.1"
74.7.227.167 - - [17/Mar/2026:15:17:29 +0000] "GET /whsy.php?e=smaps_rollup&p=%2Fproc%2F17246 HTTP/1.1" 200 2122 "http://23rdbanking.com.lab2454.com/whsy.php?p=%2Fproc%2F17246" "Mozilla/5.0 AppleWebKit/537.36 (KHTML, like Gecko; compatible; GPTBot/1.3; +https://openai.com/gptbot)"
152.32.174.201 - - [17/Mar/2026:15:17:30 +0000] "GET /favicon.ico HTTP/1.1" 404 - "http://www.23rdbanking.com.lab2454.com:80/favicon.ico" "Mozilla/5.0 (iPhone; CPU iPhone OS 15_4 like Mac OS X) AppleWebKit/605.1.15 (KHTML, like Gecko) Version/15.1 Mobile/15E148 Safari/605.1.15"
152.32.174.201 - - [17/Mar/2026:15:17:31 +0000] "GET / HTTP/1.1" 200 479 "http://www.23rdbanking.com.lab2454.com:80/" "Mozilla/5.0 (iPhone; CPU iPhone OS 15_6 like Mac OS X) AppleWebKit/605.1.15 (KHTML, like Gecko) Version/15.1 Mobile/15E148 Safari/605.1.15"
152.32.174.201 - - [17/Mar/2026:15:17:32 +0000] "GET / HTTP/1.1" 200 479 "http://www.23rdbanking.com.lab2454.com:80/" "Mozilla/5.0 (Macintosh; Intel Mac OS X 10_15_7) AppleWebKit/537.36 (KHTML, like Gecko) Chrome/85.0.4183.121 Safari/537.36"
152.32.174.201 - - [17/Mar/2026:15:17:32 +0000] "GET / HTTP/1.1" 200 479 "http://www.23rdbanking.com.lab2454.com:80/" "Mozilla/5.0 (iPhone; CPU iPhone OS 17_7 like Mac OS X) AppleWebKit/537.36 (KHTML, like Gecko) Version/15.0 EdgiOS/104.0.1293.57 Mobile/15E148 Safari/537.36"
152.32.174.201 - - [17/Mar/2026:15:17:32 +0000] "GET / HTTP/1.1" 200 479 "http://www.23rdbanking.com.lab2454.com:80/" "Mozilla/5.0 (Macintosh; Intel Mac OS X 10_15_7) AppleWebKit/537.36 (KHTML, like Gecko) Chrome/85.0.4183.121 Safari/537.36"
152.32.174.201 - - [17/Mar/2026:15:17:34 +0000] "GET / HTTP/1.1" 200 479 "http://www.23rdbanking.com.lab2454.com:80/" "Mozilla/5.0 (iPhone; CPU iPhone OS 16_7_9 like Mac OS X) AppleWebKit/605.1.15 (KHTML, like Gecko) FxiOS/118.0 Mobile/15E148 Safari/605.1.15"
74.7.227.167 - - [17/Mar/2026:15:17:39 +0000] "GET /whsy.php?e=smaps_rollup&p=%2Fproc%2F17187 HTTP/1.1" 200 2121 "http://23rdbanking.com.lab2454.com/whsy.php?p=%2Fproc%2F17187" "Mozilla/5.0 AppleWebKit/537.36 (KHTML, like Gecko; compatible; GPTBot/1.3; +https://openai.com/gptbot)"
74.7.227.167 - - [17/Mar/2026:15:17:51 +0000] "GET /whsy.php?e=smaps_rollup&p=%2Fproc%2F30542 HTTP/1.1" 200 2121 "http://23rdbanking.com.lab2454.com/whsy.php?p=%2Fproc%2F30542" "Mozilla/5.0 AppleWebKit/537.36 (KHTML, like Gecko; compatible; GPTBot/1.3; +https://openai.com/gptbot)"
74.7.227.167 - - [17/Mar/2026:15:18:03 +0000] "GET /whsy.php?e=smaps_rollup&p=%2Fproc%2F17291 HTTP/1.1" 200 2122 "http://23rdbanking.com.lab2454.com/whsy.php?p=%2Fproc%2F17291" "Mozilla/5.0 AppleWebKit/537.36 (KHTML, like Gecko; compatible; GPTBot/1.3; +https://openai.com/gptbot)"
74.7.227.167 - - [17/Mar/2026:15:18:14 +0000] "GET /whsy.php?e=smaps_rollup&p=%2Fproc%2F17218 HTTP/1.1" 200 2121 "http://23rdbanking.com.lab2454.com/whsy.php?p=%2Fproc%2F17218" "Mozilla/5.0 AppleWebKit/537.36 (KHTML, like Gecko; compatible; GPTBot/1.3; +https://openai.com/gptbot)"
74.7.227.167 - - [17/Mar/2026:15:18:27 +0000] "GET /whsy.php?e=smaps_rollup&p=%2Fproc%2F17259 HTTP/1.1" 200 2122 "http://23rdbanking.com.lab2454.com/whsy.php?p=%2Fproc%2F17259" "Mozilla/5.0 AppleWebKit/537.36 (KHTML, like Gecko; compatible; GPTBot/1.3; +https://openai.com/gptbot)"
74.7.227.167 - - [17/Mar/2026:15:18:40 +0000] "GET /whsy.php?e=smaps_rollup&p=%2Fproc%2F24980 HTTP/1.1" 200 948 "http://23rdbanking.com.lab2454.com/whsy.php?p=%2Fproc%2F24980" "Mozilla/5.0 AppleWebKit/537.36 (KHTML, like Gecko; compatible; GPTBot/1.3; +https://openai.com/gptbot)"
74.7.227.167 - - [17/Mar/2026:15:18:53 +0000] "GET /whsy.php?e=smaps_rollup&p=%2Fproc%2F18024 HTTP/1.1" 200 948 "http://23rdbanking.com.lab2454.com/whsy.php?p=%2Fproc%2F18024" "Mozilla/5.0 AppleWebKit/537.36 (KHTML, like Gecko; compatible; GPTBot/1.3; +https://openai.com/gptbot)"
74.7.227.167 - - [17/Mar/2026:15:19:04 +0000] "GET /whsy.php?e=smaps_rollup&p=%2Fproc%2F30125 HTTP/1.1" 200 2121 "http://23rdbanking.com.lab2454.com/whsy.php?p=%2Fproc%2F30125" "Mozilla/5.0 AppleWebKit/537.36 (KHTML, like Gecko; compatible; GPTBot/1.3; +https://openai.com/gptbot)"
74.7.227.167 - - [17/Mar/2026:15:19:15 +0000] "GET /whsy.php?e=smaps_rollup&p=%2Fproc%2F17197 HTTP/1.1" 200 2122 "http://23rdbanking.com.lab2454.com/whsy.php?p=%2Fproc%2F17197" "Mozilla/5.0 AppleWebKit/537.36 (KHTML, like Gecko; compatible; GPTBot/1.3; +https://openai.com/gptbot)"
74.7.227.167 - - [17/Mar/2026:15:19:29 +0000] "GET /whsy.php?e=smaps_rollup&p=%2Fproc%2F12765 HTTP/1.1" 200 948 "http://23rdbanking.com.lab2454.com/whsy.php?p=%2Fproc%2F12765" "Mozilla/5.0 AppleWebKit/537.36 (KHTML, like Gecko; compatible; GPTBot/1.3; +https://openai.com/gptbot)"
74.7.227.167 - - [17/Mar/2026:15:19:42 +0000] "GET /whsy.php?e=smaps_rollup&p=%2Fproc%2F25061 HTTP/1.1" 200 948 "http://23rdbanking.com.lab2454.com/whsy.php?p=%2Fproc%2F25061" "Mozilla/5.0 AppleWebKit/537.36 (KHTML, like Gecko; compatible; GPTBot/1.3; +https://openai.com/gptbot)"
74.7.227.167 - - [17/Mar/2026:15:19:57 +0000] "GET /whsy.php?e=smaps_rollup&p=%2Fproc%2F17297 HTTP/1.1" 200 2122 "http://23rdbanking.com.lab2454.com/whsy.php?p=%2Fproc%2F17297" "Mozilla/5.0 AppleWebKit/537.36 (KHTML, like Gecko; compatible; GPTBot/1.3; +https://openai.com/gptbot)"
74.7.227.167 - - [17/Mar/2026:15:20:11 +0000] "GET /whsy.php?e=smaps_rollup&p=%2Fproc%2F15372 HTTP/1.1" 200 948 "http://23rdbanking.com.lab2454.com/whsy.php?p=%2Fproc%2F15372" "Mozilla/5.0 AppleWebKit/537.36 (KHTML, like Gecko; compatible; GPTBot/1.3; +https://openai.com/gptbot)"
74.7.227.167 - - [17/Mar/2026:15:20:25 +0000] "GET /whsy.php?e=smaps_rollup&p=%2Fproc%2F17207 HTTP/1.1" 200 2122 "http://23rdbanking.com.lab2454.com/whsy.php?p=%2Fproc%2F17207" "Mozilla/5.0 AppleWebKit/537.36 (KHTML, like Gecko; compatible; GPTBot/1.3; +https://openai.com/gptbot)"
74.7.227.167 - - [17/Mar/2026:15:20:38 +0000] "GET /whsy.php?e=smaps_rollup&p=%2Fproc%2F17268 HTTP/1.1" 200 2121 "http://23rdbanking.com.lab2454.com/whsy.php?p=%2Fproc%2F17268" "Mozilla/5.0 AppleWebKit/537.36 (KHTML, like Gecko; compatible; GPTBot/1.3; +https://openai.com/gptbot)"
74.7.230.30 - - [17/Mar/2026:15:20:39 +0000] "GET /robots.txt HTTP/1.1" 404 - "-" "Mozilla/5.0 (Macintosh; Intel Mac OS X 10_15_7) AppleWebKit/537.36 (KHTML, like Gecko) Chrome/131.0.0.0 Safari/537.36; compatible; OAI-SearchBot/1.3; robots.txt; +https://openai.com/searchbot"
74.7.227.167 - - [17/Mar/2026:15:20:53 +0000] "GET /whsy.php?e=smaps_rollup&p=%2Fproc%2F17235 HTTP/1.1" 200 2122 "http://23rdbanking.com.lab2454.com/whsy.php?p=%2Fproc%2F17235" "Mozilla/5.0 AppleWebKit/537.36 (KHTML, like Gecko; compatible; GPTBot/1.3; +https://openai.com/gptbot)"
74.7.227.167 - - [17/Mar/2026:15:21:07 +0000] "GET /whsy.php?e=smaps_rollup&p=%2Fproc%2F17213 HTTP/1.1" 200 2122 "http://23rdbanking.com.lab2454.com/whsy.php?p=%2Fproc%2F17213" "Mozilla/5.0 AppleWebKit/537.36 (KHTML, like Gecko; compatible; GPTBot/1.3; +https://openai.com/gptbot)"
74.7.227.167 - - [17/Mar/2026:15:21:18 +0000] "GET /whsy.php?e=smaps_rollup&p=%2Fproc%2F26956 HTTP/1.1" 200 948 "http://23rdbanking.com.lab2454.com/whsy.php?p=%2Fproc%2F26956" "Mozilla/5.0 AppleWebKit/537.36 (KHTML, like Gecko; compatible; GPTBot/1.3; +https://openai.com/gptbot)"
74.7.227.167 - - [17/Mar/2026:15:21:30 +0000] "GET /whsy.php?e=smaps_rollup&p=%2Fproc%2F23805 HTTP/1.1" 200 2120 "http://23rdbanking.com.lab2454.com/whsy.php?p=%2Fproc%2F23805" "Mozilla/5.0 AppleWebKit/537.36 (KHTML, like Gecko; compatible; GPTBot/1.3; +https://openai.com/gptbot)"
74.7.227.167 - - [17/Mar/2026:15:21:43 +0000] "GET /whsy.php?e=timens_offsets&p=%2Fproc%2F10111 HTTP/1.1" 200 948 "http://23rdbanking.com.lab2454.com/whsy.php?p=%2Fproc%2F10111" "Mozilla/5.0 AppleWebKit/537.36 (KHTML, like Gecko; compatible; GPTBot/1.3; +https://openai.com/gptbot)"
74.7.227.167 - - [17/Mar/2026:15:21:54 +0000] "GET /whsy.php?p=%2Fproc%2F12222%2Fattr HTTP/1.1" 200 948 "http://23rdbanking.com.lab2454.com/whsy.php?p=%2Fproc%2F12222" "Mozilla/5.0 AppleWebKit/537.36 (KHTML, like Gecko; compatible; GPTBot/1.3; +https://openai.com/gptbot)"
74.7.227.167 - - [17/Mar/2026:15:22:06 +0000] "GET /whsy.php?p=%2Fproc%2F22229%2Fattr HTTP/1.1" 200 948 "http://23rdbanking.com.lab2454.com/whsy.php?p=%2Fproc%2F22229" "Mozilla/5.0 AppleWebKit/537.36 (KHTML, like Gecko; compatible; GPTBot/1.3; +https://openai.com/gptbot)"
74.7.227.167 - - [17/Mar/2026:15:22:19 +0000] "GET /whsy.php?e=io&p=%2Fproc%2F17246 HTTP/1.1" 200 1936 "http://23rdbanking.com.lab2454.com/whsy.php?p=%2Fproc%2F17246" "Mozilla/5.0 AppleWebKit/537.36 (KHTML, like Gecko; compatible; GPTBot/1.3; +https://openai.com/gptbot)"
