74.7.227.128 - - [17/Mar/2026:17:13:41 +0000] "GET /whsy.php?e=igmp&p=%2Fproc%2F17291%2Fnet HTTP/1.1" 200 2591 "http://23rdbanking.com.lab2454.com/whsy.php?p=%2Fproc%2F17291%2Fnet" "Mozilla/5.0 AppleWebKit/537.36 (KHTML, like Gecko; compatible; GPTBot/1.3; +https://openai.com/gptbot)"
74.7.230.44 - - [17/Mar/2026:17:13:42 +0000] "GET /robots.txt HTTP/1.1" 404 - "-" "Mozilla/5.0 (Macintosh; Intel Mac OS X 10_15_7) AppleWebKit/537.36 (KHTML, like Gecko) Chrome/131.0.0.0 Safari/537.36; compatible; OAI-SearchBot/1.3; robots.txt; +https://openai.com/searchbot"
74.7.227.128 - - [17/Mar/2026:17:13:56 +0000] "GET /whsy.php?p=%2Fproc%2F10590%2Fnet HTTP/1.1" 200 2442 "http://23rdbanking.com.lab2454.com/whsy.php?p=%2Fproc%2F10590" "Mozilla/5.0 AppleWebKit/537.36 (KHTML, like Gecko; compatible; GPTBot/1.3; +https://openai.com/gptbot)"
74.7.227.128 - - [17/Mar/2026:17:14:08 +0000] "GET /whsy.php?p=%2Fproc%2F10590%2Ftask HTTP/1.1" 200 491 "http://23rdbanking.com.lab2454.com/whsy.php?p=%2Fproc%2F10590" "Mozilla/5.0 AppleWebKit/537.36 (KHTML, like Gecko; compatible; GPTBot/1.3; +https://openai.com/gptbot)"
74.7.227.128 - - [17/Mar/2026:17:14:18 +0000] "GET /whsy.php?p=%2Fproc%2F30542%2Fnet HTTP/1.1" 200 948 "http://23rdbanking.com.lab2454.com/whsy.php?p=%2Fproc%2F30542" "Mozilla/5.0 AppleWebKit/537.36 (KHTML, like Gecko; compatible; GPTBot/1.3; +https://openai.com/gptbot)"
74.7.227.128 - - [17/Mar/2026:17:14:30 +0000] "GET /whsy.php?p=%2Fproc%2F12862%2Fnet HTTP/1.1" 200 948 "http://23rdbanking.com.lab2454.com/whsy.php?p=%2Fproc%2F12862" "Mozilla/5.0 AppleWebKit/537.36 (KHTML, like Gecko; compatible; GPTBot/1.3; +https://openai.com/gptbot)"
74.7.227.128 - - [17/Mar/2026:17:14:44 +0000] "GET /whsy.php?p=%2Fproc%2F17268%2Fnet HTTP/1.1" 200 2441 "http://23rdbanking.com.lab2454.com/whsy.php?p=%2Fproc%2F17268" "Mozilla/5.0 AppleWebKit/537.36 (KHTML, like Gecko; compatible; GPTBot/1.3; +https://openai.com/gptbot)"
74.7.227.128 - - [17/Mar/2026:17:14:54 +0000] "GET /whsy.php?e=igmp&p=%2Fproc%2F17218%2Fnet HTTP/1.1" 200 2592 "http://23rdbanking.com.lab2454.com/whsy.php?p=%2Fproc%2F17218%2Fnet" "Mozilla/5.0 AppleWebKit/537.36 (KHTML, like Gecko; compatible; GPTBot/1.3; +https://openai.com/gptbot)"
74.7.227.128 - - [17/Mar/2026:17:15:04 +0000] "GET /whsy.php?e=arp_tables_targets&p=%2Fproc%2F17187%2Fnet HTTP/1.1" 200 2442 "http://23rdbanking.com.lab2454.com/whsy.php?p=%2Fproc%2F17187%2Fnet" "Mozilla/5.0 AppleWebKit/537.36 (KHTML, like Gecko; compatible; GPTBot/1.3; +https://openai.com/gptbot)"
74.7.227.128 - - [17/Mar/2026:17:15:19 +0000] "GET /whsy.php?e=pfkey&p=%2Fproc%2F17187%2Fnet HTTP/1.1" 200 2536 "http://23rdbanking.com.lab2454.com/whsy.php?p=%2Fproc%2F17187%2Fnet" "Mozilla/5.0 AppleWebKit/537.36 (KHTML, like Gecko; compatible; GPTBot/1.3; +https://openai.com/gptbot)"
74.7.227.128 - - [17/Mar/2026:17:15:33 +0000] "GET /whsy.php?e=route&p=%2Fproc%2F17187%2Fnet HTTP/1.1" 200 2638 "http://23rdbanking.com.lab2454.com/whsy.php?p=%2Fproc%2F17187%2Fnet" "Mozilla/5.0 AppleWebKit/537.36 (KHTML, like Gecko; compatible; GPTBot/1.3; +https://openai.com/gptbot)"
74.7.227.128 - - [17/Mar/2026:17:15:44 +0000] "GET /whsy.php?p=%2Fproc%2F17197%2Fattr HTTP/1.1" 200 799 "http://23rdbanking.com.lab2454.com/whsy.php?p=%2Fproc%2F17197" "Mozilla/5.0 AppleWebKit/537.36 (KHTML, like Gecko; compatible; GPTBot/1.3; +https://openai.com/gptbot)"
74.7.227.128 - - [17/Mar/2026:17:15:56 +0000] "GET /whsy.php?p=%2Fproc%2F17207%2Ftask HTTP/1.1" 200 490 "http://23rdbanking.com.lab2454.com/whsy.php?p=%2Fproc%2F17207" "Mozilla/5.0 AppleWebKit/537.36 (KHTML, like Gecko; compatible; GPTBot/1.3; +https://openai.com/gptbot)"
74.7.227.128 - - [17/Mar/2026:17:16:07 +0000] "GET /whsy.php?e=pfkey&p=%2Fproc%2F10590%2Fnet HTTP/1.1" 200 2534 "http://23rdbanking.com.lab2454.com/whsy.php?p=%2Fproc%2F10590%2Fnet" "Mozilla/5.0 AppleWebKit/537.36 (KHTML, like Gecko; compatible; GPTBot/1.3; +https://openai.com/gptbot)"
74.7.227.128 - - [17/Mar/2026:17:16:18 +0000] "GET /whsy.php?e=route&p=%2Fproc%2F10590%2Fnet HTTP/1.1" 200 2637 "http://23rdbanking.com.lab2454.com/whsy.php?p=%2Fproc%2F10590%2Fnet" "Mozilla/5.0 AppleWebKit/537.36 (KHTML, like Gecko; compatible; GPTBot/1.3; +https://openai.com/gptbot)"
43.166.226.186 - - [17/Mar/2026:17:16:24 +0000] "GET /?C=S;O=D HTTP/1.1" 200 479 "-" "Mozilla/5.0 (iPhone; CPU iPhone OS 13_2_3 like Mac OS X) AppleWebKit/605.1.15 (KHTML, like Gecko) Version/13.0.3 Mobile/15E148 Safari/604.1"
74.7.227.128 - - [17/Mar/2026:17:16:30 +0000] "GET /whsy.php?p=%2Fproc%2F17291%2Ftask HTTP/1.1" 200 490 "http://23rdbanking.com.lab2454.com/whsy.php?p=%2Fproc%2F17291" "Mozilla/5.0 AppleWebKit/537.36 (KHTML, like Gecko; compatible; GPTBot/1.3; +https://openai.com/gptbot)"
74.7.227.128 - - [17/Mar/2026:17:16:41 +0000] "GET /whsy.php?p=%2Fproc%2F17259%2Fnet HTTP/1.1" 200 2442 "http://23rdbanking.com.lab2454.com/whsy.php?p=%2Fproc%2F17259" "Mozilla/5.0 AppleWebKit/537.36 (KHTML, like Gecko; compatible; GPTBot/1.3; +https://openai.com/gptbot)"
74.7.227.128 - - [17/Mar/2026:17:16:56 +0000] "GET /whsy.php?e=pfkey&p=%2Fproc%2F17268%2Fnet HTTP/1.1" 200 2534 "http://23rdbanking.com.lab2454.com/whsy.php?p=%2Fproc%2F17268%2Fnet" "Mozilla/5.0 AppleWebKit/537.36 (KHTML, like Gecko; compatible; GPTBot/1.3; +https://openai.com/gptbot)"
74.7.227.128 - - [17/Mar/2026:17:17:08 +0000] "GET /whsy.php?e=route&p=%2Fproc%2F17268%2Fnet HTTP/1.1" 200 2637 "http://23rdbanking.com.lab2454.com/whsy.php?p=%2Fproc%2F17268%2Fnet" "Mozilla/5.0 AppleWebKit/537.36 (KHTML, like Gecko; compatible; GPTBot/1.3; +https://openai.com/gptbot)"
74.7.227.128 - - [17/Mar/2026:17:17:20 +0000] "GET /whsy.php?e=icmp&p=%2Fproc%2F17268%2Fnet HTTP/1.1" 200 2580 "http://23rdbanking.com.lab2454.com/whsy.php?p=%2Fproc%2F17268%2Fnet" "Mozilla/5.0 AppleWebKit/537.36 (KHTML, like Gecko; compatible; GPTBot/1.3; +https://openai.com/gptbot)"
74.7.227.128 - - [17/Mar/2026:17:17:34 +0000] "GET /whsy.php?p=%2Fproc%2F15372%2Ftask HTTP/1.1" 200 948 "http://23rdbanking.com.lab2454.com/whsy.php?p=%2Fproc%2F15372" "Mozilla/5.0 AppleWebKit/537.36 (KHTML, like Gecko; compatible; GPTBot/1.3; +https://openai.com/gptbot)"
74.7.227.128 - - [17/Mar/2026:17:17:46 +0000] "GET /whsy.php?p=%2Fproc%2F10590%2Fattr HTTP/1.1" 200 799 "http://23rdbanking.com.lab2454.com/whsy.php?p=%2Fproc%2F10590" "Mozilla/5.0 AppleWebKit/537.36 (KHTML, like Gecko; compatible; GPTBot/1.3; +https://openai.com/gptbot)"
74.7.227.128 - - [17/Mar/2026:17:17:57 +0000] "GET /whsy.php?e=exec&p=%2Fproc%2F17197%2Fattr HTTP/1.1" 200 859 "http://23rdbanking.com.lab2454.com/whsy.php?p=%2Fproc%2F17197%2Fattr" "Mozilla/5.0 AppleWebKit/537.36 (KHTML, like Gecko; compatible; GPTBot/1.3; +https://openai.com/gptbot)"
74.7.227.128 - - [17/Mar/2026:17:18:12 +0000] "GET /whsy.php?p=%2Fproc%2F25061%2Fattr HTTP/1.1" 200 948 "http://23rdbanking.com.lab2454.com/whsy.php?p=%2Fproc%2F25061" "Mozilla/5.0 AppleWebKit/537.36 (KHTML, like Gecko; compatible; GPTBot/1.3; +https://openai.com/gptbot)"
74.7.227.128 - - [17/Mar/2026:17:18:26 +0000] "GET /whsy.php?p=%2Fproc%2F30125%2Fnet HTTP/1.1" 200 2441 "http://23rdbanking.com.lab2454.com/whsy.php?p=%2Fproc%2F30125" "Mozilla/5.0 AppleWebKit/537.36 (KHTML, like Gecko; compatible; GPTBot/1.3; +https://openai.com/gptbot)"
74.7.227.128 - - [17/Mar/2026:17:18:39 +0000] "GET /whsy.php?p=%2Fproc%2F19407%2Fattr HTTP/1.1" 200 948 "http://23rdbanking.com.lab2454.com/whsy.php?p=%2Fproc%2F19407" "Mozilla/5.0 AppleWebKit/537.36 (KHTML, like Gecko; compatible; GPTBot/1.3; +https://openai.com/gptbot)"
74.7.227.128 - - [17/Mar/2026:17:18:49 +0000] "GET /whsy.php?p=%2Fproc%2F17218%2Fattr HTTP/1.1" 200 799 "http://23rdbanking.com.lab2454.com/whsy.php?p=%2Fproc%2F17218" "Mozilla/5.0 AppleWebKit/537.36 (KHTML, like Gecko; compatible; GPTBot/1.3; +https://openai.com/gptbot)"
74.7.230.44 - - [17/Mar/2026:17:18:50 +0000] "GET /robots.txt HTTP/1.1" 404 - "-" "Mozilla/5.0 (Macintosh; Intel Mac OS X 10_15_7) AppleWebKit/537.36 (KHTML, like Gecko) Chrome/131.0.0.0 Safari/537.36; compatible; OAI-SearchBot/1.3; robots.txt; +https://openai.com/searchbot"
74.7.227.128 - - [17/Mar/2026:17:18:59 +0000] "GET /whsy.php?p=%2Fproc%2F17259%2Fnet%2Fdev_snmp6 HTTP/1.1" 200 983 "http://23rdbanking.com.lab2454.com/whsy.php?p=%2Fproc%2F17259%2Fnet" "Mozilla/5.0 AppleWebKit/537.36 (KHTML, like Gecko; compatible; GPTBot/1.3; +https://openai.com/gptbot)"
74.7.227.128 - - [17/Mar/2026:17:19:13 +0000] "GET /whsy.php?e=pfkey&p=%2Fproc%2F17259%2Fnet HTTP/1.1" 200 2535 "http://23rdbanking.com.lab2454.com/whsy.php?p=%2Fproc%2F17259%2Fnet" "Mozilla/5.0 AppleWebKit/537.36 (KHTML, like Gecko; compatible; GPTBot/1.3; +https://openai.com/gptbot)"
74.7.227.128 - - [17/Mar/2026:17:19:28 +0000] "GET /whsy.php?e=route&p=%2Fproc%2F17259%2Fnet HTTP/1.1" 200 2637 "http://23rdbanking.com.lab2454.com/whsy.php?p=%2Fproc%2F17259%2Fnet" "Mozilla/5.0 AppleWebKit/537.36 (KHTML, like Gecko; compatible; GPTBot/1.3; +https://openai.com/gptbot)"
74.7.227.128 - - [17/Mar/2026:17:19:43 +0000] "GET /whsy.php?e=icmp&p=%2Fproc%2F17259%2Fnet HTTP/1.1" 200 2581 "http://23rdbanking.com.lab2454.com/whsy.php?p=%2Fproc%2F17259%2Fnet" "Mozilla/5.0 AppleWebKit/537.36 (KHTML, like Gecko; compatible; GPTBot/1.3; +https://openai.com/gptbot)"
74.7.227.128 - - [17/Mar/2026:17:19:56 +0000] "GET /whsy.php?p=%2Fproc%2F12765%2Ftask HTTP/1.1" 200 948 "http://23rdbanking.com.lab2454.com/whsy.php?p=%2Fproc%2F12765" "Mozilla/5.0 AppleWebKit/537.36 (KHTML, like Gecko; compatible; GPTBot/1.3; +https://openai.com/gptbot)"
74.7.227.128 - - [17/Mar/2026:17:20:10 +0000] "GET /whsy.php?e=prev&p=%2Fproc%2F10590%2Fattr HTTP/1.1" 200 859 "http://23rdbanking.com.lab2454.com/whsy.php?p=%2Fproc%2F10590%2Fattr" "Mozilla/5.0 AppleWebKit/537.36 (KHTML, like Gecko; compatible; GPTBot/1.3; +https://openai.com/gptbot)"
74.7.227.128 - - [17/Mar/2026:17:20:27 +0000] "GET /whsy.php?e=exec&p=%2Fproc%2F10590%2Fattr HTTP/1.1" 200 859 "http://23rdbanking.com.lab2454.com/whsy.php?p=%2Fproc%2F10590%2Fattr" "Mozilla/5.0 AppleWebKit/537.36 (KHTML, like Gecko; compatible; GPTBot/1.3; +https://openai.com/gptbot)"
74.7.227.128 - - [17/Mar/2026:17:20:42 +0000] "GET /whsy.php?p=%2Fproc%2F17315%2Fnet HTTP/1.1" 200 2442 "http://23rdbanking.com.lab2454.com/whsy.php?p=%2Fproc%2F17315" "Mozilla/5.0 AppleWebKit/537.36 (KHTML, like Gecko; compatible; GPTBot/1.3; +https://openai.com/gptbot)"
74.7.227.128 - - [17/Mar/2026:17:20:53 +0000] "GET /whsy.php?e=pfkey&p=%2Fproc%2F30125%2Fnet HTTP/1.1" 200 2535 "http://23rdbanking.com.lab2454.com/whsy.php?p=%2Fproc%2F30125%2Fnet" "Mozilla/5.0 AppleWebKit/537.36 (KHTML, like Gecko; compatible; GPTBot/1.3; +https://openai.com/gptbot)"
74.7.227.128 - - [17/Mar/2026:17:21:09 +0000] "GET /whsy.php?e=route&p=%2Fproc%2F30125%2Fnet HTTP/1.1" 200 2637 "http://23rdbanking.com.lab2454.com/whsy.php?p=%2Fproc%2F30125%2Fnet" "Mozilla/5.0 AppleWebKit/537.36 (KHTML, like Gecko; compatible; GPTBot/1.3; +https://openai.com/gptbot)"
74.7.227.128 - - [17/Mar/2026:17:21:24 +0000] "GET /whsy.php?e=icmp&p=%2Fproc%2F30125%2Fnet HTTP/1.1" 200 2580 "http://23rdbanking.com.lab2454.com/whsy.php?p=%2Fproc%2F30125%2Fnet" "Mozilla/5.0 AppleWebKit/537.36 (KHTML, like Gecko; compatible; GPTBot/1.3; +https://openai.com/gptbot)"
74.7.227.128 - - [17/Mar/2026:17:21:35 +0000] "GET /whsy.php?p=%2Fproc%2F17246%2Ftask HTTP/1.1" 200 490 "http://23rdbanking.com.lab2454.com/whsy.php?p=%2Fproc%2F17246" "Mozilla/5.0 AppleWebKit/537.36 (KHTML, like Gecko; compatible; GPTBot/1.3; +https://openai.com/gptbot)"
74.7.227.128 - - [17/Mar/2026:17:21:49 +0000] "GET /whsy.php?p=%2Fproc%2F18071%2Fnet HTTP/1.1" 200 948 "http://23rdbanking.com.lab2454.com/whsy.php?p=%2Fproc%2F18071" "Mozilla/5.0 AppleWebKit/537.36 (KHTML, like Gecko; compatible; GPTBot/1.3; +https://openai.com/gptbot)"
74.7.227.128 - - [17/Mar/2026:17:22:05 +0000] "GET /whsy.php?p=%2Fproc%2F24980%2Ftask HTTP/1.1" 200 948 "http://23rdbanking.com.lab2454.com/whsy.php?p=%2Fproc%2F24980" "Mozilla/5.0 AppleWebKit/537.36 (KHTML, like Gecko; compatible; GPTBot/1.3; +https://openai.com/gptbot)"
74.7.227.128 - - [17/Mar/2026:17:22:18 +0000] "GET /whsy.php?p=%2Fproc%2F17291%2Fattr HTTP/1.1" 200 799 "http://23rdbanking.com.lab2454.com/whsy.php?p=%2Fproc%2F17291" "Mozilla/5.0 AppleWebKit/537.36 (KHTML, like Gecko; compatible; GPTBot/1.3; +https://openai.com/gptbot)"
74.7.227.128 - - [17/Mar/2026:17:22:32 +0000] "GET /whsy.php?p=%2Fproc%2F17297%2Fattr HTTP/1.1" 200 800 "http://23rdbanking.com.lab2454.com/whsy.php?p=%2Fproc%2F17297" "Mozilla/5.0 AppleWebKit/537.36 (KHTML, like Gecko; compatible; GPTBot/1.3; +https://openai.com/gptbot)"
74.7.227.128 - - [17/Mar/2026:17:22:49 +0000] "GET /whsy.php?p=%2Fproc%2F17276%2Fnet HTTP/1.1" 200 2442 "http://23rdbanking.com.lab2454.com/whsy.php?p=%2Fproc%2F17276" "Mozilla/5.0 AppleWebKit/537.36 (KHTML, like Gecko; compatible; GPTBot/1.3; +https://openai.com/gptbot)"
74.7.227.128 - - [17/Mar/2026:17:23:05 +0000] "GET /whsy.php?p=%2Fproc%2F12765%2Fnet HTTP/1.1" 200 948 "http://23rdbanking.com.lab2454.com/whsy.php?p=%2Fproc%2F12765" "Mozilla/5.0 AppleWebKit/537.36 (KHTML, like Gecko; compatible; GPTBot/1.3; +https://openai.com/gptbot)"
74.7.227.128 - - [17/Mar/2026:17:23:30 +0000] "GET /whsy.php?e=route&p=%2Fproc%2F17315%2Fnet HTTP/1.1" 200 2637 "http://23rdbanking.com.lab2454.com/whsy.php?p=%2Fproc%2F17315%2Fnet" "Mozilla/5.0 AppleWebKit/537.36 (KHTML, like Gecko; compatible; GPTBot/1.3; +https://openai.com/gptbot)"
74.7.227.128 - - [17/Mar/2026:17:23:44 +0000] "GET /whsy.php?e=pfkey&p=%2Fproc%2F17315%2Fnet HTTP/1.1" 200 2535 "http://23rdbanking.com.lab2454.com/whsy.php?p=%2Fproc%2F17315%2Fnet" "Mozilla/5.0 AppleWebKit/537.36 (KHTML, like Gecko; compatible; GPTBot/1.3; +https://openai.com/gptbot)"
74.7.227.128 - - [17/Mar/2026:17:24:03 +0000] "GET /whsy.php?p=%2Fproc%2F17354%2Fattr HTTP/1.1" 200 800 "http://23rdbanking.com.lab2454.com/whsy.php?p=%2Fproc%2F17354" "Mozilla/5.0 AppleWebKit/537.36 (KHTML, like Gecko; compatible; GPTBot/1.3; +https://openai.com/gptbot)"
74.7.230.44 - - [17/Mar/2026:17:24:03 +0000] "GET /robots.txt HTTP/1.1" 404 - "-" "Mozilla/5.0 (Macintosh; Intel Mac OS X 10_15_7) AppleWebKit/537.36 (KHTML, like Gecko) Chrome/131.0.0.0 Safari/537.36; compatible; OAI-SearchBot/1.3; robots.txt; +https://openai.com/searchbot"
74.7.227.128 - - [17/Mar/2026:17:24:18 +0000] "GET /whsy.php?p=%2Fproc%2F17259%2Fattr HTTP/1.1" 200 800 "http://23rdbanking.com.lab2454.com/whsy.php?p=%2Fproc%2F17259" "Mozilla/5.0 AppleWebKit/537.36 (KHTML, like Gecko; compatible; GPTBot/1.3; +https://openai.com/gptbot)"
74.7.227.128 - - [17/Mar/2026:17:24:34 +0000] "GET /whsy.php?p=%2Fproc%2F17276%2Fattr HTTP/1.1" 200 800 "http://23rdbanking.com.lab2454.com/whsy.php?p=%2Fproc%2F17276" "Mozilla/5.0 AppleWebKit/537.36 (KHTML, like Gecko; compatible; GPTBot/1.3; +https://openai.com/gptbot)"
74.7.227.128 - - [17/Mar/2026:17:24:49 +0000] "GET /whsy.php?p=%2Fproc%2F19434%2Ftask HTTP/1.1" 200 948 "http://23rdbanking.com.lab2454.com/whsy.php?p=%2Fproc%2F19434" "Mozilla/5.0 AppleWebKit/537.36 (KHTML, like Gecko; compatible; GPTBot/1.3; +https://openai.com/gptbot)"
74.7.227.128 - - [17/Mar/2026:17:25:00 +0000] "GET /whsy.php?p=%2Fproc%2F17194%2Fattr HTTP/1.1" 200 799 "http://23rdbanking.com.lab2454.com/whsy.php?p=%2Fproc%2F17194" "Mozilla/5.0 AppleWebKit/537.36 (KHTML, like Gecko; compatible; GPTBot/1.3; +https://openai.com/gptbot)"
74.7.227.128 - - [17/Mar/2026:17:25:14 +0000] "GET /whsy.php?p=%2Fproc%2F17187%2Ftask HTTP/1.1" 200 490 "http://23rdbanking.com.lab2454.com/whsy.php?p=%2Fproc%2F17187" "Mozilla/5.0 AppleWebKit/537.36 (KHTML, like Gecko; compatible; GPTBot/1.3; +https://openai.com/gptbot)"
74.7.227.128 - - [17/Mar/2026:17:25:28 +0000] "GET /whsy.php?p=%2Fproc%2F19434%2Fnet HTTP/1.1" 200 948 "http://23rdbanking.com.lab2454.com/whsy.php?p=%2Fproc%2F19434" "Mozilla/5.0 AppleWebKit/537.36 (KHTML, like Gecko; compatible; GPTBot/1.3; +https://openai.com/gptbot)"
74.7.227.128 - - [17/Mar/2026:17:25:41 +0000] "GET /whsy.php?e=fib_trie&p=%2Fproc%2F17276%2Fnet HTTP/1.1" 200 2694 "http://23rdbanking.com.lab2454.com/whsy.php?p=%2Fproc%2F17276%2Fnet" "Mozilla/5.0 AppleWebKit/537.36 (KHTML, like Gecko; compatible; GPTBot/1.3; +https://openai.com/gptbot)"
43.165.65.180 - - [17/Mar/2026:17:25:42 +0000] "GET /whsy.php?e=doc.php.jpg&p=%2Fhome%2Flab2454c%2F23rdbanking.com HTTP/1.1" 200 1014 "-" "Mozilla/5.0 (iPhone; CPU iPhone OS 13_2_3 like Mac OS X) AppleWebKit/605.1.15 (KHTML, like Gecko) Version/13.0.3 Mobile/15E148 Safari/604.1"
74.7.227.128 - - [17/Mar/2026:17:25:52 +0000] "GET /whsy.php?e=igmp&p=%2Fproc%2F17276%2Fnet HTTP/1.1" 200 2592 "http://23rdbanking.com.lab2454.com/whsy.php?p=%2Fproc%2F17276%2Fnet" "Mozilla/5.0 AppleWebKit/537.36 (KHTML, like Gecko; compatible; GPTBot/1.3; +https://openai.com/gptbot)"
74.7.227.128 - - [17/Mar/2026:17:26:03 +0000] "GET /whsy.php?p=%2Fproc%2F17213%2Fnet HTTP/1.1" 200 2441 "http://23rdbanking.com.lab2454.com/whsy.php?p=%2Fproc%2F17213" "Mozilla/5.0 AppleWebKit/537.36 (KHTML, like Gecko; compatible; GPTBot/1.3; +https://openai.com/gptbot)"
74.7.227.128 - - [17/Mar/2026:17:26:15 +0000] "GET /whsy.php?p=%2Fproc%2F17194%2Ftask HTTP/1.1" 200 490 "http://23rdbanking.com.lab2454.com/whsy.php?p=%2Fproc%2F17194" "Mozilla/5.0 AppleWebKit/537.36 (KHTML, like Gecko; compatible; GPTBot/1.3; +https://openai.com/gptbot)"
74.7.227.128 - - [17/Mar/2026:17:26:30 +0000] "GET /whsy.php?e=exec&p=%2Fproc%2F17354%2Fattr HTTP/1.1" 200 860 "http://23rdbanking.com.lab2454.com/whsy.php?p=%2Fproc%2F17354%2Fattr" "Mozilla/5.0 AppleWebKit/537.36 (KHTML, like Gecko; compatible; GPTBot/1.3; +https://openai.com/gptbot)"
74.7.227.128 - - [17/Mar/2026:17:26:48 +0000] "GET /whsy.php?e=exec&p=%2Fproc%2F17259%2Fattr HTTP/1.1" 200 860 "http://23rdbanking.com.lab2454.com/whsy.php?p=%2Fproc%2F17259%2Fattr" "Mozilla/5.0 AppleWebKit/537.36 (KHTML, like Gecko; compatible; GPTBot/1.3; +https://openai.com/gptbot)"
74.7.227.128 - - [17/Mar/2026:17:27:04 +0000] "GET /whsy.php?e=prev&p=%2Fproc%2F17354%2Fattr HTTP/1.1" 200 859 "http://23rdbanking.com.lab2454.com/whsy.php?p=%2Fproc%2F17354%2Fattr" "Mozilla/5.0 AppleWebKit/537.36 (KHTML, like Gecko; compatible; GPTBot/1.3; +https://openai.com/gptbot)"
74.7.227.128 - - [17/Mar/2026:17:27:19 +0000] "GET /whsy.php?p=%2Fproc%2F15372%2Fattr HTTP/1.1" 200 948 "http://23rdbanking.com.lab2454.com/whsy.php?p=%2Fproc%2F15372" "Mozilla/5.0 AppleWebKit/537.36 (KHTML, like Gecko; compatible; GPTBot/1.3; +https://openai.com/gptbot)"
74.7.227.128 - - [17/Mar/2026:17:27:33 +0000] "GET /whsy.php?e=prev&p=%2Fproc%2F17194%2Fattr HTTP/1.1" 200 859 "http://23rdbanking.com.lab2454.com/whsy.php?p=%2Fproc%2F17194%2Fattr" "Mozilla/5.0 AppleWebKit/537.36 (KHTML, like Gecko; compatible; GPTBot/1.3; +https://openai.com/gptbot)"
74.7.227.128 - - [17/Mar/2026:17:27:56 +0000] "GET /whsy.php?e=exec&p=%2Fproc%2F17194%2Fattr HTTP/1.1" 200 859 "http://23rdbanking.com.lab2454.com/whsy.php?p=%2Fproc%2F17194%2Fattr" "Mozilla/5.0 AppleWebKit/537.36 (KHTML, like Gecko; compatible; GPTBot/1.3; +https://openai.com/gptbot)"
74.7.227.128 - - [17/Mar/2026:17:28:08 +0000] "GET /whsy.php?p=%2Fproc%2F17297%2Ftask HTTP/1.1" 200 490 "http://23rdbanking.com.lab2454.com/whsy.php?p=%2Fproc%2F17297" "Mozilla/5.0 AppleWebKit/537.36 (KHTML, like Gecko; compatible; GPTBot/1.3; +https://openai.com/gptbot)"
74.7.227.128 - - [17/Mar/2026:17:28:21 +0000] "GET /whsy.php?p=%2Fproc%2F23805%2Fattr HTTP/1.1" 200 799 "http://23rdbanking.com.lab2454.com/whsy.php?p=%2Fproc%2F23805" "Mozilla/5.0 AppleWebKit/537.36 (KHTML, like Gecko; compatible; GPTBot/1.3; +https://openai.com/gptbot)"
74.7.227.128 - - [17/Mar/2026:17:28:36 +0000] "GET /whsy.php?p=%2Fproc%2F17192%2Fattr HTTP/1.1" 200 799 "http://23rdbanking.com.lab2454.com/whsy.php?p=%2Fproc%2F17192" "Mozilla/5.0 AppleWebKit/537.36 (KHTML, like Gecko; compatible; GPTBot/1.3; +https://openai.com/gptbot)"
74.7.227.128 - - [17/Mar/2026:17:28:54 +0000] "GET /whsy.php?e=ip_vs_stats&p=%2Fproc%2F17213%2Fnet HTTP/1.1" 200 2589 "http://23rdbanking.com.lab2454.com/whsy.php?p=%2Fproc%2F17213%2Fnet" "Mozilla/5.0 AppleWebKit/537.36 (KHTML, like Gecko; compatible; GPTBot/1.3; +https://openai.com/gptbot)"
74.7.227.128 - - [17/Mar/2026:17:29:09 +0000] "GET /whsy.php?e=netstat&p=%2Fproc%2F17213%2Fnet HTTP/1.1" 200 4241 "http://23rdbanking.com.lab2454.com/whsy.php?p=%2Fproc%2F17213%2Fnet" "Mozilla/5.0 AppleWebKit/537.36 (KHTML, like Gecko; compatible; GPTBot/1.3; +https://openai.com/gptbot)"
74.7.230.44 - - [17/Mar/2026:17:29:09 +0000] "GET /robots.txt HTTP/1.1" 404 - "-" "Mozilla/5.0 (Macintosh; Intel Mac OS X 10_15_7) AppleWebKit/537.36 (KHTML, like Gecko) Chrome/131.0.0.0 Safari/537.36; compatible; OAI-SearchBot/1.3; robots.txt; +https://openai.com/searchbot"
74.7.227.128 - - [17/Mar/2026:17:29:22 +0000] "GET /whsy.php?e=igmp&p=%2Fproc%2F17213%2Fnet HTTP/1.1" 200 2592 "http://23rdbanking.com.lab2454.com/whsy.php?p=%2Fproc%2F17213%2Fnet" "Mozilla/5.0 AppleWebKit/537.36 (KHTML, like Gecko; compatible; GPTBot/1.3; +https://openai.com/gptbot)"
74.7.227.128 - - [17/Mar/2026:17:29:37 +0000] "GET /whsy.php?p=%2Fproc%2F17213%2Fattr HTTP/1.1" 200 799 "http://23rdbanking.com.lab2454.com/whsy.php?p=%2Fproc%2F17213" "Mozilla/5.0 AppleWebKit/537.36 (KHTML, like Gecko; compatible; GPTBot/1.3; +https://openai.com/gptbot)"
74.7.227.128 - - [17/Mar/2026:17:29:53 +0000] "GET /whsy.php?p=%2Fproc%2F30542%2Fattr HTTP/1.1" 200 948 "http://23rdbanking.com.lab2454.com/whsy.php?p=%2Fproc%2F30542" "Mozilla/5.0 AppleWebKit/537.36 (KHTML, like Gecko; compatible; GPTBot/1.3; +https://openai.com/gptbot)"
74.7.227.128 - - [17/Mar/2026:17:30:09 +0000] "GET /whsy.php?p=%2Fproc%2F12862%2Ftask HTTP/1.1" 200 948 "http://23rdbanking.com.lab2454.com/whsy.php?p=%2Fproc%2F12862" "Mozilla/5.0 AppleWebKit/537.36 (KHTML, like Gecko; compatible; GPTBot/1.3; +https://openai.com/gptbot)"
74.7.227.128 - - [17/Mar/2026:17:30:23 +0000] "GET /whsy.php?p=%2Fproc%2F17192%2Ftask HTTP/1.1" 200 490 "http://23rdbanking.com.lab2454.com/whsy.php?p=%2Fproc%2F17192" "Mozilla/5.0 AppleWebKit/537.36 (KHTML, like Gecko; compatible; GPTBot/1.3; +https://openai.com/gptbot)"
74.7.227.128 - - [17/Mar/2026:17:30:39 +0000] "GET /whsy.php?p=%2Fproc%2F17268%2Ftask HTTP/1.1" 200 489 "http://23rdbanking.com.lab2454.com/whsy.php?p=%2Fproc%2F17268" "Mozilla/5.0 AppleWebKit/537.36 (KHTML, like Gecko; compatible; GPTBot/1.3; +https://openai.com/gptbot)"
74.7.227.128 - - [17/Mar/2026:17:31:01 +0000] "GET /whsy.php?p=%2Fproc%2F17297%2Ftask%2F17297 HTTP/1.1" 200 1795 "http://23rdbanking.com.lab2454.com/whsy.php?p=%2Fproc%2F17297%2Ftask" "Mozilla/5.0 AppleWebKit/537.36 (KHTML, like Gecko; compatible; GPTBot/1.3; +https://openai.com/gptbot)"
74.7.227.128 - - [17/Mar/2026:17:31:16 +0000] "GET /whsy.php?e=exec&p=%2Fproc%2F23805%2Fattr HTTP/1.1" 200 860 "http://23rdbanking.com.lab2454.com/whsy.php?p=%2Fproc%2F23805%2Fattr" "Mozilla/5.0 AppleWebKit/537.36 (KHTML, like Gecko; compatible; GPTBot/1.3; +https://openai.com/gptbot)"
74.7.227.128 - - [17/Mar/2026:17:31:33 +0000] "GET /whsy.php?p=%2Fproc%2F17226%2Fnet HTTP/1.1" 200 2441 "http://23rdbanking.com.lab2454.com/whsy.php?p=%2Fproc%2F17226" "Mozilla/5.0 AppleWebKit/537.36 (KHTML, like Gecko; compatible; GPTBot/1.3; +https://openai.com/gptbot)"
74.7.227.128 - - [17/Mar/2026:17:31:50 +0000] "GET /whsy.php?p=%2Fproc%2F30671%2Fattr HTTP/1.1" 200 799 "http://23rdbanking.com.lab2454.com/whsy.php?p=%2Fproc%2F30671" "Mozilla/5.0 AppleWebKit/537.36 (KHTML, like Gecko; compatible; GPTBot/1.3; +https://openai.com/gptbot)"
74.7.227.128 - - [17/Mar/2026:17:32:07 +0000] "GET /whsy.php?p=%2Fproc%2F18071%2Fattr HTTP/1.1" 200 948 "http://23rdbanking.com.lab2454.com/whsy.php?p=%2Fproc%2F18071" "Mozilla/5.0 AppleWebKit/537.36 (KHTML, like Gecko; compatible; GPTBot/1.3; +https://openai.com/gptbot)"
74.7.227.128 - - [17/Mar/2026:17:32:22 +0000] "GET /whsy.php?p=%2Fproc%2F12862%2Fattr HTTP/1.1" 200 948 "http://23rdbanking.com.lab2454.com/whsy.php?p=%2Fproc%2F12862" "Mozilla/5.0 AppleWebKit/537.36 (KHTML, like Gecko; compatible; GPTBot/1.3; +https://openai.com/gptbot)"
74.7.227.128 - - [17/Mar/2026:17:32:35 +0000] "GET /whsy.php?p=%2Fproc%2F17194%2Fnet HTTP/1.1" 200 2441 "http://23rdbanking.com.lab2454.com/whsy.php?p=%2Fproc%2F17194" "Mozilla/5.0 AppleWebKit/537.36 (KHTML, like Gecko; compatible; GPTBot/1.3; +https://openai.com/gptbot)"
74.7.227.128 - - [17/Mar/2026:17:32:56 +0000] "GET /whsy.php?p=%2Fproc%2F17192%2Fnet HTTP/1.1" 200 2441 "http://23rdbanking.com.lab2454.com/whsy.php?p=%2Fproc%2F17192" "Mozilla/5.0 AppleWebKit/537.36 (KHTML, like Gecko; compatible; GPTBot/1.3; +https://openai.com/gptbot)"
74.7.227.128 - - [17/Mar/2026:17:33:17 +0000] "GET /whsy.php?p=%2Fproc%2F26956%2Fattr HTTP/1.1" 200 948 "http://23rdbanking.com.lab2454.com/whsy.php?p=%2Fproc%2F26956" "Mozilla/5.0 AppleWebKit/537.36 (KHTML, like Gecko; compatible; GPTBot/1.3; +https://openai.com/gptbot)"
74.7.227.128 - - [17/Mar/2026:17:33:30 +0000] "GET /whsy.php?p=%2Fproc%2F24980%2Fnet HTTP/1.1" 200 948 "http://23rdbanking.com.lab2454.com/whsy.php?p=%2Fproc%2F24980" "Mozilla/5.0 AppleWebKit/537.36 (KHTML, like Gecko; compatible; GPTBot/1.3; +https://openai.com/gptbot)"
74.7.227.128 - - [17/Mar/2026:17:33:41 +0000] "GET /whsy.php?p=%2Fproc%2F17235%2Ftask HTTP/1.1" 200 490 "http://23rdbanking.com.lab2454.com/whsy.php?p=%2Fproc%2F17235" "Mozilla/5.0 AppleWebKit/537.36 (KHTML, like Gecko; compatible; GPTBot/1.3; +https://openai.com/gptbot)"
74.7.227.128 - - [17/Mar/2026:17:33:52 +0000] "GET /whsy.php?e=clear_refs&p=%2Fproc%2F17297%2Ftask%2F17297 HTTP/1.1" 200 1795 "http://23rdbanking.com.lab2454.com/whsy.php?p=%2Fproc%2F17297%2Ftask%2F17297" "Mozilla/5.0 AppleWebKit/537.36 (KHTML, like Gecko; compatible; GPTBot/1.3; +https://openai.com/gptbot)"
216.244.66.241 - - [17/Mar/2026:17:34:00 +0000] "GET /whsy.php?e=sow.veritserv.com-Mar-2026.gz&p=%2Fhome%2Flab2454c%2Flogs HTTP/1.1" 200 471190 "-" "Mozilla/5.0 (compatible; DotBot/1.2; +https://opensiteexplorer.org/dotbot; help@moz.com)"
74.7.227.128 - - [17/Mar/2026:17:34:03 +0000] "GET /whsy.php?p=%2Fproc%2F17213%2Ftask HTTP/1.1" 200 490 "http://23rdbanking.com.lab2454.com/whsy.php?p=%2Fproc%2F17213" "Mozilla/5.0 AppleWebKit/537.36 (KHTML, like Gecko; compatible; GPTBot/1.3; +https://openai.com/gptbot)"
216.244.66.241 - - [17/Mar/2026:17:34:06 +0000] "GET /whsy.php?p=%2Fhome%2Flab2454c%2Fisaaclondston.com%2Fcgi-bin HTTP/1.1" 200 3708 "-" "Mozilla/5.0 (compatible; DotBot/1.2; +https://opensiteexplorer.org/dotbot; help@moz.com)"
74.7.227.128 - - [17/Mar/2026:17:34:14 +0000] "GET /whsy.php?e=udp6&p=%2Fproc%2F17226%2Fnet HTTP/1.1" 200 2681 "http://23rdbanking.com.lab2454.com/whsy.php?p=%2Fproc%2F17226%2Fnet" "Mozilla/5.0 AppleWebKit/537.36 (KHTML, like Gecko; compatible; GPTBot/1.3; +https://openai.com/gptbot)"
74.7.230.44 - - [17/Mar/2026:17:34:14 +0000] "GET /robots.txt HTTP/1.1" 404 - "-" "Mozilla/5.0 (Macintosh; Intel Mac OS X 10_15_7) AppleWebKit/537.36 (KHTML, like Gecko) Chrome/131.0.0.0 Safari/537.36; compatible; OAI-SearchBot/1.3; robots.txt; +https://openai.com/searchbot"
74.7.227.128 - - [17/Mar/2026:17:34:23 +0000] "GET /whsy.php?e=fscreate&p=%2Fproc%2F30671%2Fattr HTTP/1.1" 200 858 "http://23rdbanking.com.lab2454.com/whsy.php?p=%2Fproc%2F30671%2Fattr" "Mozilla/5.0 AppleWebKit/537.36 (KHTML, like Gecko; compatible; GPTBot/1.3; +https://openai.com/gptbot)"
216.244.66.241 - - [17/Mar/2026:17:34:30 +0000] "GET /whsy.php?e=23rdb.com.lab2454.com-ssl_log-Mar-2026.gz&p=%2Fhome%2Flab2454c%2Flogs HTTP/1.1" 200 471202 "-" "Mozilla/5.0 (compatible; DotBot/1.2; +https://opensiteexplorer.org/dotbot; help@moz.com)"
74.7.227.128 - - [17/Mar/2026:17:34:32 +0000] "GET /whsy.php?e=prev&p=%2Fproc%2F30671%2Fattr HTTP/1.1" 200 859 "http://23rdbanking.com.lab2454.com/whsy.php?p=%2Fproc%2F30671%2Fattr" "Mozilla/5.0 AppleWebKit/537.36 (KHTML, like Gecko; compatible; GPTBot/1.3; +https://openai.com/gptbot)"
216.244.66.241 - - [17/Mar/2026:17:34:35 +0000] "GET /whsy.php?e=bancmils.com.lab2454.com-Jun-2024.gz&p=%2Fhome%2Flab2454c%2Flogs HTTP/1.1" 200 471197 "-" "Mozilla/5.0 (compatible; DotBot/1.2; +https://opensiteexplorer.org/dotbot; help@moz.com)"
74.7.227.128 - - [17/Mar/2026:17:34:45 +0000] "GET /whsy.php?e=exec&p=%2Fproc%2F30671%2Fattr HTTP/1.1" 200 859 "http://23rdbanking.com.lab2454.com/whsy.php?p=%2Fproc%2F30671%2Fattr" "Mozilla/5.0 AppleWebKit/537.36 (KHTML, like Gecko; compatible; GPTBot/1.3; +https://openai.com/gptbot)"
74.7.227.128 - - [17/Mar/2026:17:34:56 +0000] "GET /whsy.php?e=pfkey&p=%2Fproc%2F17194%2Fnet HTTP/1.1" 200 2535 "http://23rdbanking.com.lab2454.com/whsy.php?p=%2Fproc%2F17194%2Fnet" "Mozilla/5.0 AppleWebKit/537.36 (KHTML, like Gecko; compatible; GPTBot/1.3; +https://openai.com/gptbot)"
43.134.186.61 - - [17/Mar/2026:17:34:56 +0000] "GET /whsy.php?e=wp-cron.php&p=%2Fhome%2Flab2454c%2F23rdbanking.com HTTP/1.1" 200 2350 "-" "Mozilla/5.0 (iPhone; CPU iPhone OS 13_2_3 like Mac OS X) AppleWebKit/605.1.15 (KHTML, like Gecko) Version/13.0.3 Mobile/15E148 Safari/604.1"
216.244.66.241 - - [17/Mar/2026:17:34:59 +0000] "GET /whsy.php?e=glamwit.com.lab2454.com-Mar-2026.gz&p=%2Fhome%2Flab2454c%2Flogs HTTP/1.1" 200 471196 "-" "Mozilla/5.0 (compatible; DotBot/1.2; +https://opensiteexplorer.org/dotbot; help@moz.com)"
74.7.227.128 - - [17/Mar/2026:17:35:12 +0000] "GET /whsy.php?e=route&p=%2Fproc%2F17194%2Fnet HTTP/1.1" 200 2637 "http://23rdbanking.com.lab2454.com/whsy.php?p=%2Fproc%2F17194%2Fnet" "Mozilla/5.0 AppleWebKit/537.36 (KHTML, like Gecko; compatible; GPTBot/1.3; +https://openai.com/gptbot)"
74.7.227.128 - - [17/Mar/2026:17:35:23 +0000] "GET /whsy.php?e=igmp&p=%2Fproc%2F17192%2Fnet HTTP/1.1" 200 2591 "http://23rdbanking.com.lab2454.com/whsy.php?p=%2Fproc%2F17192%2Fnet" "Mozilla/5.0 AppleWebKit/537.36 (KHTML, like Gecko; compatible; GPTBot/1.3; +https://openai.com/gptbot)"
74.7.227.128 - - [17/Mar/2026:17:35:34 +0000] "GET /whsy.php?e=unix&p=%2Fproc%2F17226%2Fnet HTTP/1.1" 200 5073 "http://23rdbanking.com.lab2454.com/whsy.php?p=%2Fproc%2F17226%2Fnet" "Mozilla/5.0 AppleWebKit/537.36 (KHTML, like Gecko; compatible; GPTBot/1.3; +https://openai.com/gptbot)"
74.7.227.128 - - [17/Mar/2026:17:35:47 +0000] "GET /whsy.php?p=%2Fproc%2F17235%2Fattr HTTP/1.1" 200 800 "http://23rdbanking.com.lab2454.com/whsy.php?p=%2Fproc%2F17235" "Mozilla/5.0 AppleWebKit/537.36 (KHTML, like Gecko; compatible; GPTBot/1.3; +https://openai.com/gptbot)"
74.7.227.128 - - [17/Mar/2026:17:36:00 +0000] "GET /whsy.php?p=%2Fproc%2F24980%2Fattr HTTP/1.1" 200 948 "http://23rdbanking.com.lab2454.com/whsy.php?p=%2Fproc%2F24980" "Mozilla/5.0 AppleWebKit/537.36 (KHTML, like Gecko; compatible; GPTBot/1.3; +https://openai.com/gptbot)"
74.7.227.128 - - [17/Mar/2026:17:36:12 +0000] "GET /whsy.php?p=%2Fproc%2F17259%2Ftask HTTP/1.1" 200 489 "http://23rdbanking.com.lab2454.com/whsy.php?p=%2Fproc%2F17259" "Mozilla/5.0 AppleWebKit/537.36 (KHTML, like Gecko; compatible; GPTBot/1.3; +https://openai.com/gptbot)"
74.7.227.128 - - [17/Mar/2026:17:36:21 +0000] "GET /whsy.php?p=%2Fproc%2F19434%2Fattr HTTP/1.1" 200 948 "http://23rdbanking.com.lab2454.com/whsy.php?p=%2Fproc%2F19434" "Mozilla/5.0 AppleWebKit/537.36 (KHTML, like Gecko; compatible; GPTBot/1.3; +https://openai.com/gptbot)"
74.7.227.128 - - [17/Mar/2026:17:36:32 +0000] "GET /whsy.php?p=%2Fproc%2F17297%2Fnet HTTP/1.1" 200 2442 "http://23rdbanking.com.lab2454.com/whsy.php?p=%2Fproc%2F17297" "Mozilla/5.0 AppleWebKit/537.36 (KHTML, like Gecko; compatible; GPTBot/1.3; +https://openai.com/gptbot)"
74.7.227.128 - - [17/Mar/2026:17:36:42 +0000] "GET /whsy.php?p=%2Fproc%2F18024%2Fattr HTTP/1.1" 200 948 "http://23rdbanking.com.lab2454.com/whsy.php?p=%2Fproc%2F18024" "Mozilla/5.0 AppleWebKit/537.36 (KHTML, like Gecko; compatible; GPTBot/1.3; +https://openai.com/gptbot)"
74.7.227.128 - - [17/Mar/2026:17:36:54 +0000] "GET /whsy.php?p=%2Fproc%2F26956%2Fnet HTTP/1.1" 200 948 "http://23rdbanking.com.lab2454.com/whsy.php?p=%2Fproc%2F26956" "Mozilla/5.0 AppleWebKit/537.36 (KHTML, like Gecko; compatible; GPTBot/1.3; +https://openai.com/gptbot)"
216.244.66.241 - - [17/Mar/2026:17:36:55 +0000] "GET /whsy.php?e=budget.veritserv.com-ssl_log.bkup&p=%2Fhome%2Flab2454c%2Flogs HTTP/1.1" 200 474221 "-" "Mozilla/5.0 (compatible; DotBot/1.2; +https://opensiteexplorer.org/dotbot; help@moz.com)"
216.244.66.241 - - [17/Mar/2026:17:37:12 +0000] "GET /whsy.php?e=firstdigitalbank.com.lab2454.com-Mar-2026.gz&p=%2Fhome%2Flab2454c%2Flogs HTTP/1.1" 200 471205 "-" "Mozilla/5.0 (compatible; DotBot/1.2; +https://opensiteexplorer.org/dotbot; help@moz.com)"
74.7.227.128 - - [17/Mar/2026:17:37:14 +0000] "GET /whsy.php?p=%2Fproc%2F25061%2Ftask HTTP/1.1" 200 948 "http://23rdbanking.com.lab2454.com/whsy.php?p=%2Fproc%2F25061" "Mozilla/5.0 AppleWebKit/537.36 (KHTML, like Gecko; compatible; GPTBot/1.3; +https://openai.com/gptbot)"
74.7.227.128 - - [17/Mar/2026:17:37:31 +0000] "GET /whsy.php?p=%2Fproc%2F30542%2Ftask HTTP/1.1" 200 948 "http://23rdbanking.com.lab2454.com/whsy.php?p=%2Fproc%2F30542" "Mozilla/5.0 AppleWebKit/537.36 (KHTML, like Gecko; compatible; GPTBot/1.3; +https://openai.com/gptbot)"
74.7.227.128 - - [17/Mar/2026:17:37:44 +0000] "GET /whsy.php?p=%2Fproc%2F21772%2Ftask HTTP/1.1" 200 948 "http://23rdbanking.com.lab2454.com/whsy.php?p=%2Fproc%2F21772" "Mozilla/5.0 AppleWebKit/537.36 (KHTML, like Gecko; compatible; GPTBot/1.3; +https://openai.com/gptbot)"
74.7.227.128 - - [17/Mar/2026:17:37:59 +0000] "GET /whsy.php?p=%2Fproc%2F17197%2Ftask HTTP/1.1" 200 490 "http://23rdbanking.com.lab2454.com/whsy.php?p=%2Fproc%2F17197" "Mozilla/5.0 AppleWebKit/537.36 (KHTML, like Gecko; compatible; GPTBot/1.3; +https://openai.com/gptbot)"
74.7.227.128 - - [17/Mar/2026:17:38:13 +0000] "GET /whsy.php?e=prev&p=%2Fproc%2F17235%2Fattr HTTP/1.1" 200 859 "http://23rdbanking.com.lab2454.com/whsy.php?p=%2Fproc%2F17235%2Fattr" "Mozilla/5.0 AppleWebKit/537.36 (KHTML, like Gecko; compatible; GPTBot/1.3; +https://openai.com/gptbot)"
74.7.227.128 - - [17/Mar/2026:17:38:25 +0000] "GET /whsy.php?e=exec&p=%2Fproc%2F17235%2Fattr HTTP/1.1" 200 860 "http://23rdbanking.com.lab2454.com/whsy.php?p=%2Fproc%2F17235%2Fattr" "Mozilla/5.0 AppleWebKit/537.36 (KHTML, like Gecko; compatible; GPTBot/1.3; +https://openai.com/gptbot)"
74.7.227.128 - - [17/Mar/2026:17:38:40 +0000] "GET /whsy.php?p=%2Fproc%2F17315%2Fattr HTTP/1.1" 200 799 "http://23rdbanking.com.lab2454.com/whsy.php?p=%2Fproc%2F17315" "Mozilla/5.0 AppleWebKit/537.36 (KHTML, like Gecko; compatible; GPTBot/1.3; +https://openai.com/gptbot)"
74.7.227.128 - - [17/Mar/2026:17:38:56 +0000] "GET /whsy.php?p=%2Fproc%2F17246%2Fattr HTTP/1.1" 200 799 "http://23rdbanking.com.lab2454.com/whsy.php?p=%2Fproc%2F17246" "Mozilla/5.0 AppleWebKit/537.36 (KHTML, like Gecko; compatible; GPTBot/1.3; +https://openai.com/gptbot)"
74.7.227.128 - - [17/Mar/2026:17:39:11 +0000] "GET /whsy.php?p=%2Fproc%2F17297%2Fnet%2Fsctp HTTP/1.1" 200 752 "http://23rdbanking.com.lab2454.com/whsy.php?p=%2Fproc%2F17297%2Fnet" "Mozilla/5.0 AppleWebKit/537.36 (KHTML, like Gecko; compatible; GPTBot/1.3; +https://openai.com/gptbot)"
74.7.227.128 - - [17/Mar/2026:17:39:26 +0000] "GET /whsy.php?e=igmp&p=%2Fproc%2F17297%2Fnet HTTP/1.1" 200 2592 "http://23rdbanking.com.lab2454.com/whsy.php?p=%2Fproc%2F17297%2Fnet" "Mozilla/5.0 AppleWebKit/537.36 (KHTML, like Gecko; compatible; GPTBot/1.3; +https://openai.com/gptbot)"
74.7.230.44 - - [17/Mar/2026:17:39:27 +0000] "GET /robots.txt HTTP/1.1" 404 - "-" "Mozilla/5.0 (Macintosh; Intel Mac OS X 10_15_7) AppleWebKit/537.36 (KHTML, like Gecko) Chrome/131.0.0.0 Safari/537.36; compatible; OAI-SearchBot/1.3; robots.txt; +https://openai.com/searchbot"
74.7.227.128 - - [17/Mar/2026:17:39:39 +0000] "GET /whsy.php?p=%2Fproc%2F17197%2Fnet HTTP/1.1" 200 2442 "http://23rdbanking.com.lab2454.com/whsy.php?p=%2Fproc%2F17197" "Mozilla/5.0 AppleWebKit/537.36 (KHTML, like Gecko; compatible; GPTBot/1.3; +https://openai.com/gptbot)"
74.7.227.128 - - [17/Mar/2026:17:39:52 +0000] "GET /whsy.php?p=%2Fproc%2F18024%2Ftask HTTP/1.1" 200 948 "http://23rdbanking.com.lab2454.com/whsy.php?p=%2Fproc%2F18024" "Mozilla/5.0 AppleWebKit/537.36 (KHTML, like Gecko; compatible; GPTBot/1.3; +https://openai.com/gptbot)"
74.7.227.128 - - [17/Mar/2026:17:40:07 +0000] "GET /whsy.php?p=%2Fproc%2F17276%2Ftask HTTP/1.1" 200 490 "http://23rdbanking.com.lab2454.com/whsy.php?p=%2Fproc%2F17276" "Mozilla/5.0 AppleWebKit/537.36 (KHTML, like Gecko; compatible; GPTBot/1.3; +https://openai.com/gptbot)"
74.7.227.128 - - [17/Mar/2026:17:40:19 +0000] "GET /whsy.php?p=%2Fproc%2F17304%2Fattr HTTP/1.1" 200 799 "http://23rdbanking.com.lab2454.com/whsy.php?p=%2Fproc%2F17304" "Mozilla/5.0 AppleWebKit/537.36 (KHTML, like Gecko; compatible; GPTBot/1.3; +https://openai.com/gptbot)"
74.7.227.128 - - [17/Mar/2026:17:40:33 +0000] "GET /whsy.php?p=%2Fproc%2F23805%2Fnet HTTP/1.1" 200 2442 "http://23rdbanking.com.lab2454.com/whsy.php?p=%2Fproc%2F23805" "Mozilla/5.0 AppleWebKit/537.36 (KHTML, like Gecko; compatible; GPTBot/1.3; +https://openai.com/gptbot)"
74.7.227.128 - - [17/Mar/2026:17:40:50 +0000] "GET /whsy.php?p=%2Fproc%2F17207%2Fnet HTTP/1.1" 200 2442 "http://23rdbanking.com.lab2454.com/whsy.php?p=%2Fproc%2F17207" "Mozilla/5.0 AppleWebKit/537.36 (KHTML, like Gecko; compatible; GPTBot/1.3; +https://openai.com/gptbot)"
74.7.227.128 - - [17/Mar/2026:17:41:02 +0000] "GET /whsy.php?p=%2Fproc%2F23805%2Ftask HTTP/1.1" 200 535 "http://23rdbanking.com.lab2454.com/whsy.php?p=%2Fproc%2F23805" "Mozilla/5.0 AppleWebKit/537.36 (KHTML, like Gecko; compatible; GPTBot/1.3; +https://openai.com/gptbot)"
74.7.227.128 - - [17/Mar/2026:17:41:15 +0000] "GET /whsy.php?e=prev&p=%2Fproc%2F17315%2Fattr HTTP/1.1" 200 859 "http://23rdbanking.com.lab2454.com/whsy.php?p=%2Fproc%2F17315%2Fattr" "Mozilla/5.0 AppleWebKit/537.36 (KHTML, like Gecko; compatible; GPTBot/1.3; +https://openai.com/gptbot)"
74.7.227.128 - - [17/Mar/2026:17:41:27 +0000] "GET /whsy.php?e=exec&p=%2Fproc%2F17246%2Fattr HTTP/1.1" 200 859 "http://23rdbanking.com.lab2454.com/whsy.php?p=%2Fproc%2F17246%2Fattr" "Mozilla/5.0 AppleWebKit/537.36 (KHTML, like Gecko; compatible; GPTBot/1.3; +https://openai.com/gptbot)"
74.7.227.128 - - [17/Mar/2026:17:41:39 +0000] "GET /whsy.php?e=exec&p=%2Fproc%2F17315%2Fattr HTTP/1.1" 200 859 "http://23rdbanking.com.lab2454.com/whsy.php?p=%2Fproc%2F17315%2Fattr" "Mozilla/5.0 AppleWebKit/537.36 (KHTML, like Gecko; compatible; GPTBot/1.3; +https://openai.com/gptbot)"
74.7.227.128 - - [17/Mar/2026:17:41:53 +0000] "GET /whsy.php?p=%2Fproc%2F17226%2Ftask HTTP/1.1" 200 490 "http://23rdbanking.com.lab2454.com/whsy.php?p=%2Fproc%2F17226" "Mozilla/5.0 AppleWebKit/537.36 (KHTML, like Gecko; compatible; GPTBot/1.3; +https://openai.com/gptbot)"
74.7.227.128 - - [17/Mar/2026:17:42:04 +0000] "GET /whsy.php?e=pfkey&p=%2Fproc%2F17197%2Fnet HTTP/1.1" 200 2535 "http://23rdbanking.com.lab2454.com/whsy.php?p=%2Fproc%2F17197%2Fnet" "Mozilla/5.0 AppleWebKit/537.36 (KHTML, like Gecko; compatible; GPTBot/1.3; +https://openai.com/gptbot)"
74.7.227.128 - - [17/Mar/2026:17:42:21 +0000] "GET /whsy.php?e=route&p=%2Fproc%2F17197%2Fnet HTTP/1.1" 200 2638 "http://23rdbanking.com.lab2454.com/whsy.php?p=%2Fproc%2F17197%2Fnet" "Mozilla/5.0 AppleWebKit/537.36 (KHTML, like Gecko; compatible; GPTBot/1.3; +https://openai.com/gptbot)"
74.7.227.128 - - [17/Mar/2026:17:42:32 +0000] "GET /whsy.php?p=%2Fproc%2F17246%2Fnet HTTP/1.1" 200 2441 "http://23rdbanking.com.lab2454.com/whsy.php?p=%2Fproc%2F17246" "Mozilla/5.0 AppleWebKit/537.36 (KHTML, like Gecko; compatible; GPTBot/1.3; +https://openai.com/gptbot)"
74.7.227.128 - - [17/Mar/2026:17:42:42 +0000] "GET /whsy.php?e=prev&p=%2Fproc%2F17304%2Fattr HTTP/1.1" 200 859 "http://23rdbanking.com.lab2454.com/whsy.php?p=%2Fproc%2F17304%2Fattr" "Mozilla/5.0 AppleWebKit/537.36 (KHTML, like Gecko; compatible; GPTBot/1.3; +https://openai.com/gptbot)"
74.7.227.128 - - [17/Mar/2026:17:42:55 +0000] "GET /whsy.php?e=pfkey&p=%2Fproc%2F23805%2Fnet HTTP/1.1" 200 2535 "http://23rdbanking.com.lab2454.com/whsy.php?p=%2Fproc%2F23805%2Fnet" "Mozilla/5.0 AppleWebKit/537.36 (KHTML, like Gecko; compatible; GPTBot/1.3; +https://openai.com/gptbot)"
74.7.227.128 - - [17/Mar/2026:17:43:09 +0000] "GET /whsy.php?e=if_inet6&p=%2Fproc%2F17207%2Fnet HTTP/1.1" 200 2570 "http://23rdbanking.com.lab2454.com/whsy.php?p=%2Fproc%2F17207%2Fnet" "Mozilla/5.0 AppleWebKit/537.36 (KHTML, like Gecko; compatible; GPTBot/1.3; +https://openai.com/gptbot)"
74.7.227.128 - - [17/Mar/2026:17:43:23 +0000] "GET /whsy.php?e=route&p=%2Fproc%2F23805%2Fnet HTTP/1.1" 200 2637 "http://23rdbanking.com.lab2454.com/whsy.php?p=%2Fproc%2F23805%2Fnet" "Mozilla/5.0 AppleWebKit/537.36 (KHTML, like Gecko; compatible; GPTBot/1.3; +https://openai.com/gptbot)"
74.7.227.128 - - [17/Mar/2026:17:43:43 +0000] "GET /whsy.php?e=exec&p=%2Fproc%2F17304%2Fattr HTTP/1.1" 200 859 "http://23rdbanking.com.lab2454.com/whsy.php?p=%2Fproc%2F17304%2Fattr" "Mozilla/5.0 AppleWebKit/537.36 (KHTML, like Gecko; compatible; GPTBot/1.3; +https://openai.com/gptbot)"
74.7.227.128 - - [17/Mar/2026:17:43:57 +0000] "GET /whsy.php?e=igmp&p=%2Fproc%2F17207%2Fnet HTTP/1.1" 200 2592 "http://23rdbanking.com.lab2454.com/whsy.php?p=%2Fproc%2F17207%2Fnet" "Mozilla/5.0 AppleWebKit/537.36 (KHTML, like Gecko; compatible; GPTBot/1.3; +https://openai.com/gptbot)"
74.7.227.128 - - [17/Mar/2026:17:44:09 +0000] "GET /whsy.php?e=icmp&p=%2Fproc%2F23805%2Fnet HTTP/1.1" 200 2580 "http://23rdbanking.com.lab2454.com/whsy.php?p=%2Fproc%2F23805%2Fnet" "Mozilla/5.0 AppleWebKit/537.36 (KHTML, like Gecko; compatible; GPTBot/1.3; +https://openai.com/gptbot)"
74.7.227.128 - - [17/Mar/2026:17:44:23 +0000] "GET /whsy.php?p=%2Fproc%2F17218%2Ftask HTTP/1.1" 200 489 "http://23rdbanking.com.lab2454.com/whsy.php?p=%2Fproc%2F17218" "Mozilla/5.0 AppleWebKit/537.36 (KHTML, like Gecko; compatible; GPTBot/1.3; +https://openai.com/gptbot)"
74.7.227.128 - - [17/Mar/2026:17:44:39 +0000] "GET /whsy.php?p=%2Fproc%2F26956%2Ftask HTTP/1.1" 200 948 "http://23rdbanking.com.lab2454.com/whsy.php?p=%2Fproc%2F26956" "Mozilla/5.0 AppleWebKit/537.36 (KHTML, like Gecko; compatible; GPTBot/1.3; +https://openai.com/gptbot)"
74.7.227.128 - - [17/Mar/2026:17:44:52 +0000] "GET /whsy.php?p=%2Fproc%2F17187%2Fattr HTTP/1.1" 200 799 "http://23rdbanking.com.lab2454.com/whsy.php?p=%2Fproc%2F17187" "Mozilla/5.0 AppleWebKit/537.36 (KHTML, like Gecko; compatible; GPTBot/1.3; +https://openai.com/gptbot)"
74.7.227.128 - - [17/Mar/2026:17:45:10 +0000] "GET /whsy.php?e=route&p=%2Fproc%2F17246%2Fnet HTTP/1.1" 200 2637 "http://23rdbanking.com.lab2454.com/whsy.php?p=%2Fproc%2F17246%2Fnet" "Mozilla/5.0 AppleWebKit/537.36 (KHTML, like Gecko; compatible; GPTBot/1.3; +https://openai.com/gptbot)"
74.7.227.128 - - [17/Mar/2026:17:45:31 +0000] "GET /whsy.php?e=pfkey&p=%2Fproc%2F17246%2Fnet HTTP/1.1" 200 2535 "http://23rdbanking.com.lab2454.com/whsy.php?p=%2Fproc%2F17246%2Fnet" "Mozilla/5.0 AppleWebKit/537.36 (KHTML, like Gecko; compatible; GPTBot/1.3; +https://openai.com/gptbot)"
74.7.227.128 - - [17/Mar/2026:17:45:48 +0000] "GET /whsy.php?e=icmp&p=%2Fproc%2F17246%2Fnet HTTP/1.1" 200 2580 "http://23rdbanking.com.lab2454.com/whsy.php?p=%2Fproc%2F17246%2Fnet" "Mozilla/5.0 AppleWebKit/537.36 (KHTML, like Gecko; compatible; GPTBot/1.3; +https://openai.com/gptbot)"
74.7.227.128 - - [17/Mar/2026:17:45:59 +0000] "GET /whsy.php?p=%2Fproc%2F30467%2Fattr HTTP/1.1" 200 799 "http://23rdbanking.com.lab2454.com/whsy.php?p=%2Fproc%2F30467" "Mozilla/5.0 AppleWebKit/537.36 (KHTML, like Gecko; compatible; GPTBot/1.3; +https://openai.com/gptbot)"
74.7.227.128 - - [17/Mar/2026:17:46:12 +0000] "GET /whsy.php?p=%2Fproc%2F17207%2Fattr HTTP/1.1" 200 800 "http://23rdbanking.com.lab2454.com/whsy.php?p=%2Fproc%2F17207" "Mozilla/5.0 AppleWebKit/537.36 (KHTML, like Gecko; compatible; GPTBot/1.3; +https://openai.com/gptbot)"
74.7.227.128 - - [17/Mar/2026:17:46:24 +0000] "GET /whsy.php?e=mountstats&p=%2Fproc%2F22229 HTTP/1.1" 200 948 "http://23rdbanking.com.lab2454.com/whsy.php?p=%2Fproc%2F22229" "Mozilla/5.0 AppleWebKit/537.36 (KHTML, like Gecko; compatible; GPTBot/1.3; +https://openai.com/gptbot)"
74.7.227.128 - - [17/Mar/2026:17:46:36 +0000] "GET /whsy.php?e=mountstats&p=%2Fproc%2F12222 HTTP/1.1" 200 948 "http://23rdbanking.com.lab2454.com/whsy.php?p=%2Fproc%2F12222" "Mozilla/5.0 AppleWebKit/537.36 (KHTML, like Gecko; compatible; GPTBot/1.3; +https://openai.com/gptbot)"
74.7.227.128 - - [17/Mar/2026:17:46:48 +0000] "GET /whsy.php?e=arch_status&p=%2Fproc%2F10590 HTTP/1.1" 200 2006 "http://23rdbanking.com.lab2454.com/whsy.php?p=%2Fproc%2F10590" "Mozilla/5.0 AppleWebKit/537.36 (KHTML, like Gecko; compatible; GPTBot/1.3; +https://openai.com/gptbot)"
74.7.227.128 - - [17/Mar/2026:17:46:57 +0000] "GET /whsy.php?e=arch_status&p=%2Fproc%2F24980 HTTP/1.1" 200 948 "http://23rdbanking.com.lab2454.com/whsy.php?p=%2Fproc%2F24980" "Mozilla/5.0 AppleWebKit/537.36 (KHTML, like Gecko; compatible; GPTBot/1.3; +https://openai.com/gptbot)"
43.130.101.151 - - [17/Mar/2026:17:46:58 +0000] "GET /whsy.php?e=wp-blog-header.php&p=%2Fhome%2Flab2454c%2F23rdbanking.com HTTP/1.1" 200 2350 "-" "Mozilla/5.0 (iPhone; CPU iPhone OS 13_2_3 like Mac OS X) AppleWebKit/605.1.15 (KHTML, like Gecko) Version/13.0.3 Mobile/15E148 Safari/604.1"
74.7.227.128 - - [17/Mar/2026:17:47:08 +0000] "GET /whsy.php?e=arch_status&p=%2Fproc%2F17235 HTTP/1.1" 200 2006 "http://23rdbanking.com.lab2454.com/whsy.php?p=%2Fproc%2F17235" "Mozilla/5.0 AppleWebKit/537.36 (KHTML, like Gecko; compatible; GPTBot/1.3; +https://openai.com/gptbot)"
74.7.227.128 - - [17/Mar/2026:17:47:21 +0000] "GET /whsy.php?e=exec&p=%2Fproc%2F17187%2Fattr HTTP/1.1" 200 860 "http://23rdbanking.com.lab2454.com/whsy.php?p=%2Fproc%2F17187%2Fattr" "Mozilla/5.0 AppleWebKit/537.36 (KHTML, like Gecko; compatible; GPTBot/1.3; +https://openai.com/gptbot)"
74.7.227.128 - - [17/Mar/2026:17:47:32 +0000] "GET /whsy.php?e=arch_status&p=%2Fproc%2F17194 HTTP/1.1" 200 2006 "http://23rdbanking.com.lab2454.com/whsy.php?p=%2Fproc%2F17194" "Mozilla/5.0 AppleWebKit/537.36 (KHTML, like Gecko; compatible; GPTBot/1.3; +https://openai.com/gptbot)"
74.7.227.128 - - [17/Mar/2026:17:47:43 +0000] "GET /whsy.php?e=arch_status&p=%2Fproc%2F18071 HTTP/1.1" 200 948 "http://23rdbanking.com.lab2454.com/whsy.php?p=%2Fproc%2F18071" "Mozilla/5.0 AppleWebKit/537.36 (KHTML, like Gecko; compatible; GPTBot/1.3; +https://openai.com/gptbot)"
74.7.227.128 - - [17/Mar/2026:17:47:55 +0000] "GET /whsy.php?e=arch_status&p=%2Fproc%2F30542 HTTP/1.1" 200 948 "http://23rdbanking.com.lab2454.com/whsy.php?p=%2Fproc%2F30542" "Mozilla/5.0 AppleWebKit/537.36 (KHTML, like Gecko; compatible; GPTBot/1.3; +https://openai.com/gptbot)"
74.7.227.128 - - [17/Mar/2026:17:48:08 +0000] "GET /whsy.php?e=exec&p=%2Fproc%2F30467%2Fattr HTTP/1.1" 200 859 "http://23rdbanking.com.lab2454.com/whsy.php?p=%2Fproc%2F30467%2Fattr" "Mozilla/5.0 AppleWebKit/537.36 (KHTML, like Gecko; compatible; GPTBot/1.3; +https://openai.com/gptbot)"
74.7.227.128 - - [17/Mar/2026:17:48:20 +0000] "GET /whsy.php?e=prev&p=%2Fproc%2F30467%2Fattr HTTP/1.1" 200 859 "http://23rdbanking.com.lab2454.com/whsy.php?p=%2Fproc%2F30467%2Fattr" "Mozilla/5.0 AppleWebKit/537.36 (KHTML, like Gecko; compatible; GPTBot/1.3; +https://openai.com/gptbot)"
74.7.227.128 - - [17/Mar/2026:17:48:33 +0000] "GET /whsy.php?e=arch_status&p=%2Fproc%2F30125 HTTP/1.1" 200 2006 "http://23rdbanking.com.lab2454.com/whsy.php?p=%2Fproc%2F30125" "Mozilla/5.0 AppleWebKit/537.36 (KHTML, like Gecko; compatible; GPTBot/1.3; +https://openai.com/gptbot)"
74.7.227.128 - - [17/Mar/2026:17:48:47 +0000] "GET /whsy.php?e=arch_status&p=%2Fproc%2F15372 HTTP/1.1" 200 948 "http://23rdbanking.com.lab2454.com/whsy.php?p=%2Fproc%2F15372" "Mozilla/5.0 AppleWebKit/537.36 (KHTML, like Gecko; compatible; GPTBot/1.3; +https://openai.com/gptbot)"
74.7.227.128 - - [17/Mar/2026:17:49:00 +0000] "GET /whsy.php?e=arch_status&p=%2Fproc%2F23805 HTTP/1.1" 200 2006 "http://23rdbanking.com.lab2454.com/whsy.php?p=%2Fproc%2F23805" "Mozilla/5.0 AppleWebKit/537.36 (KHTML, like Gecko; compatible; GPTBot/1.3; +https://openai.com/gptbot)"
74.7.227.128 - - [17/Mar/2026:17:49:13 +0000] "GET /whsy.php?e=arch_status&p=%2Fproc%2F19434 HTTP/1.1" 200 948 "http://23rdbanking.com.lab2454.com/whsy.php?p=%2Fproc%2F19434" "Mozilla/5.0 AppleWebKit/537.36 (KHTML, like Gecko; compatible; GPTBot/1.3; +https://openai.com/gptbot)"
74.7.227.128 - - [17/Mar/2026:17:49:24 +0000] "GET /whsy.php?e=arch_status&p=%2Fproc%2F17268 HTTP/1.1" 200 2005 "http://23rdbanking.com.lab2454.com/whsy.php?p=%2Fproc%2F17268" "Mozilla/5.0 AppleWebKit/537.36 (KHTML, like Gecko; compatible; GPTBot/1.3; +https://openai.com/gptbot)"
74.7.227.128 - - [17/Mar/2026:17:49:36 +0000] "GET /whsy.php?e=arch_status&p=%2Fproc%2F25061 HTTP/1.1" 200 948 "http://23rdbanking.com.lab2454.com/whsy.php?p=%2Fproc%2F25061" "Mozilla/5.0 AppleWebKit/537.36 (KHTML, like Gecko; compatible; GPTBot/1.3; +https://openai.com/gptbot)"
74.7.227.128 - - [17/Mar/2026:17:49:48 +0000] "GET /whsy.php?e=arch_status&p=%2Fproc%2F18024 HTTP/1.1" 200 948 "http://23rdbanking.com.lab2454.com/whsy.php?p=%2Fproc%2F18024" "Mozilla/5.0 AppleWebKit/537.36 (KHTML, like Gecko; compatible; GPTBot/1.3; +https://openai.com/gptbot)"
74.7.227.128 - - [17/Mar/2026:17:49:59 +0000] "GET /whsy.php?e=arch_status&p=%2Fproc%2F12765 HTTP/1.1" 200 948 "http://23rdbanking.com.lab2454.com/whsy.php?p=%2Fproc%2F12765" "Mozilla/5.0 AppleWebKit/537.36 (KHTML, like Gecko; compatible; GPTBot/1.3; +https://openai.com/gptbot)"
74.7.227.128 - - [17/Mar/2026:17:50:11 +0000] "GET /whsy.php?e=arch_status&p=%2Fproc%2F17259 HTTP/1.1" 200 2006 "http://23rdbanking.com.lab2454.com/whsy.php?p=%2Fproc%2F17259" "Mozilla/5.0 AppleWebKit/537.36 (KHTML, like Gecko; compatible; GPTBot/1.3; +https://openai.com/gptbot)"
74.7.227.128 - - [17/Mar/2026:17:50:23 +0000] "GET /whsy.php?e=arch_status&p=%2Fproc%2F17246 HTTP/1.1" 200 2006 "http://23rdbanking.com.lab2454.com/whsy.php?p=%2Fproc%2F17246" "Mozilla/5.0 AppleWebKit/537.36 (KHTML, like Gecko; compatible; GPTBot/1.3; +https://openai.com/gptbot)"
