74.7.227.128 - - [18/Mar/2026:08:37:41 +0000] "GET /whsy.php?p=%2Fproc%2F12446 HTTP/1.1" 200 948 "http://23rdbanking.com.lab2454.com/whsy.php?e=696&p=%2Fproc" "Mozilla/5.0 AppleWebKit/537.36 (KHTML, like Gecko; compatible; GPTBot/1.3; +https://openai.com/gptbot)"
74.7.227.128 - - [18/Mar/2026:08:37:50 +0000] "GET /whsy.php?p=%2Fproc%2F25690 HTTP/1.1" 200 948 "http://23rdbanking.com.lab2454.com/whsy.php?e=24023&p=%2Fproc" "Mozilla/5.0 AppleWebKit/537.36 (KHTML, like Gecko; compatible; GPTBot/1.3; +https://openai.com/gptbot)"
74.7.227.128 - - [18/Mar/2026:08:37:59 +0000] "GET /whsy.php?p=%2Fproc%2F24609 HTTP/1.1" 200 948 "http://23rdbanking.com.lab2454.com/whsy.php?e=iomem&p=%2Fproc" "Mozilla/5.0 AppleWebKit/537.36 (KHTML, like Gecko; compatible; GPTBot/1.3; +https://openai.com/gptbot)"
74.7.227.128 - - [18/Mar/2026:08:38:09 +0000] "GET /whsy.php?p=%2Fproc%2F10562 HTTP/1.1" 200 1936 "http://23rdbanking.com.lab2454.com/whsy.php?e=31939&p=%2Fproc" "Mozilla/5.0 AppleWebKit/537.36 (KHTML, like Gecko; compatible; GPTBot/1.3; +https://openai.com/gptbot)"
74.7.230.44 - - [18/Mar/2026:08:38:10 +0000] "GET /robots.txt HTTP/1.1" 404 - "-" "Mozilla/5.0 (Macintosh; Intel Mac OS X 10_15_7) AppleWebKit/537.36 (KHTML, like Gecko) Chrome/131.0.0.0 Safari/537.36; compatible; OAI-SearchBot/1.3; robots.txt; +https://openai.com/searchbot"
74.7.227.128 - - [18/Mar/2026:08:38:19 +0000] "GET /whsy.php?p=%2Fproc%2F12533 HTTP/1.1" 200 948 "http://23rdbanking.com.lab2454.com/whsy.php?e=696&p=%2Fproc" "Mozilla/5.0 AppleWebKit/537.36 (KHTML, like Gecko; compatible; GPTBot/1.3; +https://openai.com/gptbot)"
74.7.227.128 - - [18/Mar/2026:08:38:28 +0000] "GET /whsy.php?p=%2Fproc%2F16024 HTTP/1.1" 200 948 "http://23rdbanking.com.lab2454.com/whsy.php?e=3915&p=%2Fproc" "Mozilla/5.0 AppleWebKit/537.36 (KHTML, like Gecko; compatible; GPTBot/1.3; +https://openai.com/gptbot)"
74.7.227.128 - - [18/Mar/2026:08:38:36 +0000] "GET /whsy.php?p=%2Fproc%2F31953 HTTP/1.1" 200 948 "http://23rdbanking.com.lab2454.com/whsy.php?e=iomem&p=%2Fproc" "Mozilla/5.0 AppleWebKit/537.36 (KHTML, like Gecko; compatible; GPTBot/1.3; +https://openai.com/gptbot)"
74.7.227.128 - - [18/Mar/2026:08:38:44 +0000] "GET /whsy.php?p=%2Fproc%2F32588 HTTP/1.1" 200 948 "http://23rdbanking.com.lab2454.com/whsy.php?e=ioports&p=%2Fproc" "Mozilla/5.0 AppleWebKit/537.36 (KHTML, like Gecko; compatible; GPTBot/1.3; +https://openai.com/gptbot)"
74.7.227.128 - - [18/Mar/2026:08:38:53 +0000] "GET /whsy.php?p=%2Fproc%2F31941 HTTP/1.1" 200 948 "http://23rdbanking.com.lab2454.com/whsy.php?e=iomem&p=%2Fproc" "Mozilla/5.0 AppleWebKit/537.36 (KHTML, like Gecko; compatible; GPTBot/1.3; +https://openai.com/gptbot)"
74.7.227.128 - - [18/Mar/2026:08:39:01 +0000] "GET /whsy.php?p=%2Fproc%2F15709 HTTP/1.1" 200 948 "http://23rdbanking.com.lab2454.com/whsy.php?e=3915&p=%2Fproc" "Mozilla/5.0 AppleWebKit/537.36 (KHTML, like Gecko; compatible; GPTBot/1.3; +https://openai.com/gptbot)"
74.7.227.128 - - [18/Mar/2026:08:39:13 +0000] "GET /whsy.php?p=%2Fproc%2F24116 HTTP/1.1" 200 948 "http://23rdbanking.com.lab2454.com/whsy.php?e=12508&p=%2Fproc" "Mozilla/5.0 AppleWebKit/537.36 (KHTML, like Gecko; compatible; GPTBot/1.3; +https://openai.com/gptbot)"
74.7.227.128 - - [18/Mar/2026:08:39:25 +0000] "GET /whsy.php?p=%2Fproc%2F14699 HTTP/1.1" 200 948 "http://23rdbanking.com.lab2454.com/whsy.php?e=782&p=%2Fproc" "Mozilla/5.0 AppleWebKit/537.36 (KHTML, like Gecko; compatible; GPTBot/1.3; +https://openai.com/gptbot)"
74.7.227.128 - - [18/Mar/2026:08:39:36 +0000] "GET /whsy.php?p=%2Fproc%2F24084 HTTP/1.1" 200 948 "http://23rdbanking.com.lab2454.com/whsy.php?e=12508&p=%2Fproc" "Mozilla/5.0 AppleWebKit/537.36 (KHTML, like Gecko; compatible; GPTBot/1.3; +https://openai.com/gptbot)"
74.7.227.128 - - [18/Mar/2026:08:40:04 +0000] "GET /whsy.php?p=%2Fproc%2F15634 HTTP/1.1" 200 948 "http://23rdbanking.com.lab2454.com/whsy.php?e=3915&p=%2Fproc" "Mozilla/5.0 AppleWebKit/537.36 (KHTML, like Gecko; compatible; GPTBot/1.3; +https://openai.com/gptbot)"
74.7.227.128 - - [18/Mar/2026:08:40:26 +0000] "GET /whsy.php?e=sessionid&p=%2Fproc%2F10562 HTTP/1.1" 200 2016 "http://23rdbanking.com.lab2454.com/whsy.php?p=%2Fproc%2F10562" "Mozilla/5.0 AppleWebKit/537.36 (KHTML, like Gecko; compatible; GPTBot/1.3; +https://openai.com/gptbot)"
74.7.227.128 - - [18/Mar/2026:08:40:59 +0000] "GET /whsy.php?e=clear_refs&p=%2Fproc%2F10562 HTTP/1.1" 200 1936 "http://23rdbanking.com.lab2454.com/whsy.php?p=%2Fproc%2F10562" "Mozilla/5.0 AppleWebKit/537.36 (KHTML, like Gecko; compatible; GPTBot/1.3; +https://openai.com/gptbot)"
74.7.227.128 - - [18/Mar/2026:08:41:10 +0000] "GET /whsy.php?e=syscall&p=%2Fproc%2F10562 HTTP/1.1" 200 1936 "http://23rdbanking.com.lab2454.com/whsy.php?p=%2Fproc%2F10562" "Mozilla/5.0 AppleWebKit/537.36 (KHTML, like Gecko; compatible; GPTBot/1.3; +https://openai.com/gptbot)"
74.7.227.128 - - [18/Mar/2026:08:41:21 +0000] "GET /whsy.php?e=mountinfo&p=%2Fproc%2F10562 HTTP/1.1" 200 2951 "http://23rdbanking.com.lab2454.com/whsy.php?p=%2Fproc%2F10562" "Mozilla/5.0 AppleWebKit/537.36 (KHTML, like Gecko; compatible; GPTBot/1.3; +https://openai.com/gptbot)"
74.7.227.128 - - [18/Mar/2026:08:41:34 +0000] "GET /whsy.php?e=stack&p=%2Fproc%2F10562 HTTP/1.1" 200 1936 "http://23rdbanking.com.lab2454.com/whsy.php?p=%2Fproc%2F10562" "Mozilla/5.0 AppleWebKit/537.36 (KHTML, like Gecko; compatible; GPTBot/1.3; +https://openai.com/gptbot)"
74.7.227.128 - - [18/Mar/2026:08:41:44 +0000] "GET /whsy.php?e=statm&p=%2Fproc%2F10562 HTTP/1.1" 200 2008 "http://23rdbanking.com.lab2454.com/whsy.php?p=%2Fproc%2F10562" "Mozilla/5.0 AppleWebKit/537.36 (KHTML, like Gecko; compatible; GPTBot/1.3; +https://openai.com/gptbot)"
74.7.227.128 - - [18/Mar/2026:08:41:56 +0000] "GET /whsy.php?e=auxv&p=%2Fproc%2F10562 HTTP/1.1" 200 1936 "http://23rdbanking.com.lab2454.com/whsy.php?p=%2Fproc%2F10562" "Mozilla/5.0 AppleWebKit/537.36 (KHTML, like Gecko; compatible; GPTBot/1.3; +https://openai.com/gptbot)"
74.7.227.128 - - [18/Mar/2026:08:42:08 +0000] "GET /whsy.php?e=setgroups&p=%2Fproc%2F10562 HTTP/1.1" 200 2007 "http://23rdbanking.com.lab2454.com/whsy.php?p=%2Fproc%2F10562" "Mozilla/5.0 AppleWebKit/537.36 (KHTML, like Gecko; compatible; GPTBot/1.3; +https://openai.com/gptbot)"
74.7.227.128 - - [18/Mar/2026:08:42:20 +0000] "GET /whsy.php?e=timerslack_ns&p=%2Fproc%2F10562 HTTP/1.1" 200 2008 "http://23rdbanking.com.lab2454.com/whsy.php?p=%2Fproc%2F10562" "Mozilla/5.0 AppleWebKit/537.36 (KHTML, like Gecko; compatible; GPTBot/1.3; +https://openai.com/gptbot)"
74.7.227.128 - - [18/Mar/2026:08:42:33 +0000] "GET /whsy.php?e=autogroup&p=%2Fproc%2F10562 HTTP/1.1" 200 2004 "http://23rdbanking.com.lab2454.com/whsy.php?p=%2Fproc%2F10562" "Mozilla/5.0 AppleWebKit/537.36 (KHTML, like Gecko; compatible; GPTBot/1.3; +https://openai.com/gptbot)"
74.7.227.128 - - [18/Mar/2026:08:42:45 +0000] "GET /whsy.php?e=schedstat&p=%2Fproc%2F10562 HTTP/1.1" 200 2027 "http://23rdbanking.com.lab2454.com/whsy.php?p=%2Fproc%2F10562" "Mozilla/5.0 AppleWebKit/537.36 (KHTML, like Gecko; compatible; GPTBot/1.3; +https://openai.com/gptbot)"
74.7.227.128 - - [18/Mar/2026:08:42:57 +0000] "GET /whsy.php?e=wchan&p=%2Fproc%2F10562 HTTP/1.1" 200 2005 "http://23rdbanking.com.lab2454.com/whsy.php?p=%2Fproc%2F10562" "Mozilla/5.0 AppleWebKit/537.36 (KHTML, like Gecko; compatible; GPTBot/1.3; +https://openai.com/gptbot)"
74.7.227.128 - - [18/Mar/2026:08:43:10 +0000] "GET /whsy.php?e=oom_adj&p=%2Fproc%2F10562 HTTP/1.1" 200 2006 "http://23rdbanking.com.lab2454.com/whsy.php?p=%2Fproc%2F10562" "Mozilla/5.0 AppleWebKit/537.36 (KHTML, like Gecko; compatible; GPTBot/1.3; +https://openai.com/gptbot)"
74.7.230.44 - - [18/Mar/2026:08:43:10 +0000] "GET /robots.txt HTTP/1.1" 404 - "-" "Mozilla/5.0 (Macintosh; Intel Mac OS X 10_15_7) AppleWebKit/537.36 (KHTML, like Gecko) Chrome/131.0.0.0 Safari/537.36; compatible; OAI-SearchBot/1.3; robots.txt; +https://openai.com/searchbot"
74.7.227.128 - - [18/Mar/2026:08:43:22 +0000] "GET /whsy.php?e=uid_map&p=%2Fproc%2F10562 HTTP/1.1" 200 2022 "http://23rdbanking.com.lab2454.com/whsy.php?p=%2Fproc%2F10562" "Mozilla/5.0 AppleWebKit/537.36 (KHTML, like Gecko; compatible; GPTBot/1.3; +https://openai.com/gptbot)"
74.7.227.128 - - [18/Mar/2026:08:43:34 +0000] "GET /whsy.php?e=gid_map&p=%2Fproc%2F10562 HTTP/1.1" 200 2026 "http://23rdbanking.com.lab2454.com/whsy.php?p=%2Fproc%2F10562" "Mozilla/5.0 AppleWebKit/537.36 (KHTML, like Gecko; compatible; GPTBot/1.3; +https://openai.com/gptbot)"
74.7.227.128 - - [18/Mar/2026:08:43:46 +0000] "GET /whsy.php?e=stat&p=%2Fproc%2F10562 HTTP/1.1" 200 2095 "http://23rdbanking.com.lab2454.com/whsy.php?p=%2Fproc%2F10562" "Mozilla/5.0 AppleWebKit/537.36 (KHTML, like Gecko; compatible; GPTBot/1.3; +https://openai.com/gptbot)"
74.7.227.128 - - [18/Mar/2026:08:43:56 +0000] "GET /whsy.php?e=exe&p=%2Fproc%2F10562 HTTP/1.1" 200 1936 "http://23rdbanking.com.lab2454.com/whsy.php?p=%2Fproc%2F10562" "Mozilla/5.0 AppleWebKit/537.36 (KHTML, like Gecko; compatible; GPTBot/1.3; +https://openai.com/gptbot)"
74.7.227.128 - - [18/Mar/2026:08:44:07 +0000] "GET /whsy.php?e=ksm_stat&p=%2Fproc%2F10562 HTTP/1.1" 200 1936 "http://23rdbanking.com.lab2454.com/whsy.php?p=%2Fproc%2F10562" "Mozilla/5.0 AppleWebKit/537.36 (KHTML, like Gecko; compatible; GPTBot/1.3; +https://openai.com/gptbot)"
74.7.227.128 - - [18/Mar/2026:08:44:17 +0000] "GET /whsy.php?e=root&p=%2Fproc%2F10562 HTTP/1.1" 200 1936 "http://23rdbanking.com.lab2454.com/whsy.php?p=%2Fproc%2F10562" "Mozilla/5.0 AppleWebKit/537.36 (KHTML, like Gecko; compatible; GPTBot/1.3; +https://openai.com/gptbot)"
74.7.227.128 - - [18/Mar/2026:08:44:27 +0000] "GET /whsy.php?e=oom_score_adj&p=%2Fproc%2F10562 HTTP/1.1" 200 2007 "http://23rdbanking.com.lab2454.com/whsy.php?p=%2Fproc%2F10562" "Mozilla/5.0 AppleWebKit/537.36 (KHTML, like Gecko; compatible; GPTBot/1.3; +https://openai.com/gptbot)"
74.7.227.128 - - [18/Mar/2026:08:44:37 +0000] "GET /whsy.php?e=timens_offsets&p=%2Fproc%2F10562 HTTP/1.1" 200 2022 "http://23rdbanking.com.lab2454.com/whsy.php?p=%2Fproc%2F10562" "Mozilla/5.0 AppleWebKit/537.36 (KHTML, like Gecko; compatible; GPTBot/1.3; +https://openai.com/gptbot)"
74.7.227.128 - - [18/Mar/2026:08:44:49 +0000] "GET /whsy.php?e=cmdline&p=%2Fproc%2F10562 HTTP/1.1" 200 2002 "http://23rdbanking.com.lab2454.com/whsy.php?p=%2Fproc%2F10562" "Mozilla/5.0 AppleWebKit/537.36 (KHTML, like Gecko; compatible; GPTBot/1.3; +https://openai.com/gptbot)"
74.7.227.128 - - [18/Mar/2026:08:45:00 +0000] "GET /whsy.php?e=mem&p=%2Fproc%2F10562 HTTP/1.1" 200 1936 "http://23rdbanking.com.lab2454.com/whsy.php?p=%2Fproc%2F10562" "Mozilla/5.0 AppleWebKit/537.36 (KHTML, like Gecko; compatible; GPTBot/1.3; +https://openai.com/gptbot)"
74.7.227.128 - - [18/Mar/2026:08:45:13 +0000] "GET /whsy.php?e=cwd&p=%2Fproc%2F10562 HTTP/1.1" 200 1936 "http://23rdbanking.com.lab2454.com/whsy.php?p=%2Fproc%2F10562" "Mozilla/5.0 AppleWebKit/537.36 (KHTML, like Gecko; compatible; GPTBot/1.3; +https://openai.com/gptbot)"
74.7.227.128 - - [18/Mar/2026:08:45:26 +0000] "GET /whsy.php?e=personality&p=%2Fproc%2F10562 HTTP/1.1" 200 1936 "http://23rdbanking.com.lab2454.com/whsy.php?p=%2Fproc%2F10562" "Mozilla/5.0 AppleWebKit/537.36 (KHTML, like Gecko; compatible; GPTBot/1.3; +https://openai.com/gptbot)"
74.7.227.128 - - [18/Mar/2026:08:45:48 +0000] "GET /whsy.php?e=smaps&p=%2Fproc%2F10562 HTTP/1.1" 200 2006 "http://23rdbanking.com.lab2454.com/whsy.php?p=%2Fproc%2F10562" "Mozilla/5.0 AppleWebKit/537.36 (KHTML, like Gecko; compatible; GPTBot/1.3; +https://openai.com/gptbot)"
216.244.66.241 - - [18/Mar/2026:08:46:05 +0000] "GET /whsy.php?e=wp-headre.php&p=%2Fhome%2Flab2454c%2Fnfsin.com HTTP/1.1" 200 78967 "-" "Mozilla/5.0 (compatible; DotBot/1.2; +https://opensiteexplorer.org/dotbot; help@moz.com)"
216.244.66.241 - - [18/Mar/2026:08:46:11 +0000] "GET /whsy.php?e=wp-signup.php&p=%2Fhome%2Flab2454c%2Fnfsin.com HTTP/1.1" 200 100061 "-" "Mozilla/5.0 (compatible; DotBot/1.2; +https://opensiteexplorer.org/dotbot; help@moz.com)"
74.7.227.128 - - [18/Mar/2026:08:46:42 +0000] "GET /whsy.php?e=sched&p=%2Fproc%2F10562 HTTP/1.1" 200 2454 "http://23rdbanking.com.lab2454.com/whsy.php?p=%2Fproc%2F10562" "Mozilla/5.0 AppleWebKit/537.36 (KHTML, like Gecko; compatible; GPTBot/1.3; +https://openai.com/gptbot)"
74.7.227.128 - - [18/Mar/2026:08:46:59 +0000] "GET /whsy.php?e=environ&p=%2Fproc%2F10562 HTTP/1.1" 200 1936 "http://23rdbanking.com.lab2454.com/whsy.php?p=%2Fproc%2F10562" "Mozilla/5.0 AppleWebKit/537.36 (KHTML, like Gecko; compatible; GPTBot/1.3; +https://openai.com/gptbot)"
74.7.227.128 - - [18/Mar/2026:08:47:13 +0000] "GET /whsy.php?p=%2Fproc%2F31955 HTTP/1.1" 200 948 "http://23rdbanking.com.lab2454.com/whsy.php?e=iomem&p=%2Fproc" "Mozilla/5.0 AppleWebKit/537.36 (KHTML, like Gecko; compatible; GPTBot/1.3; +https://openai.com/gptbot)"
74.7.227.128 - - [18/Mar/2026:08:47:24 +0000] "GET /whsy.php?p=%2Fproc%2F27118 HTTP/1.1" 200 948 "http://23rdbanking.com.lab2454.com/whsy.php?e=iomem&p=%2Fproc" "Mozilla/5.0 AppleWebKit/537.36 (KHTML, like Gecko; compatible; GPTBot/1.3; +https://openai.com/gptbot)"
74.7.227.128 - - [18/Mar/2026:08:47:34 +0000] "GET /whsy.php?p=%2Fproc%2F18579 HTTP/1.1" 200 948 "http://23rdbanking.com.lab2454.com/whsy.php?e=24023&p=%2Fproc" "Mozilla/5.0 AppleWebKit/537.36 (KHTML, like Gecko; compatible; GPTBot/1.3; +https://openai.com/gptbot)"
74.7.227.128 - - [18/Mar/2026:08:47:43 +0000] "GET /whsy.php?p=%2Fproc%2F12532 HTTP/1.1" 200 948 "http://23rdbanking.com.lab2454.com/whsy.php?e=696&p=%2Fproc" "Mozilla/5.0 AppleWebKit/537.36 (KHTML, like Gecko; compatible; GPTBot/1.3; +https://openai.com/gptbot)"
74.7.227.128 - - [18/Mar/2026:08:47:54 +0000] "GET /whsy.php?p=%2Fproc%2F12472 HTTP/1.1" 200 948 "http://23rdbanking.com.lab2454.com/whsy.php?e=696&p=%2Fproc" "Mozilla/5.0 AppleWebKit/537.36 (KHTML, like Gecko; compatible; GPTBot/1.3; +https://openai.com/gptbot)"
74.7.227.128 - - [18/Mar/2026:08:48:05 +0000] "GET /whsy.php?p=%2Fproc%2F28129 HTTP/1.1" 200 948 "http://23rdbanking.com.lab2454.com/whsy.php?e=24023&p=%2Fproc" "Mozilla/5.0 AppleWebKit/537.36 (KHTML, like Gecko; compatible; GPTBot/1.3; +https://openai.com/gptbot)"
74.7.227.128 - - [18/Mar/2026:08:48:17 +0000] "GET /whsy.php?p=%2Fproc%2F26146 HTTP/1.1" 200 948 "http://23rdbanking.com.lab2454.com/whsy.php?e=iomem&p=%2Fproc" "Mozilla/5.0 AppleWebKit/537.36 (KHTML, like Gecko; compatible; GPTBot/1.3; +https://openai.com/gptbot)"
74.7.230.44 - - [18/Mar/2026:08:48:18 +0000] "GET /robots.txt HTTP/1.1" 404 - "-" "Mozilla/5.0 (Macintosh; Intel Mac OS X 10_15_7) AppleWebKit/537.36 (KHTML, like Gecko) Chrome/131.0.0.0 Safari/537.36; compatible; OAI-SearchBot/1.3; robots.txt; +https://openai.com/searchbot"
74.7.227.128 - - [18/Mar/2026:08:48:28 +0000] "GET /whsy.php?p=%2Fproc%2F23658 HTTP/1.1" 200 948 "http://23rdbanking.com.lab2454.com/whsy.php?e=12508&p=%2Fproc" "Mozilla/5.0 AppleWebKit/537.36 (KHTML, like Gecko; compatible; GPTBot/1.3; +https://openai.com/gptbot)"
74.7.227.128 - - [18/Mar/2026:08:48:39 +0000] "GET /whsy.php?p=%2Fproc%2F21598 HTTP/1.1" 200 948 "http://23rdbanking.com.lab2454.com/whsy.php?e=24023&p=%2Fproc" "Mozilla/5.0 AppleWebKit/537.36 (KHTML, like Gecko; compatible; GPTBot/1.3; +https://openai.com/gptbot)"
74.7.227.128 - - [18/Mar/2026:08:48:50 +0000] "GET /whsy.php?p=%2Fproc%2F24092 HTTP/1.1" 200 948 "http://23rdbanking.com.lab2454.com/whsy.php?e=12508&p=%2Fproc" "Mozilla/5.0 AppleWebKit/537.36 (KHTML, like Gecko; compatible; GPTBot/1.3; +https://openai.com/gptbot)"
74.7.227.128 - - [18/Mar/2026:08:49:00 +0000] "GET /whsy.php?p=%2Fproc%2F12492 HTTP/1.1" 200 948 "http://23rdbanking.com.lab2454.com/whsy.php?e=696&p=%2Fproc" "Mozilla/5.0 AppleWebKit/537.36 (KHTML, like Gecko; compatible; GPTBot/1.3; +https://openai.com/gptbot)"
74.7.227.128 - - [18/Mar/2026:08:49:08 +0000] "GET /whsy.php?p=%2Fproc%2F28405 HTTP/1.1" 200 948 "http://23rdbanking.com.lab2454.com/whsy.php?e=24023&p=%2Fproc" "Mozilla/5.0 AppleWebKit/537.36 (KHTML, like Gecko; compatible; GPTBot/1.3; +https://openai.com/gptbot)"
74.7.227.128 - - [18/Mar/2026:08:49:17 +0000] "GET /whsy.php?p=%2Fproc%2F16028 HTTP/1.1" 200 948 "http://23rdbanking.com.lab2454.com/whsy.php?e=3915&p=%2Fproc" "Mozilla/5.0 AppleWebKit/537.36 (KHTML, like Gecko; compatible; GPTBot/1.3; +https://openai.com/gptbot)"
74.7.227.128 - - [18/Mar/2026:08:49:28 +0000] "GET /whsy.php?p=%2Fproc%2F31933 HTTP/1.1" 200 948 "http://23rdbanking.com.lab2454.com/whsy.php?e=iomem&p=%2Fproc" "Mozilla/5.0 AppleWebKit/537.36 (KHTML, like Gecko; compatible; GPTBot/1.3; +https://openai.com/gptbot)"
74.7.227.128 - - [18/Mar/2026:08:49:51 +0000] "GET /whsy.php?p=%2Fproc%2F10627 HTTP/1.1" 200 948 "http://23rdbanking.com.lab2454.com/whsy.php?e=31939&p=%2Fproc" "Mozilla/5.0 AppleWebKit/537.36 (KHTML, like Gecko; compatible; GPTBot/1.3; +https://openai.com/gptbot)"
74.7.227.128 - - [18/Mar/2026:08:50:30 +0000] "GET /whsy.php?p=%2Fproc%2F14694 HTTP/1.1" 200 948 "http://23rdbanking.com.lab2454.com/whsy.php?e=782&p=%2Fproc" "Mozilla/5.0 AppleWebKit/537.36 (KHTML, like Gecko; compatible; GPTBot/1.3; +https://openai.com/gptbot)"
74.7.227.128 - - [18/Mar/2026:08:50:43 +0000] "GET /whsy.php?p=%2Fproc%2F27335 HTTP/1.1" 200 948 "http://23rdbanking.com.lab2454.com/whsy.php?e=24023&p=%2Fproc" "Mozilla/5.0 AppleWebKit/537.36 (KHTML, like Gecko; compatible; GPTBot/1.3; +https://openai.com/gptbot)"
74.7.227.128 - - [18/Mar/2026:08:50:52 +0000] "GET /whsy.php?p=%2Fproc%2F24062 HTTP/1.1" 200 948 "http://23rdbanking.com.lab2454.com/whsy.php?e=12508&p=%2Fproc" "Mozilla/5.0 AppleWebKit/537.36 (KHTML, like Gecko; compatible; GPTBot/1.3; +https://openai.com/gptbot)"
74.7.227.128 - - [18/Mar/2026:08:50:59 +0000] "GET /whsy.php?p=%2Fproc%2F31899 HTTP/1.1" 200 948 "http://23rdbanking.com.lab2454.com/whsy.php?e=iomem&p=%2Fproc" "Mozilla/5.0 AppleWebKit/537.36 (KHTML, like Gecko; compatible; GPTBot/1.3; +https://openai.com/gptbot)"
74.7.227.128 - - [18/Mar/2026:08:51:08 +0000] "GET /whsy.php?p=%2Fproc%2F10710 HTTP/1.1" 200 948 "http://23rdbanking.com.lab2454.com/whsy.php?e=696&p=%2Fproc" "Mozilla/5.0 AppleWebKit/537.36 (KHTML, like Gecko; compatible; GPTBot/1.3; +https://openai.com/gptbot)"
74.7.227.128 - - [18/Mar/2026:08:51:19 +0000] "GET /whsy.php?p=%2Fproc%2F16026 HTTP/1.1" 200 948 "http://23rdbanking.com.lab2454.com/whsy.php?e=iomem&p=%2Fproc" "Mozilla/5.0 AppleWebKit/537.36 (KHTML, like Gecko; compatible; GPTBot/1.3; +https://openai.com/gptbot)"
74.7.227.128 - - [18/Mar/2026:08:51:31 +0000] "GET /whsy.php?p=%2Fproc%2F24110 HTTP/1.1" 200 948 "http://23rdbanking.com.lab2454.com/whsy.php?e=12508&p=%2Fproc" "Mozilla/5.0 AppleWebKit/537.36 (KHTML, like Gecko; compatible; GPTBot/1.3; +https://openai.com/gptbot)"
74.7.227.128 - - [18/Mar/2026:08:51:43 +0000] "GET /whsy.php?p=%2Fproc%2F14672 HTTP/1.1" 200 948 "http://23rdbanking.com.lab2454.com/whsy.php?e=782&p=%2Fproc" "Mozilla/5.0 AppleWebKit/537.36 (KHTML, like Gecko; compatible; GPTBot/1.3; +https://openai.com/gptbot)"
200.82.43.69 - - [18/Mar/2026:08:51:45 +0000] "GET / HTTP/1.1" 200 479 "-" "Mozilla/5.0 (Linux; arm_64; Android 12; SM-G973F) AppleWebKit/537.36 (KHTML, like Gecko) Chrome/142.0.7444.936 YaSearchBrowser/25.124.1 BroPP/1.0 YaSearchApp/25.124.1 webOmni Mobile Safari/537.36"
74.7.227.128 - - [18/Mar/2026:08:51:54 +0000] "GET /whsy.php?p=%2Fproc%2F14664 HTTP/1.1" 200 948 "http://23rdbanking.com.lab2454.com/whsy.php?e=782&p=%2Fproc" "Mozilla/5.0 AppleWebKit/537.36 (KHTML, like Gecko; compatible; GPTBot/1.3; +https://openai.com/gptbot)"
74.7.227.128 - - [18/Mar/2026:08:52:05 +0000] "GET /whsy.php?p=%2Fproc%2F10642 HTTP/1.1" 200 948 "http://23rdbanking.com.lab2454.com/whsy.php?e=31939&p=%2Fproc" "Mozilla/5.0 AppleWebKit/537.36 (KHTML, like Gecko; compatible; GPTBot/1.3; +https://openai.com/gptbot)"
74.7.227.128 - - [18/Mar/2026:08:52:16 +0000] "GET /whsy.php?p=%2Fproc%2F11453 HTTP/1.1" 200 948 "http://23rdbanking.com.lab2454.com/whsy.php?e=696&p=%2Fproc" "Mozilla/5.0 AppleWebKit/537.36 (KHTML, like Gecko; compatible; GPTBot/1.3; +https://openai.com/gptbot)"
74.7.227.128 - - [18/Mar/2026:08:52:25 +0000] "GET /whsy.php?p=%2Fproc%2F15959 HTTP/1.1" 200 948 "http://23rdbanking.com.lab2454.com/whsy.php?e=3915&p=%2Fproc" "Mozilla/5.0 AppleWebKit/537.36 (KHTML, like Gecko; compatible; GPTBot/1.3; +https://openai.com/gptbot)"
74.7.227.128 - - [18/Mar/2026:08:52:35 +0000] "GET /whsy.php?p=%2Fproc%2F14414 HTTP/1.1" 200 948 "http://23rdbanking.com.lab2454.com/whsy.php?e=iomem&p=%2Fproc" "Mozilla/5.0 AppleWebKit/537.36 (KHTML, like Gecko; compatible; GPTBot/1.3; +https://openai.com/gptbot)"
74.7.227.128 - - [18/Mar/2026:08:52:48 +0000] "GET /whsy.php?p=%2Fproc%2F31860 HTTP/1.1" 200 948 "http://23rdbanking.com.lab2454.com/whsy.php?e=iomem&p=%2Fproc" "Mozilla/5.0 AppleWebKit/537.36 (KHTML, like Gecko; compatible; GPTBot/1.3; +https://openai.com/gptbot)"
74.7.227.128 - - [18/Mar/2026:08:52:59 +0000] "GET /whsy.php?p=%2Fproc%2F31935 HTTP/1.1" 200 948 "http://23rdbanking.com.lab2454.com/whsy.php?e=iomem&p=%2Fproc" "Mozilla/5.0 AppleWebKit/537.36 (KHTML, like Gecko; compatible; GPTBot/1.3; +https://openai.com/gptbot)"
74.7.227.128 - - [18/Mar/2026:08:53:10 +0000] "GET /whsy.php?p=%2Fproc%2F24091 HTTP/1.1" 200 948 "http://23rdbanking.com.lab2454.com/whsy.php?e=12508&p=%2Fproc" "Mozilla/5.0 AppleWebKit/537.36 (KHTML, like Gecko; compatible; GPTBot/1.3; +https://openai.com/gptbot)"
74.7.227.128 - - [18/Mar/2026:08:53:23 +0000] "GET /whsy.php?p=%2Fproc%2F23656 HTTP/1.1" 200 948 "http://23rdbanking.com.lab2454.com/whsy.php?e=12508&p=%2Fproc" "Mozilla/5.0 AppleWebKit/537.36 (KHTML, like Gecko; compatible; GPTBot/1.3; +https://openai.com/gptbot)"
74.7.230.44 - - [18/Mar/2026:08:53:23 +0000] "GET /robots.txt HTTP/1.1" 404 - "-" "Mozilla/5.0 (Macintosh; Intel Mac OS X 10_15_7) AppleWebKit/537.36 (KHTML, like Gecko) Chrome/131.0.0.0 Safari/537.36; compatible; OAI-SearchBot/1.3; robots.txt; +https://openai.com/searchbot"
74.7.227.128 - - [18/Mar/2026:08:53:38 +0000] "GET /whsy.php?p=%2Fproc%2F13065 HTTP/1.1" 200 948 "http://23rdbanking.com.lab2454.com/whsy.php?e=782&p=%2Fproc" "Mozilla/5.0 AppleWebKit/537.36 (KHTML, like Gecko; compatible; GPTBot/1.3; +https://openai.com/gptbot)"
216.244.66.241 - - [18/Mar/2026:08:54:06 +0000] "GET /whsy.php?p=%2Fhome%2Flab2454c%2Fdansact.com%2Fcgi-bin HTTP/1.1" 200 2987 "-" "Mozilla/5.0 (compatible; DotBot/1.2; +https://opensiteexplorer.org/dotbot; help@moz.com)"
74.7.227.128 - - [18/Mar/2026:08:54:07 +0000] "GET /whsy.php?p=%2Fproc%2F11942 HTTP/1.1" 200 948 "http://23rdbanking.com.lab2454.com/whsy.php?e=696&p=%2Fproc" "Mozilla/5.0 AppleWebKit/537.36 (KHTML, like Gecko; compatible; GPTBot/1.3; +https://openai.com/gptbot)"
74.7.227.128 - - [18/Mar/2026:08:54:27 +0000] "GET /whsy.php?p=%2Fproc%2F23644 HTTP/1.1" 200 948 "http://23rdbanking.com.lab2454.com/whsy.php?e=12508&p=%2Fproc" "Mozilla/5.0 AppleWebKit/537.36 (KHTML, like Gecko; compatible; GPTBot/1.3; +https://openai.com/gptbot)"
74.7.227.128 - - [18/Mar/2026:08:54:41 +0000] "GET /whsy.php?p=%2Fproc%2F29561 HTTP/1.1" 200 948 "http://23rdbanking.com.lab2454.com/whsy.php?e=iomem&p=%2Fproc" "Mozilla/5.0 AppleWebKit/537.36 (KHTML, like Gecko; compatible; GPTBot/1.3; +https://openai.com/gptbot)"
74.7.227.128 - - [18/Mar/2026:08:55:00 +0000] "GET /whsy.php?p=%2Fproc%2F10543 HTTP/1.1" 200 948 "http://23rdbanking.com.lab2454.com/whsy.php?e=31939&p=%2Fproc" "Mozilla/5.0 AppleWebKit/537.36 (KHTML, like Gecko; compatible; GPTBot/1.3; +https://openai.com/gptbot)"
74.7.227.128 - - [18/Mar/2026:08:55:16 +0000] "GET /whsy.php?p=%2Fproc%2F31952 HTTP/1.1" 200 948 "http://23rdbanking.com.lab2454.com/whsy.php?e=iomem&p=%2Fproc" "Mozilla/5.0 AppleWebKit/537.36 (KHTML, like Gecko; compatible; GPTBot/1.3; +https://openai.com/gptbot)"
74.7.227.128 - - [18/Mar/2026:08:55:31 +0000] "GET /whsy.php?p=%2Fproc%2F12536 HTTP/1.1" 200 948 "http://23rdbanking.com.lab2454.com/whsy.php?e=696&p=%2Fproc" "Mozilla/5.0 AppleWebKit/537.36 (KHTML, like Gecko; compatible; GPTBot/1.3; +https://openai.com/gptbot)"
74.7.227.128 - - [18/Mar/2026:08:55:44 +0000] "GET /whsy.php?p=%2Fproc%2F28481 HTTP/1.1" 200 948 "http://23rdbanking.com.lab2454.com/whsy.php?e=24023&p=%2Fproc" "Mozilla/5.0 AppleWebKit/537.36 (KHTML, like Gecko; compatible; GPTBot/1.3; +https://openai.com/gptbot)"
74.7.227.128 - - [18/Mar/2026:08:55:56 +0000] "GET /whsy.php?p=%2Fproc%2F23619 HTTP/1.1" 200 948 "http://23rdbanking.com.lab2454.com/whsy.php?e=12508&p=%2Fproc" "Mozilla/5.0 AppleWebKit/537.36 (KHTML, like Gecko; compatible; GPTBot/1.3; +https://openai.com/gptbot)"
74.7.227.128 - - [18/Mar/2026:08:56:04 +0000] "GET /whsy.php?p=%2Fproc%2F24097 HTTP/1.1" 200 948 "http://23rdbanking.com.lab2454.com/whsy.php?e=12508&p=%2Fproc" "Mozilla/5.0 AppleWebKit/537.36 (KHTML, like Gecko; compatible; GPTBot/1.3; +https://openai.com/gptbot)"
74.7.227.128 - - [18/Mar/2026:08:56:15 +0000] "GET /whsy.php?p=%2Fproc%2F24117 HTTP/1.1" 200 948 "http://23rdbanking.com.lab2454.com/whsy.php?e=12508&p=%2Fproc" "Mozilla/5.0 AppleWebKit/537.36 (KHTML, like Gecko; compatible; GPTBot/1.3; +https://openai.com/gptbot)"
74.7.227.128 - - [18/Mar/2026:08:56:25 +0000] "GET /whsy.php?p=%2Fproc%2F15077 HTTP/1.1" 200 948 "http://23rdbanking.com.lab2454.com/whsy.php?e=3915&p=%2Fproc" "Mozilla/5.0 AppleWebKit/537.36 (KHTML, like Gecko; compatible; GPTBot/1.3; +https://openai.com/gptbot)"
74.7.227.128 - - [18/Mar/2026:08:56:38 +0000] "GET /whsy.php?p=%2Fproc%2F32500 HTTP/1.1" 200 948 "http://23rdbanking.com.lab2454.com/whsy.php?e=iomem&p=%2Fproc" "Mozilla/5.0 AppleWebKit/537.36 (KHTML, like Gecko; compatible; GPTBot/1.3; +https://openai.com/gptbot)"
74.7.227.128 - - [18/Mar/2026:08:56:50 +0000] "GET /whsy.php?p=%2Fproc%2F28152 HTTP/1.1" 200 948 "http://23rdbanking.com.lab2454.com/whsy.php?e=24023&p=%2Fproc" "Mozilla/5.0 AppleWebKit/537.36 (KHTML, like Gecko; compatible; GPTBot/1.3; +https://openai.com/gptbot)"
74.7.227.128 - - [18/Mar/2026:08:56:59 +0000] "GET /whsy.php?p=%2Fproc%2F31164 HTTP/1.1" 200 948 "http://23rdbanking.com.lab2454.com/whsy.php?e=iomem&p=%2Fproc" "Mozilla/5.0 AppleWebKit/537.36 (KHTML, like Gecko; compatible; GPTBot/1.3; +https://openai.com/gptbot)"
74.7.227.128 - - [18/Mar/2026:08:57:09 +0000] "GET /whsy.php?p=%2Fproc%2F10644 HTTP/1.1" 200 948 "http://23rdbanking.com.lab2454.com/whsy.php?e=31939&p=%2Fproc" "Mozilla/5.0 AppleWebKit/537.36 (KHTML, like Gecko; compatible; GPTBot/1.3; +https://openai.com/gptbot)"
74.7.227.128 - - [18/Mar/2026:08:57:21 +0000] "GET /whsy.php?p=%2Fproc%2F11056 HTTP/1.1" 200 948 "http://23rdbanking.com.lab2454.com/whsy.php?e=696&p=%2Fproc" "Mozilla/5.0 AppleWebKit/537.36 (KHTML, like Gecko; compatible; GPTBot/1.3; +https://openai.com/gptbot)"
74.7.227.128 - - [18/Mar/2026:08:57:29 +0000] "GET /whsy.php?p=%2Fproc%2F14682 HTTP/1.1" 200 948 "http://23rdbanking.com.lab2454.com/whsy.php?e=782&p=%2Fproc" "Mozilla/5.0 AppleWebKit/537.36 (KHTML, like Gecko; compatible; GPTBot/1.3; +https://openai.com/gptbot)"
74.7.227.128 - - [18/Mar/2026:08:57:47 +0000] "GET /whsy.php?p=%2Fproc%2F12529 HTTP/1.1" 200 948 "http://23rdbanking.com.lab2454.com/whsy.php?e=696&p=%2Fproc" "Mozilla/5.0 AppleWebKit/537.36 (KHTML, like Gecko; compatible; GPTBot/1.3; +https://openai.com/gptbot)"
74.7.227.128 - - [18/Mar/2026:08:58:10 +0000] "GET /whsy.php?p=%2Fproc%2F31866 HTTP/1.1" 200 948 "http://23rdbanking.com.lab2454.com/whsy.php?e=iomem&p=%2Fproc" "Mozilla/5.0 AppleWebKit/537.36 (KHTML, like Gecko; compatible; GPTBot/1.3; +https://openai.com/gptbot)"
74.7.227.128 - - [18/Mar/2026:08:58:29 +0000] "GET /whsy.php?p=%2Fproc%2F16712 HTTP/1.1" 200 948 "http://23rdbanking.com.lab2454.com/whsy.php?e=12508&p=%2Fproc" "Mozilla/5.0 AppleWebKit/537.36 (KHTML, like Gecko; compatible; GPTBot/1.3; +https://openai.com/gptbot)"
74.7.230.44 - - [18/Mar/2026:08:58:30 +0000] "GET /robots.txt HTTP/1.1" 404 - "-" "Mozilla/5.0 (Macintosh; Intel Mac OS X 10_15_7) AppleWebKit/537.36 (KHTML, like Gecko) Chrome/131.0.0.0 Safari/537.36; compatible; OAI-SearchBot/1.3; robots.txt; +https://openai.com/searchbot"
74.7.227.128 - - [18/Mar/2026:08:58:47 +0000] "GET /whsy.php?p=%2Fproc%2F14695 HTTP/1.1" 200 948 "http://23rdbanking.com.lab2454.com/whsy.php?e=782&p=%2Fproc" "Mozilla/5.0 AppleWebKit/537.36 (KHTML, like Gecko; compatible; GPTBot/1.3; +https://openai.com/gptbot)"
74.7.227.128 - - [18/Mar/2026:08:59:06 +0000] "GET /whsy.php?p=%2Fproc%2F28396 HTTP/1.1" 200 948 "http://23rdbanking.com.lab2454.com/whsy.php?e=24023&p=%2Fproc" "Mozilla/5.0 AppleWebKit/537.36 (KHTML, like Gecko; compatible; GPTBot/1.3; +https://openai.com/gptbot)"
74.7.227.128 - - [18/Mar/2026:08:59:18 +0000] "GET /whsy.php?p=%2Fproc%2F10640 HTTP/1.1" 200 948 "http://23rdbanking.com.lab2454.com/whsy.php?e=31939&p=%2Fproc" "Mozilla/5.0 AppleWebKit/537.36 (KHTML, like Gecko; compatible; GPTBot/1.3; +https://openai.com/gptbot)"
74.7.227.128 - - [18/Mar/2026:08:59:26 +0000] "GET /whsy.php?p=%2Fproc%2F14679 HTTP/1.1" 200 948 "http://23rdbanking.com.lab2454.com/whsy.php?e=782&p=%2Fproc" "Mozilla/5.0 AppleWebKit/537.36 (KHTML, like Gecko; compatible; GPTBot/1.3; +https://openai.com/gptbot)"
74.7.227.128 - - [18/Mar/2026:08:59:34 +0000] "GET /whsy.php?p=%2Fproc%2F23094 HTTP/1.1" 200 948 "http://23rdbanking.com.lab2454.com/whsy.php?e=12508&p=%2Fproc" "Mozilla/5.0 AppleWebKit/537.36 (KHTML, like Gecko; compatible; GPTBot/1.3; +https://openai.com/gptbot)"
74.7.227.128 - - [18/Mar/2026:08:59:44 +0000] "GET /whsy.php?p=%2Fproc%2F31510 HTTP/1.1" 200 948 "http://23rdbanking.com.lab2454.com/whsy.php?e=iomem&p=%2Fproc" "Mozilla/5.0 AppleWebKit/537.36 (KHTML, like Gecko; compatible; GPTBot/1.3; +https://openai.com/gptbot)"
74.7.227.128 - - [18/Mar/2026:08:59:53 +0000] "GET /whsy.php?p=%2Fproc%2F24045 HTTP/1.1" 200 948 "http://23rdbanking.com.lab2454.com/whsy.php?e=12508&p=%2Fproc" "Mozilla/5.0 AppleWebKit/537.36 (KHTML, like Gecko; compatible; GPTBot/1.3; +https://openai.com/gptbot)"
74.7.227.128 - - [18/Mar/2026:09:00:02 +0000] "GET /whsy.php?p=%2Fproc%2F12509 HTTP/1.1" 200 948 "http://23rdbanking.com.lab2454.com/whsy.php?e=696&p=%2Fproc" "Mozilla/5.0 AppleWebKit/537.36 (KHTML, like Gecko; compatible; GPTBot/1.3; +https://openai.com/gptbot)"
74.7.227.128 - - [18/Mar/2026:09:00:12 +0000] "GET /whsy.php?p=%2Fproc%2F32501 HTTP/1.1" 200 948 "http://23rdbanking.com.lab2454.com/whsy.php?e=ioports&p=%2Fproc" "Mozilla/5.0 AppleWebKit/537.36 (KHTML, like Gecko; compatible; GPTBot/1.3; +https://openai.com/gptbot)"
74.7.227.128 - - [18/Mar/2026:09:00:22 +0000] "GET /whsy.php?p=%2Fproc%2F19557 HTTP/1.1" 200 948 "http://23rdbanking.com.lab2454.com/whsy.php?e=iomem&p=%2Fproc" "Mozilla/5.0 AppleWebKit/537.36 (KHTML, like Gecko; compatible; GPTBot/1.3; +https://openai.com/gptbot)"
74.7.227.128 - - [18/Mar/2026:09:00:30 +0000] "GET /whsy.php?p=%2Fproc%2F14483 HTTP/1.1" 200 948 "http://23rdbanking.com.lab2454.com/whsy.php?e=782&p=%2Fproc" "Mozilla/5.0 AppleWebKit/537.36 (KHTML, like Gecko; compatible; GPTBot/1.3; +https://openai.com/gptbot)"
74.7.227.128 - - [18/Mar/2026:09:00:39 +0000] "GET /whsy.php?p=%2Fproc%2F21833 HTTP/1.1" 200 948 "http://23rdbanking.com.lab2454.com/whsy.php?e=iomem&p=%2Fproc" "Mozilla/5.0 AppleWebKit/537.36 (KHTML, like Gecko; compatible; GPTBot/1.3; +https://openai.com/gptbot)"
216.244.66.241 - - [18/Mar/2026:09:00:45 +0000] "GET /whsy.php?p=%2Fhome%2Flab2454c%2Fcarbonbullion.net%2F.well-known HTTP/1.1" 200 1781 "-" "Mozilla/5.0 (compatible; DotBot/1.2; +https://opensiteexplorer.org/dotbot; help@moz.com)"
74.7.227.128 - - [18/Mar/2026:09:00:47 +0000] "GET /whsy.php?p=%2Fproc%2F14684 HTTP/1.1" 200 948 "http://23rdbanking.com.lab2454.com/whsy.php?e=782&p=%2Fproc" "Mozilla/5.0 AppleWebKit/537.36 (KHTML, like Gecko; compatible; GPTBot/1.3; +https://openai.com/gptbot)"
74.7.227.128 - - [18/Mar/2026:09:00:57 +0000] "GET /whsy.php?p=%2Fproc%2F25412 HTTP/1.1" 200 948 "http://23rdbanking.com.lab2454.com/whsy.php?e=iomem&p=%2Fproc" "Mozilla/5.0 AppleWebKit/537.36 (KHTML, like Gecko; compatible; GPTBot/1.3; +https://openai.com/gptbot)"
74.7.227.128 - - [18/Mar/2026:09:01:08 +0000] "GET /whsy.php?p=%2Fproc%2F23279 HTTP/1.1" 200 948 "http://23rdbanking.com.lab2454.com/whsy.php?e=12508&p=%2Fproc" "Mozilla/5.0 AppleWebKit/537.36 (KHTML, like Gecko; compatible; GPTBot/1.3; +https://openai.com/gptbot)"
74.7.227.128 - - [18/Mar/2026:09:01:21 +0000] "GET /whsy.php?p=%2Fproc%2F14680 HTTP/1.1" 200 948 "http://23rdbanking.com.lab2454.com/whsy.php?e=782&p=%2Fproc" "Mozilla/5.0 AppleWebKit/537.36 (KHTML, like Gecko; compatible; GPTBot/1.3; +https://openai.com/gptbot)"
74.7.227.128 - - [18/Mar/2026:09:01:32 +0000] "GET /whsy.php?p=%2Fproc%2F13148 HTTP/1.1" 200 948 "http://23rdbanking.com.lab2454.com/whsy.php?e=782&p=%2Fproc" "Mozilla/5.0 AppleWebKit/537.36 (KHTML, like Gecko; compatible; GPTBot/1.3; +https://openai.com/gptbot)"
74.7.227.128 - - [18/Mar/2026:09:02:00 +0000] "GET /whsy.php?p=%2Fproc%2F31950 HTTP/1.1" 200 948 "http://23rdbanking.com.lab2454.com/whsy.php?e=iomem&p=%2Fproc" "Mozilla/5.0 AppleWebKit/537.36 (KHTML, like Gecko; compatible; GPTBot/1.3; +https://openai.com/gptbot)"
74.7.227.128 - - [18/Mar/2026:09:02:24 +0000] "GET /whsy.php?p=%2Fproc%2F10372 HTTP/1.1" 200 948 "http://23rdbanking.com.lab2454.com/whsy.php?e=24023&p=%2Fproc" "Mozilla/5.0 AppleWebKit/537.36 (KHTML, like Gecko; compatible; GPTBot/1.3; +https://openai.com/gptbot)"
74.7.227.128 - - [18/Mar/2026:09:02:49 +0000] "GET /whsy.php?p=%2Fproc%2F21768 HTTP/1.1" 200 948 "http://23rdbanking.com.lab2454.com/whsy.php?e=iomem&p=%2Fproc" "Mozilla/5.0 AppleWebKit/537.36 (KHTML, like Gecko; compatible; GPTBot/1.3; +https://openai.com/gptbot)"
74.7.227.128 - - [18/Mar/2026:09:03:05 +0000] "GET /whsy.php?p=%2Fproc%2F10636 HTTP/1.1" 200 948 "http://23rdbanking.com.lab2454.com/whsy.php?e=31939&p=%2Fproc" "Mozilla/5.0 AppleWebKit/537.36 (KHTML, like Gecko; compatible; GPTBot/1.3; +https://openai.com/gptbot)"
74.7.227.128 - - [18/Mar/2026:09:03:17 +0000] "GET /whsy.php?p=%2Fproc%2F12429 HTTP/1.1" 200 948 "http://23rdbanking.com.lab2454.com/whsy.php?e=696&p=%2Fproc" "Mozilla/5.0 AppleWebKit/537.36 (KHTML, like Gecko; compatible; GPTBot/1.3; +https://openai.com/gptbot)"
74.7.227.128 - - [18/Mar/2026:09:03:29 +0000] "GET /whsy.php?p=%2Fproc%2F32718 HTTP/1.1" 200 948 "http://23rdbanking.com.lab2454.com/whsy.php?e=ioports&p=%2Fproc" "Mozilla/5.0 AppleWebKit/537.36 (KHTML, like Gecko; compatible; GPTBot/1.3; +https://openai.com/gptbot)"
74.7.227.128 - - [18/Mar/2026:09:03:40 +0000] "GET /whsy.php?p=%2Fproc%2F14614 HTTP/1.1" 200 948 "http://23rdbanking.com.lab2454.com/whsy.php?e=782&p=%2Fproc" "Mozilla/5.0 AppleWebKit/537.36 (KHTML, like Gecko; compatible; GPTBot/1.3; +https://openai.com/gptbot)"
74.7.230.44 - - [18/Mar/2026:09:03:41 +0000] "GET /robots.txt HTTP/1.1" 404 - "-" "Mozilla/5.0 (Macintosh; Intel Mac OS X 10_15_7) AppleWebKit/537.36 (KHTML, like Gecko) Chrome/131.0.0.0 Safari/537.36; compatible; OAI-SearchBot/1.3; robots.txt; +https://openai.com/searchbot"
74.7.227.128 - - [18/Mar/2026:09:03:53 +0000] "GET /whsy.php?p=%2Fproc%2F16023 HTTP/1.1" 200 948 "http://23rdbanking.com.lab2454.com/whsy.php?e=3915&p=%2Fproc" "Mozilla/5.0 AppleWebKit/537.36 (KHTML, like Gecko; compatible; GPTBot/1.3; +https://openai.com/gptbot)"
74.7.227.128 - - [18/Mar/2026:09:04:06 +0000] "GET /whsy.php?p=%2Fproc%2F14683 HTTP/1.1" 200 948 "http://23rdbanking.com.lab2454.com/whsy.php?e=782&p=%2Fproc" "Mozilla/5.0 AppleWebKit/537.36 (KHTML, like Gecko; compatible; GPTBot/1.3; +https://openai.com/gptbot)"
74.7.227.128 - - [18/Mar/2026:09:04:19 +0000] "GET /whsy.php?p=%2Fproc%2F16001 HTTP/1.1" 200 948 "http://23rdbanking.com.lab2454.com/whsy.php?e=3915&p=%2Fproc" "Mozilla/5.0 AppleWebKit/537.36 (KHTML, like Gecko; compatible; GPTBot/1.3; +https://openai.com/gptbot)"
74.7.227.128 - - [18/Mar/2026:09:04:31 +0000] "GET /whsy.php?p=%2Fproc%2F30915 HTTP/1.1" 200 948 "http://23rdbanking.com.lab2454.com/whsy.php?e=24023&p=%2Fproc" "Mozilla/5.0 AppleWebKit/537.36 (KHTML, like Gecko; compatible; GPTBot/1.3; +https://openai.com/gptbot)"
74.7.227.128 - - [18/Mar/2026:09:04:44 +0000] "GET /whsy.php?p=%2Fproc%2F10842 HTTP/1.1" 200 948 "http://23rdbanking.com.lab2454.com/whsy.php?e=24023&p=%2Fproc" "Mozilla/5.0 AppleWebKit/537.36 (KHTML, like Gecko; compatible; GPTBot/1.3; +https://openai.com/gptbot)"
74.7.227.128 - - [18/Mar/2026:09:04:57 +0000] "GET /whsy.php?p=%2Fproc%2F28462 HTTP/1.1" 200 948 "http://23rdbanking.com.lab2454.com/whsy.php?e=24023&p=%2Fproc" "Mozilla/5.0 AppleWebKit/537.36 (KHTML, like Gecko; compatible; GPTBot/1.3; +https://openai.com/gptbot)"
74.7.227.128 - - [18/Mar/2026:09:05:10 +0000] "GET /whsy.php?p=%2Fproc%2F26474 HTTP/1.1" 200 948 "http://23rdbanking.com.lab2454.com/whsy.php?e=iomem&p=%2Fproc" "Mozilla/5.0 AppleWebKit/537.36 (KHTML, like Gecko; compatible; GPTBot/1.3; +https://openai.com/gptbot)"
74.7.227.128 - - [18/Mar/2026:09:05:24 +0000] "GET /whsy.php?p=%2Fproc%2F15859 HTTP/1.1" 200 948 "http://23rdbanking.com.lab2454.com/whsy.php?e=3915&p=%2Fproc" "Mozilla/5.0 AppleWebKit/537.36 (KHTML, like Gecko; compatible; GPTBot/1.3; +https://openai.com/gptbot)"
74.7.227.128 - - [18/Mar/2026:09:05:38 +0000] "GET /whsy.php?p=%2Fproc%2F16031 HTTP/1.1" 200 948 "http://23rdbanking.com.lab2454.com/whsy.php?e=3915&p=%2Fproc" "Mozilla/5.0 AppleWebKit/537.36 (KHTML, like Gecko; compatible; GPTBot/1.3; +https://openai.com/gptbot)"
74.7.227.128 - - [18/Mar/2026:09:05:50 +0000] "GET /whsy.php?p=%2Fproc%2F24090 HTTP/1.1" 200 948 "http://23rdbanking.com.lab2454.com/whsy.php?e=12508&p=%2Fproc" "Mozilla/5.0 AppleWebKit/537.36 (KHTML, like Gecko; compatible; GPTBot/1.3; +https://openai.com/gptbot)"
74.7.227.128 - - [18/Mar/2026:09:06:05 +0000] "GET /whsy.php?p=%2Fproc%2F16013 HTTP/1.1" 200 948 "http://23rdbanking.com.lab2454.com/whsy.php?e=3915&p=%2Fproc" "Mozilla/5.0 AppleWebKit/537.36 (KHTML, like Gecko; compatible; GPTBot/1.3; +https://openai.com/gptbot)"
74.7.227.128 - - [18/Mar/2026:09:06:19 +0000] "GET /whsy.php?p=%2Fproc%2F11668 HTTP/1.1" 200 948 "http://23rdbanking.com.lab2454.com/whsy.php?e=iomem&p=%2Fproc" "Mozilla/5.0 AppleWebKit/537.36 (KHTML, like Gecko; compatible; GPTBot/1.3; +https://openai.com/gptbot)"
74.7.227.128 - - [18/Mar/2026:09:06:30 +0000] "GET /whsy.php?p=%2Fproc%2F21813 HTTP/1.1" 200 948 "http://23rdbanking.com.lab2454.com/whsy.php?e=iomem&p=%2Fproc" "Mozilla/5.0 AppleWebKit/537.36 (KHTML, like Gecko; compatible; GPTBot/1.3; +https://openai.com/gptbot)"
74.7.227.128 - - [18/Mar/2026:09:06:42 +0000] "GET /whsy.php?p=%2Fproc%2F11810 HTTP/1.1" 200 948 "http://23rdbanking.com.lab2454.com/whsy.php?e=696&p=%2Fproc" "Mozilla/5.0 AppleWebKit/537.36 (KHTML, like Gecko; compatible; GPTBot/1.3; +https://openai.com/gptbot)"
74.7.227.128 - - [18/Mar/2026:09:06:58 +0000] "GET /whsy.php?p=%2Fproc%2F14171 HTTP/1.1" 200 948 "http://23rdbanking.com.lab2454.com/whsy.php?e=782&p=%2Fproc" "Mozilla/5.0 AppleWebKit/537.36 (KHTML, like Gecko; compatible; GPTBot/1.3; +https://openai.com/gptbot)"
74.7.227.128 - - [18/Mar/2026:09:07:11 +0000] "GET /whsy.php?p=%2Fproc%2F24100 HTTP/1.1" 200 948 "http://23rdbanking.com.lab2454.com/whsy.php?e=12508&p=%2Fproc" "Mozilla/5.0 AppleWebKit/537.36 (KHTML, like Gecko; compatible; GPTBot/1.3; +https://openai.com/gptbot)"
74.7.227.128 - - [18/Mar/2026:09:07:22 +0000] "GET /whsy.php?p=%2Fproc%2F29458 HTTP/1.1" 200 948 "http://23rdbanking.com.lab2454.com/whsy.php?e=24023&p=%2Fproc" "Mozilla/5.0 AppleWebKit/537.36 (KHTML, like Gecko; compatible; GPTBot/1.3; +https://openai.com/gptbot)"
74.7.227.128 - - [18/Mar/2026:09:07:34 +0000] "GET /whsy.php?p=%2Fproc%2F28469 HTTP/1.1" 200 948 "http://23rdbanking.com.lab2454.com/whsy.php?e=24023&p=%2Fproc" "Mozilla/5.0 AppleWebKit/537.36 (KHTML, like Gecko; compatible; GPTBot/1.3; +https://openai.com/gptbot)"
74.7.227.128 - - [18/Mar/2026:09:07:46 +0000] "GET /whsy.php?p=%2Fproc%2F15642 HTTP/1.1" 200 1936 "http://23rdbanking.com.lab2454.com/whsy.php?e=3915&p=%2Fproc" "Mozilla/5.0 AppleWebKit/537.36 (KHTML, like Gecko; compatible; GPTBot/1.3; +https://openai.com/gptbot)"
74.7.227.128 - - [18/Mar/2026:09:07:58 +0000] "GET /whsy.php?p=%2Fproc%2F15227 HTTP/1.1" 200 948 "http://23rdbanking.com.lab2454.com/whsy.php?e=iomem&p=%2Fproc" "Mozilla/5.0 AppleWebKit/537.36 (KHTML, like Gecko; compatible; GPTBot/1.3; +https://openai.com/gptbot)"
74.7.227.128 - - [18/Mar/2026:09:08:11 +0000] "GET /whsy.php?p=%2Fproc%2F10624 HTTP/1.1" 200 948 "http://23rdbanking.com.lab2454.com/whsy.php?e=31939&p=%2Fproc" "Mozilla/5.0 AppleWebKit/537.36 (KHTML, like Gecko; compatible; GPTBot/1.3; +https://openai.com/gptbot)"
74.7.227.128 - - [18/Mar/2026:09:08:23 +0000] "GET /whsy.php?p=%2Fproc%2F10565 HTTP/1.1" 200 948 "http://23rdbanking.com.lab2454.com/whsy.php?e=31939&p=%2Fproc" "Mozilla/5.0 AppleWebKit/537.36 (KHTML, like Gecko; compatible; GPTBot/1.3; +https://openai.com/gptbot)"
74.7.227.128 - - [18/Mar/2026:09:08:34 +0000] "GET /whsy.php?p=%2Fproc%2F24908 HTTP/1.1" 200 948 "http://23rdbanking.com.lab2454.com/whsy.php?e=iomem&p=%2Fproc" "Mozilla/5.0 AppleWebKit/537.36 (KHTML, like Gecko; compatible; GPTBot/1.3; +https://openai.com/gptbot)"
74.7.227.128 - - [18/Mar/2026:09:08:48 +0000] "GET /whsy.php?p=%2Fproc%2F24094 HTTP/1.1" 200 948 "http://23rdbanking.com.lab2454.com/whsy.php?e=12508&p=%2Fproc" "Mozilla/5.0 AppleWebKit/537.36 (KHTML, like Gecko; compatible; GPTBot/1.3; +https://openai.com/gptbot)"
74.7.230.44 - - [18/Mar/2026:09:08:49 +0000] "GET /robots.txt HTTP/1.1" 404 - "-" "Mozilla/5.0 (Macintosh; Intel Mac OS X 10_15_7) AppleWebKit/537.36 (KHTML, like Gecko) Chrome/131.0.0.0 Safari/537.36; compatible; OAI-SearchBot/1.3; robots.txt; +https://openai.com/searchbot"
74.7.227.128 - - [18/Mar/2026:09:09:02 +0000] "GET /whsy.php?p=%2Fproc%2F24118 HTTP/1.1" 200 948 "http://23rdbanking.com.lab2454.com/whsy.php?e=12508&p=%2Fproc" "Mozilla/5.0 AppleWebKit/537.36 (KHTML, like Gecko; compatible; GPTBot/1.3; +https://openai.com/gptbot)"
74.7.227.128 - - [18/Mar/2026:09:09:15 +0000] "GET /whsy.php?p=%2Fproc%2F24120 HTTP/1.1" 200 948 "http://23rdbanking.com.lab2454.com/whsy.php?e=12508&p=%2Fproc" "Mozilla/5.0 AppleWebKit/537.36 (KHTML, like Gecko; compatible; GPTBot/1.3; +https://openai.com/gptbot)"
74.7.227.128 - - [18/Mar/2026:09:09:24 +0000] "GET /whsy.php?p=%2Fproc%2F25563 HTTP/1.1" 200 948 "http://23rdbanking.com.lab2454.com/whsy.php?e=24023&p=%2Fproc" "Mozilla/5.0 AppleWebKit/537.36 (KHTML, like Gecko; compatible; GPTBot/1.3; +https://openai.com/gptbot)"
74.7.227.128 - - [18/Mar/2026:09:09:34 +0000] "GET /whsy.php?p=%2Fproc%2F12523 HTTP/1.1" 200 948 "http://23rdbanking.com.lab2454.com/whsy.php?e=696&p=%2Fproc" "Mozilla/5.0 AppleWebKit/537.36 (KHTML, like Gecko; compatible; GPTBot/1.3; +https://openai.com/gptbot)"
74.7.227.128 - - [18/Mar/2026:09:09:43 +0000] "GET /whsy.php?p=%2Fproc%2F24123 HTTP/1.1" 200 948 "http://23rdbanking.com.lab2454.com/whsy.php?e=12508&p=%2Fproc" "Mozilla/5.0 AppleWebKit/537.36 (KHTML, like Gecko; compatible; GPTBot/1.3; +https://openai.com/gptbot)"
74.7.227.128 - - [18/Mar/2026:09:09:55 +0000] "GET /whsy.php?e=pagemap&p=%2Fproc%2F15642 HTTP/1.1" 200 1936 "http://23rdbanking.com.lab2454.com/whsy.php?p=%2Fproc%2F15642" "Mozilla/5.0 AppleWebKit/537.36 (KHTML, like Gecko; compatible; GPTBot/1.3; +https://openai.com/gptbot)"
74.7.227.128 - - [18/Mar/2026:09:10:07 +0000] "GET /whsy.php?e=mountinfo&p=%2Fproc%2F15642 HTTP/1.1" 200 2991 "http://23rdbanking.com.lab2454.com/whsy.php?p=%2Fproc%2F15642" "Mozilla/5.0 AppleWebKit/537.36 (KHTML, like Gecko; compatible; GPTBot/1.3; +https://openai.com/gptbot)"
74.7.227.128 - - [18/Mar/2026:09:10:19 +0000] "GET /whsy.php?e=statm&p=%2Fproc%2F15642 HTTP/1.1" 200 2032 "http://23rdbanking.com.lab2454.com/whsy.php?p=%2Fproc%2F15642" "Mozilla/5.0 AppleWebKit/537.36 (KHTML, like Gecko; compatible; GPTBot/1.3; +https://openai.com/gptbot)"
74.7.227.128 - - [18/Mar/2026:09:10:30 +0000] "GET /whsy.php?e=stack&p=%2Fproc%2F15642 HTTP/1.1" 200 1936 "http://23rdbanking.com.lab2454.com/whsy.php?p=%2Fproc%2F15642" "Mozilla/5.0 AppleWebKit/537.36 (KHTML, like Gecko; compatible; GPTBot/1.3; +https://openai.com/gptbot)"
74.7.227.128 - - [18/Mar/2026:09:10:40 +0000] "GET /whsy.php?e=auxv&p=%2Fproc%2F15642 HTTP/1.1" 200 1936 "http://23rdbanking.com.lab2454.com/whsy.php?p=%2Fproc%2F15642" "Mozilla/5.0 AppleWebKit/537.36 (KHTML, like Gecko; compatible; GPTBot/1.3; +https://openai.com/gptbot)"
74.7.227.128 - - [18/Mar/2026:09:10:50 +0000] "GET /whsy.php?e=sessionid&p=%2Fproc%2F15642 HTTP/1.1" 200 2016 "http://23rdbanking.com.lab2454.com/whsy.php?p=%2Fproc%2F15642" "Mozilla/5.0 AppleWebKit/537.36 (KHTML, like Gecko; compatible; GPTBot/1.3; +https://openai.com/gptbot)"
74.7.227.128 - - [18/Mar/2026:09:11:00 +0000] "GET /whsy.php?e=setgroups&p=%2Fproc%2F15642 HTTP/1.1" 200 2007 "http://23rdbanking.com.lab2454.com/whsy.php?p=%2Fproc%2F15642" "Mozilla/5.0 AppleWebKit/537.36 (KHTML, like Gecko; compatible; GPTBot/1.3; +https://openai.com/gptbot)"
74.7.227.128 - - [18/Mar/2026:09:11:13 +0000] "GET /whsy.php?e=timerslack_ns&p=%2Fproc%2F15642 HTTP/1.1" 200 2007 "http://23rdbanking.com.lab2454.com/whsy.php?p=%2Fproc%2F15642" "Mozilla/5.0 AppleWebKit/537.36 (KHTML, like Gecko; compatible; GPTBot/1.3; +https://openai.com/gptbot)"
74.7.227.128 - - [18/Mar/2026:09:11:25 +0000] "GET /whsy.php?e=schedstat&p=%2Fproc%2F15642 HTTP/1.1" 200 2034 "http://23rdbanking.com.lab2454.com/whsy.php?p=%2Fproc%2F15642" "Mozilla/5.0 AppleWebKit/537.36 (KHTML, like Gecko; compatible; GPTBot/1.3; +https://openai.com/gptbot)"
74.7.227.128 - - [18/Mar/2026:09:11:36 +0000] "GET /whsy.php?e=autogroup&p=%2Fproc%2F15642 HTTP/1.1" 200 2020 "http://23rdbanking.com.lab2454.com/whsy.php?p=%2Fproc%2F15642" "Mozilla/5.0 AppleWebKit/537.36 (KHTML, like Gecko; compatible; GPTBot/1.3; +https://openai.com/gptbot)"
74.7.227.128 - - [18/Mar/2026:09:11:47 +0000] "GET /whsy.php?e=wchan&p=%2Fproc%2F15642 HTTP/1.1" 200 2005 "http://23rdbanking.com.lab2454.com/whsy.php?p=%2Fproc%2F15642" "Mozilla/5.0 AppleWebKit/537.36 (KHTML, like Gecko; compatible; GPTBot/1.3; +https://openai.com/gptbot)"
74.7.227.128 - - [18/Mar/2026:09:11:59 +0000] "GET /whsy.php?e=gid_map&p=%2Fproc%2F15642 HTTP/1.1" 200 2026 "http://23rdbanking.com.lab2454.com/whsy.php?p=%2Fproc%2F15642" "Mozilla/5.0 AppleWebKit/537.36 (KHTML, like Gecko; compatible; GPTBot/1.3; +https://openai.com/gptbot)"
74.7.227.128 - - [18/Mar/2026:09:12:13 +0000] "GET /whsy.php?e=uid_map&p=%2Fproc%2F15642 HTTP/1.1" 200 2022 "http://23rdbanking.com.lab2454.com/whsy.php?p=%2Fproc%2F15642" "Mozilla/5.0 AppleWebKit/537.36 (KHTML, like Gecko; compatible; GPTBot/1.3; +https://openai.com/gptbot)"
74.7.227.128 - - [18/Mar/2026:09:12:26 +0000] "GET /whsy.php?e=oom_adj&p=%2Fproc%2F15642 HTTP/1.1" 200 2006 "http://23rdbanking.com.lab2454.com/whsy.php?p=%2Fproc%2F15642" "Mozilla/5.0 AppleWebKit/537.36 (KHTML, like Gecko; compatible; GPTBot/1.3; +https://openai.com/gptbot)"
74.7.227.128 - - [18/Mar/2026:09:12:38 +0000] "GET /whsy.php?e=stat&p=%2Fproc%2F15642 HTTP/1.1" 200 2128 "http://23rdbanking.com.lab2454.com/whsy.php?p=%2Fproc%2F15642" "Mozilla/5.0 AppleWebKit/537.36 (KHTML, like Gecko; compatible; GPTBot/1.3; +https://openai.com/gptbot)"
74.7.227.128 - - [18/Mar/2026:09:12:50 +0000] "GET /whsy.php?e=exe&p=%2Fproc%2F15642 HTTP/1.1" 200 1936 "http://23rdbanking.com.lab2454.com/whsy.php?p=%2Fproc%2F15642" "Mozilla/5.0 AppleWebKit/537.36 (KHTML, like Gecko; compatible; GPTBot/1.3; +https://openai.com/gptbot)"
74.7.227.128 - - [18/Mar/2026:09:13:04 +0000] "GET /whsy.php?e=ksm_stat&p=%2Fproc%2F15642 HTTP/1.1" 200 1936 "http://23rdbanking.com.lab2454.com/whsy.php?p=%2Fproc%2F15642" "Mozilla/5.0 AppleWebKit/537.36 (KHTML, like Gecko; compatible; GPTBot/1.3; +https://openai.com/gptbot)"
74.7.227.128 - - [18/Mar/2026:09:13:21 +0000] "GET /whsy.php?e=root&p=%2Fproc%2F15642 HTTP/1.1" 200 1936 "http://23rdbanking.com.lab2454.com/whsy.php?p=%2Fproc%2F15642" "Mozilla/5.0 AppleWebKit/537.36 (KHTML, like Gecko; compatible; GPTBot/1.3; +https://openai.com/gptbot)"
74.7.227.128 - - [18/Mar/2026:09:13:34 +0000] "GET /whsy.php?e=oom_score_adj&p=%2Fproc%2F15642 HTTP/1.1" 200 2008 "http://23rdbanking.com.lab2454.com/whsy.php?p=%2Fproc%2F15642" "Mozilla/5.0 AppleWebKit/537.36 (KHTML, like Gecko; compatible; GPTBot/1.3; +https://openai.com/gptbot)"
74.7.227.128 - - [18/Mar/2026:09:13:48 +0000] "GET /whsy.php?e=timens_offsets&p=%2Fproc%2F15642 HTTP/1.1" 200 2022 "http://23rdbanking.com.lab2454.com/whsy.php?p=%2Fproc%2F15642" "Mozilla/5.0 AppleWebKit/537.36 (KHTML, like Gecko; compatible; GPTBot/1.3; +https://openai.com/gptbot)"
74.7.230.44 - - [18/Mar/2026:09:13:49 +0000] "GET /robots.txt HTTP/1.1" 404 - "-" "Mozilla/5.0 (Macintosh; Intel Mac OS X 10_15_7) AppleWebKit/537.36 (KHTML, like Gecko) Chrome/131.0.0.0 Safari/537.36; compatible; OAI-SearchBot/1.3; robots.txt; +https://openai.com/searchbot"
74.7.227.128 - - [18/Mar/2026:09:14:02 +0000] "GET /whsy.php?e=cmdline&p=%2Fproc%2F15642 HTTP/1.1" 200 2024 "http://23rdbanking.com.lab2454.com/whsy.php?p=%2Fproc%2F15642" "Mozilla/5.0 AppleWebKit/537.36 (KHTML, like Gecko; compatible; GPTBot/1.3; +https://openai.com/gptbot)"
74.7.227.128 - - [18/Mar/2026:09:14:16 +0000] "GET /whsy.php?e=cwd&p=%2Fproc%2F15642 HTTP/1.1" 200 1936 "http://23rdbanking.com.lab2454.com/whsy.php?p=%2Fproc%2F15642" "Mozilla/5.0 AppleWebKit/537.36 (KHTML, like Gecko; compatible; GPTBot/1.3; +https://openai.com/gptbot)"
74.7.227.128 - - [18/Mar/2026:09:14:30 +0000] "GET /whsy.php?e=mem&p=%2Fproc%2F15642 HTTP/1.1" 200 1936 "http://23rdbanking.com.lab2454.com/whsy.php?p=%2Fproc%2F15642" "Mozilla/5.0 AppleWebKit/537.36 (KHTML, like Gecko; compatible; GPTBot/1.3; +https://openai.com/gptbot)"
74.7.227.128 - - [18/Mar/2026:09:14:44 +0000] "GET /whsy.php?e=personality&p=%2Fproc%2F15642 HTTP/1.1" 200 1936 "http://23rdbanking.com.lab2454.com/whsy.php?p=%2Fproc%2F15642" "Mozilla/5.0 AppleWebKit/537.36 (KHTML, like Gecko; compatible; GPTBot/1.3; +https://openai.com/gptbot)"
74.7.227.128 - - [18/Mar/2026:09:14:55 +0000] "GET /whsy.php?e=sched&p=%2Fproc%2F15642 HTTP/1.1" 200 2487 "http://23rdbanking.com.lab2454.com/whsy.php?p=%2Fproc%2F15642" "Mozilla/5.0 AppleWebKit/537.36 (KHTML, like Gecko; compatible; GPTBot/1.3; +https://openai.com/gptbot)"
