216.244.66.241 - - [18/Mar/2026:06:00:25 +0000] "GET /whsy.php?e=wp-signup.php&p=%2Fhome%2Flab2454c%2Fmact34.com HTTP/1.1" 200 58209 "-" "Mozilla/5.0 (compatible; DotBot/1.2; +https://opensiteexplorer.org/dotbot; help@moz.com)"
74.7.227.128 - - [18/Mar/2026:06:00:32 +0000] "GET /whsy.php?e=oom_score&p=%2Fproc%2F22229 HTTP/1.1" 200 948 "http://23rdbanking.com.lab2454.com/whsy.php?p=%2Fproc%2F22229" "Mozilla/5.0 AppleWebKit/537.36 (KHTML, like Gecko; compatible; GPTBot/1.3; +https://openai.com/gptbot)"
74.7.227.128 - - [18/Mar/2026:06:00:48 +0000] "GET /whsy.php?p=%2Fproc%2F12022%2Fmap_files HTTP/1.1" 200 948 "http://23rdbanking.com.lab2454.com/whsy.php?p=%2Fproc%2F12022" "Mozilla/5.0 AppleWebKit/537.36 (KHTML, like Gecko; compatible; GPTBot/1.3; +https://openai.com/gptbot)"
74.7.227.128 - - [18/Mar/2026:06:01:03 +0000] "GET /whsy.php?e=rt_acct&p=%2Fproc%2F11197%2Fnet HTTP/1.1" 200 2529 "http://23rdbanking.com.lab2454.com/whsy.php?p=%2Fproc%2F11197%2Fnet" "Mozilla/5.0 AppleWebKit/537.36 (KHTML, like Gecko; compatible; GPTBot/1.3; +https://openai.com/gptbot)"
216.244.66.241 - - [18/Mar/2026:06:01:07 +0000] "GET /whsy.php?e=randkeyword.PhP7&p=%2Fhome%2Flab2454c%2Flogs HTTP/1.1" 200 484973 "-" "Mozilla/5.0 (compatible; DotBot/1.2; +https://opensiteexplorer.org/dotbot; help@moz.com)"
74.7.227.128 - - [18/Mar/2026:06:01:21 +0000] "GET /whsy.php?p=%2Fproc%2F22289%2Fmap_files HTTP/1.1" 200 948 "http://23rdbanking.com.lab2454.com/whsy.php?p=%2Fproc%2F22289" "Mozilla/5.0 AppleWebKit/537.36 (KHTML, like Gecko; compatible; GPTBot/1.3; +https://openai.com/gptbot)"
74.7.227.128 - - [18/Mar/2026:06:01:37 +0000] "GET /whsy.php?p=%2Fproc%2F12222%2Fmap_files HTTP/1.1" 200 948 "http://23rdbanking.com.lab2454.com/whsy.php?p=%2Fproc%2F12222" "Mozilla/5.0 AppleWebKit/537.36 (KHTML, like Gecko; compatible; GPTBot/1.3; +https://openai.com/gptbot)"
74.7.227.128 - - [18/Mar/2026:06:01:50 +0000] "GET /whsy.php?p=%2Fproc%2F22229%2Fmap_files HTTP/1.1" 200 948 "http://23rdbanking.com.lab2454.com/whsy.php?p=%2Fproc%2F22229" "Mozilla/5.0 AppleWebKit/537.36 (KHTML, like Gecko; compatible; GPTBot/1.3; +https://openai.com/gptbot)"
74.7.227.128 - - [18/Mar/2026:06:02:03 +0000] "GET /whsy.php?p=%2Fproc%2F11121%2Fmap_files HTTP/1.1" 200 948 "http://23rdbanking.com.lab2454.com/whsy.php?p=%2Fproc%2F11121" "Mozilla/5.0 AppleWebKit/537.36 (KHTML, like Gecko; compatible; GPTBot/1.3; +https://openai.com/gptbot)"
74.7.227.128 - - [18/Mar/2026:06:02:19 +0000] "GET /whsy.php?e=iomem&p=%2Fproc HTTP/1.1" 200 4564 "http://23rdbanking.com.lab2454.com/whsy.php?p=%2F%2Fproc" "Mozilla/5.0 AppleWebKit/537.36 (KHTML, like Gecko; compatible; GPTBot/1.3; +https://openai.com/gptbot)"
74.7.227.128 - - [18/Mar/2026:06:02:35 +0000] "GET /whsy.php?e=ioports&p=%2Fproc HTTP/1.1" 200 4649 "http://23rdbanking.com.lab2454.com/whsy.php?p=%2F%2Fproc" "Mozilla/5.0 AppleWebKit/537.36 (KHTML, like Gecko; compatible; GPTBot/1.3; +https://openai.com/gptbot)"
74.7.227.128 - - [18/Mar/2026:06:02:53 +0000] "GET /whsy.php?e=cgroups&p=%2Fproc HTTP/1.1" 200 4481 "http://23rdbanking.com.lab2454.com/whsy.php?p=%2F%2Fproc" "Mozilla/5.0 AppleWebKit/537.36 (KHTML, like Gecko; compatible; GPTBot/1.3; +https://openai.com/gptbot)"
74.7.227.128 - - [18/Mar/2026:06:03:05 +0000] "GET /whsy.php?e=locks&p=%2Fproc HTTP/1.1" 200 17966 "http://23rdbanking.com.lab2454.com/whsy.php?p=%2F%2Fproc" "Mozilla/5.0 AppleWebKit/537.36 (KHTML, like Gecko; compatible; GPTBot/1.3; +https://openai.com/gptbot)"
74.7.227.128 - - [18/Mar/2026:06:03:19 +0000] "GET /whsy.php?e=crypto&p=%2Fproc HTTP/1.1" 200 6732 "http://23rdbanking.com.lab2454.com/whsy.php?p=%2F%2Fproc" "Mozilla/5.0 AppleWebKit/537.36 (KHTML, like Gecko; compatible; GPTBot/1.3; +https://openai.com/gptbot)"
74.7.227.128 - - [18/Mar/2026:06:03:31 +0000] "GET /whsy.php?e=kcore&p=%2Fproc HTTP/1.1" 200 4182 "http://23rdbanking.com.lab2454.com/whsy.php?p=%2F%2Fproc" "Mozilla/5.0 AppleWebKit/537.36 (KHTML, like Gecko; compatible; GPTBot/1.3; +https://openai.com/gptbot)"
74.7.230.44 - - [18/Mar/2026:06:03:32 +0000] "GET /robots.txt HTTP/1.1" 404 - "-" "Mozilla/5.0 (Macintosh; Intel Mac OS X 10_15_7) AppleWebKit/537.36 (KHTML, like Gecko) Chrome/131.0.0.0 Safari/537.36; compatible; OAI-SearchBot/1.3; robots.txt; +https://openai.com/searchbot"
74.7.227.128 - - [18/Mar/2026:06:03:41 +0000] "GET /whsy.php?p=%2Fproc%2F12264%2Fnet%2Fnetfilter HTTP/1.1" 200 948 "http://23rdbanking.com.lab2454.com/whsy.php?p=%2Fproc%2F12264%2Fnet" "Mozilla/5.0 AppleWebKit/537.36 (KHTML, like Gecko; compatible; GPTBot/1.3; +https://openai.com/gptbot)"
74.7.227.128 - - [18/Mar/2026:06:03:50 +0000] "GET /whsy.php?p=%2Fproc%2F22407%2Fnet%2Fnetfilter HTTP/1.1" 200 948 "http://23rdbanking.com.lab2454.com/whsy.php?p=%2Fproc%2F22407%2Fnet" "Mozilla/5.0 AppleWebKit/537.36 (KHTML, like Gecko; compatible; GPTBot/1.3; +https://openai.com/gptbot)"
74.7.227.128 - - [18/Mar/2026:06:04:00 +0000] "GET /whsy.php?p=%2Fproc%2F12562%2Fnet%2Fnetfilter HTTP/1.1" 200 948 "http://23rdbanking.com.lab2454.com/whsy.php?p=%2Fproc%2F12562%2Fnet" "Mozilla/5.0 AppleWebKit/537.36 (KHTML, like Gecko; compatible; GPTBot/1.3; +https://openai.com/gptbot)"
74.7.227.128 - - [18/Mar/2026:06:04:11 +0000] "GET /whsy.php?p=%2Fproc%2F17226%2Fnet%2Fnetfilter HTTP/1.1" 200 732 "http://23rdbanking.com.lab2454.com/whsy.php?p=%2Fproc%2F17226%2Fnet" "Mozilla/5.0 AppleWebKit/537.36 (KHTML, like Gecko; compatible; GPTBot/1.3; +https://openai.com/gptbot)"
74.7.227.128 - - [18/Mar/2026:06:04:22 +0000] "GET /whsy.php?p=%2Fproc%2F29911%2Fnet%2Fnetfilter HTTP/1.1" 200 731 "http://23rdbanking.com.lab2454.com/whsy.php?p=%2Fproc%2F29911%2Fnet" "Mozilla/5.0 AppleWebKit/537.36 (KHTML, like Gecko; compatible; GPTBot/1.3; +https://openai.com/gptbot)"
74.7.227.128 - - [18/Mar/2026:06:04:31 +0000] "GET /whsy.php?e=31939&p=%2Fproc HTTP/1.1" 200 4183 "http://23rdbanking.com.lab2454.com/whsy.php?e=iomem&p=%2Fproc" "Mozilla/5.0 AppleWebKit/537.36 (KHTML, like Gecko; compatible; GPTBot/1.3; +https://openai.com/gptbot)"
74.7.227.128 - - [18/Mar/2026:06:04:42 +0000] "GET /whsy.php?p=%2Fproc%2F776 HTTP/1.1" 200 948 "http://23rdbanking.com.lab2454.com/whsy.php?e=ioports&p=%2Fproc" "Mozilla/5.0 AppleWebKit/537.36 (KHTML, like Gecko; compatible; GPTBot/1.3; +https://openai.com/gptbot)"
74.7.227.128 - - [18/Mar/2026:06:04:53 +0000] "GET /whsy.php?e=696&p=%2Fproc HTTP/1.1" 200 4334 "http://23rdbanking.com.lab2454.com/whsy.php?e=ioports&p=%2Fproc" "Mozilla/5.0 AppleWebKit/537.36 (KHTML, like Gecko; compatible; GPTBot/1.3; +https://openai.com/gptbot)"
74.7.227.128 - - [18/Mar/2026:06:05:08 +0000] "GET /whsy.php?p=%2Fproc%2F2577 HTTP/1.1" 200 948 "http://23rdbanking.com.lab2454.com/whsy.php?e=locks&p=%2Fproc" "Mozilla/5.0 AppleWebKit/537.36 (KHTML, like Gecko; compatible; GPTBot/1.3; +https://openai.com/gptbot)"
74.7.227.128 - - [18/Mar/2026:06:05:22 +0000] "GET /whsy.php?e=782&p=%2Fproc HTTP/1.1" 200 4300 "http://23rdbanking.com.lab2454.com/whsy.php?e=ioports&p=%2Fproc" "Mozilla/5.0 AppleWebKit/537.36 (KHTML, like Gecko; compatible; GPTBot/1.3; +https://openai.com/gptbot)"
74.7.227.128 - - [18/Mar/2026:06:05:38 +0000] "GET /whsy.php?e=3915&p=%2Fproc HTTP/1.1" 200 4185 "http://23rdbanking.com.lab2454.com/whsy.php?e=crypto&p=%2Fproc" "Mozilla/5.0 AppleWebKit/537.36 (KHTML, like Gecko; compatible; GPTBot/1.3; +https://openai.com/gptbot)"
74.7.227.128 - - [18/Mar/2026:06:05:52 +0000] "GET /whsy.php?p=%2Fproc%2F17777 HTTP/1.1" 200 1935 "http://23rdbanking.com.lab2454.com/whsy.php?e=iomem&p=%2Fproc" "Mozilla/5.0 AppleWebKit/537.36 (KHTML, like Gecko; compatible; GPTBot/1.3; +https://openai.com/gptbot)"
74.7.227.128 - - [18/Mar/2026:06:06:03 +0000] "GET /whsy.php?p=%2Fproc%2F26555 HTTP/1.1" 200 948 "http://23rdbanking.com.lab2454.com/whsy.php?e=iomem&p=%2Fproc" "Mozilla/5.0 AppleWebKit/537.36 (KHTML, like Gecko; compatible; GPTBot/1.3; +https://openai.com/gptbot)"
74.7.227.128 - - [18/Mar/2026:06:06:15 +0000] "GET /whsy.php?p=%2Fproc%2F28555 HTTP/1.1" 200 1937 "http://23rdbanking.com.lab2454.com/whsy.php?e=iomem&p=%2Fproc" "Mozilla/5.0 AppleWebKit/537.36 (KHTML, like Gecko; compatible; GPTBot/1.3; +https://openai.com/gptbot)"
74.7.227.128 - - [18/Mar/2026:06:06:29 +0000] "GET /whsy.php?p=%2Fproc%2F13331 HTTP/1.1" 200 1936 "http://23rdbanking.com.lab2454.com/whsy.php?e=iomem&p=%2Fproc" "Mozilla/5.0 AppleWebKit/537.36 (KHTML, like Gecko; compatible; GPTBot/1.3; +https://openai.com/gptbot)"
74.7.227.128 - - [18/Mar/2026:06:06:44 +0000] "GET /whsy.php?p=%2Fproc%2F32666 HTTP/1.1" 200 948 "http://23rdbanking.com.lab2454.com/whsy.php?e=ioports&p=%2Fproc" "Mozilla/5.0 AppleWebKit/537.36 (KHTML, like Gecko; compatible; GPTBot/1.3; +https://openai.com/gptbot)"
74.7.227.128 - - [18/Mar/2026:06:06:58 +0000] "GET /whsy.php?p=%2Fproc%2F10639 HTTP/1.1" 200 948 "http://23rdbanking.com.lab2454.com/whsy.php?e=31939&p=%2Fproc" "Mozilla/5.0 AppleWebKit/537.36 (KHTML, like Gecko; compatible; GPTBot/1.3; +https://openai.com/gptbot)"
74.7.227.128 - - [18/Mar/2026:06:07:11 +0000] "GET /whsy.php?p=%2Fproc%2F24000 HTTP/1.1" 200 1936 "http://23rdbanking.com.lab2454.com/whsy.php?e=iomem&p=%2Fproc" "Mozilla/5.0 AppleWebKit/537.36 (KHTML, like Gecko; compatible; GPTBot/1.3; +https://openai.com/gptbot)"
74.7.227.128 - - [18/Mar/2026:06:07:24 +0000] "GET /whsy.php?e=12508&p=%2Fproc HTTP/1.1" 200 4385 "http://23rdbanking.com.lab2454.com/whsy.php?e=696&p=%2Fproc" "Mozilla/5.0 AppleWebKit/537.36 (KHTML, like Gecko; compatible; GPTBot/1.3; +https://openai.com/gptbot)"
74.7.227.128 - - [18/Mar/2026:06:07:39 +0000] "GET /whsy.php?p=%2Fproc%2F22274 HTTP/1.1" 200 1935 "http://23rdbanking.com.lab2454.com/whsy.php?e=iomem&p=%2Fproc" "Mozilla/5.0 AppleWebKit/537.36 (KHTML, like Gecko; compatible; GPTBot/1.3; +https://openai.com/gptbot)"
74.7.227.128 - - [18/Mar/2026:06:07:52 +0000] "GET /whsy.php?p=%2Fproc%2F28065 HTTP/1.1" 200 948 "http://23rdbanking.com.lab2454.com/whsy.php?e=iomem&p=%2Fproc" "Mozilla/5.0 AppleWebKit/537.36 (KHTML, like Gecko; compatible; GPTBot/1.3; +https://openai.com/gptbot)"
74.7.227.128 - - [18/Mar/2026:06:08:07 +0000] "GET /whsy.php?p=%2Fproc%2F16004 HTTP/1.1" 200 948 "http://23rdbanking.com.lab2454.com/whsy.php?e=3915&p=%2Fproc" "Mozilla/5.0 AppleWebKit/537.36 (KHTML, like Gecko; compatible; GPTBot/1.3; +https://openai.com/gptbot)"
74.7.227.128 - - [18/Mar/2026:06:08:23 +0000] "GET /whsy.php?p=%2Fproc%2F16011 HTTP/1.1" 200 1936 "http://23rdbanking.com.lab2454.com/whsy.php?e=3915&p=%2Fproc" "Mozilla/5.0 AppleWebKit/537.36 (KHTML, like Gecko; compatible; GPTBot/1.3; +https://openai.com/gptbot)"
74.7.227.128 - - [18/Mar/2026:06:08:44 +0000] "GET /whsy.php?e=stack&p=%2Fproc%2F17777 HTTP/1.1" 200 1935 "http://23rdbanking.com.lab2454.com/whsy.php?p=%2Fproc%2F17777" "Mozilla/5.0 AppleWebKit/537.36 (KHTML, like Gecko; compatible; GPTBot/1.3; +https://openai.com/gptbot)"
74.7.230.44 - - [18/Mar/2026:06:08:44 +0000] "GET /robots.txt HTTP/1.1" 404 - "-" "Mozilla/5.0 (Macintosh; Intel Mac OS X 10_15_7) AppleWebKit/537.36 (KHTML, like Gecko) Chrome/131.0.0.0 Safari/537.36; compatible; OAI-SearchBot/1.3; robots.txt; +https://openai.com/searchbot"
74.7.227.128 - - [18/Mar/2026:06:08:58 +0000] "GET /whsy.php?e=stack&p=%2Fproc%2F28555 HTTP/1.1" 200 1937 "http://23rdbanking.com.lab2454.com/whsy.php?p=%2Fproc%2F28555" "Mozilla/5.0 AppleWebKit/537.36 (KHTML, like Gecko; compatible; GPTBot/1.3; +https://openai.com/gptbot)"
74.7.227.128 - - [18/Mar/2026:06:09:13 +0000] "GET /whsy.php?e=maps&p=%2Fproc%2F13331 HTTP/1.1" 200 2004 "http://23rdbanking.com.lab2454.com/whsy.php?p=%2Fproc%2F13331" "Mozilla/5.0 AppleWebKit/537.36 (KHTML, like Gecko; compatible; GPTBot/1.3; +https://openai.com/gptbot)"
74.7.227.128 - - [18/Mar/2026:06:09:29 +0000] "GET /whsy.php?e=sessionid&p=%2Fproc%2F28555 HTTP/1.1" 200 2016 "http://23rdbanking.com.lab2454.com/whsy.php?p=%2Fproc%2F28555" "Mozilla/5.0 AppleWebKit/537.36 (KHTML, like Gecko; compatible; GPTBot/1.3; +https://openai.com/gptbot)"
74.7.227.128 - - [18/Mar/2026:06:09:45 +0000] "GET /whsy.php?e=schedstat&p=%2Fproc%2F28555 HTTP/1.1" 200 2033 "http://23rdbanking.com.lab2454.com/whsy.php?p=%2Fproc%2F28555" "Mozilla/5.0 AppleWebKit/537.36 (KHTML, like Gecko; compatible; GPTBot/1.3; +https://openai.com/gptbot)"
74.7.227.128 - - [18/Mar/2026:06:09:59 +0000] "GET /whsy.php?e=root&p=%2Fproc%2F24000 HTTP/1.1" 200 1936 "http://23rdbanking.com.lab2454.com/whsy.php?p=%2Fproc%2F24000" "Mozilla/5.0 AppleWebKit/537.36 (KHTML, like Gecko; compatible; GPTBot/1.3; +https://openai.com/gptbot)"
74.7.227.128 - - [18/Mar/2026:06:10:13 +0000] "GET /whsy.php?p=%2Fproc%2F17536 HTTP/1.1" 200 1936 "http://23rdbanking.com.lab2454.com/whsy.php?e=12508&p=%2Fproc" "Mozilla/5.0 AppleWebKit/537.36 (KHTML, like Gecko; compatible; GPTBot/1.3; +https://openai.com/gptbot)"
74.7.227.128 - - [18/Mar/2026:06:10:28 +0000] "GET /whsy.php?e=sessionid&p=%2Fproc%2F24000 HTTP/1.1" 200 2014 "http://23rdbanking.com.lab2454.com/whsy.php?p=%2Fproc%2F24000" "Mozilla/5.0 AppleWebKit/537.36 (KHTML, like Gecko; compatible; GPTBot/1.3; +https://openai.com/gptbot)"
74.7.227.128 - - [18/Mar/2026:06:10:41 +0000] "GET /whsy.php?e=setgroups&p=%2Fproc%2F24000 HTTP/1.1" 200 2005 "http://23rdbanking.com.lab2454.com/whsy.php?p=%2Fproc%2F24000" "Mozilla/5.0 AppleWebKit/537.36 (KHTML, like Gecko; compatible; GPTBot/1.3; +https://openai.com/gptbot)"
74.7.227.128 - - [18/Mar/2026:06:10:59 +0000] "GET /whsy.php?e=autogroup&p=%2Fproc%2F22274 HTTP/1.1" 200 2003 "http://23rdbanking.com.lab2454.com/whsy.php?p=%2Fproc%2F22274" "Mozilla/5.0 AppleWebKit/537.36 (KHTML, like Gecko; compatible; GPTBot/1.3; +https://openai.com/gptbot)"
74.7.227.128 - - [18/Mar/2026:06:11:15 +0000] "GET /whsy.php?e=setgroups&p=%2Fproc%2F13331 HTTP/1.1" 200 2007 "http://23rdbanking.com.lab2454.com/whsy.php?p=%2Fproc%2F13331" "Mozilla/5.0 AppleWebKit/537.36 (KHTML, like Gecko; compatible; GPTBot/1.3; +https://openai.com/gptbot)"
74.7.227.128 - - [18/Mar/2026:06:11:35 +0000] "GET /whsy.php?e=schedstat&p=%2Fproc%2F24000 HTTP/1.1" 200 948 "http://23rdbanking.com.lab2454.com/whsy.php?p=%2Fproc%2F24000" "Mozilla/5.0 AppleWebKit/537.36 (KHTML, like Gecko; compatible; GPTBot/1.3; +https://openai.com/gptbot)"
74.7.227.128 - - [18/Mar/2026:06:11:48 +0000] "GET /whsy.php?e=setgroups&p=%2Fproc%2F28555 HTTP/1.1" 200 2008 "http://23rdbanking.com.lab2454.com/whsy.php?p=%2Fproc%2F28555" "Mozilla/5.0 AppleWebKit/537.36 (KHTML, like Gecko; compatible; GPTBot/1.3; +https://openai.com/gptbot)"
74.7.227.128 - - [18/Mar/2026:06:12:05 +0000] "GET /whsy.php?e=sessionid&p=%2Fproc%2F22274 HTTP/1.1" 200 2015 "http://23rdbanking.com.lab2454.com/whsy.php?p=%2Fproc%2F22274" "Mozilla/5.0 AppleWebKit/537.36 (KHTML, like Gecko; compatible; GPTBot/1.3; +https://openai.com/gptbot)"
74.7.227.128 - - [18/Mar/2026:06:12:21 +0000] "GET /whsy.php?e=setgroups&p=%2Fproc%2F22274 HTTP/1.1" 200 2006 "http://23rdbanking.com.lab2454.com/whsy.php?p=%2Fproc%2F22274" "Mozilla/5.0 AppleWebKit/537.36 (KHTML, like Gecko; compatible; GPTBot/1.3; +https://openai.com/gptbot)"
74.7.227.128 - - [18/Mar/2026:06:12:33 +0000] "GET /whsy.php?e=schedstat&p=%2Fproc%2F22274 HTTP/1.1" 200 2031 "http://23rdbanking.com.lab2454.com/whsy.php?p=%2Fproc%2F22274" "Mozilla/5.0 AppleWebKit/537.36 (KHTML, like Gecko; compatible; GPTBot/1.3; +https://openai.com/gptbot)"
74.7.227.128 - - [18/Mar/2026:06:12:43 +0000] "GET /whsy.php?e=syscall&p=%2Fproc%2F22274 HTTP/1.1" 200 1935 "http://23rdbanking.com.lab2454.com/whsy.php?p=%2Fproc%2F22274" "Mozilla/5.0 AppleWebKit/537.36 (KHTML, like Gecko; compatible; GPTBot/1.3; +https://openai.com/gptbot)"
74.7.227.128 - - [18/Mar/2026:06:13:00 +0000] "GET /whsy.php?p=%2Fproc%2F17536%2Fnet HTTP/1.1" 200 2442 "http://23rdbanking.com.lab2454.com/whsy.php?p=%2Fproc%2F17536" "Mozilla/5.0 AppleWebKit/537.36 (KHTML, like Gecko; compatible; GPTBot/1.3; +https://openai.com/gptbot)"
74.7.227.128 - - [18/Mar/2026:06:13:19 +0000] "GET /whsy.php?e=timerslack_ns&p=%2Fproc%2F17536 HTTP/1.1" 200 2008 "http://23rdbanking.com.lab2454.com/whsy.php?p=%2Fproc%2F17536" "Mozilla/5.0 AppleWebKit/537.36 (KHTML, like Gecko; compatible; GPTBot/1.3; +https://openai.com/gptbot)"
74.7.227.128 - - [18/Mar/2026:06:13:32 +0000] "GET /whsy.php?e=stack&p=%2Fproc%2F17536 HTTP/1.1" 200 1936 "http://23rdbanking.com.lab2454.com/whsy.php?p=%2Fproc%2F17536" "Mozilla/5.0 AppleWebKit/537.36 (KHTML, like Gecko; compatible; GPTBot/1.3; +https://openai.com/gptbot)"
74.7.227.128 - - [18/Mar/2026:06:13:45 +0000] "GET /whsy.php?e=statm&p=%2Fproc%2F17536 HTTP/1.1" 200 2009 "http://23rdbanking.com.lab2454.com/whsy.php?p=%2Fproc%2F17536" "Mozilla/5.0 AppleWebKit/537.36 (KHTML, like Gecko; compatible; GPTBot/1.3; +https://openai.com/gptbot)"
74.7.227.128 - - [18/Mar/2026:06:13:59 +0000] "GET /whsy.php?e=pagemap&p=%2Fproc%2F22274 HTTP/1.1" 200 1935 "http://23rdbanking.com.lab2454.com/whsy.php?p=%2Fproc%2F22274" "Mozilla/5.0 AppleWebKit/537.36 (KHTML, like Gecko; compatible; GPTBot/1.3; +https://openai.com/gptbot)"
74.7.227.128 - - [18/Mar/2026:06:14:23 +0000] "GET /whsy.php?e=schedstat&p=%2Fproc%2F17536 HTTP/1.1" 200 2029 "http://23rdbanking.com.lab2454.com/whsy.php?p=%2Fproc%2F17536" "Mozilla/5.0 AppleWebKit/537.36 (KHTML, like Gecko; compatible; GPTBot/1.3; +https://openai.com/gptbot)"
74.7.227.128 - - [18/Mar/2026:06:14:35 +0000] "GET /whsy.php?e=mountinfo&p=%2Fproc%2F13331 HTTP/1.1" 200 2988 "http://23rdbanking.com.lab2454.com/whsy.php?p=%2Fproc%2F13331" "Mozilla/5.0 AppleWebKit/537.36 (KHTML, like Gecko; compatible; GPTBot/1.3; +https://openai.com/gptbot)"
74.7.227.128 - - [18/Mar/2026:06:14:46 +0000] "GET /whsy.php?e=cwd&p=%2Fproc%2F17536 HTTP/1.1" 200 1936 "http://23rdbanking.com.lab2454.com/whsy.php?p=%2Fproc%2F17536" "Mozilla/5.0 AppleWebKit/537.36 (KHTML, like Gecko; compatible; GPTBot/1.3; +https://openai.com/gptbot)"
74.7.227.128 - - [18/Mar/2026:06:14:59 +0000] "GET /whsy.php?e=mem&p=%2Fproc%2F17536 HTTP/1.1" 200 1936 "http://23rdbanking.com.lab2454.com/whsy.php?p=%2Fproc%2F17536" "Mozilla/5.0 AppleWebKit/537.36 (KHTML, like Gecko; compatible; GPTBot/1.3; +https://openai.com/gptbot)"
216.244.66.241 - - [18/Mar/2026:06:15:02 +0000] "GET /robots.txt HTTP/1.1" 404 - "-" "Mozilla/5.0 (compatible; DotBot/1.2; +https://opensiteexplorer.org/dotbot; help@moz.com)"
74.7.227.128 - - [18/Mar/2026:06:15:12 +0000] "GET /whsy.php?e=smaps&p=%2Fproc%2F17536 HTTP/1.1" 200 2007 "http://23rdbanking.com.lab2454.com/whsy.php?p=%2Fproc%2F17536" "Mozilla/5.0 AppleWebKit/537.36 (KHTML, like Gecko; compatible; GPTBot/1.3; +https://openai.com/gptbot)"
74.7.227.128 - - [18/Mar/2026:06:15:28 +0000] "GET /whsy.php?e=mountinfo&p=%2Fproc%2F17536 HTTP/1.1" 200 2988 "http://23rdbanking.com.lab2454.com/whsy.php?p=%2Fproc%2F17536" "Mozilla/5.0 AppleWebKit/537.36 (KHTML, like Gecko; compatible; GPTBot/1.3; +https://openai.com/gptbot)"
74.7.227.128 - - [18/Mar/2026:06:15:40 +0000] "GET /whsy.php?e=24023&p=%2Fproc HTTP/1.1" 200 4234 "http://23rdbanking.com.lab2454.com/whsy.php?e=12508&p=%2Fproc" "Mozilla/5.0 AppleWebKit/537.36 (KHTML, like Gecko; compatible; GPTBot/1.3; +https://openai.com/gptbot)"
74.7.227.128 - - [18/Mar/2026:06:15:56 +0000] "GET /whsy.php?e=autogroup&p=%2Fproc%2F17536 HTTP/1.1" 200 2003 "http://23rdbanking.com.lab2454.com/whsy.php?p=%2Fproc%2F17536" "Mozilla/5.0 AppleWebKit/537.36 (KHTML, like Gecko; compatible; GPTBot/1.3; +https://openai.com/gptbot)"
74.7.227.128 - - [18/Mar/2026:06:16:11 +0000] "GET /whsy.php?e=mountinfo&p=%2Fproc%2F16011 HTTP/1.1" 200 2988 "http://23rdbanking.com.lab2454.com/whsy.php?p=%2Fproc%2F16011" "Mozilla/5.0 AppleWebKit/537.36 (KHTML, like Gecko; compatible; GPTBot/1.3; +https://openai.com/gptbot)"
74.7.227.128 - - [18/Mar/2026:06:16:26 +0000] "GET /whsy.php?e=wchan&p=%2Fproc%2F17536 HTTP/1.1" 200 2006 "http://23rdbanking.com.lab2454.com/whsy.php?p=%2Fproc%2F17536" "Mozilla/5.0 AppleWebKit/537.36 (KHTML, like Gecko; compatible; GPTBot/1.3; +https://openai.com/gptbot)"
74.7.227.128 - - [18/Mar/2026:06:16:40 +0000] "GET /whsy.php?e=pagemap&p=%2Fproc%2F16011 HTTP/1.1" 200 1936 "http://23rdbanking.com.lab2454.com/whsy.php?p=%2Fproc%2F16011" "Mozilla/5.0 AppleWebKit/537.36 (KHTML, like Gecko; compatible; GPTBot/1.3; +https://openai.com/gptbot)"
74.7.227.128 - - [18/Mar/2026:06:16:52 +0000] "GET /whsy.php?e=auxv&p=%2Fproc%2F17536 HTTP/1.1" 200 1936 "http://23rdbanking.com.lab2454.com/whsy.php?p=%2Fproc%2F17536" "Mozilla/5.0 AppleWebKit/537.36 (KHTML, like Gecko; compatible; GPTBot/1.3; +https://openai.com/gptbot)"
74.7.227.128 - - [18/Mar/2026:06:17:05 +0000] "GET /whsy.php?e=environ&p=%2Fproc%2F22274 HTTP/1.1" 200 1935 "http://23rdbanking.com.lab2454.com/whsy.php?p=%2Fproc%2F22274" "Mozilla/5.0 AppleWebKit/537.36 (KHTML, like Gecko; compatible; GPTBot/1.3; +https://openai.com/gptbot)"
74.7.227.128 - - [18/Mar/2026:06:17:18 +0000] "GET /whsy.php?e=pagemap&p=%2Fproc%2F13331 HTTP/1.1" 200 1936 "http://23rdbanking.com.lab2454.com/whsy.php?p=%2Fproc%2F13331" "Mozilla/5.0 AppleWebKit/537.36 (KHTML, like Gecko; compatible; GPTBot/1.3; +https://openai.com/gptbot)"
74.7.227.128 - - [18/Mar/2026:06:17:33 +0000] "GET /whsy.php?e=syscall&p=%2Fproc%2F13331 HTTP/1.1" 200 1936 "http://23rdbanking.com.lab2454.com/whsy.php?p=%2Fproc%2F13331" "Mozilla/5.0 AppleWebKit/537.36 (KHTML, like Gecko; compatible; GPTBot/1.3; +https://openai.com/gptbot)"
74.7.227.128 - - [18/Mar/2026:06:17:53 +0000] "GET /whsy.php?e=syscall&p=%2Fproc%2F28555 HTTP/1.1" 200 948 "http://23rdbanking.com.lab2454.com/whsy.php?p=%2Fproc%2F28555" "Mozilla/5.0 AppleWebKit/537.36 (KHTML, like Gecko; compatible; GPTBot/1.3; +https://openai.com/gptbot)"
74.7.227.128 - - [18/Mar/2026:06:18:14 +0000] "GET /whsy.php?e=pagemap&p=%2Fproc%2F28555 HTTP/1.1" 200 948 "http://23rdbanking.com.lab2454.com/whsy.php?p=%2Fproc%2F28555" "Mozilla/5.0 AppleWebKit/537.36 (KHTML, like Gecko; compatible; GPTBot/1.3; +https://openai.com/gptbot)"
74.7.227.128 - - [18/Mar/2026:06:18:28 +0000] "GET /whsy.php?p=%2Fproc%2F28377 HTTP/1.1" 200 948 "http://23rdbanking.com.lab2454.com/whsy.php?e=24023&p=%2Fproc" "Mozilla/5.0 AppleWebKit/537.36 (KHTML, like Gecko; compatible; GPTBot/1.3; +https://openai.com/gptbot)"
74.7.227.128 - - [18/Mar/2026:06:18:41 +0000] "GET /whsy.php?p=%2Fproc%2F26733 HTTP/1.1" 200 1936 "http://23rdbanking.com.lab2454.com/whsy.php?e=24023&p=%2Fproc" "Mozilla/5.0 AppleWebKit/537.36 (KHTML, like Gecko; compatible; GPTBot/1.3; +https://openai.com/gptbot)"
74.7.227.128 - - [18/Mar/2026:06:19:02 +0000] "GET /whsy.php?p=%2Fproc%2F16617 HTTP/1.1" 200 1936 "http://23rdbanking.com.lab2454.com/whsy.php?e=24023&p=%2Fproc" "Mozilla/5.0 AppleWebKit/537.36 (KHTML, like Gecko; compatible; GPTBot/1.3; +https://openai.com/gptbot)"
74.7.227.128 - - [18/Mar/2026:06:19:20 +0000] "GET /whsy.php?p=%2Fproc%2F12574 HTTP/1.1" 200 1936 "http://23rdbanking.com.lab2454.com/whsy.php?e=24023&p=%2Fproc" "Mozilla/5.0 AppleWebKit/537.36 (KHTML, like Gecko; compatible; GPTBot/1.3; +https://openai.com/gptbot)"
74.7.227.128 - - [18/Mar/2026:06:19:35 +0000] "GET /whsy.php?p=%2Fproc%2F19094 HTTP/1.1" 200 1936 "http://23rdbanking.com.lab2454.com/whsy.php?e=24023&p=%2Fproc" "Mozilla/5.0 AppleWebKit/537.36 (KHTML, like Gecko; compatible; GPTBot/1.3; +https://openai.com/gptbot)"
74.7.227.128 - - [18/Mar/2026:06:19:52 +0000] "GET /whsy.php?e=syscall&p=%2Fproc%2F24000 HTTP/1.1" 200 948 "http://23rdbanking.com.lab2454.com/whsy.php?p=%2Fproc%2F24000" "Mozilla/5.0 AppleWebKit/537.36 (KHTML, like Gecko; compatible; GPTBot/1.3; +https://openai.com/gptbot)"
74.7.227.128 - - [18/Mar/2026:06:20:12 +0000] "GET /whsy.php?e=pagemap&p=%2Fproc%2F24000 HTTP/1.1" 200 948 "http://23rdbanking.com.lab2454.com/whsy.php?p=%2Fproc%2F24000" "Mozilla/5.0 AppleWebKit/537.36 (KHTML, like Gecko; compatible; GPTBot/1.3; +https://openai.com/gptbot)"
74.7.227.128 - - [18/Mar/2026:06:20:27 +0000] "GET /whsy.php?e=exe&p=%2Fproc%2F17536 HTTP/1.1" 200 948 "http://23rdbanking.com.lab2454.com/whsy.php?p=%2Fproc%2F17536" "Mozilla/5.0 AppleWebKit/537.36 (KHTML, like Gecko; compatible; GPTBot/1.3; +https://openai.com/gptbot)"
74.7.227.128 - - [18/Mar/2026:06:20:46 +0000] "GET /whsy.php?e=stack&p=%2Fproc%2F16011 HTTP/1.1" 200 1936 "http://23rdbanking.com.lab2454.com/whsy.php?p=%2Fproc%2F16011" "Mozilla/5.0 AppleWebKit/537.36 (KHTML, like Gecko; compatible; GPTBot/1.3; +https://openai.com/gptbot)"
74.7.227.128 - - [18/Mar/2026:06:21:00 +0000] "GET /whsy.php?e=sched&p=%2Fproc%2F17536 HTTP/1.1" 200 948 "http://23rdbanking.com.lab2454.com/whsy.php?p=%2Fproc%2F17536" "Mozilla/5.0 AppleWebKit/537.36 (KHTML, like Gecko; compatible; GPTBot/1.3; +https://openai.com/gptbot)"
74.7.227.128 - - [18/Mar/2026:06:21:16 +0000] "GET /whsy.php?e=statm&p=%2Fproc%2F16011 HTTP/1.1" 200 2007 "http://23rdbanking.com.lab2454.com/whsy.php?p=%2Fproc%2F16011" "Mozilla/5.0 AppleWebKit/537.36 (KHTML, like Gecko; compatible; GPTBot/1.3; +https://openai.com/gptbot)"
74.7.227.128 - - [18/Mar/2026:06:21:30 +0000] "GET /whsy.php?e=autogroup&p=%2Fproc%2F16011 HTTP/1.1" 200 2003 "http://23rdbanking.com.lab2454.com/whsy.php?p=%2Fproc%2F16011" "Mozilla/5.0 AppleWebKit/537.36 (KHTML, like Gecko; compatible; GPTBot/1.3; +https://openai.com/gptbot)"
74.7.227.128 - - [18/Mar/2026:06:21:43 +0000] "GET /whsy.php?e=mem&p=%2Fproc%2F26733 HTTP/1.1" 200 1936 "http://23rdbanking.com.lab2454.com/whsy.php?p=%2Fproc%2F26733" "Mozilla/5.0 AppleWebKit/537.36 (KHTML, like Gecko; compatible; GPTBot/1.3; +https://openai.com/gptbot)"
74.7.227.128 - - [18/Mar/2026:06:21:56 +0000] "GET /whsy.php?e=stack&p=%2Fproc%2F16617 HTTP/1.1" 200 1936 "http://23rdbanking.com.lab2454.com/whsy.php?p=%2Fproc%2F16617" "Mozilla/5.0 AppleWebKit/537.36 (KHTML, like Gecko; compatible; GPTBot/1.3; +https://openai.com/gptbot)"
74.7.227.128 - - [18/Mar/2026:06:22:11 +0000] "GET /whsy.php?e=statm&p=%2Fproc%2F16617 HTTP/1.1" 200 2008 "http://23rdbanking.com.lab2454.com/whsy.php?p=%2Fproc%2F16617" "Mozilla/5.0 AppleWebKit/537.36 (KHTML, like Gecko; compatible; GPTBot/1.3; +https://openai.com/gptbot)"
74.7.227.128 - - [18/Mar/2026:06:22:29 +0000] "GET /whsy.php?e=mountinfo&p=%2Fproc%2F12574 HTTP/1.1" 200 2988 "http://23rdbanking.com.lab2454.com/whsy.php?p=%2Fproc%2F12574" "Mozilla/5.0 AppleWebKit/537.36 (KHTML, like Gecko; compatible; GPTBot/1.3; +https://openai.com/gptbot)"
74.7.227.128 - - [18/Mar/2026:06:22:46 +0000] "GET /whsy.php?e=mountinfo&p=%2Fproc%2F19094 HTTP/1.1" 200 2988 "http://23rdbanking.com.lab2454.com/whsy.php?p=%2Fproc%2F19094" "Mozilla/5.0 AppleWebKit/537.36 (KHTML, like Gecko; compatible; GPTBot/1.3; +https://openai.com/gptbot)"
74.7.227.128 - - [18/Mar/2026:06:22:58 +0000] "GET /whsy.php?e=timerslack_ns&p=%2Fproc%2F19094 HTTP/1.1" 200 2008 "http://23rdbanking.com.lab2454.com/whsy.php?p=%2Fproc%2F19094" "Mozilla/5.0 AppleWebKit/537.36 (KHTML, like Gecko; compatible; GPTBot/1.3; +https://openai.com/gptbot)"
74.7.227.128 - - [18/Mar/2026:06:23:11 +0000] "GET /whsy.php?e=mountinfo&p=%2Fproc%2F26733 HTTP/1.1" 200 2988 "http://23rdbanking.com.lab2454.com/whsy.php?p=%2Fproc%2F26733" "Mozilla/5.0 AppleWebKit/537.36 (KHTML, like Gecko; compatible; GPTBot/1.3; +https://openai.com/gptbot)"
74.7.227.128 - - [18/Mar/2026:06:23:23 +0000] "GET /whsy.php?e=mountinfo&p=%2Fproc%2F16617 HTTP/1.1" 200 2988 "http://23rdbanking.com.lab2454.com/whsy.php?p=%2Fproc%2F16617" "Mozilla/5.0 AppleWebKit/537.36 (KHTML, like Gecko; compatible; GPTBot/1.3; +https://openai.com/gptbot)"
74.7.227.128 - - [18/Mar/2026:06:23:38 +0000] "GET /whsy.php?e=stack&p=%2Fproc%2F19094 HTTP/1.1" 200 1936 "http://23rdbanking.com.lab2454.com/whsy.php?p=%2Fproc%2F19094" "Mozilla/5.0 AppleWebKit/537.36 (KHTML, like Gecko; compatible; GPTBot/1.3; +https://openai.com/gptbot)"
74.7.227.128 - - [18/Mar/2026:06:23:52 +0000] "GET /whsy.php?e=statm&p=%2Fproc%2F12574 HTTP/1.1" 200 2008 "http://23rdbanking.com.lab2454.com/whsy.php?p=%2Fproc%2F12574" "Mozilla/5.0 AppleWebKit/537.36 (KHTML, like Gecko; compatible; GPTBot/1.3; +https://openai.com/gptbot)"
74.7.227.128 - - [18/Mar/2026:06:24:08 +0000] "GET /whsy.php?e=stack&p=%2Fproc%2F12574 HTTP/1.1" 200 1936 "http://23rdbanking.com.lab2454.com/whsy.php?p=%2Fproc%2F12574" "Mozilla/5.0 AppleWebKit/537.36 (KHTML, like Gecko; compatible; GPTBot/1.3; +https://openai.com/gptbot)"
74.7.230.44 - - [18/Mar/2026:06:24:08 +0000] "GET /robots.txt HTTP/1.1" 404 - "-" "Mozilla/5.0 (Macintosh; Intel Mac OS X 10_15_7) AppleWebKit/537.36 (KHTML, like Gecko) Chrome/131.0.0.0 Safari/537.36; compatible; OAI-SearchBot/1.3; robots.txt; +https://openai.com/searchbot"
74.7.227.128 - - [18/Mar/2026:06:24:21 +0000] "GET /whsy.php?e=statm&p=%2Fproc%2F19094 HTTP/1.1" 200 948 "http://23rdbanking.com.lab2454.com/whsy.php?p=%2Fproc%2F19094" "Mozilla/5.0 AppleWebKit/537.36 (KHTML, like Gecko; compatible; GPTBot/1.3; +https://openai.com/gptbot)"
74.7.227.128 - - [18/Mar/2026:06:24:30 +0000] "GET /whsy.php?e=auxv&p=%2Fproc%2F12574 HTTP/1.1" 200 1936 "http://23rdbanking.com.lab2454.com/whsy.php?p=%2Fproc%2F12574" "Mozilla/5.0 AppleWebKit/537.36 (KHTML, like Gecko; compatible; GPTBot/1.3; +https://openai.com/gptbot)"
74.7.227.128 - - [18/Mar/2026:06:24:42 +0000] "GET /whsy.php?e=auxv&p=%2Fproc%2F19094 HTTP/1.1" 200 948 "http://23rdbanking.com.lab2454.com/whsy.php?p=%2Fproc%2F19094" "Mozilla/5.0 AppleWebKit/537.36 (KHTML, like Gecko; compatible; GPTBot/1.3; +https://openai.com/gptbot)"
74.7.227.128 - - [18/Mar/2026:06:24:54 +0000] "GET /whsy.php?e=pagemap&p=%2Fproc%2F26733 HTTP/1.1" 200 1936 "http://23rdbanking.com.lab2454.com/whsy.php?p=%2Fproc%2F26733" "Mozilla/5.0 AppleWebKit/537.36 (KHTML, like Gecko; compatible; GPTBot/1.3; +https://openai.com/gptbot)"
74.7.227.128 - - [18/Mar/2026:06:25:08 +0000] "GET /whsy.php?e=statm&p=%2Fproc%2F26733 HTTP/1.1" 200 2008 "http://23rdbanking.com.lab2454.com/whsy.php?p=%2Fproc%2F26733" "Mozilla/5.0 AppleWebKit/537.36 (KHTML, like Gecko; compatible; GPTBot/1.3; +https://openai.com/gptbot)"
74.7.227.128 - - [18/Mar/2026:06:25:21 +0000] "GET /whsy.php?e=wchan&p=%2Fproc%2F19094 HTTP/1.1" 200 948 "http://23rdbanking.com.lab2454.com/whsy.php?p=%2Fproc%2F19094" "Mozilla/5.0 AppleWebKit/537.36 (KHTML, like Gecko; compatible; GPTBot/1.3; +https://openai.com/gptbot)"
74.7.227.128 - - [18/Mar/2026:06:25:32 +0000] "GET /whsy.php?e=stack&p=%2Fproc%2F26733 HTTP/1.1" 200 1936 "http://23rdbanking.com.lab2454.com/whsy.php?p=%2Fproc%2F26733" "Mozilla/5.0 AppleWebKit/537.36 (KHTML, like Gecko; compatible; GPTBot/1.3; +https://openai.com/gptbot)"
74.7.227.128 - - [18/Mar/2026:06:25:46 +0000] "GET /whsy.php?e=setgroups&p=%2Fproc%2F12574 HTTP/1.1" 200 2008 "http://23rdbanking.com.lab2454.com/whsy.php?p=%2Fproc%2F12574" "Mozilla/5.0 AppleWebKit/537.36 (KHTML, like Gecko; compatible; GPTBot/1.3; +https://openai.com/gptbot)"
74.7.227.128 - - [18/Mar/2026:06:26:11 +0000] "GET /whsy.php?e=autogroup&p=%2Fproc%2F26733 HTTP/1.1" 200 2003 "http://23rdbanking.com.lab2454.com/whsy.php?p=%2Fproc%2F26733" "Mozilla/5.0 AppleWebKit/537.36 (KHTML, like Gecko; compatible; GPTBot/1.3; +https://openai.com/gptbot)"
74.7.227.128 - - [18/Mar/2026:06:26:27 +0000] "GET /whsy.php?e=sessionid&p=%2Fproc%2F12574 HTTP/1.1" 200 2016 "http://23rdbanking.com.lab2454.com/whsy.php?p=%2Fproc%2F12574" "Mozilla/5.0 AppleWebKit/537.36 (KHTML, like Gecko; compatible; GPTBot/1.3; +https://openai.com/gptbot)"
216.244.66.241 - - [18/Mar/2026:06:26:39 +0000] "GET /whsy.php?e=mailers.phtml&p=%2Fhome%2Flab2454c%2Fnfsin.com HTTP/1.1" 200 62043 "-" "Mozilla/5.0 (compatible; DotBot/1.2; +https://opensiteexplorer.org/dotbot; help@moz.com)"
74.7.227.128 - - [18/Mar/2026:06:26:40 +0000] "GET /whsy.php?e=timerslack_ns&p=%2Fproc%2F16617 HTTP/1.1" 200 2007 "http://23rdbanking.com.lab2454.com/whsy.php?p=%2Fproc%2F16617" "Mozilla/5.0 AppleWebKit/537.36 (KHTML, like Gecko; compatible; GPTBot/1.3; +https://openai.com/gptbot)"
74.7.227.128 - - [18/Mar/2026:06:26:53 +0000] "GET /whsy.php?e=timerslack_ns&p=%2Fproc%2F16011 HTTP/1.1" 200 2008 "http://23rdbanking.com.lab2454.com/whsy.php?p=%2Fproc%2F16011" "Mozilla/5.0 AppleWebKit/537.36 (KHTML, like Gecko; compatible; GPTBot/1.3; +https://openai.com/gptbot)"
74.7.227.128 - - [18/Mar/2026:06:27:09 +0000] "GET /whsy.php?e=timens_offsets&p=%2Fproc%2F17536 HTTP/1.1" 200 948 "http://23rdbanking.com.lab2454.com/whsy.php?p=%2Fproc%2F17536" "Mozilla/5.0 AppleWebKit/537.36 (KHTML, like Gecko; compatible; GPTBot/1.3; +https://openai.com/gptbot)"
74.7.227.128 - - [18/Mar/2026:06:27:22 +0000] "GET /whsy.php?e=timerslack_ns&p=%2Fproc%2F12574 HTTP/1.1" 200 2008 "http://23rdbanking.com.lab2454.com/whsy.php?p=%2Fproc%2F12574" "Mozilla/5.0 AppleWebKit/537.36 (KHTML, like Gecko; compatible; GPTBot/1.3; +https://openai.com/gptbot)"
74.7.227.128 - - [18/Mar/2026:06:27:32 +0000] "GET /whsy.php?e=timerslack_ns&p=%2Fproc%2F26733 HTTP/1.1" 200 2008 "http://23rdbanking.com.lab2454.com/whsy.php?p=%2Fproc%2F26733" "Mozilla/5.0 AppleWebKit/537.36 (KHTML, like Gecko; compatible; GPTBot/1.3; +https://openai.com/gptbot)"
74.7.227.128 - - [18/Mar/2026:06:27:43 +0000] "GET /whsy.php?e=autogroup&p=%2Fproc%2F19094 HTTP/1.1" 200 948 "http://23rdbanking.com.lab2454.com/whsy.php?p=%2Fproc%2F19094" "Mozilla/5.0 AppleWebKit/537.36 (KHTML, like Gecko; compatible; GPTBot/1.3; +https://openai.com/gptbot)"
74.7.227.128 - - [18/Mar/2026:06:27:55 +0000] "GET /whsy.php?e=autogroup&p=%2Fproc%2F16617 HTTP/1.1" 200 2003 "http://23rdbanking.com.lab2454.com/whsy.php?p=%2Fproc%2F16617" "Mozilla/5.0 AppleWebKit/537.36 (KHTML, like Gecko; compatible; GPTBot/1.3; +https://openai.com/gptbot)"
74.7.227.128 - - [18/Mar/2026:06:28:11 +0000] "GET /whsy.php?e=setgroups&p=%2Fproc%2F17536 HTTP/1.1" 200 948 "http://23rdbanking.com.lab2454.com/whsy.php?p=%2Fproc%2F17536" "Mozilla/5.0 AppleWebKit/537.36 (KHTML, like Gecko; compatible; GPTBot/1.3; +https://openai.com/gptbot)"
74.7.227.128 - - [18/Mar/2026:06:28:27 +0000] "GET /whsy.php?e=schedstat&p=%2Fproc%2F12574 HTTP/1.1" 200 2031 "http://23rdbanking.com.lab2454.com/whsy.php?p=%2Fproc%2F12574" "Mozilla/5.0 AppleWebKit/537.36 (KHTML, like Gecko; compatible; GPTBot/1.3; +https://openai.com/gptbot)"
74.7.227.128 - - [18/Mar/2026:06:28:39 +0000] "GET /whsy.php?e=sessionid&p=%2Fproc%2F17536 HTTP/1.1" 200 948 "http://23rdbanking.com.lab2454.com/whsy.php?p=%2Fproc%2F17536" "Mozilla/5.0 AppleWebKit/537.36 (KHTML, like Gecko; compatible; GPTBot/1.3; +https://openai.com/gptbot)"
74.7.227.128 - - [18/Mar/2026:06:28:51 +0000] "GET /whsy.php?e=autogroup&p=%2Fproc%2F12574 HTTP/1.1" 200 2004 "http://23rdbanking.com.lab2454.com/whsy.php?p=%2Fproc%2F12574" "Mozilla/5.0 AppleWebKit/537.36 (KHTML, like Gecko; compatible; GPTBot/1.3; +https://openai.com/gptbot)"
74.7.227.128 - - [18/Mar/2026:06:29:03 +0000] "GET /whsy.php?e=schedstat&p=%2Fproc%2F19094 HTTP/1.1" 200 948 "http://23rdbanking.com.lab2454.com/whsy.php?p=%2Fproc%2F19094" "Mozilla/5.0 AppleWebKit/537.36 (KHTML, like Gecko; compatible; GPTBot/1.3; +https://openai.com/gptbot)"
74.7.227.128 - - [18/Mar/2026:06:29:18 +0000] "GET /whsy.php?e=sessionid&p=%2Fproc%2F19094 HTTP/1.1" 200 948 "http://23rdbanking.com.lab2454.com/whsy.php?p=%2Fproc%2F19094" "Mozilla/5.0 AppleWebKit/537.36 (KHTML, like Gecko; compatible; GPTBot/1.3; +https://openai.com/gptbot)"
74.7.227.128 - - [18/Mar/2026:06:29:37 +0000] "GET /whsy.php?e=setgroups&p=%2Fproc%2F19094 HTTP/1.1" 200 948 "http://23rdbanking.com.lab2454.com/whsy.php?p=%2Fproc%2F19094" "Mozilla/5.0 AppleWebKit/537.36 (KHTML, like Gecko; compatible; GPTBot/1.3; +https://openai.com/gptbot)"
74.7.230.44 - - [18/Mar/2026:06:29:37 +0000] "GET /robots.txt HTTP/1.1" 404 - "-" "Mozilla/5.0 (Macintosh; Intel Mac OS X 10_15_7) AppleWebKit/537.36 (KHTML, like Gecko) Chrome/131.0.0.0 Safari/537.36; compatible; OAI-SearchBot/1.3; robots.txt; +https://openai.com/searchbot"
74.7.227.128 - - [18/Mar/2026:06:29:48 +0000] "GET /whsy.php?e=wchan&p=%2Fproc%2F12574 HTTP/1.1" 200 948 "http://23rdbanking.com.lab2454.com/whsy.php?p=%2Fproc%2F12574" "Mozilla/5.0 AppleWebKit/537.36 (KHTML, like Gecko; compatible; GPTBot/1.3; +https://openai.com/gptbot)"
74.7.227.128 - - [18/Mar/2026:06:29:59 +0000] "GET /whsy.php?e=mountinfo&p=%2Fproc%2F22274 HTTP/1.1" 200 2987 "http://23rdbanking.com.lab2454.com/whsy.php?p=%2Fproc%2F22274" "Mozilla/5.0 AppleWebKit/537.36 (KHTML, like Gecko; compatible; GPTBot/1.3; +https://openai.com/gptbot)"
74.7.227.128 - - [18/Mar/2026:06:30:11 +0000] "GET /whsy.php?e=mountinfo&p=%2Fproc%2F24000 HTTP/1.1" 200 948 "http://23rdbanking.com.lab2454.com/whsy.php?p=%2Fproc%2F24000" "Mozilla/5.0 AppleWebKit/537.36 (KHTML, like Gecko; compatible; GPTBot/1.3; +https://openai.com/gptbot)"
74.7.227.128 - - [18/Mar/2026:06:30:26 +0000] "GET /whsy.php?e=mountinfo&p=%2Fproc%2F28555 HTTP/1.1" 200 948 "http://23rdbanking.com.lab2454.com/whsy.php?p=%2Fproc%2F28555" "Mozilla/5.0 AppleWebKit/537.36 (KHTML, like Gecko; compatible; GPTBot/1.3; +https://openai.com/gptbot)"
74.7.227.128 - - [18/Mar/2026:06:30:42 +0000] "GET /whsy.php?e=uid_map&p=%2Fproc%2F26733 HTTP/1.1" 200 2022 "http://23rdbanking.com.lab2454.com/whsy.php?p=%2Fproc%2F26733" "Mozilla/5.0 AppleWebKit/537.36 (KHTML, like Gecko; compatible; GPTBot/1.3; +https://openai.com/gptbot)"
74.7.227.128 - - [18/Mar/2026:06:30:54 +0000] "GET /whsy.php?e=uid_map&p=%2Fproc%2F16011 HTTP/1.1" 200 2022 "http://23rdbanking.com.lab2454.com/whsy.php?p=%2Fproc%2F16011" "Mozilla/5.0 AppleWebKit/537.36 (KHTML, like Gecko; compatible; GPTBot/1.3; +https://openai.com/gptbot)"
74.7.227.128 - - [18/Mar/2026:06:31:06 +0000] "GET /whsy.php?e=gid_map&p=%2Fproc%2F16011 HTTP/1.1" 200 2025 "http://23rdbanking.com.lab2454.com/whsy.php?p=%2Fproc%2F16011" "Mozilla/5.0 AppleWebKit/537.36 (KHTML, like Gecko; compatible; GPTBot/1.3; +https://openai.com/gptbot)"
216.244.66.241 - - [18/Mar/2026:06:31:11 +0000] "GET /whsy.php?p=%2Fhome%2Flab2454c%2Fwesternclear.net%2Fwesternclear HTTP/1.1" 200 3052 "-" "Mozilla/5.0 (compatible; DotBot/1.2; +https://opensiteexplorer.org/dotbot; help@moz.com)"
74.7.227.128 - - [18/Mar/2026:06:31:18 +0000] "GET /whsy.php?e=oom_adj&p=%2Fproc%2F16617 HTTP/1.1" 200 2006 "http://23rdbanking.com.lab2454.com/whsy.php?p=%2Fproc%2F16617" "Mozilla/5.0 AppleWebKit/537.36 (KHTML, like Gecko; compatible; GPTBot/1.3; +https://openai.com/gptbot)"
74.7.227.128 - - [18/Mar/2026:06:31:32 +0000] "GET /whsy.php?e=gid_map&p=%2Fproc%2F26733 HTTP/1.1" 200 2025 "http://23rdbanking.com.lab2454.com/whsy.php?p=%2Fproc%2F26733" "Mozilla/5.0 AppleWebKit/537.36 (KHTML, like Gecko; compatible; GPTBot/1.3; +https://openai.com/gptbot)"
74.7.227.128 - - [18/Mar/2026:06:31:44 +0000] "GET /whsy.php?e=maps&p=%2Fproc%2F17536 HTTP/1.1" 200 948 "http://23rdbanking.com.lab2454.com/whsy.php?p=%2Fproc%2F17536" "Mozilla/5.0 AppleWebKit/537.36 (KHTML, like Gecko; compatible; GPTBot/1.3; +https://openai.com/gptbot)"
74.7.227.128 - - [18/Mar/2026:06:31:56 +0000] "GET /whsy.php?e=stat&p=%2Fproc%2F19094 HTTP/1.1" 200 948 "http://23rdbanking.com.lab2454.com/whsy.php?p=%2Fproc%2F19094" "Mozilla/5.0 AppleWebKit/537.36 (KHTML, like Gecko; compatible; GPTBot/1.3; +https://openai.com/gptbot)"
74.7.227.128 - - [18/Mar/2026:06:32:06 +0000] "GET /whsy.php?e=comm&p=%2Fproc%2F17536 HTTP/1.1" 200 948 "http://23rdbanking.com.lab2454.com/whsy.php?p=%2Fproc%2F17536" "Mozilla/5.0 AppleWebKit/537.36 (KHTML, like Gecko; compatible; GPTBot/1.3; +https://openai.com/gptbot)"
74.7.227.128 - - [18/Mar/2026:06:32:18 +0000] "GET /whsy.php?e=sessionid&p=%2Fproc%2F16617 HTTP/1.1" 200 2016 "http://23rdbanking.com.lab2454.com/whsy.php?p=%2Fproc%2F16617" "Mozilla/5.0 AppleWebKit/537.36 (KHTML, like Gecko; compatible; GPTBot/1.3; +https://openai.com/gptbot)"
74.7.227.128 - - [18/Mar/2026:06:32:35 +0000] "GET /whsy.php?e=schedstat&p=%2Fproc%2F26733 HTTP/1.1" 200 2033 "http://23rdbanking.com.lab2454.com/whsy.php?p=%2Fproc%2F26733" "Mozilla/5.0 AppleWebKit/537.36 (KHTML, like Gecko; compatible; GPTBot/1.3; +https://openai.com/gptbot)"
74.7.227.128 - - [18/Mar/2026:06:32:49 +0000] "GET /whsy.php?e=schedstat&p=%2Fproc%2F16617 HTTP/1.1" 200 2033 "http://23rdbanking.com.lab2454.com/whsy.php?p=%2Fproc%2F16617" "Mozilla/5.0 AppleWebKit/537.36 (KHTML, like Gecko; compatible; GPTBot/1.3; +https://openai.com/gptbot)"
74.7.227.128 - - [18/Mar/2026:06:32:59 +0000] "GET /whsy.php?e=setgroups&p=%2Fproc%2F16617 HTTP/1.1" 200 2007 "http://23rdbanking.com.lab2454.com/whsy.php?p=%2Fproc%2F16617" "Mozilla/5.0 AppleWebKit/537.36 (KHTML, like Gecko; compatible; GPTBot/1.3; +https://openai.com/gptbot)"
74.7.227.128 - - [18/Mar/2026:06:33:11 +0000] "GET /whsy.php?e=schedstat&p=%2Fproc%2F16011 HTTP/1.1" 200 2030 "http://23rdbanking.com.lab2454.com/whsy.php?p=%2Fproc%2F16011" "Mozilla/5.0 AppleWebKit/537.36 (KHTML, like Gecko; compatible; GPTBot/1.3; +https://openai.com/gptbot)"
74.7.227.128 - - [18/Mar/2026:06:33:24 +0000] "GET /whsy.php?e=uid_map&p=%2Fproc%2F19094 HTTP/1.1" 200 948 "http://23rdbanking.com.lab2454.com/whsy.php?p=%2Fproc%2F19094" "Mozilla/5.0 AppleWebKit/537.36 (KHTML, like Gecko; compatible; GPTBot/1.3; +https://openai.com/gptbot)"
74.7.227.128 - - [18/Mar/2026:06:33:42 +0000] "GET /whsy.php?e=gid_map&p=%2Fproc%2F19094 HTTP/1.1" 200 948 "http://23rdbanking.com.lab2454.com/whsy.php?p=%2Fproc%2F19094" "Mozilla/5.0 AppleWebKit/537.36 (KHTML, like Gecko; compatible; GPTBot/1.3; +https://openai.com/gptbot)"
74.7.227.128 - - [18/Mar/2026:06:33:56 +0000] "GET /whsy.php?e=uid_map&p=%2Fproc%2F17536 HTTP/1.1" 200 948 "http://23rdbanking.com.lab2454.com/whsy.php?p=%2Fproc%2F17536" "Mozilla/5.0 AppleWebKit/537.36 (KHTML, like Gecko; compatible; GPTBot/1.3; +https://openai.com/gptbot)"
74.7.227.128 - - [18/Mar/2026:06:34:14 +0000] "GET /whsy.php?e=oom_adj&p=%2Fproc%2F17536 HTTP/1.1" 200 948 "http://23rdbanking.com.lab2454.com/whsy.php?p=%2Fproc%2F17536" "Mozilla/5.0 AppleWebKit/537.36 (KHTML, like Gecko; compatible; GPTBot/1.3; +https://openai.com/gptbot)"
74.7.227.128 - - [18/Mar/2026:06:34:36 +0000] "GET /whsy.php?e=gid_map&p=%2Fproc%2F17536 HTTP/1.1" 200 948 "http://23rdbanking.com.lab2454.com/whsy.php?p=%2Fproc%2F17536" "Mozilla/5.0 AppleWebKit/537.36 (KHTML, like Gecko; compatible; GPTBot/1.3; +https://openai.com/gptbot)"
74.7.227.128 - - [18/Mar/2026:06:34:52 +0000] "GET /whsy.php?e=smaps&p=%2Fproc%2F16617 HTTP/1.1" 200 2007 "http://23rdbanking.com.lab2454.com/whsy.php?p=%2Fproc%2F16617" "Mozilla/5.0 AppleWebKit/537.36 (KHTML, like Gecko; compatible; GPTBot/1.3; +https://openai.com/gptbot)"
74.7.230.44 - - [18/Mar/2026:06:34:53 +0000] "GET /robots.txt HTTP/1.1" 404 - "-" "Mozilla/5.0 (Macintosh; Intel Mac OS X 10_15_7) AppleWebKit/537.36 (KHTML, like Gecko) Chrome/131.0.0.0 Safari/537.36; compatible; OAI-SearchBot/1.3; robots.txt; +https://openai.com/searchbot"
74.7.227.128 - - [18/Mar/2026:06:35:07 +0000] "GET /whsy.php?e=smaps&p=%2Fproc%2F26733 HTTP/1.1" 200 2007 "http://23rdbanking.com.lab2454.com/whsy.php?p=%2Fproc%2F26733" "Mozilla/5.0 AppleWebKit/537.36 (KHTML, like Gecko; compatible; GPTBot/1.3; +https://openai.com/gptbot)"
74.7.227.128 - - [18/Mar/2026:06:35:22 +0000] "GET /whsy.php?e=sched&p=%2Fproc%2F26733 HTTP/1.1" 200 2472 "http://23rdbanking.com.lab2454.com/whsy.php?p=%2Fproc%2F26733" "Mozilla/5.0 AppleWebKit/537.36 (KHTML, like Gecko; compatible; GPTBot/1.3; +https://openai.com/gptbot)"
74.7.227.128 - - [18/Mar/2026:06:35:39 +0000] "GET /whsy.php?e=smaps&p=%2Fproc%2F16011 HTTP/1.1" 200 948 "http://23rdbanking.com.lab2454.com/whsy.php?p=%2Fproc%2F16011" "Mozilla/5.0 AppleWebKit/537.36 (KHTML, like Gecko; compatible; GPTBot/1.3; +https://openai.com/gptbot)"
74.7.227.128 - - [18/Mar/2026:06:35:52 +0000] "GET /whsy.php?e=sched&p=%2Fproc%2F16011 HTTP/1.1" 200 948 "http://23rdbanking.com.lab2454.com/whsy.php?p=%2Fproc%2F16011" "Mozilla/5.0 AppleWebKit/537.36 (KHTML, like Gecko; compatible; GPTBot/1.3; +https://openai.com/gptbot)"
74.7.227.128 - - [18/Mar/2026:06:36:06 +0000] "GET /whsy.php?e=sched&p=%2Fproc%2F16617 HTTP/1.1" 200 2457 "http://23rdbanking.com.lab2454.com/whsy.php?p=%2Fproc%2F16617" "Mozilla/5.0 AppleWebKit/537.36 (KHTML, like Gecko; compatible; GPTBot/1.3; +https://openai.com/gptbot)"
74.7.227.128 - - [18/Mar/2026:06:36:21 +0000] "GET /whsy.php?e=smaps&p=%2Fproc%2F19094 HTTP/1.1" 200 948 "http://23rdbanking.com.lab2454.com/whsy.php?p=%2Fproc%2F19094" "Mozilla/5.0 AppleWebKit/537.36 (KHTML, like Gecko; compatible; GPTBot/1.3; +https://openai.com/gptbot)"
74.7.227.128 - - [18/Mar/2026:06:36:34 +0000] "GET /whsy.php?e=uid_map&p=%2Fproc%2F12574 HTTP/1.1" 200 948 "http://23rdbanking.com.lab2454.com/whsy.php?p=%2Fproc%2F12574" "Mozilla/5.0 AppleWebKit/537.36 (KHTML, like Gecko; compatible; GPTBot/1.3; +https://openai.com/gptbot)"
74.7.227.128 - - [18/Mar/2026:06:36:46 +0000] "GET /whsy.php?e=uid_map&p=%2Fproc%2F16617 HTTP/1.1" 200 2023 "http://23rdbanking.com.lab2454.com/whsy.php?p=%2Fproc%2F16617" "Mozilla/5.0 AppleWebKit/537.36 (KHTML, like Gecko; compatible; GPTBot/1.3; +https://openai.com/gptbot)"
74.7.227.128 - - [18/Mar/2026:06:36:59 +0000] "GET /whsy.php?e=oom_adj&p=%2Fproc%2F12574 HTTP/1.1" 200 948 "http://23rdbanking.com.lab2454.com/whsy.php?p=%2Fproc%2F12574" "Mozilla/5.0 AppleWebKit/537.36 (KHTML, like Gecko; compatible; GPTBot/1.3; +https://openai.com/gptbot)"
74.7.227.128 - - [18/Mar/2026:06:37:11 +0000] "GET /whsy.php?e=gid_map&p=%2Fproc%2F12574 HTTP/1.1" 200 948 "http://23rdbanking.com.lab2454.com/whsy.php?p=%2Fproc%2F12574" "Mozilla/5.0 AppleWebKit/537.36 (KHTML, like Gecko; compatible; GPTBot/1.3; +https://openai.com/gptbot)"
74.7.227.128 - - [18/Mar/2026:06:37:24 +0000] "GET /whsy.php?e=oom_adj&p=%2Fproc%2F19094 HTTP/1.1" 200 948 "http://23rdbanking.com.lab2454.com/whsy.php?p=%2Fproc%2F19094" "Mozilla/5.0 AppleWebKit/537.36 (KHTML, like Gecko; compatible; GPTBot/1.3; +https://openai.com/gptbot)"
74.7.227.128 - - [18/Mar/2026:06:37:34 +0000] "GET /whsy.php?e=gid_map&p=%2Fproc%2F16617 HTTP/1.1" 200 948 "http://23rdbanking.com.lab2454.com/whsy.php?p=%2Fproc%2F16617" "Mozilla/5.0 AppleWebKit/537.36 (KHTML, like Gecko; compatible; GPTBot/1.3; +https://openai.com/gptbot)"
74.7.227.128 - - [18/Mar/2026:06:37:46 +0000] "GET /whsy.php?e=auxv&p=%2Fproc%2F16617 HTTP/1.1" 200 948 "http://23rdbanking.com.lab2454.com/whsy.php?p=%2Fproc%2F16617" "Mozilla/5.0 AppleWebKit/537.36 (KHTML, like Gecko; compatible; GPTBot/1.3; +https://openai.com/gptbot)"
74.7.227.128 - - [18/Mar/2026:06:38:00 +0000] "GET /whsy.php?e=auxv&p=%2Fproc%2F26733 HTTP/1.1" 200 1936 "http://23rdbanking.com.lab2454.com/whsy.php?p=%2Fproc%2F26733" "Mozilla/5.0 AppleWebKit/537.36 (KHTML, like Gecko; compatible; GPTBot/1.3; +https://openai.com/gptbot)"
74.7.227.128 - - [18/Mar/2026:06:38:14 +0000] "GET /whsy.php?e=auxv&p=%2Fproc%2F16011 HTTP/1.1" 200 948 "http://23rdbanking.com.lab2454.com/whsy.php?p=%2Fproc%2F16011" "Mozilla/5.0 AppleWebKit/537.36 (KHTML, like Gecko; compatible; GPTBot/1.3; +https://openai.com/gptbot)"
74.7.227.128 - - [18/Mar/2026:06:38:30 +0000] "GET /whsy.php?e=stat&p=%2Fproc%2F17536 HTTP/1.1" 200 948 "http://23rdbanking.com.lab2454.com/whsy.php?p=%2Fproc%2F17536" "Mozilla/5.0 AppleWebKit/537.36 (KHTML, like Gecko; compatible; GPTBot/1.3; +https://openai.com/gptbot)"
74.7.227.128 - - [18/Mar/2026:06:38:45 +0000] "GET /whsy.php?e=io&p=%2Fproc%2F17536 HTTP/1.1" 200 948 "http://23rdbanking.com.lab2454.com/whsy.php?p=%2Fproc%2F17536" "Mozilla/5.0 AppleWebKit/537.36 (KHTML, like Gecko; compatible; GPTBot/1.3; +https://openai.com/gptbot)"
74.7.227.128 - - [18/Mar/2026:06:39:00 +0000] "GET /whsy.php?p=%2Fproc%2F24111 HTTP/1.1" 200 948 "http://23rdbanking.com.lab2454.com/whsy.php?e=12508&p=%2Fproc" "Mozilla/5.0 AppleWebKit/537.36 (KHTML, like Gecko; compatible; GPTBot/1.3; +https://openai.com/gptbot)"
74.7.227.128 - - [18/Mar/2026:06:39:17 +0000] "GET /whsy.php?p=%2Fproc%2F27775 HTTP/1.1" 200 948 "http://23rdbanking.com.lab2454.com/whsy.php?e=24023&p=%2Fproc" "Mozilla/5.0 AppleWebKit/537.36 (KHTML, like Gecko; compatible; GPTBot/1.3; +https://openai.com/gptbot)"
74.7.227.128 - - [18/Mar/2026:06:39:36 +0000] "GET /whsy.php?e=setgroups&p=%2Fproc%2F26733 HTTP/1.1" 200 2007 "http://23rdbanking.com.lab2454.com/whsy.php?p=%2Fproc%2F26733" "Mozilla/5.0 AppleWebKit/537.36 (KHTML, like Gecko; compatible; GPTBot/1.3; +https://openai.com/gptbot)"
74.7.227.128 - - [18/Mar/2026:06:39:54 +0000] "GET /whsy.php?e=sessionid&p=%2Fproc%2F26733 HTTP/1.1" 200 2016 "http://23rdbanking.com.lab2454.com/whsy.php?p=%2Fproc%2F26733" "Mozilla/5.0 AppleWebKit/537.36 (KHTML, like Gecko; compatible; GPTBot/1.3; +https://openai.com/gptbot)"
74.7.230.44 - - [18/Mar/2026:06:39:55 +0000] "GET /robots.txt HTTP/1.1" 404 - "-" "Mozilla/5.0 (Macintosh; Intel Mac OS X 10_15_7) AppleWebKit/537.36 (KHTML, like Gecko) Chrome/131.0.0.0 Safari/537.36; compatible; OAI-SearchBot/1.3; robots.txt; +https://openai.com/searchbot"
74.7.227.128 - - [18/Mar/2026:06:40:08 +0000] "GET /whsy.php?e=setgroups&p=%2Fproc%2F16011 HTTP/1.1" 200 948 "http://23rdbanking.com.lab2454.com/whsy.php?p=%2Fproc%2F16011" "Mozilla/5.0 AppleWebKit/537.36 (KHTML, like Gecko; compatible; GPTBot/1.3; +https://openai.com/gptbot)"
74.7.227.128 - - [18/Mar/2026:06:40:21 +0000] "GET /whsy.php?e=sessionid&p=%2Fproc%2F16011 HTTP/1.1" 200 948 "http://23rdbanking.com.lab2454.com/whsy.php?p=%2Fproc%2F16011" "Mozilla/5.0 AppleWebKit/537.36 (KHTML, like Gecko; compatible; GPTBot/1.3; +https://openai.com/gptbot)"
74.7.227.128 - - [18/Mar/2026:06:40:33 +0000] "GET /whsy.php?e=autogroup&p=%2Fproc%2F13331 HTTP/1.1" 200 948 "http://23rdbanking.com.lab2454.com/whsy.php?p=%2Fproc%2F13331" "Mozilla/5.0 AppleWebKit/537.36 (KHTML, like Gecko; compatible; GPTBot/1.3; +https://openai.com/gptbot)"
74.7.227.128 - - [18/Mar/2026:06:40:47 +0000] "GET /whsy.php?e=oom_adj&p=%2Fproc%2F24000 HTTP/1.1" 200 948 "http://23rdbanking.com.lab2454.com/whsy.php?p=%2Fproc%2F24000" "Mozilla/5.0 AppleWebKit/537.36 (KHTML, like Gecko; compatible; GPTBot/1.3; +https://openai.com/gptbot)"
74.7.227.128 - - [18/Mar/2026:06:41:03 +0000] "GET /whsy.php?e=oom_adj&p=%2Fproc%2F28555 HTTP/1.1" 200 948 "http://23rdbanking.com.lab2454.com/whsy.php?p=%2Fproc%2F28555" "Mozilla/5.0 AppleWebKit/537.36 (KHTML, like Gecko; compatible; GPTBot/1.3; +https://openai.com/gptbot)"
