74.7.227.128 - - [18/Mar/2026:07:22:25 +0000] "GET /whsy.php?p=%2Fproc%2F27158 HTTP/1.1" 200 948 "http://23rdbanking.com.lab2454.com/whsy.php?e=iomem&p=%2Fproc" "Mozilla/5.0 AppleWebKit/537.36 (KHTML, like Gecko; compatible; GPTBot/1.3; +https://openai.com/gptbot)"
74.7.227.128 - - [18/Mar/2026:07:22:38 +0000] "GET /whsy.php?p=%2Fproc%2F16029 HTTP/1.1" 200 948 "http://23rdbanking.com.lab2454.com/whsy.php?e=3915&p=%2Fproc" "Mozilla/5.0 AppleWebKit/537.36 (KHTML, like Gecko; compatible; GPTBot/1.3; +https://openai.com/gptbot)"
74.7.227.128 - - [18/Mar/2026:07:22:52 +0000] "GET /whsy.php?p=%2Fproc%2F31791 HTTP/1.1" 200 948 "http://23rdbanking.com.lab2454.com/whsy.php?e=iomem&p=%2Fproc" "Mozilla/5.0 AppleWebKit/537.36 (KHTML, like Gecko; compatible; GPTBot/1.3; +https://openai.com/gptbot)"
74.7.227.128 - - [18/Mar/2026:07:23:05 +0000] "GET /whsy.php?p=%2Fproc%2F13102 HTTP/1.1" 200 948 "http://23rdbanking.com.lab2454.com/whsy.php?e=iomem&p=%2Fproc" "Mozilla/5.0 AppleWebKit/537.36 (KHTML, like Gecko; compatible; GPTBot/1.3; +https://openai.com/gptbot)"
74.7.227.128 - - [18/Mar/2026:07:23:18 +0000] "GET /whsy.php?p=%2Fproc%2F30821 HTTP/1.1" 200 948 "http://23rdbanking.com.lab2454.com/whsy.php?e=24023&p=%2Fproc" "Mozilla/5.0 AppleWebKit/537.36 (KHTML, like Gecko; compatible; GPTBot/1.3; +https://openai.com/gptbot)"
74.7.227.128 - - [18/Mar/2026:07:23:30 +0000] "GET /whsy.php?p=%2Fproc%2F31849 HTTP/1.1" 200 948 "http://23rdbanking.com.lab2454.com/whsy.php?e=iomem&p=%2Fproc" "Mozilla/5.0 AppleWebKit/537.36 (KHTML, like Gecko; compatible; GPTBot/1.3; +https://openai.com/gptbot)"
74.7.227.128 - - [18/Mar/2026:07:23:43 +0000] "GET /whsy.php?p=%2Fproc%2F28478 HTTP/1.1" 200 948 "http://23rdbanking.com.lab2454.com/whsy.php?e=24023&p=%2Fproc" "Mozilla/5.0 AppleWebKit/537.36 (KHTML, like Gecko; compatible; GPTBot/1.3; +https://openai.com/gptbot)"
74.7.227.128 - - [18/Mar/2026:07:23:57 +0000] "GET /whsy.php?p=%2Fproc%2F12520 HTTP/1.1" 200 948 "http://23rdbanking.com.lab2454.com/whsy.php?e=696&p=%2Fproc" "Mozilla/5.0 AppleWebKit/537.36 (KHTML, like Gecko; compatible; GPTBot/1.3; +https://openai.com/gptbot)"
74.7.227.128 - - [18/Mar/2026:07:24:11 +0000] "GET /whsy.php?p=%2Fproc%2F10096 HTTP/1.1" 200 948 "http://23rdbanking.com.lab2454.com/whsy.php?e=iomem&p=%2Fproc" "Mozilla/5.0 AppleWebKit/537.36 (KHTML, like Gecko; compatible; GPTBot/1.3; +https://openai.com/gptbot)"
74.7.227.128 - - [18/Mar/2026:07:24:24 +0000] "GET /whsy.php?e=statm&p=%2Fproc%2F14698 HTTP/1.1" 200 2032 "http://23rdbanking.com.lab2454.com/whsy.php?p=%2Fproc%2F14698" "Mozilla/5.0 AppleWebKit/537.36 (KHTML, like Gecko; compatible; GPTBot/1.3; +https://openai.com/gptbot)"
74.7.227.128 - - [18/Mar/2026:07:24:36 +0000] "GET /whsy.php?e=timerslack_ns&p=%2Fproc%2F14698 HTTP/1.1" 200 2007 "http://23rdbanking.com.lab2454.com/whsy.php?p=%2Fproc%2F14698" "Mozilla/5.0 AppleWebKit/537.36 (KHTML, like Gecko; compatible; GPTBot/1.3; +https://openai.com/gptbot)"
74.7.227.128 - - [18/Mar/2026:07:24:56 +0000] "GET /whsy.php?e=stack&p=%2Fproc%2F14698 HTTP/1.1" 200 1935 "http://23rdbanking.com.lab2454.com/whsy.php?p=%2Fproc%2F14698" "Mozilla/5.0 AppleWebKit/537.36 (KHTML, like Gecko; compatible; GPTBot/1.3; +https://openai.com/gptbot)"
74.7.227.128 - - [18/Mar/2026:07:25:12 +0000] "GET /whsy.php?e=schedstat&p=%2Fproc%2F14698 HTTP/1.1" 200 2031 "http://23rdbanking.com.lab2454.com/whsy.php?p=%2Fproc%2F14698" "Mozilla/5.0 AppleWebKit/537.36 (KHTML, like Gecko; compatible; GPTBot/1.3; +https://openai.com/gptbot)"
74.7.227.128 - - [18/Mar/2026:07:25:25 +0000] "GET /whsy.php?e=cwd&p=%2Fproc%2F14698 HTTP/1.1" 200 1935 "http://23rdbanking.com.lab2454.com/whsy.php?p=%2Fproc%2F14698" "Mozilla/5.0 AppleWebKit/537.36 (KHTML, like Gecko; compatible; GPTBot/1.3; +https://openai.com/gptbot)"
216.244.66.241 - - [18/Mar/2026:07:25:35 +0000] "GET /whsy.php?p=%2Fhome%2Flab2454c%2Felementstal.com%2F.. HTTP/1.1" 200 32242 "-" "Mozilla/5.0 (compatible; DotBot/1.2; +https://opensiteexplorer.org/dotbot; help@moz.com)"
74.7.227.128 - - [18/Mar/2026:07:25:39 +0000] "GET /whsy.php?e=mem&p=%2Fproc%2F14698 HTTP/1.1" 200 1935 "http://23rdbanking.com.lab2454.com/whsy.php?p=%2Fproc%2F14698" "Mozilla/5.0 AppleWebKit/537.36 (KHTML, like Gecko; compatible; GPTBot/1.3; +https://openai.com/gptbot)"
74.7.227.128 - - [18/Mar/2026:07:25:53 +0000] "GET /whsy.php?e=smaps&p=%2Fproc%2F14698 HTTP/1.1" 200 2122 "http://23rdbanking.com.lab2454.com/whsy.php?p=%2Fproc%2F14698" "Mozilla/5.0 AppleWebKit/537.36 (KHTML, like Gecko; compatible; GPTBot/1.3; +https://openai.com/gptbot)"
74.7.227.128 - - [18/Mar/2026:07:26:08 +0000] "GET /whsy.php?e=mountinfo&p=%2Fproc%2F14698 HTTP/1.1" 200 2949 "http://23rdbanking.com.lab2454.com/whsy.php?p=%2Fproc%2F14698" "Mozilla/5.0 AppleWebKit/537.36 (KHTML, like Gecko; compatible; GPTBot/1.3; +https://openai.com/gptbot)"
74.7.227.128 - - [18/Mar/2026:07:26:23 +0000] "GET /whsy.php?e=autogroup&p=%2Fproc%2F14698 HTTP/1.1" 200 2020 "http://23rdbanking.com.lab2454.com/whsy.php?p=%2Fproc%2F14698" "Mozilla/5.0 AppleWebKit/537.36 (KHTML, like Gecko; compatible; GPTBot/1.3; +https://openai.com/gptbot)"
74.7.227.128 - - [18/Mar/2026:07:26:36 +0000] "GET /whsy.php?e=wchan&p=%2Fproc%2F14698 HTTP/1.1" 200 2005 "http://23rdbanking.com.lab2454.com/whsy.php?p=%2Fproc%2F14698" "Mozilla/5.0 AppleWebKit/537.36 (KHTML, like Gecko; compatible; GPTBot/1.3; +https://openai.com/gptbot)"
74.7.230.44 - - [18/Mar/2026:07:26:37 +0000] "GET /robots.txt HTTP/1.1" 404 - "-" "Mozilla/5.0 (Macintosh; Intel Mac OS X 10_15_7) AppleWebKit/537.36 (KHTML, like Gecko) Chrome/131.0.0.0 Safari/537.36; compatible; OAI-SearchBot/1.3; robots.txt; +https://openai.com/searchbot"
74.7.227.128 - - [18/Mar/2026:07:26:46 +0000] "GET /whsy.php?e=auxv&p=%2Fproc%2F14698 HTTP/1.1" 200 1935 "http://23rdbanking.com.lab2454.com/whsy.php?p=%2Fproc%2F14698" "Mozilla/5.0 AppleWebKit/537.36 (KHTML, like Gecko; compatible; GPTBot/1.3; +https://openai.com/gptbot)"
74.7.227.128 - - [18/Mar/2026:07:26:59 +0000] "GET /whsy.php?e=exe&p=%2Fproc%2F14698 HTTP/1.1" 200 1935 "http://23rdbanking.com.lab2454.com/whsy.php?p=%2Fproc%2F14698" "Mozilla/5.0 AppleWebKit/537.36 (KHTML, like Gecko; compatible; GPTBot/1.3; +https://openai.com/gptbot)"
74.7.227.128 - - [18/Mar/2026:07:27:14 +0000] "GET /whsy.php?e=sched&p=%2Fproc%2F14698 HTTP/1.1" 200 2478 "http://23rdbanking.com.lab2454.com/whsy.php?p=%2Fproc%2F14698" "Mozilla/5.0 AppleWebKit/537.36 (KHTML, like Gecko; compatible; GPTBot/1.3; +https://openai.com/gptbot)"
74.7.227.128 - - [18/Mar/2026:07:27:28 +0000] "GET /whsy.php?e=timens_offsets&p=%2Fproc%2F14698 HTTP/1.1" 200 2023 "http://23rdbanking.com.lab2454.com/whsy.php?p=%2Fproc%2F14698" "Mozilla/5.0 AppleWebKit/537.36 (KHTML, like Gecko; compatible; GPTBot/1.3; +https://openai.com/gptbot)"
74.7.227.128 - - [18/Mar/2026:07:27:38 +0000] "GET /whsy.php?e=sessionid&p=%2Fproc%2F14698 HTTP/1.1" 200 2015 "http://23rdbanking.com.lab2454.com/whsy.php?p=%2Fproc%2F14698" "Mozilla/5.0 AppleWebKit/537.36 (KHTML, like Gecko; compatible; GPTBot/1.3; +https://openai.com/gptbot)"
74.7.227.128 - - [18/Mar/2026:07:27:47 +0000] "GET /whsy.php?e=setgroups&p=%2Fproc%2F14698 HTTP/1.1" 200 2007 "http://23rdbanking.com.lab2454.com/whsy.php?p=%2Fproc%2F14698" "Mozilla/5.0 AppleWebKit/537.36 (KHTML, like Gecko; compatible; GPTBot/1.3; +https://openai.com/gptbot)"
74.7.227.128 - - [18/Mar/2026:07:27:59 +0000] "GET /whsy.php?e=maps&p=%2Fproc%2F14698 HTTP/1.1" 200 2120 "http://23rdbanking.com.lab2454.com/whsy.php?p=%2Fproc%2F14698" "Mozilla/5.0 AppleWebKit/537.36 (KHTML, like Gecko; compatible; GPTBot/1.3; +https://openai.com/gptbot)"
74.7.227.128 - - [18/Mar/2026:07:28:10 +0000] "GET /whsy.php?e=comm&p=%2Fproc%2F14698 HTTP/1.1" 200 2007 "http://23rdbanking.com.lab2454.com/whsy.php?p=%2Fproc%2F14698" "Mozilla/5.0 AppleWebKit/537.36 (KHTML, like Gecko; compatible; GPTBot/1.3; +https://openai.com/gptbot)"
74.7.227.128 - - [18/Mar/2026:07:28:22 +0000] "GET /whsy.php?e=uid_map&p=%2Fproc%2F14698 HTTP/1.1" 200 2021 "http://23rdbanking.com.lab2454.com/whsy.php?p=%2Fproc%2F14698" "Mozilla/5.0 AppleWebKit/537.36 (KHTML, like Gecko; compatible; GPTBot/1.3; +https://openai.com/gptbot)"
74.7.227.128 - - [18/Mar/2026:07:28:33 +0000] "GET /whsy.php?e=oom_adj&p=%2Fproc%2F14698 HTTP/1.1" 200 2005 "http://23rdbanking.com.lab2454.com/whsy.php?p=%2Fproc%2F14698" "Mozilla/5.0 AppleWebKit/537.36 (KHTML, like Gecko; compatible; GPTBot/1.3; +https://openai.com/gptbot)"
74.7.227.128 - - [18/Mar/2026:07:28:47 +0000] "GET /whsy.php?e=gid_map&p=%2Fproc%2F14698 HTTP/1.1" 200 2025 "http://23rdbanking.com.lab2454.com/whsy.php?p=%2Fproc%2F14698" "Mozilla/5.0 AppleWebKit/537.36 (KHTML, like Gecko; compatible; GPTBot/1.3; +https://openai.com/gptbot)"
216.244.66.241 - - [18/Mar/2026:07:28:54 +0000] "GET /whsy.php?e=index.php&p=%2Fhome%2Flab2454c%2Fspaxtac.com HTTP/1.1" 200 22421 "-" "Mozilla/5.0 (compatible; DotBot/1.2; +https://opensiteexplorer.org/dotbot; help@moz.com)"
216.244.66.241 - - [18/Mar/2026:07:28:58 +0000] "GET /whsy.php?p=%2Fhome%2Flab2454c%2Fbancmils.com%2Fcgi-bin HTTP/1.1" 200 4327 "-" "Mozilla/5.0 (compatible; DotBot/1.2; +https://opensiteexplorer.org/dotbot; help@moz.com)"
74.7.227.128 - - [18/Mar/2026:07:29:05 +0000] "GET /whsy.php?e=stat&p=%2Fproc%2F14698 HTTP/1.1" 200 2127 "http://23rdbanking.com.lab2454.com/whsy.php?p=%2Fproc%2F14698" "Mozilla/5.0 AppleWebKit/537.36 (KHTML, like Gecko; compatible; GPTBot/1.3; +https://openai.com/gptbot)"
74.7.227.128 - - [18/Mar/2026:07:29:18 +0000] "GET /whsy.php?e=io&p=%2Fproc%2F14698 HTTP/1.1" 200 1935 "http://23rdbanking.com.lab2454.com/whsy.php?p=%2Fproc%2F14698" "Mozilla/5.0 AppleWebKit/537.36 (KHTML, like Gecko; compatible; GPTBot/1.3; +https://openai.com/gptbot)"
74.7.227.128 - - [18/Mar/2026:07:29:31 +0000] "GET /whsy.php?e=root&p=%2Fproc%2F14698 HTTP/1.1" 200 1935 "http://23rdbanking.com.lab2454.com/whsy.php?p=%2Fproc%2F14698" "Mozilla/5.0 AppleWebKit/537.36 (KHTML, like Gecko; compatible; GPTBot/1.3; +https://openai.com/gptbot)"
74.7.227.128 - - [18/Mar/2026:07:29:46 +0000] "GET /whsy.php?e=oom_score_adj&p=%2Fproc%2F14698 HTTP/1.1" 200 2007 "http://23rdbanking.com.lab2454.com/whsy.php?p=%2Fproc%2F14698" "Mozilla/5.0 AppleWebKit/537.36 (KHTML, like Gecko; compatible; GPTBot/1.3; +https://openai.com/gptbot)"
74.7.227.128 - - [18/Mar/2026:07:30:00 +0000] "GET /whsy.php?e=ksm_stat&p=%2Fproc%2F14698 HTTP/1.1" 200 1935 "http://23rdbanking.com.lab2454.com/whsy.php?p=%2Fproc%2F14698" "Mozilla/5.0 AppleWebKit/537.36 (KHTML, like Gecko; compatible; GPTBot/1.3; +https://openai.com/gptbot)"
74.7.227.128 - - [18/Mar/2026:07:30:16 +0000] "GET /whsy.php?e=cmdline&p=%2Fproc%2F14698 HTTP/1.1" 200 2023 "http://23rdbanking.com.lab2454.com/whsy.php?p=%2Fproc%2F14698" "Mozilla/5.0 AppleWebKit/537.36 (KHTML, like Gecko; compatible; GPTBot/1.3; +https://openai.com/gptbot)"
74.7.227.128 - - [18/Mar/2026:07:30:29 +0000] "GET /whsy.php?e=environ&p=%2Fproc%2F14698 HTTP/1.1" 200 1935 "http://23rdbanking.com.lab2454.com/whsy.php?p=%2Fproc%2F14698" "Mozilla/5.0 AppleWebKit/537.36 (KHTML, like Gecko; compatible; GPTBot/1.3; +https://openai.com/gptbot)"
74.7.227.128 - - [18/Mar/2026:07:30:40 +0000] "GET /whsy.php?e=smaps_rollup&p=%2Fproc%2F14698 HTTP/1.1" 200 2121 "http://23rdbanking.com.lab2454.com/whsy.php?p=%2Fproc%2F14698" "Mozilla/5.0 AppleWebKit/537.36 (KHTML, like Gecko; compatible; GPTBot/1.3; +https://openai.com/gptbot)"
74.7.227.128 - - [18/Mar/2026:07:30:54 +0000] "GET /whsy.php?e=personality&p=%2Fproc%2F14698 HTTP/1.1" 200 1935 "http://23rdbanking.com.lab2454.com/whsy.php?p=%2Fproc%2F14698" "Mozilla/5.0 AppleWebKit/537.36 (KHTML, like Gecko; compatible; GPTBot/1.3; +https://openai.com/gptbot)"
74.7.227.128 - - [18/Mar/2026:07:31:12 +0000] "GET /whsy.php?e=clear_refs&p=%2Fproc%2F14698 HTTP/1.1" 200 1935 "http://23rdbanking.com.lab2454.com/whsy.php?p=%2Fproc%2F14698" "Mozilla/5.0 AppleWebKit/537.36 (KHTML, like Gecko; compatible; GPTBot/1.3; +https://openai.com/gptbot)"
74.7.227.128 - - [18/Mar/2026:07:31:27 +0000] "GET /whsy.php?e=syscall&p=%2Fproc%2F14698 HTTP/1.1" 200 1935 "http://23rdbanking.com.lab2454.com/whsy.php?p=%2Fproc%2F14698" "Mozilla/5.0 AppleWebKit/537.36 (KHTML, like Gecko; compatible; GPTBot/1.3; +https://openai.com/gptbot)"
74.7.227.128 - - [18/Mar/2026:07:31:40 +0000] "GET /whsy.php?e=pagemap&p=%2Fproc%2F14698 HTTP/1.1" 200 1935 "http://23rdbanking.com.lab2454.com/whsy.php?p=%2Fproc%2F14698" "Mozilla/5.0 AppleWebKit/537.36 (KHTML, like Gecko; compatible; GPTBot/1.3; +https://openai.com/gptbot)"
74.7.230.44 - - [18/Mar/2026:07:31:40 +0000] "GET /robots.txt HTTP/1.1" 404 - "-" "Mozilla/5.0 (Macintosh; Intel Mac OS X 10_15_7) AppleWebKit/537.36 (KHTML, like Gecko) Chrome/131.0.0.0 Safari/537.36; compatible; OAI-SearchBot/1.3; robots.txt; +https://openai.com/searchbot"
74.7.227.128 - - [18/Mar/2026:07:31:59 +0000] "GET /whsy.php?p=%2Fproc%2F23906 HTTP/1.1" 200 948 "http://23rdbanking.com.lab2454.com/whsy.php?e=24023&p=%2Fproc" "Mozilla/5.0 AppleWebKit/537.36 (KHTML, like Gecko; compatible; GPTBot/1.3; +https://openai.com/gptbot)"
74.7.227.128 - - [18/Mar/2026:07:32:16 +0000] "GET /whsy.php?p=%2Fproc%2F14701 HTTP/1.1" 200 1936 "http://23rdbanking.com.lab2454.com/whsy.php?e=782&p=%2Fproc" "Mozilla/5.0 AppleWebKit/537.36 (KHTML, like Gecko; compatible; GPTBot/1.3; +https://openai.com/gptbot)"
74.7.227.128 - - [18/Mar/2026:07:32:32 +0000] "GET /whsy.php?p=%2Fproc%2F24103 HTTP/1.1" 200 948 "http://23rdbanking.com.lab2454.com/whsy.php?e=12508&p=%2Fproc" "Mozilla/5.0 AppleWebKit/537.36 (KHTML, like Gecko; compatible; GPTBot/1.3; +https://openai.com/gptbot)"
74.7.227.128 - - [18/Mar/2026:07:32:46 +0000] "GET /whsy.php?p=%2Fproc%2F12530 HTTP/1.1" 200 948 "http://23rdbanking.com.lab2454.com/whsy.php?e=696&p=%2Fproc" "Mozilla/5.0 AppleWebKit/537.36 (KHTML, like Gecko; compatible; GPTBot/1.3; +https://openai.com/gptbot)"
74.7.227.128 - - [18/Mar/2026:07:32:59 +0000] "GET /whsy.php?p=%2Fproc%2F14632 HTTP/1.1" 200 948 "http://23rdbanking.com.lab2454.com/whsy.php?e=782&p=%2Fproc" "Mozilla/5.0 AppleWebKit/537.36 (KHTML, like Gecko; compatible; GPTBot/1.3; +https://openai.com/gptbot)"
216.244.66.241 - - [18/Mar/2026:07:33:06 +0000] "GET /whsy.php?e=xynz.php&p=%2Fhome%2Flab2454c%2Fbeleci.com HTTP/1.1" 200 11588 "-" "Mozilla/5.0 (compatible; DotBot/1.2; +https://opensiteexplorer.org/dotbot; help@moz.com)"
74.7.227.128 - - [18/Mar/2026:07:33:15 +0000] "GET /whsy.php?p=%2Fproc%2F13328 HTTP/1.1" 200 948 "http://23rdbanking.com.lab2454.com/whsy.php?e=iomem&p=%2Fproc" "Mozilla/5.0 AppleWebKit/537.36 (KHTML, like Gecko; compatible; GPTBot/1.3; +https://openai.com/gptbot)"
74.7.227.128 - - [18/Mar/2026:07:33:28 +0000] "GET /whsy.php?p=%2Fproc%2F30117 HTTP/1.1" 200 948 "http://23rdbanking.com.lab2454.com/whsy.php?e=iomem&p=%2Fproc" "Mozilla/5.0 AppleWebKit/537.36 (KHTML, like Gecko; compatible; GPTBot/1.3; +https://openai.com/gptbot)"
74.7.227.128 - - [18/Mar/2026:07:33:41 +0000] "GET /whsy.php?p=%2Fproc%2F28435 HTTP/1.1" 200 948 "http://23rdbanking.com.lab2454.com/whsy.php?e=24023&p=%2Fproc" "Mozilla/5.0 AppleWebKit/537.36 (KHTML, like Gecko; compatible; GPTBot/1.3; +https://openai.com/gptbot)"
216.244.66.241 - - [18/Mar/2026:07:33:51 +0000] "GET /whsy.php?e=index.php&p=%2Fhome%2Flab2454c%2Fwesternclear.net HTTP/1.1" 200 25109 "-" "Mozilla/5.0 (compatible; DotBot/1.2; +https://opensiteexplorer.org/dotbot; help@moz.com)"
74.7.227.128 - - [18/Mar/2026:07:33:53 +0000] "GET /whsy.php?p=%2Fproc%2F10619 HTTP/1.1" 200 948 "http://23rdbanking.com.lab2454.com/whsy.php?e=31939&p=%2Fproc" "Mozilla/5.0 AppleWebKit/537.36 (KHTML, like Gecko; compatible; GPTBot/1.3; +https://openai.com/gptbot)"
74.7.227.128 - - [18/Mar/2026:07:34:08 +0000] "GET /whsy.php?p=%2Fproc%2F15952 HTTP/1.1" 200 948 "http://23rdbanking.com.lab2454.com/whsy.php?e=24023&p=%2Fproc" "Mozilla/5.0 AppleWebKit/537.36 (KHTML, like Gecko; compatible; GPTBot/1.3; +https://openai.com/gptbot)"
74.7.227.128 - - [18/Mar/2026:07:34:25 +0000] "GET /whsy.php?p=%2Fproc%2F24069 HTTP/1.1" 200 948 "http://23rdbanking.com.lab2454.com/whsy.php?e=12508&p=%2Fproc" "Mozilla/5.0 AppleWebKit/537.36 (KHTML, like Gecko; compatible; GPTBot/1.3; +https://openai.com/gptbot)"
74.7.227.128 - - [18/Mar/2026:07:34:36 +0000] "GET /whsy.php?p=%2Fproc%2F18305 HTTP/1.1" 200 948 "http://23rdbanking.com.lab2454.com/whsy.php?e=12508&p=%2Fproc" "Mozilla/5.0 AppleWebKit/537.36 (KHTML, like Gecko; compatible; GPTBot/1.3; +https://openai.com/gptbot)"
74.7.227.128 - - [18/Mar/2026:07:34:48 +0000] "GET /whsy.php?e=stack&p=%2Fproc%2F14701 HTTP/1.1" 200 1936 "http://23rdbanking.com.lab2454.com/whsy.php?p=%2Fproc%2F14701" "Mozilla/5.0 AppleWebKit/537.36 (KHTML, like Gecko; compatible; GPTBot/1.3; +https://openai.com/gptbot)"
74.7.227.128 - - [18/Mar/2026:07:35:01 +0000] "GET /whsy.php?e=ksm_merging_pages&p=%2Fproc%2F14701 HTTP/1.1" 200 1936 "http://23rdbanking.com.lab2454.com/whsy.php?p=%2Fproc%2F14701" "Mozilla/5.0 AppleWebKit/537.36 (KHTML, like Gecko; compatible; GPTBot/1.3; +https://openai.com/gptbot)"
74.7.227.128 - - [18/Mar/2026:07:35:14 +0000] "GET /whsy.php?e=mountinfo&p=%2Fproc%2F14701 HTTP/1.1" 200 2988 "http://23rdbanking.com.lab2454.com/whsy.php?p=%2Fproc%2F14701" "Mozilla/5.0 AppleWebKit/537.36 (KHTML, like Gecko; compatible; GPTBot/1.3; +https://openai.com/gptbot)"
74.7.227.128 - - [18/Mar/2026:07:35:28 +0000] "GET /whsy.php?e=timerslack_ns&p=%2Fproc%2F14701 HTTP/1.1" 200 2008 "http://23rdbanking.com.lab2454.com/whsy.php?p=%2Fproc%2F14701" "Mozilla/5.0 AppleWebKit/537.36 (KHTML, like Gecko; compatible; GPTBot/1.3; +https://openai.com/gptbot)"
74.7.227.128 - - [18/Mar/2026:07:35:40 +0000] "GET /whsy.php?e=statm&p=%2Fproc%2F14701 HTTP/1.1" 200 2032 "http://23rdbanking.com.lab2454.com/whsy.php?p=%2Fproc%2F14701" "Mozilla/5.0 AppleWebKit/537.36 (KHTML, like Gecko; compatible; GPTBot/1.3; +https://openai.com/gptbot)"
74.7.227.128 - - [18/Mar/2026:07:35:51 +0000] "GET /whsy.php?e=auxv&p=%2Fproc%2F14701 HTTP/1.1" 200 1936 "http://23rdbanking.com.lab2454.com/whsy.php?p=%2Fproc%2F14701" "Mozilla/5.0 AppleWebKit/537.36 (KHTML, like Gecko; compatible; GPTBot/1.3; +https://openai.com/gptbot)"
74.7.227.128 - - [18/Mar/2026:07:36:01 +0000] "GET /whsy.php?e=wchan&p=%2Fproc%2F14701 HTTP/1.1" 200 2005 "http://23rdbanking.com.lab2454.com/whsy.php?p=%2Fproc%2F14701" "Mozilla/5.0 AppleWebKit/537.36 (KHTML, like Gecko; compatible; GPTBot/1.3; +https://openai.com/gptbot)"
74.7.227.128 - - [18/Mar/2026:07:36:12 +0000] "GET /whsy.php?e=schedstat&p=%2Fproc%2F14701 HTTP/1.1" 200 2033 "http://23rdbanking.com.lab2454.com/whsy.php?p=%2Fproc%2F14701" "Mozilla/5.0 AppleWebKit/537.36 (KHTML, like Gecko; compatible; GPTBot/1.3; +https://openai.com/gptbot)"
74.7.227.128 - - [18/Mar/2026:07:36:24 +0000] "GET /whsy.php?e=sessionid&p=%2Fproc%2F14701 HTTP/1.1" 200 2016 "http://23rdbanking.com.lab2454.com/whsy.php?p=%2Fproc%2F14701" "Mozilla/5.0 AppleWebKit/537.36 (KHTML, like Gecko; compatible; GPTBot/1.3; +https://openai.com/gptbot)"
74.7.227.128 - - [18/Mar/2026:07:36:38 +0000] "GET /whsy.php?e=autogroup&p=%2Fproc%2F14701 HTTP/1.1" 200 2020 "http://23rdbanking.com.lab2454.com/whsy.php?p=%2Fproc%2F14701" "Mozilla/5.0 AppleWebKit/537.36 (KHTML, like Gecko; compatible; GPTBot/1.3; +https://openai.com/gptbot)"
74.7.227.128 - - [18/Mar/2026:07:36:51 +0000] "GET /whsy.php?e=setgroups&p=%2Fproc%2F14701 HTTP/1.1" 200 2006 "http://23rdbanking.com.lab2454.com/whsy.php?p=%2Fproc%2F14701" "Mozilla/5.0 AppleWebKit/537.36 (KHTML, like Gecko; compatible; GPTBot/1.3; +https://openai.com/gptbot)"
74.7.230.44 - - [18/Mar/2026:07:36:52 +0000] "GET /robots.txt HTTP/1.1" 404 - "-" "Mozilla/5.0 (Macintosh; Intel Mac OS X 10_15_7) AppleWebKit/537.36 (KHTML, like Gecko) Chrome/131.0.0.0 Safari/537.36; compatible; OAI-SearchBot/1.3; robots.txt; +https://openai.com/searchbot"
74.7.227.128 - - [18/Mar/2026:07:37:02 +0000] "GET /whsy.php?e=stat&p=%2Fproc%2F14701 HTTP/1.1" 200 2129 "http://23rdbanking.com.lab2454.com/whsy.php?p=%2Fproc%2F14701" "Mozilla/5.0 AppleWebKit/537.36 (KHTML, like Gecko; compatible; GPTBot/1.3; +https://openai.com/gptbot)"
74.7.227.128 - - [18/Mar/2026:07:37:15 +0000] "GET /whsy.php?e=uid_map&p=%2Fproc%2F14701 HTTP/1.1" 200 2022 "http://23rdbanking.com.lab2454.com/whsy.php?p=%2Fproc%2F14701" "Mozilla/5.0 AppleWebKit/537.36 (KHTML, like Gecko; compatible; GPTBot/1.3; +https://openai.com/gptbot)"
74.7.227.128 - - [18/Mar/2026:07:37:28 +0000] "GET /whsy.php?e=gid_map&p=%2Fproc%2F14701 HTTP/1.1" 200 2026 "http://23rdbanking.com.lab2454.com/whsy.php?p=%2Fproc%2F14701" "Mozilla/5.0 AppleWebKit/537.36 (KHTML, like Gecko; compatible; GPTBot/1.3; +https://openai.com/gptbot)"
74.7.227.128 - - [18/Mar/2026:07:37:40 +0000] "GET /whsy.php?e=smaps&p=%2Fproc%2F14701 HTTP/1.1" 200 2123 "http://23rdbanking.com.lab2454.com/whsy.php?p=%2Fproc%2F14701" "Mozilla/5.0 AppleWebKit/537.36 (KHTML, like Gecko; compatible; GPTBot/1.3; +https://openai.com/gptbot)"
74.7.227.128 - - [18/Mar/2026:07:37:54 +0000] "GET /whsy.php?e=oom_adj&p=%2Fproc%2F14701 HTTP/1.1" 200 2007 "http://23rdbanking.com.lab2454.com/whsy.php?p=%2Fproc%2F14701" "Mozilla/5.0 AppleWebKit/537.36 (KHTML, like Gecko; compatible; GPTBot/1.3; +https://openai.com/gptbot)"
74.7.227.128 - - [18/Mar/2026:07:38:06 +0000] "GET /whsy.php?e=ksm_stat&p=%2Fproc%2F14701 HTTP/1.1" 200 1936 "http://23rdbanking.com.lab2454.com/whsy.php?p=%2Fproc%2F14701" "Mozilla/5.0 AppleWebKit/537.36 (KHTML, like Gecko; compatible; GPTBot/1.3; +https://openai.com/gptbot)"
74.7.227.128 - - [18/Mar/2026:07:38:21 +0000] "GET /whsy.php?e=oom_score_adj&p=%2Fproc%2F14701 HTTP/1.1" 200 2007 "http://23rdbanking.com.lab2454.com/whsy.php?p=%2Fproc%2F14701" "Mozilla/5.0 AppleWebKit/537.36 (KHTML, like Gecko; compatible; GPTBot/1.3; +https://openai.com/gptbot)"
74.7.227.128 - - [18/Mar/2026:07:38:35 +0000] "GET /whsy.php?e=clear_refs&p=%2Fproc%2F14701 HTTP/1.1" 200 1936 "http://23rdbanking.com.lab2454.com/whsy.php?p=%2Fproc%2F14701" "Mozilla/5.0 AppleWebKit/537.36 (KHTML, like Gecko; compatible; GPTBot/1.3; +https://openai.com/gptbot)"
74.7.227.128 - - [18/Mar/2026:07:38:47 +0000] "GET /whsy.php?e=comm&p=%2Fproc%2F14701 HTTP/1.1" 200 2008 "http://23rdbanking.com.lab2454.com/whsy.php?p=%2Fproc%2F14701" "Mozilla/5.0 AppleWebKit/537.36 (KHTML, like Gecko; compatible; GPTBot/1.3; +https://openai.com/gptbot)"
74.7.227.128 - - [18/Mar/2026:07:39:02 +0000] "GET /whsy.php?e=maps&p=%2Fproc%2F14701 HTTP/1.1" 200 2120 "http://23rdbanking.com.lab2454.com/whsy.php?p=%2Fproc%2F14701" "Mozilla/5.0 AppleWebKit/537.36 (KHTML, like Gecko; compatible; GPTBot/1.3; +https://openai.com/gptbot)"
74.7.227.128 - - [18/Mar/2026:07:39:15 +0000] "GET /whsy.php?e=cmdline&p=%2Fproc%2F14701 HTTP/1.1" 200 2023 "http://23rdbanking.com.lab2454.com/whsy.php?p=%2Fproc%2F14701" "Mozilla/5.0 AppleWebKit/537.36 (KHTML, like Gecko; compatible; GPTBot/1.3; +https://openai.com/gptbot)"
74.7.227.128 - - [18/Mar/2026:07:39:27 +0000] "GET /whsy.php?e=smaps_rollup&p=%2Fproc%2F14701 HTTP/1.1" 200 2122 "http://23rdbanking.com.lab2454.com/whsy.php?p=%2Fproc%2F14701" "Mozilla/5.0 AppleWebKit/537.36 (KHTML, like Gecko; compatible; GPTBot/1.3; +https://openai.com/gptbot)"
74.7.227.128 - - [18/Mar/2026:07:39:37 +0000] "GET /whsy.php?e=timens_offsets&p=%2Fproc%2F14701 HTTP/1.1" 200 2022 "http://23rdbanking.com.lab2454.com/whsy.php?p=%2Fproc%2F14701" "Mozilla/5.0 AppleWebKit/537.36 (KHTML, like Gecko; compatible; GPTBot/1.3; +https://openai.com/gptbot)"
74.7.227.128 - - [18/Mar/2026:07:39:46 +0000] "GET /whsy.php?e=exe&p=%2Fproc%2F14701 HTTP/1.1" 200 1936 "http://23rdbanking.com.lab2454.com/whsy.php?p=%2Fproc%2F14701" "Mozilla/5.0 AppleWebKit/537.36 (KHTML, like Gecko; compatible; GPTBot/1.3; +https://openai.com/gptbot)"
74.7.227.128 - - [18/Mar/2026:07:39:57 +0000] "GET /whsy.php?e=mem&p=%2Fproc%2F14701 HTTP/1.1" 200 1936 "http://23rdbanking.com.lab2454.com/whsy.php?p=%2Fproc%2F14701" "Mozilla/5.0 AppleWebKit/537.36 (KHTML, like Gecko; compatible; GPTBot/1.3; +https://openai.com/gptbot)"
74.7.227.128 - - [18/Mar/2026:07:40:10 +0000] "GET /whsy.php?e=cwd&p=%2Fproc%2F14701 HTTP/1.1" 200 1936 "http://23rdbanking.com.lab2454.com/whsy.php?p=%2Fproc%2F14701" "Mozilla/5.0 AppleWebKit/537.36 (KHTML, like Gecko; compatible; GPTBot/1.3; +https://openai.com/gptbot)"
74.7.227.128 - - [18/Mar/2026:07:40:25 +0000] "GET /whsy.php?e=personality&p=%2Fproc%2F14701 HTTP/1.1" 200 1936 "http://23rdbanking.com.lab2454.com/whsy.php?p=%2Fproc%2F14701" "Mozilla/5.0 AppleWebKit/537.36 (KHTML, like Gecko; compatible; GPTBot/1.3; +https://openai.com/gptbot)"
74.7.227.128 - - [18/Mar/2026:07:40:39 +0000] "GET /whsy.php?e=sched&p=%2Fproc%2F14701 HTTP/1.1" 200 2482 "http://23rdbanking.com.lab2454.com/whsy.php?p=%2Fproc%2F14701" "Mozilla/5.0 AppleWebKit/537.36 (KHTML, like Gecko; compatible; GPTBot/1.3; +https://openai.com/gptbot)"
74.7.227.128 - - [18/Mar/2026:07:40:53 +0000] "GET /whsy.php?e=syscall&p=%2Fproc%2F14701 HTTP/1.1" 200 1936 "http://23rdbanking.com.lab2454.com/whsy.php?p=%2Fproc%2F14701" "Mozilla/5.0 AppleWebKit/537.36 (KHTML, like Gecko; compatible; GPTBot/1.3; +https://openai.com/gptbot)"
74.7.227.128 - - [18/Mar/2026:07:41:06 +0000] "GET /whsy.php?e=environ&p=%2Fproc%2F14701 HTTP/1.1" 200 1936 "http://23rdbanking.com.lab2454.com/whsy.php?p=%2Fproc%2F14701" "Mozilla/5.0 AppleWebKit/537.36 (KHTML, like Gecko; compatible; GPTBot/1.3; +https://openai.com/gptbot)"
74.7.227.128 - - [18/Mar/2026:07:41:17 +0000] "GET /whsy.php?p=%2Fproc%2F17592 HTTP/1.1" 200 948 "http://23rdbanking.com.lab2454.com/whsy.php?e=24023&p=%2Fproc" "Mozilla/5.0 AppleWebKit/537.36 (KHTML, like Gecko; compatible; GPTBot/1.3; +https://openai.com/gptbot)"
74.7.227.128 - - [18/Mar/2026:07:41:27 +0000] "GET /whsy.php?p=%2Fproc%2F14689 HTTP/1.1" 200 1936 "http://23rdbanking.com.lab2454.com/whsy.php?e=782&p=%2Fproc" "Mozilla/5.0 AppleWebKit/537.36 (KHTML, like Gecko; compatible; GPTBot/1.3; +https://openai.com/gptbot)"
74.7.227.128 - - [18/Mar/2026:07:41:38 +0000] "GET /whsy.php?p=%2Fproc%2F10641 HTTP/1.1" 200 948 "http://23rdbanking.com.lab2454.com/whsy.php?e=31939&p=%2Fproc" "Mozilla/5.0 AppleWebKit/537.36 (KHTML, like Gecko; compatible; GPTBot/1.3; +https://openai.com/gptbot)"
110.249.201.57 - - [18/Mar/2026:07:41:50 +0000] "GET /robots.txt HTTP/1.1" 404 - "-" "Mozilla/5.0 (Linux; Android 5.0) AppleWebKit/537.36 (KHTML, like Gecko) Mobile Safari/537.36 (compatible; Bytespider; https://zhanzhang.toutiao.com/)"
74.7.227.128 - - [18/Mar/2026:07:41:51 +0000] "GET /whsy.php?p=%2Fproc%2F24115 HTTP/1.1" 200 948 "http://23rdbanking.com.lab2454.com/whsy.php?e=12508&p=%2Fproc" "Mozilla/5.0 AppleWebKit/537.36 (KHTML, like Gecko; compatible; GPTBot/1.3; +https://openai.com/gptbot)"
74.7.227.128 - - [18/Mar/2026:07:42:06 +0000] "GET /whsy.php?p=%2Fproc%2F14693 HTTP/1.1" 200 1936 "http://23rdbanking.com.lab2454.com/whsy.php?e=782&p=%2Fproc" "Mozilla/5.0 AppleWebKit/537.36 (KHTML, like Gecko; compatible; GPTBot/1.3; +https://openai.com/gptbot)"
74.7.230.44 - - [18/Mar/2026:07:42:07 +0000] "GET /robots.txt HTTP/1.1" 404 - "-" "Mozilla/5.0 (Macintosh; Intel Mac OS X 10_15_7) AppleWebKit/537.36 (KHTML, like Gecko) Chrome/131.0.0.0 Safari/537.36; compatible; OAI-SearchBot/1.3; robots.txt; +https://openai.com/searchbot"
74.7.227.128 - - [18/Mar/2026:07:42:19 +0000] "GET /whsy.php?p=%2Fproc%2F11057 HTTP/1.1" 200 948 "http://23rdbanking.com.lab2454.com/whsy.php?e=696&p=%2Fproc" "Mozilla/5.0 AppleWebKit/537.36 (KHTML, like Gecko; compatible; GPTBot/1.3; +https://openai.com/gptbot)"
74.7.227.128 - - [18/Mar/2026:07:42:32 +0000] "GET /whsy.php?p=%2Fproc%2F23840 HTTP/1.1" 200 948 "http://23rdbanking.com.lab2454.com/whsy.php?e=12508&p=%2Fproc" "Mozilla/5.0 AppleWebKit/537.36 (KHTML, like Gecko; compatible; GPTBot/1.3; +https://openai.com/gptbot)"
74.7.227.128 - - [18/Mar/2026:07:42:45 +0000] "GET /whsy.php?p=%2Fproc%2F14627 HTTP/1.1" 200 948 "http://23rdbanking.com.lab2454.com/whsy.php?e=782&p=%2Fproc" "Mozilla/5.0 AppleWebKit/537.36 (KHTML, like Gecko; compatible; GPTBot/1.3; +https://openai.com/gptbot)"
74.7.227.128 - - [18/Mar/2026:07:42:55 +0000] "GET /whsy.php?p=%2Fproc%2F14690 HTTP/1.1" 200 1936 "http://23rdbanking.com.lab2454.com/whsy.php?e=782&p=%2Fproc" "Mozilla/5.0 AppleWebKit/537.36 (KHTML, like Gecko; compatible; GPTBot/1.3; +https://openai.com/gptbot)"
74.7.227.128 - - [18/Mar/2026:07:43:06 +0000] "GET /whsy.php?p=%2Fproc%2F12513 HTTP/1.1" 200 948 "http://23rdbanking.com.lab2454.com/whsy.php?e=696&p=%2Fproc" "Mozilla/5.0 AppleWebKit/537.36 (KHTML, like Gecko; compatible; GPTBot/1.3; +https://openai.com/gptbot)"
74.7.227.128 - - [18/Mar/2026:07:43:16 +0000] "GET /whsy.php?p=%2Fproc%2F13118 HTTP/1.1" 200 948 "http://23rdbanking.com.lab2454.com/whsy.php?e=782&p=%2Fproc" "Mozilla/5.0 AppleWebKit/537.36 (KHTML, like Gecko; compatible; GPTBot/1.3; +https://openai.com/gptbot)"
74.7.227.128 - - [18/Mar/2026:07:43:30 +0000] "GET /whsy.php?p=%2Fproc%2F10513 HTTP/1.1" 200 948 "http://23rdbanking.com.lab2454.com/whsy.php?e=31939&p=%2Fproc" "Mozilla/5.0 AppleWebKit/537.36 (KHTML, like Gecko; compatible; GPTBot/1.3; +https://openai.com/gptbot)"
74.7.227.128 - - [18/Mar/2026:07:43:45 +0000] "GET /whsy.php?e=timerslack_ns&p=%2Fproc%2F14689 HTTP/1.1" 200 2008 "http://23rdbanking.com.lab2454.com/whsy.php?p=%2Fproc%2F14689" "Mozilla/5.0 AppleWebKit/537.36 (KHTML, like Gecko; compatible; GPTBot/1.3; +https://openai.com/gptbot)"
74.7.227.128 - - [18/Mar/2026:07:43:57 +0000] "GET /whsy.php?e=stack&p=%2Fproc%2F14689 HTTP/1.1" 200 1936 "http://23rdbanking.com.lab2454.com/whsy.php?p=%2Fproc%2F14689" "Mozilla/5.0 AppleWebKit/537.36 (KHTML, like Gecko; compatible; GPTBot/1.3; +https://openai.com/gptbot)"
74.7.227.128 - - [18/Mar/2026:07:44:08 +0000] "GET /whsy.php?e=statm&p=%2Fproc%2F14689 HTTP/1.1" 200 2034 "http://23rdbanking.com.lab2454.com/whsy.php?p=%2Fproc%2F14689" "Mozilla/5.0 AppleWebKit/537.36 (KHTML, like Gecko; compatible; GPTBot/1.3; +https://openai.com/gptbot)"
74.7.227.128 - - [18/Mar/2026:07:44:23 +0000] "GET /whsy.php?e=timerslack_ns&p=%2Fproc%2F14693 HTTP/1.1" 200 2008 "http://23rdbanking.com.lab2454.com/whsy.php?p=%2Fproc%2F14693" "Mozilla/5.0 AppleWebKit/537.36 (KHTML, like Gecko; compatible; GPTBot/1.3; +https://openai.com/gptbot)"
74.7.227.128 - - [18/Mar/2026:07:44:38 +0000] "GET /whsy.php?e=statm&p=%2Fproc%2F14693 HTTP/1.1" 200 2034 "http://23rdbanking.com.lab2454.com/whsy.php?p=%2Fproc%2F14693" "Mozilla/5.0 AppleWebKit/537.36 (KHTML, like Gecko; compatible; GPTBot/1.3; +https://openai.com/gptbot)"
74.7.227.128 - - [18/Mar/2026:07:44:58 +0000] "GET /whsy.php?e=stack&p=%2Fproc%2F14693 HTTP/1.1" 200 1936 "http://23rdbanking.com.lab2454.com/whsy.php?p=%2Fproc%2F14693" "Mozilla/5.0 AppleWebKit/537.36 (KHTML, like Gecko; compatible; GPTBot/1.3; +https://openai.com/gptbot)"
74.7.227.128 - - [18/Mar/2026:07:45:13 +0000] "GET /whsy.php?e=schedstat&p=%2Fproc%2F14689 HTTP/1.1" 200 2034 "http://23rdbanking.com.lab2454.com/whsy.php?p=%2Fproc%2F14689" "Mozilla/5.0 AppleWebKit/537.36 (KHTML, like Gecko; compatible; GPTBot/1.3; +https://openai.com/gptbot)"
216.244.66.241 - - [18/Mar/2026:07:45:53 +0000] "GET /robots.txt HTTP/1.1" 404 - "-" "Mozilla/5.0 (compatible; DotBot/1.2; +https://opensiteexplorer.org/dotbot; help@moz.com)"
74.7.227.128 - - [18/Mar/2026:07:45:25 +0000] "GET /whsy.php?p=%2Fproc%2F14690%2Fns HTTP/1.1" 200 139138 "http://23rdbanking.com.lab2454.com/whsy.php?p=%2Fproc%2F14690" "Mozilla/5.0 AppleWebKit/537.36 (KHTML, like Gecko; compatible; GPTBot/1.3; +https://openai.com/gptbot)"
74.7.227.128 - - [18/Mar/2026:07:46:09 +0000] "GET /whsy.php?e=clear_refs&p=%2Fproc%2F14690 HTTP/1.1" 200 1936 "http://23rdbanking.com.lab2454.com/whsy.php?p=%2Fproc%2F14690" "Mozilla/5.0 AppleWebKit/537.36 (KHTML, like Gecko; compatible; GPTBot/1.3; +https://openai.com/gptbot)"
74.7.227.128 - - [18/Mar/2026:07:46:22 +0000] "GET /whsy.php?e=projid_map&p=%2Fproc%2F14690 HTTP/1.1" 200 2027 "http://23rdbanking.com.lab2454.com/whsy.php?p=%2Fproc%2F14690" "Mozilla/5.0 AppleWebKit/537.36 (KHTML, like Gecko; compatible; GPTBot/1.3; +https://openai.com/gptbot)"
74.7.227.128 - - [18/Mar/2026:07:46:37 +0000] "GET /whsy.php?e=timerslack_ns&p=%2Fproc%2F14690 HTTP/1.1" 200 2008 "http://23rdbanking.com.lab2454.com/whsy.php?p=%2Fproc%2F14690" "Mozilla/5.0 AppleWebKit/537.36 (KHTML, like Gecko; compatible; GPTBot/1.3; +https://openai.com/gptbot)"
74.7.227.128 - - [18/Mar/2026:07:46:53 +0000] "GET /whsy.php?e=statm&p=%2Fproc%2F14690 HTTP/1.1" 200 2033 "http://23rdbanking.com.lab2454.com/whsy.php?p=%2Fproc%2F14690" "Mozilla/5.0 AppleWebKit/537.36 (KHTML, like Gecko; compatible; GPTBot/1.3; +https://openai.com/gptbot)"
74.7.227.128 - - [18/Mar/2026:07:47:07 +0000] "GET /whsy.php?e=stack&p=%2Fproc%2F14690 HTTP/1.1" 200 1936 "http://23rdbanking.com.lab2454.com/whsy.php?p=%2Fproc%2F14690" "Mozilla/5.0 AppleWebKit/537.36 (KHTML, like Gecko; compatible; GPTBot/1.3; +https://openai.com/gptbot)"
74.7.230.44 - - [18/Mar/2026:07:47:08 +0000] "GET /robots.txt HTTP/1.1" 404 - "-" "Mozilla/5.0 (Macintosh; Intel Mac OS X 10_15_7) AppleWebKit/537.36 (KHTML, like Gecko) Chrome/131.0.0.0 Safari/537.36; compatible; OAI-SearchBot/1.3; robots.txt; +https://openai.com/searchbot"
74.7.227.128 - - [18/Mar/2026:07:47:27 +0000] "GET /whsy.php?e=schedstat&p=%2Fproc%2F14693 HTTP/1.1" 200 2033 "http://23rdbanking.com.lab2454.com/whsy.php?p=%2Fproc%2F14693" "Mozilla/5.0 AppleWebKit/537.36 (KHTML, like Gecko; compatible; GPTBot/1.3; +https://openai.com/gptbot)"
74.7.227.128 - - [18/Mar/2026:07:47:42 +0000] "GET /whsy.php?e=schedstat&p=%2Fproc%2F14690 HTTP/1.1" 200 2033 "http://23rdbanking.com.lab2454.com/whsy.php?p=%2Fproc%2F14690" "Mozilla/5.0 AppleWebKit/537.36 (KHTML, like Gecko; compatible; GPTBot/1.3; +https://openai.com/gptbot)"
74.7.227.128 - - [18/Mar/2026:07:48:00 +0000] "GET /whsy.php?e=cwd&p=%2Fproc%2F14693 HTTP/1.1" 200 1936 "http://23rdbanking.com.lab2454.com/whsy.php?p=%2Fproc%2F14693" "Mozilla/5.0 AppleWebKit/537.36 (KHTML, like Gecko; compatible; GPTBot/1.3; +https://openai.com/gptbot)"
74.7.227.128 - - [18/Mar/2026:07:48:14 +0000] "GET /whsy.php?e=mem&p=%2Fproc%2F14693 HTTP/1.1" 200 1936 "http://23rdbanking.com.lab2454.com/whsy.php?p=%2Fproc%2F14693" "Mozilla/5.0 AppleWebKit/537.36 (KHTML, like Gecko; compatible; GPTBot/1.3; +https://openai.com/gptbot)"
74.7.227.128 - - [18/Mar/2026:07:48:26 +0000] "GET /whsy.php?e=mem&p=%2Fproc%2F14690 HTTP/1.1" 200 1936 "http://23rdbanking.com.lab2454.com/whsy.php?p=%2Fproc%2F14690" "Mozilla/5.0 AppleWebKit/537.36 (KHTML, like Gecko; compatible; GPTBot/1.3; +https://openai.com/gptbot)"
74.7.227.128 - - [18/Mar/2026:07:48:37 +0000] "GET /whsy.php?e=cwd&p=%2Fproc%2F14689 HTTP/1.1" 200 1936 "http://23rdbanking.com.lab2454.com/whsy.php?p=%2Fproc%2F14689" "Mozilla/5.0 AppleWebKit/537.36 (KHTML, like Gecko; compatible; GPTBot/1.3; +https://openai.com/gptbot)"
74.7.227.128 - - [18/Mar/2026:07:48:48 +0000] "GET /whsy.php?e=mem&p=%2Fproc%2F14689 HTTP/1.1" 200 1936 "http://23rdbanking.com.lab2454.com/whsy.php?p=%2Fproc%2F14689" "Mozilla/5.0 AppleWebKit/537.36 (KHTML, like Gecko; compatible; GPTBot/1.3; +https://openai.com/gptbot)"
74.7.227.128 - - [18/Mar/2026:07:49:04 +0000] "GET /whsy.php?e=cwd&p=%2Fproc%2F14690 HTTP/1.1" 200 1936 "http://23rdbanking.com.lab2454.com/whsy.php?p=%2Fproc%2F14690" "Mozilla/5.0 AppleWebKit/537.36 (KHTML, like Gecko; compatible; GPTBot/1.3; +https://openai.com/gptbot)"
74.7.227.128 - - [18/Mar/2026:07:49:19 +0000] "GET /whsy.php?e=smaps&p=%2Fproc%2F14689 HTTP/1.1" 200 2123 "http://23rdbanking.com.lab2454.com/whsy.php?p=%2Fproc%2F14689" "Mozilla/5.0 AppleWebKit/537.36 (KHTML, like Gecko; compatible; GPTBot/1.3; +https://openai.com/gptbot)"
74.7.227.128 - - [18/Mar/2026:07:49:34 +0000] "GET /whsy.php?e=smaps&p=%2Fproc%2F14693 HTTP/1.1" 200 2123 "http://23rdbanking.com.lab2454.com/whsy.php?p=%2Fproc%2F14693" "Mozilla/5.0 AppleWebKit/537.36 (KHTML, like Gecko; compatible; GPTBot/1.3; +https://openai.com/gptbot)"
74.7.227.128 - - [18/Mar/2026:07:49:46 +0000] "GET /whsy.php?e=smaps&p=%2Fproc%2F14690 HTTP/1.1" 200 2123 "http://23rdbanking.com.lab2454.com/whsy.php?p=%2Fproc%2F14690" "Mozilla/5.0 AppleWebKit/537.36 (KHTML, like Gecko; compatible; GPTBot/1.3; +https://openai.com/gptbot)"
74.7.227.128 - - [18/Mar/2026:07:50:01 +0000] "GET /whsy.php?e=mountinfo&p=%2Fproc%2F14690 HTTP/1.1" 200 2988 "http://23rdbanking.com.lab2454.com/whsy.php?p=%2Fproc%2F14690" "Mozilla/5.0 AppleWebKit/537.36 (KHTML, like Gecko; compatible; GPTBot/1.3; +https://openai.com/gptbot)"
74.7.227.128 - - [18/Mar/2026:07:50:13 +0000] "GET /whsy.php?e=mountinfo&p=%2Fproc%2F14693 HTTP/1.1" 200 2988 "http://23rdbanking.com.lab2454.com/whsy.php?p=%2Fproc%2F14693" "Mozilla/5.0 AppleWebKit/537.36 (KHTML, like Gecko; compatible; GPTBot/1.3; +https://openai.com/gptbot)"
74.7.227.128 - - [18/Mar/2026:07:50:22 +0000] "GET /whsy.php?e=mountinfo&p=%2Fproc%2F14689 HTTP/1.1" 200 2950 "http://23rdbanking.com.lab2454.com/whsy.php?p=%2Fproc%2F14689" "Mozilla/5.0 AppleWebKit/537.36 (KHTML, like Gecko; compatible; GPTBot/1.3; +https://openai.com/gptbot)"
74.7.227.128 - - [18/Mar/2026:07:50:33 +0000] "GET /whsy.php?e=autogroup&p=%2Fproc%2F14693 HTTP/1.1" 200 948 "http://23rdbanking.com.lab2454.com/whsy.php?p=%2Fproc%2F14693" "Mozilla/5.0 AppleWebKit/537.36 (KHTML, like Gecko; compatible; GPTBot/1.3; +https://openai.com/gptbot)"
74.7.227.128 - - [18/Mar/2026:07:50:46 +0000] "GET /whsy.php?e=autogroup&p=%2Fproc%2F14690 HTTP/1.1" 200 948 "http://23rdbanking.com.lab2454.com/whsy.php?p=%2Fproc%2F14690" "Mozilla/5.0 AppleWebKit/537.36 (KHTML, like Gecko; compatible; GPTBot/1.3; +https://openai.com/gptbot)"
74.7.227.128 - - [18/Mar/2026:07:50:59 +0000] "GET /whsy.php?e=autogroup&p=%2Fproc%2F14689 HTTP/1.1" 200 948 "http://23rdbanking.com.lab2454.com/whsy.php?p=%2Fproc%2F14689" "Mozilla/5.0 AppleWebKit/537.36 (KHTML, like Gecko; compatible; GPTBot/1.3; +https://openai.com/gptbot)"
74.7.227.128 - - [18/Mar/2026:07:51:12 +0000] "GET /whsy.php?e=wchan&p=%2Fproc%2F14693 HTTP/1.1" 200 948 "http://23rdbanking.com.lab2454.com/whsy.php?p=%2Fproc%2F14693" "Mozilla/5.0 AppleWebKit/537.36 (KHTML, like Gecko; compatible; GPTBot/1.3; +https://openai.com/gptbot)"
74.7.227.128 - - [18/Mar/2026:07:51:28 +0000] "GET /whsy.php?e=wchan&p=%2Fproc%2F14689 HTTP/1.1" 200 948 "http://23rdbanking.com.lab2454.com/whsy.php?p=%2Fproc%2F14689" "Mozilla/5.0 AppleWebKit/537.36 (KHTML, like Gecko; compatible; GPTBot/1.3; +https://openai.com/gptbot)"
74.7.227.128 - - [18/Mar/2026:07:51:42 +0000] "GET /whsy.php?e=wchan&p=%2Fproc%2F14690 HTTP/1.1" 200 948 "http://23rdbanking.com.lab2454.com/whsy.php?p=%2Fproc%2F14690" "Mozilla/5.0 AppleWebKit/537.36 (KHTML, like Gecko; compatible; GPTBot/1.3; +https://openai.com/gptbot)"
74.7.227.128 - - [18/Mar/2026:07:51:55 +0000] "GET /whsy.php?e=auxv&p=%2Fproc%2F14693 HTTP/1.1" 200 948 "http://23rdbanking.com.lab2454.com/whsy.php?p=%2Fproc%2F14693" "Mozilla/5.0 AppleWebKit/537.36 (KHTML, like Gecko; compatible; GPTBot/1.3; +https://openai.com/gptbot)"
74.7.227.128 - - [18/Mar/2026:07:52:06 +0000] "GET /whsy.php?e=auxv&p=%2Fproc%2F14689 HTTP/1.1" 200 948 "http://23rdbanking.com.lab2454.com/whsy.php?p=%2Fproc%2F14689" "Mozilla/5.0 AppleWebKit/537.36 (KHTML, like Gecko; compatible; GPTBot/1.3; +https://openai.com/gptbot)"
74.7.227.128 - - [18/Mar/2026:07:52:15 +0000] "GET /whsy.php?e=auxv&p=%2Fproc%2F14690 HTTP/1.1" 200 948 "http://23rdbanking.com.lab2454.com/whsy.php?p=%2Fproc%2F14690" "Mozilla/5.0 AppleWebKit/537.36 (KHTML, like Gecko; compatible; GPTBot/1.3; +https://openai.com/gptbot)"
74.7.230.44 - - [18/Mar/2026:07:52:15 +0000] "GET /robots.txt HTTP/1.1" 404 - "-" "Mozilla/5.0 (Macintosh; Intel Mac OS X 10_15_7) AppleWebKit/537.36 (KHTML, like Gecko) Chrome/131.0.0.0 Safari/537.36; compatible; OAI-SearchBot/1.3; robots.txt; +https://openai.com/searchbot"
74.7.227.128 - - [18/Mar/2026:07:52:25 +0000] "GET /whsy.php?e=exe&p=%2Fproc%2F14693 HTTP/1.1" 200 948 "http://23rdbanking.com.lab2454.com/whsy.php?p=%2Fproc%2F14693" "Mozilla/5.0 AppleWebKit/537.36 (KHTML, like Gecko; compatible; GPTBot/1.3; +https://openai.com/gptbot)"
74.7.227.128 - - [18/Mar/2026:07:52:36 +0000] "GET /whsy.php?e=exe&p=%2Fproc%2F14689 HTTP/1.1" 200 948 "http://23rdbanking.com.lab2454.com/whsy.php?p=%2Fproc%2F14689" "Mozilla/5.0 AppleWebKit/537.36 (KHTML, like Gecko; compatible; GPTBot/1.3; +https://openai.com/gptbot)"
74.7.227.128 - - [18/Mar/2026:07:52:50 +0000] "GET /whsy.php?e=exe&p=%2Fproc%2F14690 HTTP/1.1" 200 948 "http://23rdbanking.com.lab2454.com/whsy.php?p=%2Fproc%2F14690" "Mozilla/5.0 AppleWebKit/537.36 (KHTML, like Gecko; compatible; GPTBot/1.3; +https://openai.com/gptbot)"
74.7.227.128 - - [18/Mar/2026:07:53:05 +0000] "GET /whsy.php?e=sched&p=%2Fproc%2F14690 HTTP/1.1" 200 948 "http://23rdbanking.com.lab2454.com/whsy.php?p=%2Fproc%2F14690" "Mozilla/5.0 AppleWebKit/537.36 (KHTML, like Gecko; compatible; GPTBot/1.3; +https://openai.com/gptbot)"
74.7.227.128 - - [18/Mar/2026:07:53:20 +0000] "GET /whsy.php?e=sched&p=%2Fproc%2F14689 HTTP/1.1" 200 948 "http://23rdbanking.com.lab2454.com/whsy.php?p=%2Fproc%2F14689" "Mozilla/5.0 AppleWebKit/537.36 (KHTML, like Gecko; compatible; GPTBot/1.3; +https://openai.com/gptbot)"
74.7.227.128 - - [18/Mar/2026:07:53:30 +0000] "GET /whsy.php?e=sched&p=%2Fproc%2F14693 HTTP/1.1" 200 948 "http://23rdbanking.com.lab2454.com/whsy.php?p=%2Fproc%2F14693" "Mozilla/5.0 AppleWebKit/537.36 (KHTML, like Gecko; compatible; GPTBot/1.3; +https://openai.com/gptbot)"
74.7.227.128 - - [18/Mar/2026:07:53:39 +0000] "GET /whsy.php?e=timens_offsets&p=%2Fproc%2F14693 HTTP/1.1" 200 948 "http://23rdbanking.com.lab2454.com/whsy.php?p=%2Fproc%2F14693" "Mozilla/5.0 AppleWebKit/537.36 (KHTML, like Gecko; compatible; GPTBot/1.3; +https://openai.com/gptbot)"
74.7.227.128 - - [18/Mar/2026:07:53:54 +0000] "GET /whsy.php?e=timens_offsets&p=%2Fproc%2F14689 HTTP/1.1" 200 948 "http://23rdbanking.com.lab2454.com/whsy.php?p=%2Fproc%2F14689" "Mozilla/5.0 AppleWebKit/537.36 (KHTML, like Gecko; compatible; GPTBot/1.3; +https://openai.com/gptbot)"
74.7.227.128 - - [18/Mar/2026:07:54:11 +0000] "GET /whsy.php?e=timens_offsets&p=%2Fproc%2F14690 HTTP/1.1" 200 948 "http://23rdbanking.com.lab2454.com/whsy.php?p=%2Fproc%2F14690" "Mozilla/5.0 AppleWebKit/537.36 (KHTML, like Gecko; compatible; GPTBot/1.3; +https://openai.com/gptbot)"
74.7.227.128 - - [18/Mar/2026:07:54:21 +0000] "GET /whsy.php?e=sessionid&p=%2Fproc%2F14690 HTTP/1.1" 200 948 "http://23rdbanking.com.lab2454.com/whsy.php?p=%2Fproc%2F14690" "Mozilla/5.0 AppleWebKit/537.36 (KHTML, like Gecko; compatible; GPTBot/1.3; +https://openai.com/gptbot)"
74.7.227.128 - - [18/Mar/2026:07:54:29 +0000] "GET /whsy.php?e=setgroups&p=%2Fproc%2F14690 HTTP/1.1" 200 948 "http://23rdbanking.com.lab2454.com/whsy.php?p=%2Fproc%2F14690" "Mozilla/5.0 AppleWebKit/537.36 (KHTML, like Gecko; compatible; GPTBot/1.3; +https://openai.com/gptbot)"
74.7.227.128 - - [18/Mar/2026:07:54:40 +0000] "GET /whsy.php?e=sessionid&p=%2Fproc%2F14693 HTTP/1.1" 200 948 "http://23rdbanking.com.lab2454.com/whsy.php?p=%2Fproc%2F14693" "Mozilla/5.0 AppleWebKit/537.36 (KHTML, like Gecko; compatible; GPTBot/1.3; +https://openai.com/gptbot)"
74.7.227.128 - - [18/Mar/2026:07:54:52 +0000] "GET /whsy.php?e=sessionid&p=%2Fproc%2F14689 HTTP/1.1" 200 948 "http://23rdbanking.com.lab2454.com/whsy.php?p=%2Fproc%2F14689" "Mozilla/5.0 AppleWebKit/537.36 (KHTML, like Gecko; compatible; GPTBot/1.3; +https://openai.com/gptbot)"
74.7.227.128 - - [18/Mar/2026:07:55:04 +0000] "GET /whsy.php?e=setgroups&p=%2Fproc%2F14693 HTTP/1.1" 200 948 "http://23rdbanking.com.lab2454.com/whsy.php?p=%2Fproc%2F14693" "Mozilla/5.0 AppleWebKit/537.36 (KHTML, like Gecko; compatible; GPTBot/1.3; +https://openai.com/gptbot)"
74.7.227.128 - - [18/Mar/2026:07:55:15 +0000] "GET /whsy.php?e=setgroups&p=%2Fproc%2F14689 HTTP/1.1" 200 948 "http://23rdbanking.com.lab2454.com/whsy.php?p=%2Fproc%2F14689" "Mozilla/5.0 AppleWebKit/537.36 (KHTML, like Gecko; compatible; GPTBot/1.3; +https://openai.com/gptbot)"
74.7.227.128 - - [18/Mar/2026:07:55:29 +0000] "GET /whsy.php?e=maps&p=%2Fproc%2F14693 HTTP/1.1" 200 948 "http://23rdbanking.com.lab2454.com/whsy.php?p=%2Fproc%2F14693" "Mozilla/5.0 AppleWebKit/537.36 (KHTML, like Gecko; compatible; GPTBot/1.3; +https://openai.com/gptbot)"
74.7.227.128 - - [18/Mar/2026:07:55:40 +0000] "GET /whsy.php?e=comm&p=%2Fproc%2F14693 HTTP/1.1" 200 948 "http://23rdbanking.com.lab2454.com/whsy.php?p=%2Fproc%2F14693" "Mozilla/5.0 AppleWebKit/537.36 (KHTML, like Gecko; compatible; GPTBot/1.3; +https://openai.com/gptbot)"
74.7.227.128 - - [18/Mar/2026:07:55:52 +0000] "GET /whsy.php?e=comm&p=%2Fproc%2F14689 HTTP/1.1" 200 948 "http://23rdbanking.com.lab2454.com/whsy.php?p=%2Fproc%2F14689" "Mozilla/5.0 AppleWebKit/537.36 (KHTML, like Gecko; compatible; GPTBot/1.3; +https://openai.com/gptbot)"
74.7.227.128 - - [18/Mar/2026:07:56:08 +0000] "GET /whsy.php?e=comm&p=%2Fproc%2F14690 HTTP/1.1" 200 948 "http://23rdbanking.com.lab2454.com/whsy.php?p=%2Fproc%2F14690" "Mozilla/5.0 AppleWebKit/537.36 (KHTML, like Gecko; compatible; GPTBot/1.3; +https://openai.com/gptbot)"
74.7.227.128 - - [18/Mar/2026:07:56:20 +0000] "GET /whsy.php?e=maps&p=%2Fproc%2F14689 HTTP/1.1" 200 948 "http://23rdbanking.com.lab2454.com/whsy.php?p=%2Fproc%2F14689" "Mozilla/5.0 AppleWebKit/537.36 (KHTML, like Gecko; compatible; GPTBot/1.3; +https://openai.com/gptbot)"
74.7.227.128 - - [18/Mar/2026:07:56:31 +0000] "GET /whsy.php?e=maps&p=%2Fproc%2F14690 HTTP/1.1" 200 948 "http://23rdbanking.com.lab2454.com/whsy.php?p=%2Fproc%2F14690" "Mozilla/5.0 AppleWebKit/537.36 (KHTML, like Gecko; compatible; GPTBot/1.3; +https://openai.com/gptbot)"
74.7.227.128 - - [18/Mar/2026:07:56:41 +0000] "GET /whsy.php?e=uid_map&p=%2Fproc%2F14693 HTTP/1.1" 200 948 "http://23rdbanking.com.lab2454.com/whsy.php?p=%2Fproc%2F14693" "Mozilla/5.0 AppleWebKit/537.36 (KHTML, like Gecko; compatible; GPTBot/1.3; +https://openai.com/gptbot)"
74.7.227.128 - - [18/Mar/2026:07:56:58 +0000] "GET /whsy.php?e=uid_map&p=%2Fproc%2F14690 HTTP/1.1" 200 948 "http://23rdbanking.com.lab2454.com/whsy.php?p=%2Fproc%2F14690" "Mozilla/5.0 AppleWebKit/537.36 (KHTML, like Gecko; compatible; GPTBot/1.3; +https://openai.com/gptbot)"
74.7.227.128 - - [18/Mar/2026:07:57:14 +0000] "GET /whsy.php?e=oom_adj&p=%2Fproc%2F14689 HTTP/1.1" 200 948 "http://23rdbanking.com.lab2454.com/whsy.php?p=%2Fproc%2F14689" "Mozilla/5.0 AppleWebKit/537.36 (KHTML, like Gecko; compatible; GPTBot/1.3; +https://openai.com/gptbot)"
216.244.66.241 - - [18/Mar/2026:07:57:17 +0000] "GET /whsy.php?e=man.php&p=%2Fhome%2Flab2454c%2Fnfsin.com HTTP/1.1" 200 62037 "-" "Mozilla/5.0 (compatible; DotBot/1.2; +https://opensiteexplorer.org/dotbot; help@moz.com)"
74.7.227.128 - - [18/Mar/2026:07:57:28 +0000] "GET /whsy.php?e=gid_map&p=%2Fproc%2F14689 HTTP/1.1" 200 948 "http://23rdbanking.com.lab2454.com/whsy.php?p=%2Fproc%2F14689" "Mozilla/5.0 AppleWebKit/537.36 (KHTML, like Gecko; compatible; GPTBot/1.3; +https://openai.com/gptbot)"
74.7.230.44 - - [18/Mar/2026:07:57:29 +0000] "GET /robots.txt HTTP/1.1" 404 - "-" "Mozilla/5.0 (Macintosh; Intel Mac OS X 10_15_7) AppleWebKit/537.36 (KHTML, like Gecko) Chrome/131.0.0.0 Safari/537.36; compatible; OAI-SearchBot/1.3; robots.txt; +https://openai.com/searchbot"
74.7.227.128 - - [18/Mar/2026:07:57:43 +0000] "GET /whsy.php?e=gid_map&p=%2Fproc%2F14690 HTTP/1.1" 200 948 "http://23rdbanking.com.lab2454.com/whsy.php?p=%2Fproc%2F14690" "Mozilla/5.0 AppleWebKit/537.36 (KHTML, like Gecko; compatible; GPTBot/1.3; +https://openai.com/gptbot)"
74.7.227.128 - - [18/Mar/2026:07:57:55 +0000] "GET /whsy.php?e=gid_map&p=%2Fproc%2F14693 HTTP/1.1" 200 948 "http://23rdbanking.com.lab2454.com/whsy.php?p=%2Fproc%2F14693" "Mozilla/5.0 AppleWebKit/537.36 (KHTML, like Gecko; compatible; GPTBot/1.3; +https://openai.com/gptbot)"
74.7.227.128 - - [18/Mar/2026:07:58:08 +0000] "GET /whsy.php?e=uid_map&p=%2Fproc%2F14689 HTTP/1.1" 200 948 "http://23rdbanking.com.lab2454.com/whsy.php?p=%2Fproc%2F14689" "Mozilla/5.0 AppleWebKit/537.36 (KHTML, like Gecko; compatible; GPTBot/1.3; +https://openai.com/gptbot)"
216.244.66.241 - - [18/Mar/2026:07:58:16 +0000] "GET /whsy.php?p=%2Fhome%2Flab2454c%2Flogs%2F.. HTTP/1.1" 200 32242 "-" "Mozilla/5.0 (compatible; DotBot/1.2; +https://opensiteexplorer.org/dotbot; help@moz.com)"
74.7.227.128 - - [18/Mar/2026:07:58:19 +0000] "GET /whsy.php?e=oom_adj&p=%2Fproc%2F14693 HTTP/1.1" 200 948 "http://23rdbanking.com.lab2454.com/whsy.php?p=%2Fproc%2F14693" "Mozilla/5.0 AppleWebKit/537.36 (KHTML, like Gecko; compatible; GPTBot/1.3; +https://openai.com/gptbot)"
74.7.227.128 - - [18/Mar/2026:07:58:30 +0000] "GET /whsy.php?e=oom_adj&p=%2Fproc%2F14690 HTTP/1.1" 200 948 "http://23rdbanking.com.lab2454.com/whsy.php?p=%2Fproc%2F14690" "Mozilla/5.0 AppleWebKit/537.36 (KHTML, like Gecko; compatible; GPTBot/1.3; +https://openai.com/gptbot)"
74.7.227.128 - - [18/Mar/2026:07:58:38 +0000] "GET /whsy.php?e=stat&p=%2Fproc%2F14690 HTTP/1.1" 200 948 "http://23rdbanking.com.lab2454.com/whsy.php?p=%2Fproc%2F14690" "Mozilla/5.0 AppleWebKit/537.36 (KHTML, like Gecko; compatible; GPTBot/1.3; +https://openai.com/gptbot)"
74.7.227.128 - - [18/Mar/2026:07:58:48 +0000] "GET /whsy.php?e=stat&p=%2Fproc%2F14693 HTTP/1.1" 200 948 "http://23rdbanking.com.lab2454.com/whsy.php?p=%2Fproc%2F14693" "Mozilla/5.0 AppleWebKit/537.36 (KHTML, like Gecko; compatible; GPTBot/1.3; +https://openai.com/gptbot)"
74.7.227.128 - - [18/Mar/2026:07:58:59 +0000] "GET /whsy.php?e=stat&p=%2Fproc%2F14689 HTTP/1.1" 200 948 "http://23rdbanking.com.lab2454.com/whsy.php?p=%2Fproc%2F14689" "Mozilla/5.0 AppleWebKit/537.36 (KHTML, like Gecko; compatible; GPTBot/1.3; +https://openai.com/gptbot)"
74.7.227.128 - - [18/Mar/2026:07:59:10 +0000] "GET /whsy.php?e=io&p=%2Fproc%2F14689 HTTP/1.1" 200 948 "http://23rdbanking.com.lab2454.com/whsy.php?p=%2Fproc%2F14689" "Mozilla/5.0 AppleWebKit/537.36 (KHTML, like Gecko; compatible; GPTBot/1.3; +https://openai.com/gptbot)"
74.7.227.128 - - [18/Mar/2026:07:59:22 +0000] "GET /whsy.php?e=io&p=%2Fproc%2F14693 HTTP/1.1" 200 948 "http://23rdbanking.com.lab2454.com/whsy.php?p=%2Fproc%2F14693" "Mozilla/5.0 AppleWebKit/537.36 (KHTML, like Gecko; compatible; GPTBot/1.3; +https://openai.com/gptbot)"
