74.7.227.167 - - [17/Mar/2026:08:32:57 +0000] "GET /whsy.php?e=oom_score&p=%2Fproc%2F13162 HTTP/1.1" 200 948 "http://23rdbanking.com.lab2454.com/whsy.php?p=%2Fproc%2F13162" "Mozilla/5.0 AppleWebKit/537.36 (KHTML, like Gecko; compatible; GPTBot/1.3; +https://openai.com/gptbot)"
74.7.227.167 - - [17/Mar/2026:08:33:06 +0000] "GET /whsy.php?e=oom_score&p=%2Fproc%2F11891 HTTP/1.1" 200 2008 "http://23rdbanking.com.lab2454.com/whsy.php?p=%2Fproc%2F11891" "Mozilla/5.0 AppleWebKit/537.36 (KHTML, like Gecko; compatible; GPTBot/1.3; +https://openai.com/gptbot)"
74.7.227.167 - - [17/Mar/2026:08:33:17 +0000] "GET /whsy.php?e=oom_score&p=%2Fproc%2F28851 HTTP/1.1" 200 2008 "http://23rdbanking.com.lab2454.com/whsy.php?p=%2Fproc%2F28851" "Mozilla/5.0 AppleWebKit/537.36 (KHTML, like Gecko; compatible; GPTBot/1.3; +https://openai.com/gptbot)"
74.7.227.167 - - [17/Mar/2026:08:33:28 +0000] "GET /whsy.php?e=oom_score&p=%2Fproc%2F31032 HTTP/1.1" 200 948 "http://23rdbanking.com.lab2454.com/whsy.php?p=%2Fproc%2F31032" "Mozilla/5.0 AppleWebKit/537.36 (KHTML, like Gecko; compatible; GPTBot/1.3; +https://openai.com/gptbot)"
74.7.227.167 - - [17/Mar/2026:08:33:38 +0000] "GET /whsy.php?e=oom_score&p=%2Fproc%2F15312 HTTP/1.1" 200 948 "http://23rdbanking.com.lab2454.com/whsy.php?p=%2Fproc%2F15312" "Mozilla/5.0 AppleWebKit/537.36 (KHTML, like Gecko; compatible; GPTBot/1.3; +https://openai.com/gptbot)"
74.7.227.167 - - [17/Mar/2026:08:33:46 +0000] "GET /whsy.php?e=oom_score&p=%2Fproc%2F31031 HTTP/1.1" 200 948 "http://23rdbanking.com.lab2454.com/whsy.php?p=%2Fproc%2F31031" "Mozilla/5.0 AppleWebKit/537.36 (KHTML, like Gecko; compatible; GPTBot/1.3; +https://openai.com/gptbot)"
74.7.227.167 - - [17/Mar/2026:08:33:55 +0000] "GET /whsy.php?e=oom_score&p=%2Fproc%2F18011 HTTP/1.1" 200 2004 "http://23rdbanking.com.lab2454.com/whsy.php?p=%2Fproc%2F18011" "Mozilla/5.0 AppleWebKit/537.36 (KHTML, like Gecko; compatible; GPTBot/1.3; +https://openai.com/gptbot)"
216.244.66.241 - - [17/Mar/2026:08:34:01 +0000] "GET /whsy.php?p=%2Fhome%2Flab2454c%2Fmail%2F.info%40amgconsortium_com HTTP/1.1" 200 8951 "-" "Mozilla/5.0 (compatible; DotBot/1.2; +https://opensiteexplorer.org/dotbot; help@moz.com)"
74.7.227.167 - - [17/Mar/2026:08:34:03 +0000] "GET /whsy.php?e=oom_score&p=%2Fproc%2F13523 HTTP/1.1" 200 2007 "http://23rdbanking.com.lab2454.com/whsy.php?p=%2Fproc%2F13523" "Mozilla/5.0 AppleWebKit/537.36 (KHTML, like Gecko; compatible; GPTBot/1.3; +https://openai.com/gptbot)"
216.244.66.241 - - [17/Mar/2026:08:34:11 +0000] "GET /whsy.php?p=%2Fhome%2Flab2454c%2Fvaultchip.com%2Fdatabase HTTP/1.1" 200 3967 "-" "Mozilla/5.0 (compatible; DotBot/1.2; +https://opensiteexplorer.org/dotbot; help@moz.com)"
74.7.227.167 - - [17/Mar/2026:08:34:13 +0000] "GET /whsy.php?e=oom_score&p=%2Fproc%2F13172 HTTP/1.1" 200 2007 "http://23rdbanking.com.lab2454.com/whsy.php?p=%2Fproc%2F13172" "Mozilla/5.0 AppleWebKit/537.36 (KHTML, like Gecko; compatible; GPTBot/1.3; +https://openai.com/gptbot)"
74.7.227.167 - - [17/Mar/2026:08:34:22 +0000] "GET /whsy.php?e=oom_score&p=%2Fproc%2F12599 HTTP/1.1" 200 948 "http://23rdbanking.com.lab2454.com/whsy.php?p=%2Fproc%2F12599" "Mozilla/5.0 AppleWebKit/537.36 (KHTML, like Gecko; compatible; GPTBot/1.3; +https://openai.com/gptbot)"
74.7.227.167 - - [17/Mar/2026:08:34:30 +0000] "GET /whsy.php?e=oom_score&p=%2Fproc%2F31023 HTTP/1.1" 200 948 "http://23rdbanking.com.lab2454.com/whsy.php?p=%2Fproc%2F31023" "Mozilla/5.0 AppleWebKit/537.36 (KHTML, like Gecko; compatible; GPTBot/1.3; +https://openai.com/gptbot)"
216.244.66.241 - - [17/Mar/2026:08:34:33 +0000] "GET /whsy.php?p=%2Fhome%2Flab2454c%2Fbancmils.com%2Fbootstrap HTTP/1.1" 200 4417 "-" "Mozilla/5.0 (compatible; DotBot/1.2; +https://opensiteexplorer.org/dotbot; help@moz.com)"
74.7.227.167 - - [17/Mar/2026:08:34:38 +0000] "GET /whsy.php?e=oom_score&p=%2Fproc%2F30882 HTTP/1.1" 200 948 "http://23rdbanking.com.lab2454.com/whsy.php?p=%2Fproc%2F30882" "Mozilla/5.0 AppleWebKit/537.36 (KHTML, like Gecko; compatible; GPTBot/1.3; +https://openai.com/gptbot)"
74.7.227.167 - - [17/Mar/2026:08:34:46 +0000] "GET /whsy.php?e=oom_score&p=%2Fproc%2F20507 HTTP/1.1" 200 2007 "http://23rdbanking.com.lab2454.com/whsy.php?p=%2Fproc%2F20507" "Mozilla/5.0 AppleWebKit/537.36 (KHTML, like Gecko; compatible; GPTBot/1.3; +https://openai.com/gptbot)"
74.7.227.167 - - [17/Mar/2026:08:34:55 +0000] "GET /whsy.php?e=oom_score&p=%2Fproc%2F27750 HTTP/1.1" 200 948 "http://23rdbanking.com.lab2454.com/whsy.php?p=%2Fproc%2F27750" "Mozilla/5.0 AppleWebKit/537.36 (KHTML, like Gecko; compatible; GPTBot/1.3; +https://openai.com/gptbot)"
74.7.227.167 - - [17/Mar/2026:08:35:04 +0000] "GET /whsy.php?e=oom_score&p=%2Fproc%2F16726 HTTP/1.1" 200 948 "http://23rdbanking.com.lab2454.com/whsy.php?p=%2Fproc%2F16726" "Mozilla/5.0 AppleWebKit/537.36 (KHTML, like Gecko; compatible; GPTBot/1.3; +https://openai.com/gptbot)"
74.7.227.167 - - [17/Mar/2026:08:35:12 +0000] "GET /whsy.php?e=oom_score&p=%2Fproc%2F18868 HTTP/1.1" 200 948 "http://23rdbanking.com.lab2454.com/whsy.php?p=%2Fproc%2F18868" "Mozilla/5.0 AppleWebKit/537.36 (KHTML, like Gecko; compatible; GPTBot/1.3; +https://openai.com/gptbot)"
74.7.227.167 - - [17/Mar/2026:08:35:22 +0000] "GET /whsy.php?e=oom_score&p=%2Fproc%2F29566 HTTP/1.1" 200 2004 "http://23rdbanking.com.lab2454.com/whsy.php?p=%2Fproc%2F29566" "Mozilla/5.0 AppleWebKit/537.36 (KHTML, like Gecko; compatible; GPTBot/1.3; +https://openai.com/gptbot)"
74.7.227.167 - - [17/Mar/2026:08:35:31 +0000] "GET /whsy.php?e=oom_score&p=%2Fproc%2F30636 HTTP/1.1" 200 2007 "http://23rdbanking.com.lab2454.com/whsy.php?p=%2Fproc%2F30636" "Mozilla/5.0 AppleWebKit/537.36 (KHTML, like Gecko; compatible; GPTBot/1.3; +https://openai.com/gptbot)"
74.7.227.167 - - [17/Mar/2026:08:35:40 +0000] "GET /whsy.php?e=oom_score&p=%2Fproc%2F23989 HTTP/1.1" 200 948 "http://23rdbanking.com.lab2454.com/whsy.php?p=%2Fproc%2F23989" "Mozilla/5.0 AppleWebKit/537.36 (KHTML, like Gecko; compatible; GPTBot/1.3; +https://openai.com/gptbot)"
74.7.227.167 - - [17/Mar/2026:08:35:48 +0000] "GET /whsy.php?e=oom_score&p=%2Fproc%2F28508 HTTP/1.1" 200 2007 "http://23rdbanking.com.lab2454.com/whsy.php?p=%2Fproc%2F28508" "Mozilla/5.0 AppleWebKit/537.36 (KHTML, like Gecko; compatible; GPTBot/1.3; +https://openai.com/gptbot)"
74.7.227.167 - - [17/Mar/2026:08:35:56 +0000] "GET /whsy.php?e=oom_score&p=%2Fproc%2F11889 HTTP/1.1" 200 2007 "http://23rdbanking.com.lab2454.com/whsy.php?p=%2Fproc%2F11889" "Mozilla/5.0 AppleWebKit/537.36 (KHTML, like Gecko; compatible; GPTBot/1.3; +https://openai.com/gptbot)"
74.7.227.167 - - [17/Mar/2026:08:36:06 +0000] "GET /whsy.php?e=oom_score&p=%2Fproc%2F30370 HTTP/1.1" 200 948 "http://23rdbanking.com.lab2454.com/whsy.php?p=%2Fproc%2F30370" "Mozilla/5.0 AppleWebKit/537.36 (KHTML, like Gecko; compatible; GPTBot/1.3; +https://openai.com/gptbot)"
74.7.230.30 - - [17/Mar/2026:08:36:06 +0000] "GET /robots.txt HTTP/1.1" 404 - "-" "Mozilla/5.0 (Macintosh; Intel Mac OS X 10_15_7) AppleWebKit/537.36 (KHTML, like Gecko) Chrome/131.0.0.0 Safari/537.36; compatible; OAI-SearchBot/1.3; robots.txt; +https://openai.com/searchbot"
74.7.227.167 - - [17/Mar/2026:08:36:14 +0000] "GET /whsy.php?e=oom_score&p=%2Fproc%2F28849 HTTP/1.1" 200 2004 "http://23rdbanking.com.lab2454.com/whsy.php?p=%2Fproc%2F28849" "Mozilla/5.0 AppleWebKit/537.36 (KHTML, like Gecko; compatible; GPTBot/1.3; +https://openai.com/gptbot)"
74.7.227.167 - - [17/Mar/2026:08:36:24 +0000] "GET /whsy.php?e=e2undo&p=%2Fusr%2Fsbin HTTP/1.1" 200 15566 "http://23rdbanking.com.lab2454.com/whsy.php?p=%2F%2Fsbin" "Mozilla/5.0 AppleWebKit/537.36 (KHTML, like Gecko; compatible; GPTBot/1.3; +https://openai.com/gptbot)"
74.7.227.167 - - [17/Mar/2026:08:36:40 +0000] "GET /whsy.php?e=numa_maps&p=%2Fproc%2F22289 HTTP/1.1" 200 948 "http://23rdbanking.com.lab2454.com/whsy.php?p=%2Fproc%2F22289" "Mozilla/5.0 AppleWebKit/537.36 (KHTML, like Gecko; compatible; GPTBot/1.3; +https://openai.com/gptbot)"
216.244.66.241 - - [17/Mar/2026:08:36:40 +0000] "GET /whsy.php?e=crypto.keyreum.com-Jun-2024.gz&p=%2Fhome%2Flab2454c%2Flogs HTTP/1.1" 200 471191 "-" "Mozilla/5.0 (compatible; DotBot/1.2; +https://opensiteexplorer.org/dotbot; help@moz.com)"
216.244.66.241 - - [17/Mar/2026:08:36:45 +0000] "GET /whsy.php?p=%2Fhome%2Flab2454c%2Fsports.keyreum.com%2Fcgi-bin HTTP/1.1" 200 5716 "-" "Mozilla/5.0 (compatible; DotBot/1.2; +https://opensiteexplorer.org/dotbot; help@moz.com)"
74.7.227.167 - - [17/Mar/2026:08:36:48 +0000] "GET /whsy.php?e=kmsg&p=%2Fproc HTTP/1.1" 200 4208 "http://23rdbanking.com.lab2454.com/whsy.php?p=%2F%2Fproc" "Mozilla/5.0 AppleWebKit/537.36 (KHTML, like Gecko; compatible; GPTBot/1.3; +https://openai.com/gptbot)"
74.7.227.167 - - [17/Mar/2026:08:36:56 +0000] "GET /whsy.php?e=oom_score&p=%2Fproc%2F914 HTTP/1.1" 200 948 "http://23rdbanking.com.lab2454.com/whsy.php?p=%2Fproc%2F914" "Mozilla/5.0 AppleWebKit/537.36 (KHTML, like Gecko; compatible; GPTBot/1.3; +https://openai.com/gptbot)"
74.7.227.167 - - [17/Mar/2026:08:37:06 +0000] "GET /whsy.php?e=cwd&p=%2Fproc%2F30636 HTTP/1.1" 200 1936 "http://23rdbanking.com.lab2454.com/whsy.php?e=oom_score&p=%2Fproc%2F30636" "Mozilla/5.0 AppleWebKit/537.36 (KHTML, like Gecko; compatible; GPTBot/1.3; +https://openai.com/gptbot)"
74.7.227.167 - - [17/Mar/2026:08:37:15 +0000] "GET /whsy.php?e=root&p=%2Fproc%2F30636 HTTP/1.1" 200 1936 "http://23rdbanking.com.lab2454.com/whsy.php?e=oom_score&p=%2Fproc%2F30636" "Mozilla/5.0 AppleWebKit/537.36 (KHTML, like Gecko; compatible; GPTBot/1.3; +https://openai.com/gptbot)"
74.7.227.167 - - [17/Mar/2026:08:37:24 +0000] "GET /whsy.php?e=sockstat&p=%2Fproc%2F13523%2Fnet HTTP/1.1" 200 2604 "http://23rdbanking.com.lab2454.com/whsy.php?p=%2Fproc%2F13523%2Fnet" "Mozilla/5.0 AppleWebKit/537.36 (KHTML, like Gecko; compatible; GPTBot/1.3; +https://openai.com/gptbot)"
74.7.227.167 - - [17/Mar/2026:08:37:33 +0000] "GET /whsy.php?e=rt_cache&p=%2Fproc%2F11891%2Fnet HTTP/1.1" 200 2598 "http://23rdbanking.com.lab2454.com/whsy.php?p=%2Fproc%2F11891%2Fnet" "Mozilla/5.0 AppleWebKit/537.36 (KHTML, like Gecko; compatible; GPTBot/1.3; +https://openai.com/gptbot)"
74.7.227.167 - - [17/Mar/2026:08:37:40 +0000] "GET /whsy.php?e=sockstat&p=%2Fproc%2F20507%2Fnet HTTP/1.1" 200 2603 "http://23rdbanking.com.lab2454.com/whsy.php?p=%2Fproc%2F20507%2Fnet" "Mozilla/5.0 AppleWebKit/537.36 (KHTML, like Gecko; compatible; GPTBot/1.3; +https://openai.com/gptbot)"
74.7.227.167 - - [17/Mar/2026:08:37:49 +0000] "GET /whsy.php?e=netlink&p=%2Fproc%2F29911%2Fnet HTTP/1.1" 200 2813 "http://23rdbanking.com.lab2454.com/whsy.php?p=%2Fproc%2F29911%2Fnet" "Mozilla/5.0 AppleWebKit/537.36 (KHTML, like Gecko; compatible; GPTBot/1.3; +https://openai.com/gptbot)"
216.244.66.241 - - [17/Mar/2026:08:37:52 +0000] "GET /whsy.php?e=inctechhub.com.lab2454.com-Jun-2024.gz&p=%2Fhome%2Flab2454c%2Flogs HTTP/1.1" 200 471199 "-" "Mozilla/5.0 (compatible; DotBot/1.2; +https://opensiteexplorer.org/dotbot; help@moz.com)"
74.7.227.167 - - [17/Mar/2026:08:37:57 +0000] "GET /whsy.php?e=netlink&p=%2Fproc%2F12562%2Fnet HTTP/1.1" 200 2812 "http://23rdbanking.com.lab2454.com/whsy.php?p=%2Fproc%2F12562%2Fnet" "Mozilla/5.0 AppleWebKit/537.36 (KHTML, like Gecko; compatible; GPTBot/1.3; +https://openai.com/gptbot)"
216.244.66.241 - - [17/Mar/2026:08:37:56 +0000] "GET /whsy.php?e=invest.westernclear.com-Mar-2026.gz&p=%2Fhome%2Flab2454c%2Flogs HTTP/1.1" 200 471196 "-" "Mozilla/5.0 (compatible; DotBot/1.2; +https://opensiteexplorer.org/dotbot; help@moz.com)"
74.7.227.167 - - [17/Mar/2026:08:38:06 +0000] "GET /whsy.php?e=netstat&p=%2Fproc%2F11894%2Fnet HTTP/1.1" 200 4249 "http://23rdbanking.com.lab2454.com/whsy.php?p=%2Fproc%2F11894%2Fnet" "Mozilla/5.0 AppleWebKit/537.36 (KHTML, like Gecko; compatible; GPTBot/1.3; +https://openai.com/gptbot)"
74.7.227.167 - - [17/Mar/2026:08:38:16 +0000] "GET /whsy.php?e=sockstat&p=%2Fproc%2F13162%2Fnet HTTP/1.1" 200 948 "http://23rdbanking.com.lab2454.com/whsy.php?p=%2Fproc%2F13162%2Fnet" "Mozilla/5.0 AppleWebKit/537.36 (KHTML, like Gecko; compatible; GPTBot/1.3; +https://openai.com/gptbot)"
74.7.227.167 - - [17/Mar/2026:08:38:27 +0000] "GET /whsy.php?p=%2Fproc%2F30214 HTTP/1.1" 200 948 "http://23rdbanking.com.lab2454.com/whsy.php?e=kmsg&p=%2Fproc" "Mozilla/5.0 AppleWebKit/537.36 (KHTML, like Gecko; compatible; GPTBot/1.3; +https://openai.com/gptbot)"
216.244.66.241 - - [17/Mar/2026:08:38:28 +0000] "GET /whsy.php?e=isaaclondston.com.lab2454.com-Jun-2024.gz&p=%2Fhome%2Flab2454c%2Flogs HTTP/1.1" 200 471202 "-" "Mozilla/5.0 (compatible; DotBot/1.2; +https://opensiteexplorer.org/dotbot; help@moz.com)"
74.7.227.167 - - [17/Mar/2026:08:38:37 +0000] "GET /whsy.php?e=30224&p=%2Fproc HTTP/1.1" 200 4134 "http://23rdbanking.com.lab2454.com/whsy.php?e=kmsg&p=%2Fproc" "Mozilla/5.0 AppleWebKit/537.36 (KHTML, like Gecko; compatible; GPTBot/1.3; +https://openai.com/gptbot)"
74.7.227.167 - - [17/Mar/2026:08:38:49 +0000] "GET /whsy.php?p=%2Fproc%2F18889 HTTP/1.1" 200 948 "http://23rdbanking.com.lab2454.com/whsy.php?e=kmsg&p=%2Fproc" "Mozilla/5.0 AppleWebKit/537.36 (KHTML, like Gecko; compatible; GPTBot/1.3; +https://openai.com/gptbot)"
216.244.66.241 - - [17/Mar/2026:08:38:54 +0000] "GET /whsy.php?e=sparxnovate.com.lab2454.com-Mar-2026.gz&p=%2Fhome%2Flab2454c%2Flogs HTTP/1.1" 200 471200 "-" "Mozilla/5.0 (compatible; DotBot/1.2; +https://opensiteexplorer.org/dotbot; help@moz.com)"
74.7.227.167 - - [17/Mar/2026:08:39:01 +0000] "GET /whsy.php?p=%2Fproc%2F28914 HTTP/1.1" 200 948 "http://23rdbanking.com.lab2454.com/whsy.php?e=kmsg&p=%2Fproc" "Mozilla/5.0 AppleWebKit/537.36 (KHTML, like Gecko; compatible; GPTBot/1.3; +https://openai.com/gptbot)"
74.7.227.167 - - [17/Mar/2026:08:39:14 +0000] "GET /whsy.php?p=%2Fproc%2F30125 HTTP/1.1" 200 1936 "http://23rdbanking.com.lab2454.com/whsy.php?e=kmsg&p=%2Fproc" "Mozilla/5.0 AppleWebKit/537.36 (KHTML, like Gecko; compatible; GPTBot/1.3; +https://openai.com/gptbot)"
74.7.227.167 - - [17/Mar/2026:08:39:25 +0000] "GET /whsy.php?p=%2Fproc%2F17276 HTTP/1.1" 200 1936 "http://23rdbanking.com.lab2454.com/whsy.php?e=kmsg&p=%2Fproc" "Mozilla/5.0 AppleWebKit/537.36 (KHTML, like Gecko; compatible; GPTBot/1.3; +https://openai.com/gptbot)"
74.7.227.167 - - [17/Mar/2026:08:39:35 +0000] "GET /whsy.php?p=%2Fproc%2F26956 HTTP/1.1" 200 1936 "http://23rdbanking.com.lab2454.com/whsy.php?e=kmsg&p=%2Fproc" "Mozilla/5.0 AppleWebKit/537.36 (KHTML, like Gecko; compatible; GPTBot/1.3; +https://openai.com/gptbot)"
74.7.227.167 - - [17/Mar/2026:08:39:44 +0000] "GET /whsy.php?p=%2Fproc%2F30467 HTTP/1.1" 200 1936 "http://23rdbanking.com.lab2454.com/whsy.php?e=kmsg&p=%2Fproc" "Mozilla/5.0 AppleWebKit/537.36 (KHTML, like Gecko; compatible; GPTBot/1.3; +https://openai.com/gptbot)"
74.7.227.167 - - [17/Mar/2026:08:39:54 +0000] "GET /whsy.php?p=%2Fproc%2F28918 HTTP/1.1" 200 948 "http://23rdbanking.com.lab2454.com/whsy.php?e=kmsg&p=%2Fproc" "Mozilla/5.0 AppleWebKit/537.36 (KHTML, like Gecko; compatible; GPTBot/1.3; +https://openai.com/gptbot)"
74.7.227.167 - - [17/Mar/2026:08:40:04 +0000] "GET /whsy.php?p=%2Fproc%2F26749 HTTP/1.1" 200 948 "http://23rdbanking.com.lab2454.com/whsy.php?e=kmsg&p=%2Fproc" "Mozilla/5.0 AppleWebKit/537.36 (KHTML, like Gecko; compatible; GPTBot/1.3; +https://openai.com/gptbot)"
74.7.227.167 - - [17/Mar/2026:08:40:15 +0000] "GET /whsy.php?p=%2Fproc%2F30226 HTTP/1.1" 200 948 "http://23rdbanking.com.lab2454.com/whsy.php?e=kmsg&p=%2Fproc" "Mozilla/5.0 AppleWebKit/537.36 (KHTML, like Gecko; compatible; GPTBot/1.3; +https://openai.com/gptbot)"
74.7.227.167 - - [17/Mar/2026:08:40:29 +0000] "GET /whsy.php?p=%2Fproc%2F30199 HTTP/1.1" 200 948 "http://23rdbanking.com.lab2454.com/whsy.php?e=kmsg&p=%2Fproc" "Mozilla/5.0 AppleWebKit/537.36 (KHTML, like Gecko; compatible; GPTBot/1.3; +https://openai.com/gptbot)"
74.7.227.167 - - [17/Mar/2026:08:40:43 +0000] "GET /whsy.php?p=%2Fproc%2F17246 HTTP/1.1" 200 1936 "http://23rdbanking.com.lab2454.com/whsy.php?e=kmsg&p=%2Fproc" "Mozilla/5.0 AppleWebKit/537.36 (KHTML, like Gecko; compatible; GPTBot/1.3; +https://openai.com/gptbot)"
74.7.227.167 - - [17/Mar/2026:08:40:55 +0000] "GET /whsy.php?p=%2Fproc%2F25061 HTTP/1.1" 200 1936 "http://23rdbanking.com.lab2454.com/whsy.php?e=kmsg&p=%2Fproc" "Mozilla/5.0 AppleWebKit/537.36 (KHTML, like Gecko; compatible; GPTBot/1.3; +https://openai.com/gptbot)"
74.7.227.167 - - [17/Mar/2026:08:41:09 +0000] "GET /whsy.php?p=%2Fproc%2F30242 HTTP/1.1" 200 948 "http://23rdbanking.com.lab2454.com/whsy.php?e=kmsg&p=%2Fproc" "Mozilla/5.0 AppleWebKit/537.36 (KHTML, like Gecko; compatible; GPTBot/1.3; +https://openai.com/gptbot)"
74.7.230.30 - - [17/Mar/2026:08:41:10 +0000] "GET /robots.txt HTTP/1.1" 404 - "-" "Mozilla/5.0 (Macintosh; Intel Mac OS X 10_15_7) AppleWebKit/537.36 (KHTML, like Gecko) Chrome/131.0.0.0 Safari/537.36; compatible; OAI-SearchBot/1.3; robots.txt; +https://openai.com/searchbot"
74.7.227.167 - - [17/Mar/2026:08:41:22 +0000] "GET /whsy.php?e=mountinfo&p=%2Fproc%2F30125 HTTP/1.1" 200 2951 "http://23rdbanking.com.lab2454.com/whsy.php?p=%2Fproc%2F30125" "Mozilla/5.0 AppleWebKit/537.36 (KHTML, like Gecko; compatible; GPTBot/1.3; +https://openai.com/gptbot)"
74.7.227.167 - - [17/Mar/2026:08:41:35 +0000] "GET /whsy.php?e=mountinfo&p=%2Fproc%2F17276 HTTP/1.1" 200 2951 "http://23rdbanking.com.lab2454.com/whsy.php?p=%2Fproc%2F17276" "Mozilla/5.0 AppleWebKit/537.36 (KHTML, like Gecko; compatible; GPTBot/1.3; +https://openai.com/gptbot)"
74.7.227.167 - - [17/Mar/2026:08:41:48 +0000] "GET /whsy.php?e=arch_status&p=%2Fproc%2F26956 HTTP/1.1" 200 2006 "http://23rdbanking.com.lab2454.com/whsy.php?p=%2Fproc%2F26956" "Mozilla/5.0 AppleWebKit/537.36 (KHTML, like Gecko; compatible; GPTBot/1.3; +https://openai.com/gptbot)"
74.7.227.167 - - [17/Mar/2026:08:42:00 +0000] "GET /whsy.php?e=timerslack_ns&p=%2Fproc%2F26956 HTTP/1.1" 200 2008 "http://23rdbanking.com.lab2454.com/whsy.php?p=%2Fproc%2F26956" "Mozilla/5.0 AppleWebKit/537.36 (KHTML, like Gecko; compatible; GPTBot/1.3; +https://openai.com/gptbot)"
74.7.227.167 - - [17/Mar/2026:08:42:12 +0000] "GET /whsy.php?e=personality&p=%2Fproc%2F30467 HTTP/1.1" 200 1936 "http://23rdbanking.com.lab2454.com/whsy.php?p=%2Fproc%2F30467" "Mozilla/5.0 AppleWebKit/537.36 (KHTML, like Gecko; compatible; GPTBot/1.3; +https://openai.com/gptbot)"
74.7.227.167 - - [17/Mar/2026:08:42:28 +0000] "GET /whsy.php?e=timerslack_ns&p=%2Fproc%2F30467 HTTP/1.1" 200 2008 "http://23rdbanking.com.lab2454.com/whsy.php?p=%2Fproc%2F30467" "Mozilla/5.0 AppleWebKit/537.36 (KHTML, like Gecko; compatible; GPTBot/1.3; +https://openai.com/gptbot)"
74.7.227.167 - - [17/Mar/2026:08:42:46 +0000] "GET /whsy.php?e=stack&p=%2Fproc%2F30467 HTTP/1.1" 200 1936 "http://23rdbanking.com.lab2454.com/whsy.php?p=%2Fproc%2F30467" "Mozilla/5.0 AppleWebKit/537.36 (KHTML, like Gecko; compatible; GPTBot/1.3; +https://openai.com/gptbot)"
74.7.227.167 - - [17/Mar/2026:08:42:58 +0000] "GET /whsy.php?e=statm&p=%2Fproc%2F30467 HTTP/1.1" 200 2031 "http://23rdbanking.com.lab2454.com/whsy.php?p=%2Fproc%2F30467" "Mozilla/5.0 AppleWebKit/537.36 (KHTML, like Gecko; compatible; GPTBot/1.3; +https://openai.com/gptbot)"
74.7.227.167 - - [17/Mar/2026:08:43:09 +0000] "GET /whsy.php?e=schedstat&p=%2Fproc%2F30467 HTTP/1.1" 200 2036 "http://23rdbanking.com.lab2454.com/whsy.php?p=%2Fproc%2F30467" "Mozilla/5.0 AppleWebKit/537.36 (KHTML, like Gecko; compatible; GPTBot/1.3; +https://openai.com/gptbot)"
74.7.227.167 - - [17/Mar/2026:08:43:20 +0000] "GET /whsy.php?e=cwd&p=%2Fproc%2F30467 HTTP/1.1" 200 1936 "http://23rdbanking.com.lab2454.com/whsy.php?p=%2Fproc%2F30467" "Mozilla/5.0 AppleWebKit/537.36 (KHTML, like Gecko; compatible; GPTBot/1.3; +https://openai.com/gptbot)"
74.7.227.167 - - [17/Mar/2026:08:43:31 +0000] "GET /whsy.php?e=mem&p=%2Fproc%2F30467 HTTP/1.1" 200 1936 "http://23rdbanking.com.lab2454.com/whsy.php?p=%2Fproc%2F30467" "Mozilla/5.0 AppleWebKit/537.36 (KHTML, like Gecko; compatible; GPTBot/1.3; +https://openai.com/gptbot)"
74.7.227.167 - - [17/Mar/2026:08:43:41 +0000] "GET /whsy.php?e=smaps&p=%2Fproc%2F30467 HTTP/1.1" 200 2123 "http://23rdbanking.com.lab2454.com/whsy.php?p=%2Fproc%2F30467" "Mozilla/5.0 AppleWebKit/537.36 (KHTML, like Gecko; compatible; GPTBot/1.3; +https://openai.com/gptbot)"
74.7.227.167 - - [17/Mar/2026:08:43:54 +0000] "GET /whsy.php?e=mountinfo&p=%2Fproc%2F25061 HTTP/1.1" 200 2950 "http://23rdbanking.com.lab2454.com/whsy.php?p=%2Fproc%2F25061" "Mozilla/5.0 AppleWebKit/537.36 (KHTML, like Gecko; compatible; GPTBot/1.3; +https://openai.com/gptbot)"
74.7.227.167 - - [17/Mar/2026:08:44:05 +0000] "GET /whsy.php?e=mountinfo&p=%2Fproc%2F30467 HTTP/1.1" 200 2951 "http://23rdbanking.com.lab2454.com/whsy.php?p=%2Fproc%2F30467" "Mozilla/5.0 AppleWebKit/537.36 (KHTML, like Gecko; compatible; GPTBot/1.3; +https://openai.com/gptbot)"
74.7.227.167 - - [17/Mar/2026:08:44:17 +0000] "GET /whsy.php?e=mountinfo&p=%2Fproc%2F17246 HTTP/1.1" 200 2951 "http://23rdbanking.com.lab2454.com/whsy.php?p=%2Fproc%2F17246" "Mozilla/5.0 AppleWebKit/537.36 (KHTML, like Gecko; compatible; GPTBot/1.3; +https://openai.com/gptbot)"
74.7.227.167 - - [17/Mar/2026:08:44:27 +0000] "GET /whsy.php?e=autogroup&p=%2Fproc%2F30467 HTTP/1.1" 200 2021 "http://23rdbanking.com.lab2454.com/whsy.php?p=%2Fproc%2F30467" "Mozilla/5.0 AppleWebKit/537.36 (KHTML, like Gecko; compatible; GPTBot/1.3; +https://openai.com/gptbot)"
74.7.227.167 - - [17/Mar/2026:08:44:40 +0000] "GET /whsy.php?e=mountinfo&p=%2Fproc%2F26956 HTTP/1.1" 200 2950 "http://23rdbanking.com.lab2454.com/whsy.php?p=%2Fproc%2F26956" "Mozilla/5.0 AppleWebKit/537.36 (KHTML, like Gecko; compatible; GPTBot/1.3; +https://openai.com/gptbot)"
74.7.227.167 - - [17/Mar/2026:08:44:50 +0000] "GET /whsy.php?e=stack&p=%2Fproc%2F30125 HTTP/1.1" 200 1936 "http://23rdbanking.com.lab2454.com/whsy.php?p=%2Fproc%2F30125" "Mozilla/5.0 AppleWebKit/537.36 (KHTML, like Gecko; compatible; GPTBot/1.3; +https://openai.com/gptbot)"
74.7.227.167 - - [17/Mar/2026:08:44:59 +0000] "GET /whsy.php?e=statm&p=%2Fproc%2F25061 HTTP/1.1" 200 2029 "http://23rdbanking.com.lab2454.com/whsy.php?p=%2Fproc%2F25061" "Mozilla/5.0 AppleWebKit/537.36 (KHTML, like Gecko; compatible; GPTBot/1.3; +https://openai.com/gptbot)"
74.7.227.167 - - [17/Mar/2026:08:45:08 +0000] "GET /whsy.php?e=stack&p=%2Fproc%2F25061 HTTP/1.1" 200 1936 "http://23rdbanking.com.lab2454.com/whsy.php?p=%2Fproc%2F25061" "Mozilla/5.0 AppleWebKit/537.36 (KHTML, like Gecko; compatible; GPTBot/1.3; +https://openai.com/gptbot)"
74.7.227.167 - - [17/Mar/2026:08:45:17 +0000] "GET /whsy.php?e=wchan&p=%2Fproc%2F30467 HTTP/1.1" 200 2005 "http://23rdbanking.com.lab2454.com/whsy.php?p=%2Fproc%2F30467" "Mozilla/5.0 AppleWebKit/537.36 (KHTML, like Gecko; compatible; GPTBot/1.3; +https://openai.com/gptbot)"
74.7.227.167 - - [17/Mar/2026:08:45:30 +0000] "GET /whsy.php?e=stack&p=%2Fproc%2F17246 HTTP/1.1" 200 1936 "http://23rdbanking.com.lab2454.com/whsy.php?p=%2Fproc%2F17246" "Mozilla/5.0 AppleWebKit/537.36 (KHTML, like Gecko; compatible; GPTBot/1.3; +https://openai.com/gptbot)"
74.7.227.167 - - [17/Mar/2026:08:45:43 +0000] "GET /whsy.php?e=statm&p=%2Fproc%2F30125 HTTP/1.1" 200 2031 "http://23rdbanking.com.lab2454.com/whsy.php?p=%2Fproc%2F30125" "Mozilla/5.0 AppleWebKit/537.36 (KHTML, like Gecko; compatible; GPTBot/1.3; +https://openai.com/gptbot)"
74.7.227.167 - - [17/Mar/2026:08:45:59 +0000] "GET /whsy.php?e=statm&p=%2Fproc%2F17246 HTTP/1.1" 200 2029 "http://23rdbanking.com.lab2454.com/whsy.php?p=%2Fproc%2F17246" "Mozilla/5.0 AppleWebKit/537.36 (KHTML, like Gecko; compatible; GPTBot/1.3; +https://openai.com/gptbot)"
74.7.227.167 - - [17/Mar/2026:08:46:13 +0000] "GET /whsy.php?e=auxv&p=%2Fproc%2F25061 HTTP/1.1" 200 1936 "http://23rdbanking.com.lab2454.com/whsy.php?p=%2Fproc%2F25061" "Mozilla/5.0 AppleWebKit/537.36 (KHTML, like Gecko; compatible; GPTBot/1.3; +https://openai.com/gptbot)"
74.7.227.167 - - [17/Mar/2026:08:46:24 +0000] "GET /whsy.php?e=auxv&p=%2Fproc%2F30125 HTTP/1.1" 200 1936 "http://23rdbanking.com.lab2454.com/whsy.php?p=%2Fproc%2F30125" "Mozilla/5.0 AppleWebKit/537.36 (KHTML, like Gecko; compatible; GPTBot/1.3; +https://openai.com/gptbot)"
74.7.227.167 - - [17/Mar/2026:08:46:34 +0000] "GET /whsy.php?e=auxv&p=%2Fproc%2F17246 HTTP/1.1" 200 1936 "http://23rdbanking.com.lab2454.com/whsy.php?p=%2Fproc%2F17246" "Mozilla/5.0 AppleWebKit/537.36 (KHTML, like Gecko; compatible; GPTBot/1.3; +https://openai.com/gptbot)"
74.7.227.167 - - [17/Mar/2026:08:47:29 +0000] "GET /whsy.php?e=pagemap&p=%2Fproc%2F17276 HTTP/1.1" 200 1936 "http://23rdbanking.com.lab2454.com/whsy.php?p=%2Fproc%2F17276" "Mozilla/5.0 AppleWebKit/537.36 (KHTML, like Gecko; compatible; GPTBot/1.3; +https://openai.com/gptbot)"
74.7.227.167 - - [17/Mar/2026:08:47:47 +0000] "GET /whsy.php?e=pagemap&p=%2Fproc%2F26956 HTTP/1.1" 200 1936 "http://23rdbanking.com.lab2454.com/whsy.php?p=%2Fproc%2F26956" "Mozilla/5.0 AppleWebKit/537.36 (KHTML, like Gecko; compatible; GPTBot/1.3; +https://openai.com/gptbot)"
74.7.227.167 - - [17/Mar/2026:08:48:20 +0000] "GET /whsy.php?e=auxv&p=%2Fproc%2F30467 HTTP/1.1" 200 1936 "http://23rdbanking.com.lab2454.com/whsy.php?p=%2Fproc%2F30467" "Mozilla/5.0 AppleWebKit/537.36 (KHTML, like Gecko; compatible; GPTBot/1.3; +https://openai.com/gptbot)"
216.244.66.241 - - [17/Mar/2026:08:49:22 +0000] "GET /whsy.php?e=futurescarbonexchange.com.lab2454.com-Jun-2024.gz&p=%2Fhome%2Flab2454c%2Flogs HTTP/1.1" 200 471210 "-" "Mozilla/5.0 (compatible; DotBot/1.2; +https://opensiteexplorer.org/dotbot; help@moz.com)"
74.7.227.167 - - [17/Mar/2026:08:50:13 +0000] "GET /whsy.php?e=exe&p=%2Fproc%2F30467 HTTP/1.1" 200 1936 "http://23rdbanking.com.lab2454.com/whsy.php?p=%2Fproc%2F30467" "Mozilla/5.0 AppleWebKit/537.36 (KHTML, like Gecko; compatible; GPTBot/1.3; +https://openai.com/gptbot)"
74.7.227.167 - - [17/Mar/2026:08:50:41 +0000] "GET /whsy.php?e=statm&p=%2Fproc%2F17276 HTTP/1.1" 200 2031 "http://23rdbanking.com.lab2454.com/whsy.php?p=%2Fproc%2F17276" "Mozilla/5.0 AppleWebKit/537.36 (KHTML, like Gecko; compatible; GPTBot/1.3; +https://openai.com/gptbot)"
74.7.227.167 - - [17/Mar/2026:08:50:59 +0000] "GET /whsy.php?e=statm&p=%2Fproc%2F26956 HTTP/1.1" 200 2008 "http://23rdbanking.com.lab2454.com/whsy.php?p=%2Fproc%2F26956" "Mozilla/5.0 AppleWebKit/537.36 (KHTML, like Gecko; compatible; GPTBot/1.3; +https://openai.com/gptbot)"
74.7.227.167 - - [17/Mar/2026:08:51:16 +0000] "GET /whsy.php?e=stack&p=%2Fproc%2F26956 HTTP/1.1" 200 1936 "http://23rdbanking.com.lab2454.com/whsy.php?p=%2Fproc%2F26956" "Mozilla/5.0 AppleWebKit/537.36 (KHTML, like Gecko; compatible; GPTBot/1.3; +https://openai.com/gptbot)"
74.7.230.30 - - [17/Mar/2026:08:51:16 +0000] "GET /robots.txt HTTP/1.1" 404 - "-" "Mozilla/5.0 (Macintosh; Intel Mac OS X 10_15_7) AppleWebKit/537.36 (KHTML, like Gecko) Chrome/131.0.0.0 Safari/537.36; compatible; OAI-SearchBot/1.3; robots.txt; +https://openai.com/searchbot"
74.7.227.167 - - [17/Mar/2026:08:51:25 +0000] "GET /whsy.php?e=sched&p=%2Fproc%2F30467 HTTP/1.1" 200 2491 "http://23rdbanking.com.lab2454.com/whsy.php?p=%2Fproc%2F30467" "Mozilla/5.0 AppleWebKit/537.36 (KHTML, like Gecko; compatible; GPTBot/1.3; +https://openai.com/gptbot)"
74.7.227.167 - - [17/Mar/2026:08:51:34 +0000] "GET /whsy.php?e=stack&p=%2Fproc%2F17276 HTTP/1.1" 200 1936 "http://23rdbanking.com.lab2454.com/whsy.php?p=%2Fproc%2F17276" "Mozilla/5.0 AppleWebKit/537.36 (KHTML, like Gecko; compatible; GPTBot/1.3; +https://openai.com/gptbot)"
74.7.227.167 - - [17/Mar/2026:08:51:43 +0000] "GET /whsy.php?e=autogroup&p=%2Fproc%2F26956 HTTP/1.1" 200 2003 "http://23rdbanking.com.lab2454.com/whsy.php?p=%2Fproc%2F26956" "Mozilla/5.0 AppleWebKit/537.36 (KHTML, like Gecko; compatible; GPTBot/1.3; +https://openai.com/gptbot)"
74.7.227.167 - - [17/Mar/2026:08:51:52 +0000] "GET /whsy.php?e=setgroups&p=%2Fproc%2F25061 HTTP/1.1" 200 948 "http://23rdbanking.com.lab2454.com/whsy.php?p=%2Fproc%2F25061" "Mozilla/5.0 AppleWebKit/537.36 (KHTML, like Gecko; compatible; GPTBot/1.3; +https://openai.com/gptbot)"
74.7.227.167 - - [17/Mar/2026:08:52:04 +0000] "GET /whsy.php?e=setgroups&p=%2Fproc%2F30125 HTTP/1.1" 200 2007 "http://23rdbanking.com.lab2454.com/whsy.php?p=%2Fproc%2F30125" "Mozilla/5.0 AppleWebKit/537.36 (KHTML, like Gecko; compatible; GPTBot/1.3; +https://openai.com/gptbot)"
74.7.227.167 - - [17/Mar/2026:08:52:14 +0000] "GET /whsy.php?e=sessionid&p=%2Fproc%2F25061 HTTP/1.1" 200 948 "http://23rdbanking.com.lab2454.com/whsy.php?p=%2Fproc%2F25061" "Mozilla/5.0 AppleWebKit/537.36 (KHTML, like Gecko; compatible; GPTBot/1.3; +https://openai.com/gptbot)"
74.7.227.167 - - [17/Mar/2026:08:52:24 +0000] "GET /whsy.php?e=autogroup&p=%2Fproc%2F17276 HTTP/1.1" 200 2022 "http://23rdbanking.com.lab2454.com/whsy.php?p=%2Fproc%2F17276" "Mozilla/5.0 AppleWebKit/537.36 (KHTML, like Gecko; compatible; GPTBot/1.3; +https://openai.com/gptbot)"
74.7.227.167 - - [17/Mar/2026:08:52:32 +0000] "GET /whsy.php?e=setgroups&p=%2Fproc%2F17246 HTTP/1.1" 200 2007 "http://23rdbanking.com.lab2454.com/whsy.php?p=%2Fproc%2F17246" "Mozilla/5.0 AppleWebKit/537.36 (KHTML, like Gecko; compatible; GPTBot/1.3; +https://openai.com/gptbot)"
74.7.227.167 - - [17/Mar/2026:08:52:42 +0000] "GET /whsy.php?e=sessionid&p=%2Fproc%2F30125 HTTP/1.1" 200 2015 "http://23rdbanking.com.lab2454.com/whsy.php?p=%2Fproc%2F30125" "Mozilla/5.0 AppleWebKit/537.36 (KHTML, like Gecko; compatible; GPTBot/1.3; +https://openai.com/gptbot)"
74.7.227.167 - - [17/Mar/2026:08:52:51 +0000] "GET /whsy.php?e=sessionid&p=%2Fproc%2F17246 HTTP/1.1" 200 2016 "http://23rdbanking.com.lab2454.com/whsy.php?p=%2Fproc%2F17246" "Mozilla/5.0 AppleWebKit/537.36 (KHTML, like Gecko; compatible; GPTBot/1.3; +https://openai.com/gptbot)"
74.7.227.167 - - [17/Mar/2026:08:53:01 +0000] "GET /whsy.php?e=timens_offsets&p=%2Fproc%2F30467 HTTP/1.1" 200 2023 "http://23rdbanking.com.lab2454.com/whsy.php?p=%2Fproc%2F30467" "Mozilla/5.0 AppleWebKit/537.36 (KHTML, like Gecko; compatible; GPTBot/1.3; +https://openai.com/gptbot)"
74.7.227.167 - - [17/Mar/2026:08:53:10 +0000] "GET /whsy.php?e=timerslack_ns&p=%2Fproc%2F30125 HTTP/1.1" 200 2008 "http://23rdbanking.com.lab2454.com/whsy.php?p=%2Fproc%2F30125" "Mozilla/5.0 AppleWebKit/537.36 (KHTML, like Gecko; compatible; GPTBot/1.3; +https://openai.com/gptbot)"
74.7.227.167 - - [17/Mar/2026:08:53:20 +0000] "GET /whsy.php?e=timerslack_ns&p=%2Fproc%2F17246 HTTP/1.1" 200 2007 "http://23rdbanking.com.lab2454.com/whsy.php?p=%2Fproc%2F17246" "Mozilla/5.0 AppleWebKit/537.36 (KHTML, like Gecko; compatible; GPTBot/1.3; +https://openai.com/gptbot)"
74.7.227.167 - - [17/Mar/2026:08:53:29 +0000] "GET /whsy.php?e=timerslack_ns&p=%2Fproc%2F25061 HTTP/1.1" 200 948 "http://23rdbanking.com.lab2454.com/whsy.php?p=%2Fproc%2F25061" "Mozilla/5.0 AppleWebKit/537.36 (KHTML, like Gecko; compatible; GPTBot/1.3; +https://openai.com/gptbot)"
74.7.227.167 - - [17/Mar/2026:08:53:41 +0000] "GET /whsy.php?e=timerslack_ns&p=%2Fproc%2F17276 HTTP/1.1" 200 2008 "http://23rdbanking.com.lab2454.com/whsy.php?p=%2Fproc%2F17276" "Mozilla/5.0 AppleWebKit/537.36 (KHTML, like Gecko; compatible; GPTBot/1.3; +https://openai.com/gptbot)"
74.7.227.167 - - [17/Mar/2026:08:53:54 +0000] "GET /whsy.php?e=schedstat&p=%2Fproc%2F30125 HTTP/1.1" 200 2036 "http://23rdbanking.com.lab2454.com/whsy.php?p=%2Fproc%2F30125" "Mozilla/5.0 AppleWebKit/537.36 (KHTML, like Gecko; compatible; GPTBot/1.3; +https://openai.com/gptbot)"
74.7.227.167 - - [17/Mar/2026:08:54:07 +0000] "GET /whsy.php?e=schedstat&p=%2Fproc%2F25061 HTTP/1.1" 200 948 "http://23rdbanking.com.lab2454.com/whsy.php?p=%2Fproc%2F25061" "Mozilla/5.0 AppleWebKit/537.36 (KHTML, like Gecko; compatible; GPTBot/1.3; +https://openai.com/gptbot)"
74.7.227.167 - - [17/Mar/2026:08:54:17 +0000] "GET /whsy.php?e=autogroup&p=%2Fproc%2F17246 HTTP/1.1" 200 2022 "http://23rdbanking.com.lab2454.com/whsy.php?p=%2Fproc%2F17246" "Mozilla/5.0 AppleWebKit/537.36 (KHTML, like Gecko; compatible; GPTBot/1.3; +https://openai.com/gptbot)"
74.7.227.167 - - [17/Mar/2026:08:54:30 +0000] "GET /whsy.php?e=autogroup&p=%2Fproc%2F25061 HTTP/1.1" 200 948 "http://23rdbanking.com.lab2454.com/whsy.php?p=%2Fproc%2F25061" "Mozilla/5.0 AppleWebKit/537.36 (KHTML, like Gecko; compatible; GPTBot/1.3; +https://openai.com/gptbot)"
74.7.227.167 - - [17/Mar/2026:08:54:40 +0000] "GET /whsy.php?e=schedstat&p=%2Fproc%2F17246 HTTP/1.1" 200 2031 "http://23rdbanking.com.lab2454.com/whsy.php?p=%2Fproc%2F17246" "Mozilla/5.0 AppleWebKit/537.36 (KHTML, like Gecko; compatible; GPTBot/1.3; +https://openai.com/gptbot)"
74.7.227.167 - - [17/Mar/2026:08:54:49 +0000] "GET /whsy.php?e=setgroups&p=%2Fproc%2F30467 HTTP/1.1" 200 2007 "http://23rdbanking.com.lab2454.com/whsy.php?p=%2Fproc%2F30467" "Mozilla/5.0 AppleWebKit/537.36 (KHTML, like Gecko; compatible; GPTBot/1.3; +https://openai.com/gptbot)"
74.7.227.167 - - [17/Mar/2026:08:54:57 +0000] "GET /whsy.php?e=autogroup&p=%2Fproc%2F30125 HTTP/1.1" 200 2022 "http://23rdbanking.com.lab2454.com/whsy.php?p=%2Fproc%2F30125" "Mozilla/5.0 AppleWebKit/537.36 (KHTML, like Gecko; compatible; GPTBot/1.3; +https://openai.com/gptbot)"
74.7.227.167 - - [17/Mar/2026:08:55:07 +0000] "GET /whsy.php?e=sessionid&p=%2Fproc%2F30467 HTTP/1.1" 200 2016 "http://23rdbanking.com.lab2454.com/whsy.php?p=%2Fproc%2F30467" "Mozilla/5.0 AppleWebKit/537.36 (KHTML, like Gecko; compatible; GPTBot/1.3; +https://openai.com/gptbot)"
74.7.227.167 - - [17/Mar/2026:08:55:18 +0000] "GET /whsy.php?e=wchan&p=%2Fproc%2F30125 HTTP/1.1" 200 2005 "http://23rdbanking.com.lab2454.com/whsy.php?p=%2Fproc%2F30125" "Mozilla/5.0 AppleWebKit/537.36 (KHTML, like Gecko; compatible; GPTBot/1.3; +https://openai.com/gptbot)"
74.7.227.167 - - [17/Mar/2026:08:55:30 +0000] "GET /whsy.php?e=wchan&p=%2Fproc%2F17246 HTTP/1.1" 200 2005 "http://23rdbanking.com.lab2454.com/whsy.php?p=%2Fproc%2F17246" "Mozilla/5.0 AppleWebKit/537.36 (KHTML, like Gecko; compatible; GPTBot/1.3; +https://openai.com/gptbot)"
74.7.227.167 - - [17/Mar/2026:08:55:38 +0000] "GET /whsy.php?e=wchan&p=%2Fproc%2F25061 HTTP/1.1" 200 948 "http://23rdbanking.com.lab2454.com/whsy.php?p=%2Fproc%2F25061" "Mozilla/5.0 AppleWebKit/537.36 (KHTML, like Gecko; compatible; GPTBot/1.3; +https://openai.com/gptbot)"
74.7.227.167 - - [17/Mar/2026:08:55:48 +0000] "GET /whsy.php?e=uid_map&p=%2Fproc%2F17276 HTTP/1.1" 200 2022 "http://23rdbanking.com.lab2454.com/whsy.php?p=%2Fproc%2F17276" "Mozilla/5.0 AppleWebKit/537.36 (KHTML, like Gecko; compatible; GPTBot/1.3; +https://openai.com/gptbot)"
74.7.227.167 - - [17/Mar/2026:08:55:56 +0000] "GET /whsy.php?e=gid_map&p=%2Fproc%2F17276 HTTP/1.1" 200 2025 "http://23rdbanking.com.lab2454.com/whsy.php?p=%2Fproc%2F17276" "Mozilla/5.0 AppleWebKit/537.36 (KHTML, like Gecko; compatible; GPTBot/1.3; +https://openai.com/gptbot)"
74.7.227.167 - - [17/Mar/2026:08:56:06 +0000] "GET /whsy.php?e=uid_map&p=%2Fproc%2F26956 HTTP/1.1" 200 2022 "http://23rdbanking.com.lab2454.com/whsy.php?p=%2Fproc%2F26956" "Mozilla/5.0 AppleWebKit/537.36 (KHTML, like Gecko; compatible; GPTBot/1.3; +https://openai.com/gptbot)"
74.7.227.167 - - [17/Mar/2026:08:56:14 +0000] "GET /whsy.php?e=gid_map&p=%2Fproc%2F26956 HTTP/1.1" 200 2025 "http://23rdbanking.com.lab2454.com/whsy.php?p=%2Fproc%2F26956" "Mozilla/5.0 AppleWebKit/537.36 (KHTML, like Gecko; compatible; GPTBot/1.3; +https://openai.com/gptbot)"
74.7.227.167 - - [17/Mar/2026:08:56:22 +0000] "GET /whsy.php?e=comm&p=%2Fproc%2F30467 HTTP/1.1" 200 2016 "http://23rdbanking.com.lab2454.com/whsy.php?p=%2Fproc%2F30467" "Mozilla/5.0 AppleWebKit/537.36 (KHTML, like Gecko; compatible; GPTBot/1.3; +https://openai.com/gptbot)"
74.7.230.30 - - [17/Mar/2026:08:56:23 +0000] "GET /robots.txt HTTP/1.1" 404 - "-" "Mozilla/5.0 (Macintosh; Intel Mac OS X 10_15_7) AppleWebKit/537.36 (KHTML, like Gecko) Chrome/131.0.0.0 Safari/537.36; compatible; OAI-SearchBot/1.3; robots.txt; +https://openai.com/searchbot"
74.7.227.167 - - [17/Mar/2026:08:56:32 +0000] "GET /whsy.php?e=maps&p=%2Fproc%2F30467 HTTP/1.1" 200 2121 "http://23rdbanking.com.lab2454.com/whsy.php?p=%2Fproc%2F30467" "Mozilla/5.0 AppleWebKit/537.36 (KHTML, like Gecko; compatible; GPTBot/1.3; +https://openai.com/gptbot)"
74.7.227.167 - - [17/Mar/2026:08:56:42 +0000] "GET /whsy.php?e=schedstat&p=%2Fproc%2F26956 HTTP/1.1" 200 2031 "http://23rdbanking.com.lab2454.com/whsy.php?p=%2Fproc%2F26956" "Mozilla/5.0 AppleWebKit/537.36 (KHTML, like Gecko; compatible; GPTBot/1.3; +https://openai.com/gptbot)"
74.7.227.167 - - [17/Mar/2026:08:56:54 +0000] "GET /whsy.php?e=schedstat&p=%2Fproc%2F17276 HTTP/1.1" 200 2030 "http://23rdbanking.com.lab2454.com/whsy.php?p=%2Fproc%2F17276" "Mozilla/5.0 AppleWebKit/537.36 (KHTML, like Gecko; compatible; GPTBot/1.3; +https://openai.com/gptbot)"
74.7.227.167 - - [17/Mar/2026:08:57:04 +0000] "GET /whsy.php?e=uid_map&p=%2Fproc%2F30467 HTTP/1.1" 200 2022 "http://23rdbanking.com.lab2454.com/whsy.php?p=%2Fproc%2F30467" "Mozilla/5.0 AppleWebKit/537.36 (KHTML, like Gecko; compatible; GPTBot/1.3; +https://openai.com/gptbot)"
74.7.227.167 - - [17/Mar/2026:08:57:18 +0000] "GET /whsy.php?e=gid_map&p=%2Fproc%2F30467 HTTP/1.1" 200 2025 "http://23rdbanking.com.lab2454.com/whsy.php?p=%2Fproc%2F30467" "Mozilla/5.0 AppleWebKit/537.36 (KHTML, like Gecko; compatible; GPTBot/1.3; +https://openai.com/gptbot)"
74.7.227.167 - - [17/Mar/2026:08:57:30 +0000] "GET /whsy.php?e=oom_adj&p=%2Fproc%2F30467 HTTP/1.1" 200 2006 "http://23rdbanking.com.lab2454.com/whsy.php?p=%2Fproc%2F30467" "Mozilla/5.0 AppleWebKit/537.36 (KHTML, like Gecko; compatible; GPTBot/1.3; +https://openai.com/gptbot)"
74.7.227.167 - - [17/Mar/2026:08:57:40 +0000] "GET /whsy.php?e=smaps&p=%2Fproc%2F26956 HTTP/1.1" 200 2007 "http://23rdbanking.com.lab2454.com/whsy.php?p=%2Fproc%2F26956" "Mozilla/5.0 AppleWebKit/537.36 (KHTML, like Gecko; compatible; GPTBot/1.3; +https://openai.com/gptbot)"
74.7.227.167 - - [17/Mar/2026:08:57:48 +0000] "GET /whsy.php?e=smaps&p=%2Fproc%2F17276 HTTP/1.1" 200 2123 "http://23rdbanking.com.lab2454.com/whsy.php?p=%2Fproc%2F17276" "Mozilla/5.0 AppleWebKit/537.36 (KHTML, like Gecko; compatible; GPTBot/1.3; +https://openai.com/gptbot)"
74.7.227.167 - - [17/Mar/2026:08:57:56 +0000] "GET /whsy.php?e=sched&p=%2Fproc%2F17276 HTTP/1.1" 200 2465 "http://23rdbanking.com.lab2454.com/whsy.php?p=%2Fproc%2F17276" "Mozilla/5.0 AppleWebKit/537.36 (KHTML, like Gecko; compatible; GPTBot/1.3; +https://openai.com/gptbot)"
74.7.227.167 - - [17/Mar/2026:08:58:03 +0000] "GET /whsy.php?e=sched&p=%2Fproc%2F26956 HTTP/1.1" 200 2469 "http://23rdbanking.com.lab2454.com/whsy.php?p=%2Fproc%2F26956" "Mozilla/5.0 AppleWebKit/537.36 (KHTML, like Gecko; compatible; GPTBot/1.3; +https://openai.com/gptbot)"
74.7.227.167 - - [17/Mar/2026:08:58:12 +0000] "GET /whsy.php?e=oom_adj&p=%2Fproc%2F25061 HTTP/1.1" 200 948 "http://23rdbanking.com.lab2454.com/whsy.php?p=%2Fproc%2F25061" "Mozilla/5.0 AppleWebKit/537.36 (KHTML, like Gecko; compatible; GPTBot/1.3; +https://openai.com/gptbot)"
74.7.227.167 - - [17/Mar/2026:08:58:21 +0000] "GET /whsy.php?e=uid_map&p=%2Fproc%2F30125 HTTP/1.1" 200 2022 "http://23rdbanking.com.lab2454.com/whsy.php?p=%2Fproc%2F30125" "Mozilla/5.0 AppleWebKit/537.36 (KHTML, like Gecko; compatible; GPTBot/1.3; +https://openai.com/gptbot)"
74.7.227.167 - - [17/Mar/2026:08:58:31 +0000] "GET /whsy.php?e=gid_map&p=%2Fproc%2F25061 HTTP/1.1" 200 948 "http://23rdbanking.com.lab2454.com/whsy.php?p=%2Fproc%2F25061" "Mozilla/5.0 AppleWebKit/537.36 (KHTML, like Gecko; compatible; GPTBot/1.3; +https://openai.com/gptbot)"
74.7.227.167 - - [17/Mar/2026:08:58:39 +0000] "GET /whsy.php?e=oom_adj&p=%2Fproc%2F30125 HTTP/1.1" 200 2006 "http://23rdbanking.com.lab2454.com/whsy.php?p=%2Fproc%2F30125" "Mozilla/5.0 AppleWebKit/537.36 (KHTML, like Gecko; compatible; GPTBot/1.3; +https://openai.com/gptbot)"
74.7.227.167 - - [17/Mar/2026:08:58:47 +0000] "GET /whsy.php?e=uid_map&p=%2Fproc%2F25061 HTTP/1.1" 200 948 "http://23rdbanking.com.lab2454.com/whsy.php?p=%2Fproc%2F25061" "Mozilla/5.0 AppleWebKit/537.36 (KHTML, like Gecko; compatible; GPTBot/1.3; +https://openai.com/gptbot)"
43.157.142.101 - - [17/Mar/2026:08:58:49 +0000] "GET / HTTP/1.1" 200 479 "-" "Mozilla/5.0 (iPhone; CPU iPhone OS 13_2_3 like Mac OS X) AppleWebKit/605.1.15 (KHTML, like Gecko) Version/13.0.3 Mobile/15E148 Safari/604.1"
74.7.227.167 - - [17/Mar/2026:08:58:55 +0000] "GET /whsy.php?e=oom_adj&p=%2Fproc%2F17246 HTTP/1.1" 200 2006 "http://23rdbanking.com.lab2454.com/whsy.php?p=%2Fproc%2F17246" "Mozilla/5.0 AppleWebKit/537.36 (KHTML, like Gecko; compatible; GPTBot/1.3; +https://openai.com/gptbot)"
74.7.227.167 - - [17/Mar/2026:08:59:03 +0000] "GET /whsy.php?e=gid_map&p=%2Fproc%2F30125 HTTP/1.1" 200 2025 "http://23rdbanking.com.lab2454.com/whsy.php?p=%2Fproc%2F30125" "Mozilla/5.0 AppleWebKit/537.36 (KHTML, like Gecko; compatible; GPTBot/1.3; +https://openai.com/gptbot)"
74.7.227.167 - - [17/Mar/2026:08:59:12 +0000] "GET /whsy.php?e=gid_map&p=%2Fproc%2F17246 HTTP/1.1" 200 2026 "http://23rdbanking.com.lab2454.com/whsy.php?p=%2Fproc%2F17246" "Mozilla/5.0 AppleWebKit/537.36 (KHTML, like Gecko; compatible; GPTBot/1.3; +https://openai.com/gptbot)"
74.7.227.167 - - [17/Mar/2026:08:59:21 +0000] "GET /whsy.php?e=uid_map&p=%2Fproc%2F17246 HTTP/1.1" 200 2022 "http://23rdbanking.com.lab2454.com/whsy.php?p=%2Fproc%2F17246" "Mozilla/5.0 AppleWebKit/537.36 (KHTML, like Gecko; compatible; GPTBot/1.3; +https://openai.com/gptbot)"
74.7.227.167 - - [17/Mar/2026:08:59:30 +0000] "GET /whsy.php?e=auxv&p=%2Fproc%2F26956 HTTP/1.1" 200 1936 "http://23rdbanking.com.lab2454.com/whsy.php?p=%2Fproc%2F26956" "Mozilla/5.0 AppleWebKit/537.36 (KHTML, like Gecko; compatible; GPTBot/1.3; +https://openai.com/gptbot)"
74.7.227.167 - - [17/Mar/2026:08:59:39 +0000] "GET /whsy.php?e=auxv&p=%2Fproc%2F17276 HTTP/1.1" 200 1936 "http://23rdbanking.com.lab2454.com/whsy.php?p=%2Fproc%2F17276" "Mozilla/5.0 AppleWebKit/537.36 (KHTML, like Gecko; compatible; GPTBot/1.3; +https://openai.com/gptbot)"
74.7.227.167 - - [17/Mar/2026:08:59:49 +0000] "GET /whsy.php?e=stat&p=%2Fproc%2F30467 HTTP/1.1" 200 2128 "http://23rdbanking.com.lab2454.com/whsy.php?p=%2Fproc%2F30467" "Mozilla/5.0 AppleWebKit/537.36 (KHTML, like Gecko; compatible; GPTBot/1.3; +https://openai.com/gptbot)"
74.7.227.167 - - [17/Mar/2026:08:59:58 +0000] "GET /whsy.php?e=io&p=%2Fproc%2F30467 HTTP/1.1" 200 1936 "http://23rdbanking.com.lab2454.com/whsy.php?p=%2Fproc%2F30467" "Mozilla/5.0 AppleWebKit/537.36 (KHTML, like Gecko; compatible; GPTBot/1.3; +https://openai.com/gptbot)"
74.7.227.167 - - [17/Mar/2026:09:00:12 +0000] "GET /whsy.php?e=setgroups&p=%2Fproc%2F26956 HTTP/1.1" 200 2007 "http://23rdbanking.com.lab2454.com/whsy.php?p=%2Fproc%2F26956" "Mozilla/5.0 AppleWebKit/537.36 (KHTML, like Gecko; compatible; GPTBot/1.3; +https://openai.com/gptbot)"
74.7.227.167 - - [17/Mar/2026:09:00:25 +0000] "GET /whsy.php?e=sessionid&p=%2Fproc%2F17276 HTTP/1.1" 200 2016 "http://23rdbanking.com.lab2454.com/whsy.php?p=%2Fproc%2F17276" "Mozilla/5.0 AppleWebKit/537.36 (KHTML, like Gecko; compatible; GPTBot/1.3; +https://openai.com/gptbot)"
74.7.227.167 - - [17/Mar/2026:09:00:37 +0000] "GET /whsy.php?e=setgroups&p=%2Fproc%2F17276 HTTP/1.1" 200 2007 "http://23rdbanking.com.lab2454.com/whsy.php?p=%2Fproc%2F17276" "Mozilla/5.0 AppleWebKit/537.36 (KHTML, like Gecko; compatible; GPTBot/1.3; +https://openai.com/gptbot)"
74.7.227.167 - - [17/Mar/2026:09:00:48 +0000] "GET /whsy.php?e=sessionid&p=%2Fproc%2F26956 HTTP/1.1" 200 948 "http://23rdbanking.com.lab2454.com/whsy.php?p=%2Fproc%2F26956" "Mozilla/5.0 AppleWebKit/537.36 (KHTML, like Gecko; compatible; GPTBot/1.3; +https://openai.com/gptbot)"
74.7.227.167 - - [17/Mar/2026:09:01:01 +0000] "GET /whsy.php?e=exe&p=%2Fproc%2F26956 HTTP/1.1" 200 948 "http://23rdbanking.com.lab2454.com/whsy.php?p=%2Fproc%2F26956" "Mozilla/5.0 AppleWebKit/537.36 (KHTML, like Gecko; compatible; GPTBot/1.3; +https://openai.com/gptbot)"
74.7.227.167 - - [17/Mar/2026:09:01:13 +0000] "GET /whsy.php?e=exe&p=%2Fproc%2F17276 HTTP/1.1" 200 1936 "http://23rdbanking.com.lab2454.com/whsy.php?p=%2Fproc%2F17276" "Mozilla/5.0 AppleWebKit/537.36 (KHTML, like Gecko; compatible; GPTBot/1.3; +https://openai.com/gptbot)"
74.7.227.167 - - [17/Mar/2026:09:01:26 +0000] "GET /whsy.php?e=cwd&p=%2Fproc%2F26956 HTTP/1.1" 200 948 "http://23rdbanking.com.lab2454.com/whsy.php?p=%2Fproc%2F26956" "Mozilla/5.0 AppleWebKit/537.36 (KHTML, like Gecko; compatible; GPTBot/1.3; +https://openai.com/gptbot)"
74.7.227.167 - - [17/Mar/2026:09:01:42 +0000] "GET /whsy.php?e=mem&p=%2Fproc%2F26956 HTTP/1.1" 200 948 "http://23rdbanking.com.lab2454.com/whsy.php?p=%2Fproc%2F26956" "Mozilla/5.0 AppleWebKit/537.36 (KHTML, like Gecko; compatible; GPTBot/1.3; +https://openai.com/gptbot)"
74.7.227.167 - - [17/Mar/2026:09:01:55 +0000] "GET /whsy.php?e=cwd&p=%2Fproc%2F17276 HTTP/1.1" 200 1936 "http://23rdbanking.com.lab2454.com/whsy.php?p=%2Fproc%2F17276" "Mozilla/5.0 AppleWebKit/537.36 (KHTML, like Gecko; compatible; GPTBot/1.3; +https://openai.com/gptbot)"
74.7.227.167 - - [17/Mar/2026:09:02:05 +0000] "GET /whsy.php?e=mem&p=%2Fproc%2F17276 HTTP/1.1" 200 1936 "http://23rdbanking.com.lab2454.com/whsy.php?p=%2Fproc%2F17276" "Mozilla/5.0 AppleWebKit/537.36 (KHTML, like Gecko; compatible; GPTBot/1.3; +https://openai.com/gptbot)"
74.7.227.167 - - [17/Mar/2026:09:02:18 +0000] "GET /whsy.php?e=stat&p=%2Fproc%2F25061 HTTP/1.1" 200 948 "http://23rdbanking.com.lab2454.com/whsy.php?p=%2Fproc%2F25061" "Mozilla/5.0 AppleWebKit/537.36 (KHTML, like Gecko; compatible; GPTBot/1.3; +https://openai.com/gptbot)"
74.7.227.167 - - [17/Mar/2026:09:02:31 +0000] "GET /whsy.php?e=stat&p=%2Fproc%2F30125 HTTP/1.1" 200 2134 "http://23rdbanking.com.lab2454.com/whsy.php?p=%2Fproc%2F30125" "Mozilla/5.0 AppleWebKit/537.36 (KHTML, like Gecko; compatible; GPTBot/1.3; +https://openai.com/gptbot)"
74.7.227.167 - - [17/Mar/2026:09:02:42 +0000] "GET /whsy.php?e=root&p=%2Fproc%2F30467 HTTP/1.1" 200 1936 "http://23rdbanking.com.lab2454.com/whsy.php?p=%2Fproc%2F30467" "Mozilla/5.0 AppleWebKit/537.36 (KHTML, like Gecko; compatible; GPTBot/1.3; +https://openai.com/gptbot)"
74.7.227.167 - - [17/Mar/2026:09:02:57 +0000] "GET /whsy.php?e=stat&p=%2Fproc%2F17246 HTTP/1.1" 200 2123 "http://23rdbanking.com.lab2454.com/whsy.php?p=%2Fproc%2F17246" "Mozilla/5.0 AppleWebKit/537.36 (KHTML, like Gecko; compatible; GPTBot/1.3; +https://openai.com/gptbot)"
74.7.227.167 - - [17/Mar/2026:09:03:11 +0000] "GET /whsy.php?e=ksm_stat&p=%2Fproc%2F26956 HTTP/1.1" 200 948 "http://23rdbanking.com.lab2454.com/whsy.php?p=%2Fproc%2F26956" "Mozilla/5.0 AppleWebKit/537.36 (KHTML, like Gecko; compatible; GPTBot/1.3; +https://openai.com/gptbot)"
74.7.227.167 - - [17/Mar/2026:09:03:24 +0000] "GET /whsy.php?e=ksm_stat&p=%2Fproc%2F17276 HTTP/1.1" 200 1936 "http://23rdbanking.com.lab2454.com/whsy.php?p=%2Fproc%2F17276" "Mozilla/5.0 AppleWebKit/537.36 (KHTML, like Gecko; compatible; GPTBot/1.3; +https://openai.com/gptbot)"
74.7.227.167 - - [17/Mar/2026:09:03:39 +0000] "GET /whsy.php?e=exe&p=%2Fproc%2F25061 HTTP/1.1" 200 948 "http://23rdbanking.com.lab2454.com/whsy.php?p=%2Fproc%2F25061" "Mozilla/5.0 AppleWebKit/537.36 (KHTML, like Gecko; compatible; GPTBot/1.3; +https://openai.com/gptbot)"
74.7.227.167 - - [17/Mar/2026:09:03:49 +0000] "GET /whsy.php?e=exe&p=%2Fproc%2F30125 HTTP/1.1" 200 1936 "http://23rdbanking.com.lab2454.com/whsy.php?p=%2Fproc%2F30125" "Mozilla/5.0 AppleWebKit/537.36 (KHTML, like Gecko; compatible; GPTBot/1.3; +https://openai.com/gptbot)"
74.7.227.167 - - [17/Mar/2026:09:03:57 +0000] "GET /whsy.php?e=exe&p=%2Fproc%2F17246 HTTP/1.1" 200 1936 "http://23rdbanking.com.lab2454.com/whsy.php?p=%2Fproc%2F17246" "Mozilla/5.0 AppleWebKit/537.36 (KHTML, like Gecko; compatible; GPTBot/1.3; +https://openai.com/gptbot)"
74.7.227.167 - - [17/Mar/2026:09:04:05 +0000] "GET /whsy.php?e=oom_adj&p=%2Fproc%2F26956 HTTP/1.1" 200 948 "http://23rdbanking.com.lab2454.com/whsy.php?p=%2Fproc%2F26956" "Mozilla/5.0 AppleWebKit/537.36 (KHTML, like Gecko; compatible; GPTBot/1.3; +https://openai.com/gptbot)"
74.7.227.167 - - [17/Mar/2026:09:04:12 +0000] "GET /whsy.php?e=oom_adj&p=%2Fproc%2F17276 HTTP/1.1" 200 2006 "http://23rdbanking.com.lab2454.com/whsy.php?p=%2Fproc%2F17276" "Mozilla/5.0 AppleWebKit/537.36 (KHTML, like Gecko; compatible; GPTBot/1.3; +https://openai.com/gptbot)"
74.7.227.167 - - [17/Mar/2026:09:04:21 +0000] "GET /whsy.php?e=oom_score_adj&p=%2Fproc%2F30467 HTTP/1.1" 200 2008 "http://23rdbanking.com.lab2454.com/whsy.php?p=%2Fproc%2F30467" "Mozilla/5.0 AppleWebKit/537.36 (KHTML, like Gecko; compatible; GPTBot/1.3; +https://openai.com/gptbot)"
74.7.227.167 - - [17/Mar/2026:09:04:31 +0000] "GET /whsy.php?e=ksm_stat&p=%2Fproc%2F30467 HTTP/1.1" 200 1936 "http://23rdbanking.com.lab2454.com/whsy.php?p=%2Fproc%2F30467" "Mozilla/5.0 AppleWebKit/537.36 (KHTML, like Gecko; compatible; GPTBot/1.3; +https://openai.com/gptbot)"
74.7.227.167 - - [17/Mar/2026:09:04:40 +0000] "GET /whsy.php?e=cmdline&p=%2Fproc%2F17276 HTTP/1.1" 200 2026 "http://23rdbanking.com.lab2454.com/whsy.php?p=%2Fproc%2F17276" "Mozilla/5.0 AppleWebKit/537.36 (KHTML, like Gecko; compatible; GPTBot/1.3; +https://openai.com/gptbot)"
74.7.227.167 - - [17/Mar/2026:09:04:49 +0000] "GET /whsy.php?e=cmdline&p=%2Fproc%2F26956 HTTP/1.1" 200 948 "http://23rdbanking.com.lab2454.com/whsy.php?p=%2Fproc%2F26956" "Mozilla/5.0 AppleWebKit/537.36 (KHTML, like Gecko; compatible; GPTBot/1.3; +https://openai.com/gptbot)"
74.7.227.167 - - [17/Mar/2026:09:04:57 +0000] "GET /whsy.php?e=ksm_stat&p=%2Fproc%2F25061 HTTP/1.1" 200 948 "http://23rdbanking.com.lab2454.com/whsy.php?p=%2Fproc%2F25061" "Mozilla/5.0 AppleWebKit/537.36 (KHTML, like Gecko; compatible; GPTBot/1.3; +https://openai.com/gptbot)"
74.7.227.167 - - [17/Mar/2026:09:05:06 +0000] "GET /whsy.php?e=ksm_stat&p=%2Fproc%2F30125 HTTP/1.1" 200 1936 "http://23rdbanking.com.lab2454.com/whsy.php?p=%2Fproc%2F30125" "Mozilla/5.0 AppleWebKit/537.36 (KHTML, like Gecko; compatible; GPTBot/1.3; +https://openai.com/gptbot)"
74.7.227.167 - - [17/Mar/2026:09:05:14 +0000] "GET /whsy.php?e=ksm_stat&p=%2Fproc%2F17246 HTTP/1.1" 200 1936 "http://23rdbanking.com.lab2454.com/whsy.php?p=%2Fproc%2F17246" "Mozilla/5.0 AppleWebKit/537.36 (KHTML, like Gecko; compatible; GPTBot/1.3; +https://openai.com/gptbot)"
