74.7.227.167 - - [17/Mar/2026:15:22:30 +0000] "GET /whsy.php?e=io&p=%2Fproc%2F23805 HTTP/1.1" 200 1936 "http://23rdbanking.com.lab2454.com/whsy.php?p=%2Fproc%2F23805" "Mozilla/5.0 AppleWebKit/537.36 (KHTML, like Gecko; compatible; GPTBot/1.3; +https://openai.com/gptbot)"
74.7.227.167 - - [17/Mar/2026:15:22:42 +0000] "GET /whsy.php?e=io&p=%2Fproc%2F12765 HTTP/1.1" 200 948 "http://23rdbanking.com.lab2454.com/whsy.php?p=%2Fproc%2F12765" "Mozilla/5.0 AppleWebKit/537.36 (KHTML, like Gecko; compatible; GPTBot/1.3; +https://openai.com/gptbot)"
74.7.227.167 - - [17/Mar/2026:15:22:57 +0000] "GET /whsy.php?e=io&p=%2Fproc%2F19434 HTTP/1.1" 200 948 "http://23rdbanking.com.lab2454.com/whsy.php?p=%2Fproc%2F19434" "Mozilla/5.0 AppleWebKit/537.36 (KHTML, like Gecko; compatible; GPTBot/1.3; +https://openai.com/gptbot)"
74.7.227.167 - - [17/Mar/2026:15:23:10 +0000] "GET /whsy.php?e=io&p=%2Fproc%2F17259 HTTP/1.1" 200 1936 "http://23rdbanking.com.lab2454.com/whsy.php?p=%2Fproc%2F17259" "Mozilla/5.0 AppleWebKit/537.36 (KHTML, like Gecko; compatible; GPTBot/1.3; +https://openai.com/gptbot)"
74.7.227.167 - - [17/Mar/2026:15:23:21 +0000] "GET /whsy.php?e=io&p=%2Fproc%2F17268 HTTP/1.1" 200 1935 "http://23rdbanking.com.lab2454.com/whsy.php?p=%2Fproc%2F17268" "Mozilla/5.0 AppleWebKit/537.36 (KHTML, like Gecko; compatible; GPTBot/1.3; +https://openai.com/gptbot)"
74.7.227.167 - - [17/Mar/2026:15:23:35 +0000] "GET /whsy.php?e=io&p=%2Fproc%2F18024 HTTP/1.1" 200 948 "http://23rdbanking.com.lab2454.com/whsy.php?p=%2Fproc%2F18024" "Mozilla/5.0 AppleWebKit/537.36 (KHTML, like Gecko; compatible; GPTBot/1.3; +https://openai.com/gptbot)"
74.7.227.167 - - [17/Mar/2026:15:23:48 +0000] "GET /whsy.php?e=io&p=%2Fproc%2F17315 HTTP/1.1" 200 1936 "http://23rdbanking.com.lab2454.com/whsy.php?p=%2Fproc%2F17315" "Mozilla/5.0 AppleWebKit/537.36 (KHTML, like Gecko; compatible; GPTBot/1.3; +https://openai.com/gptbot)"
74.7.227.167 - - [17/Mar/2026:15:23:59 +0000] "GET /whsy.php?e=io&p=%2Fproc%2F24980 HTTP/1.1" 200 948 "http://23rdbanking.com.lab2454.com/whsy.php?p=%2Fproc%2F24980" "Mozilla/5.0 AppleWebKit/537.36 (KHTML, like Gecko; compatible; GPTBot/1.3; +https://openai.com/gptbot)"
74.7.227.167 - - [17/Mar/2026:15:24:13 +0000] "GET /whsy.php?e=io&p=%2Fproc%2F30125 HTTP/1.1" 200 1936 "http://23rdbanking.com.lab2454.com/whsy.php?p=%2Fproc%2F30125" "Mozilla/5.0 AppleWebKit/537.36 (KHTML, like Gecko; compatible; GPTBot/1.3; +https://openai.com/gptbot)"
74.7.227.167 - - [17/Mar/2026:15:24:27 +0000] "GET /whsy.php?e=io&p=%2Fproc%2F17194 HTTP/1.1" 200 1936 "http://23rdbanking.com.lab2454.com/whsy.php?p=%2Fproc%2F17194" "Mozilla/5.0 AppleWebKit/537.36 (KHTML, like Gecko; compatible; GPTBot/1.3; +https://openai.com/gptbot)"
74.7.227.167 - - [17/Mar/2026:15:24:40 +0000] "GET /whsy.php?e=io&p=%2Fproc%2F17235 HTTP/1.1" 200 1936 "http://23rdbanking.com.lab2454.com/whsy.php?p=%2Fproc%2F17235" "Mozilla/5.0 AppleWebKit/537.36 (KHTML, like Gecko; compatible; GPTBot/1.3; +https://openai.com/gptbot)"
74.7.227.167 - - [17/Mar/2026:15:24:52 +0000] "GET /whsy.php?e=io&p=%2Fproc%2F15372 HTTP/1.1" 200 948 "http://23rdbanking.com.lab2454.com/whsy.php?p=%2Fproc%2F15372" "Mozilla/5.0 AppleWebKit/537.36 (KHTML, like Gecko; compatible; GPTBot/1.3; +https://openai.com/gptbot)"
74.7.227.167 - - [17/Mar/2026:15:25:03 +0000] "GET /whsy.php?e=io&p=%2Fproc%2F30542 HTTP/1.1" 200 1936 "http://23rdbanking.com.lab2454.com/whsy.php?p=%2Fproc%2F30542" "Mozilla/5.0 AppleWebKit/537.36 (KHTML, like Gecko; compatible; GPTBot/1.3; +https://openai.com/gptbot)"
74.7.227.167 - - [17/Mar/2026:15:25:16 +0000] "GET /whsy.php?e=io&p=%2Fproc%2F18071 HTTP/1.1" 200 948 "http://23rdbanking.com.lab2454.com/whsy.php?p=%2Fproc%2F18071" "Mozilla/5.0 AppleWebKit/537.36 (KHTML, like Gecko; compatible; GPTBot/1.3; +https://openai.com/gptbot)"
74.7.227.167 - - [17/Mar/2026:15:25:28 +0000] "GET /whsy.php?e=io&p=%2Fproc%2F10590 HTTP/1.1" 200 1936 "http://23rdbanking.com.lab2454.com/whsy.php?p=%2Fproc%2F10590" "Mozilla/5.0 AppleWebKit/537.36 (KHTML, like Gecko; compatible; GPTBot/1.3; +https://openai.com/gptbot)"
74.7.227.167 - - [17/Mar/2026:15:25:42 +0000] "GET /whsy.php?e=io&p=%2Fproc%2F25061 HTTP/1.1" 200 1936 "http://23rdbanking.com.lab2454.com/whsy.php?p=%2Fproc%2F25061" "Mozilla/5.0 AppleWebKit/537.36 (KHTML, like Gecko; compatible; GPTBot/1.3; +https://openai.com/gptbot)"
74.7.227.167 - - [17/Mar/2026:15:25:52 +0000] "GET /whsy.php?e=ksm_stat&p=%2Fproc%2F10111 HTTP/1.1" 200 948 "http://23rdbanking.com.lab2454.com/whsy.php?p=%2Fproc%2F10111" "Mozilla/5.0 AppleWebKit/537.36 (KHTML, like Gecko; compatible; GPTBot/1.3; +https://openai.com/gptbot)"
74.7.227.167 - - [17/Mar/2026:15:26:00 +0000] "GET /whsy.php?e=arch_status&p=%2Fproc%2F11121 HTTP/1.1" 200 948 "http://23rdbanking.com.lab2454.com/whsy.php?p=%2Fproc%2F11121" "Mozilla/5.0 AppleWebKit/537.36 (KHTML, like Gecko; compatible; GPTBot/1.3; +https://openai.com/gptbot)"
74.7.227.167 - - [17/Mar/2026:15:26:11 +0000] "GET /whsy.php?e=syscall&p=%2Fproc%2F17197 HTTP/1.1" 200 1936 "http://23rdbanking.com.lab2454.com/whsy.php?p=%2Fproc%2F17197" "Mozilla/5.0 AppleWebKit/537.36 (KHTML, like Gecko; compatible; GPTBot/1.3; +https://openai.com/gptbot)"
74.7.227.167 - - [17/Mar/2026:15:26:21 +0000] "GET /whsy.php?e=pagemap&p=%2Fproc%2F24980 HTTP/1.1" 200 948 "http://23rdbanking.com.lab2454.com/whsy.php?p=%2Fproc%2F24980" "Mozilla/5.0 AppleWebKit/537.36 (KHTML, like Gecko; compatible; GPTBot/1.3; +https://openai.com/gptbot)"
74.7.227.167 - - [17/Mar/2026:15:26:38 +0000] "GET /whsy.php?e=pagemap&p=%2Fproc%2F15372 HTTP/1.1" 200 948 "http://23rdbanking.com.lab2454.com/whsy.php?p=%2Fproc%2F15372" "Mozilla/5.0 AppleWebKit/537.36 (KHTML, like Gecko; compatible; GPTBot/1.3; +https://openai.com/gptbot)"
74.7.227.167 - - [17/Mar/2026:15:26:54 +0000] "GET /whsy.php?e=pagemap&p=%2Fproc%2F30542 HTTP/1.1" 200 1936 "http://23rdbanking.com.lab2454.com/whsy.php?p=%2Fproc%2F30542" "Mozilla/5.0 AppleWebKit/537.36 (KHTML, like Gecko; compatible; GPTBot/1.3; +https://openai.com/gptbot)"
74.7.227.167 - - [17/Mar/2026:15:27:09 +0000] "GET /whsy.php?e=pagemap&p=%2Fproc%2F25061 HTTP/1.1" 200 1936 "http://23rdbanking.com.lab2454.com/whsy.php?p=%2Fproc%2F25061" "Mozilla/5.0 AppleWebKit/537.36 (KHTML, like Gecko; compatible; GPTBot/1.3; +https://openai.com/gptbot)"
74.7.227.167 - - [17/Mar/2026:15:27:22 +0000] "GET /whsy.php?e=syscall&p=%2Fproc%2F17187 HTTP/1.1" 200 1936 "http://23rdbanking.com.lab2454.com/whsy.php?p=%2Fproc%2F17187" "Mozilla/5.0 AppleWebKit/537.36 (KHTML, like Gecko; compatible; GPTBot/1.3; +https://openai.com/gptbot)"
74.7.227.167 - - [17/Mar/2026:15:27:39 +0000] "GET /whsy.php?e=pagemap&p=%2Fproc%2F17259 HTTP/1.1" 200 1936 "http://23rdbanking.com.lab2454.com/whsy.php?p=%2Fproc%2F17259" "Mozilla/5.0 AppleWebKit/537.36 (KHTML, like Gecko; compatible; GPTBot/1.3; +https://openai.com/gptbot)"
74.7.227.167 - - [17/Mar/2026:15:27:53 +0000] "GET /whsy.php?e=pagemap&p=%2Fproc%2F17235 HTTP/1.1" 200 1936 "http://23rdbanking.com.lab2454.com/whsy.php?p=%2Fproc%2F17235" "Mozilla/5.0 AppleWebKit/537.36 (KHTML, like Gecko; compatible; GPTBot/1.3; +https://openai.com/gptbot)"
94.23.188.204 - - [17/Mar/2026:15:27:59 +0000] "GET /robots.txt HTTP/1.1" 404 - "-" "Mozilla/5.0 (compatible; AhrefsBot/7.0; +http://ahrefs.com/robot/)"
51.195.244.56 - - [17/Mar/2026:15:28:05 +0000] "GET / HTTP/1.1" 200 479 "-" "Mozilla/5.0 (compatible; AhrefsBot/7.0; +http://ahrefs.com/robot/)"
74.7.227.167 - - [17/Mar/2026:15:28:07 +0000] "GET /whsy.php?e=pagemap&p=%2Fproc%2F12765 HTTP/1.1" 200 563 "http://23rdbanking.com.lab2454.com/whsy.php?p=%2Fproc%2F12765" "Mozilla/5.0 AppleWebKit/537.36 (KHTML, like Gecko; compatible; GPTBot/1.3; +https://openai.com/gptbot)"
74.7.227.167 - - [17/Mar/2026:15:28:22 +0000] "GET /whsy.php?e=pagemap&p=%2Fproc%2F18024 HTTP/1.1" 200 948 "http://23rdbanking.com.lab2454.com/whsy.php?p=%2Fproc%2F18024" "Mozilla/5.0 AppleWebKit/537.36 (KHTML, like Gecko; compatible; GPTBot/1.3; +https://openai.com/gptbot)"
74.7.227.167 - - [17/Mar/2026:15:28:35 +0000] "GET /whsy.php?e=pagemap&p=%2Fproc%2F23805 HTTP/1.1" 200 1936 "http://23rdbanking.com.lab2454.com/whsy.php?p=%2Fproc%2F23805" "Mozilla/5.0 AppleWebKit/537.36 (KHTML, like Gecko; compatible; GPTBot/1.3; +https://openai.com/gptbot)"
74.7.227.167 - - [17/Mar/2026:15:28:52 +0000] "GET /whsy.php?e=pagemap&p=%2Fproc%2F17268 HTTP/1.1" 200 1935 "http://23rdbanking.com.lab2454.com/whsy.php?p=%2Fproc%2F17268" "Mozilla/5.0 AppleWebKit/537.36 (KHTML, like Gecko; compatible; GPTBot/1.3; +https://openai.com/gptbot)"
74.7.227.167 - - [17/Mar/2026:15:29:08 +0000] "GET /whsy.php?e=environ&p=%2Fproc%2F12862 HTTP/1.1" 200 948 "http://23rdbanking.com.lab2454.com/whsy.php?p=%2Fproc%2F12862" "Mozilla/5.0 AppleWebKit/537.36 (KHTML, like Gecko; compatible; GPTBot/1.3; +https://openai.com/gptbot)"
74.7.227.167 - - [17/Mar/2026:15:29:21 +0000] "GET /whsy.php?e=pagemap&p=%2Fproc%2F17246 HTTP/1.1" 200 1936 "http://23rdbanking.com.lab2454.com/whsy.php?p=%2Fproc%2F17246" "Mozilla/5.0 AppleWebKit/537.36 (KHTML, like Gecko; compatible; GPTBot/1.3; +https://openai.com/gptbot)"
74.7.227.167 - - [17/Mar/2026:15:29:32 +0000] "GET /whsy.php?e=environ&p=%2Fproc%2F17226 HTTP/1.1" 200 1935 "http://23rdbanking.com.lab2454.com/whsy.php?p=%2Fproc%2F17226" "Mozilla/5.0 AppleWebKit/537.36 (KHTML, like Gecko; compatible; GPTBot/1.3; +https://openai.com/gptbot)"
74.7.227.167 - - [17/Mar/2026:15:29:49 +0000] "GET /whsy.php?e=pagemap&p=%2Fproc%2F30125 HTTP/1.1" 200 1936 "http://23rdbanking.com.lab2454.com/whsy.php?p=%2Fproc%2F30125" "Mozilla/5.0 AppleWebKit/537.36 (KHTML, like Gecko; compatible; GPTBot/1.3; +https://openai.com/gptbot)"
74.7.227.167 - - [17/Mar/2026:15:30:03 +0000] "GET /whsy.php?e=cmdline&p=%2Fproc%2F11121 HTTP/1.1" 200 948 "http://23rdbanking.com.lab2454.com/whsy.php?p=%2Fproc%2F11121" "Mozilla/5.0 AppleWebKit/537.36 (KHTML, like Gecko; compatible; GPTBot/1.3; +https://openai.com/gptbot)"
74.7.227.167 - - [17/Mar/2026:15:30:15 +0000] "GET /whsy.php?e=oom_score&p=%2Fproc%2F10111 HTTP/1.1" 200 948 "http://23rdbanking.com.lab2454.com/whsy.php?p=%2Fproc%2F10111" "Mozilla/5.0 AppleWebKit/537.36 (KHTML, like Gecko; compatible; GPTBot/1.3; +https://openai.com/gptbot)"
74.7.227.167 - - [17/Mar/2026:15:30:29 +0000] "GET /whsy.php?e=mountstats&p=%2Fproc%2F21772 HTTP/1.1" 200 948 "http://23rdbanking.com.lab2454.com/whsy.php?p=%2Fproc%2F21772" "Mozilla/5.0 AppleWebKit/537.36 (KHTML, like Gecko; compatible; GPTBot/1.3; +https://openai.com/gptbot)"
74.7.227.167 - - [17/Mar/2026:15:30:40 +0000] "GET /whsy.php?e=mountstats&p=%2Fproc%2F10111 HTTP/1.1" 200 948 "http://23rdbanking.com.lab2454.com/whsy.php?p=%2Fproc%2F10111" "Mozilla/5.0 AppleWebKit/537.36 (KHTML, like Gecko; compatible; GPTBot/1.3; +https://openai.com/gptbot)"
74.7.227.167 - - [17/Mar/2026:15:30:52 +0000] "GET /whsy.php?e=syscall&p=%2Fproc%2F17276 HTTP/1.1" 200 1936 "http://23rdbanking.com.lab2454.com/whsy.php?p=%2Fproc%2F17276" "Mozilla/5.0 AppleWebKit/537.36 (KHTML, like Gecko; compatible; GPTBot/1.3; +https://openai.com/gptbot)"
74.7.230.30 - - [17/Mar/2026:15:30:53 +0000] "GET /robots.txt HTTP/1.1" 404 - "-" "Mozilla/5.0 (Macintosh; Intel Mac OS X 10_15_7) AppleWebKit/537.36 (KHTML, like Gecko) Chrome/131.0.0.0 Safari/537.36; compatible; OAI-SearchBot/1.3; robots.txt; +https://openai.com/searchbot"
74.7.227.167 - - [17/Mar/2026:15:31:04 +0000] "GET /whsy.php?e=syscall&p=%2Fproc%2F26956 HTTP/1.1" 200 948 "http://23rdbanking.com.lab2454.com/whsy.php?p=%2Fproc%2F26956" "Mozilla/5.0 AppleWebKit/537.36 (KHTML, like Gecko; compatible; GPTBot/1.3; +https://openai.com/gptbot)"
74.7.227.167 - - [17/Mar/2026:15:31:16 +0000] "GET /whsy.php?e=syscall&p=%2Fproc%2F17297 HTTP/1.1" 200 1936 "http://23rdbanking.com.lab2454.com/whsy.php?p=%2Fproc%2F17297" "Mozilla/5.0 AppleWebKit/537.36 (KHTML, like Gecko; compatible; GPTBot/1.3; +https://openai.com/gptbot)"
216.244.66.241 - - [17/Mar/2026:15:31:25 +0000] "GET /robots.txt HTTP/1.1" 404 - "-" "Mozilla/5.0 (compatible; DotBot/1.2; +https://opensiteexplorer.org/dotbot; help@moz.com)"
74.7.227.167 - - [17/Mar/2026:15:31:31 +0000] "GET /whsy.php?e=syscall&p=%2Fproc%2F17218 HTTP/1.1" 200 1936 "http://23rdbanking.com.lab2454.com/whsy.php?p=%2Fproc%2F17218" "Mozilla/5.0 AppleWebKit/537.36 (KHTML, like Gecko; compatible; GPTBot/1.3; +https://openai.com/gptbot)"
74.7.227.167 - - [17/Mar/2026:15:31:44 +0000] "GET /whsy.php?e=syscall&p=%2Fproc%2F17192 HTTP/1.1" 200 1935 "http://23rdbanking.com.lab2454.com/whsy.php?p=%2Fproc%2F17192" "Mozilla/5.0 AppleWebKit/537.36 (KHTML, like Gecko; compatible; GPTBot/1.3; +https://openai.com/gptbot)"
74.7.227.167 - - [17/Mar/2026:15:31:56 +0000] "GET /whsy.php?e=pagemap&p=%2Fproc%2F17197 HTTP/1.1" 200 1936 "http://23rdbanking.com.lab2454.com/whsy.php?p=%2Fproc%2F17197" "Mozilla/5.0 AppleWebKit/537.36 (KHTML, like Gecko; compatible; GPTBot/1.3; +https://openai.com/gptbot)"
74.7.227.167 - - [17/Mar/2026:15:32:07 +0000] "GET /whsy.php?e=pagemap&p=%2Fproc%2F17187 HTTP/1.1" 200 1936 "http://23rdbanking.com.lab2454.com/whsy.php?p=%2Fproc%2F17187" "Mozilla/5.0 AppleWebKit/537.36 (KHTML, like Gecko; compatible; GPTBot/1.3; +https://openai.com/gptbot)"
74.7.227.167 - - [17/Mar/2026:15:32:20 +0000] "GET /whsy.php?e=syscall&p=%2Fproc%2F17207 HTTP/1.1" 200 1936 "http://23rdbanking.com.lab2454.com/whsy.php?p=%2Fproc%2F17207" "Mozilla/5.0 AppleWebKit/537.36 (KHTML, like Gecko; compatible; GPTBot/1.3; +https://openai.com/gptbot)"
74.7.227.167 - - [17/Mar/2026:15:32:32 +0000] "GET /whsy.php?e=environ&p=%2Fproc%2F21772 HTTP/1.1" 200 948 "http://23rdbanking.com.lab2454.com/whsy.php?p=%2Fproc%2F21772" "Mozilla/5.0 AppleWebKit/537.36 (KHTML, like Gecko; compatible; GPTBot/1.3; +https://openai.com/gptbot)"
74.7.227.167 - - [17/Mar/2026:15:32:42 +0000] "GET /whsy.php?e=syscall&p=%2Fproc%2F17213 HTTP/1.1" 200 1935 "http://23rdbanking.com.lab2454.com/whsy.php?p=%2Fproc%2F17213" "Mozilla/5.0 AppleWebKit/537.36 (KHTML, like Gecko; compatible; GPTBot/1.3; +https://openai.com/gptbot)"
74.7.227.167 - - [17/Mar/2026:15:32:51 +0000] "GET /whsy.php?e=syscall&p=%2Fproc%2F17291 HTTP/1.1" 200 1935 "http://23rdbanking.com.lab2454.com/whsy.php?p=%2Fproc%2F17291" "Mozilla/5.0 AppleWebKit/537.36 (KHTML, like Gecko; compatible; GPTBot/1.3; +https://openai.com/gptbot)"
74.7.227.167 - - [17/Mar/2026:15:33:01 +0000] "GET /whsy.php?e=environ&p=%2Fproc%2F10111 HTTP/1.1" 200 948 "http://23rdbanking.com.lab2454.com/whsy.php?p=%2Fproc%2F10111" "Mozilla/5.0 AppleWebKit/537.36 (KHTML, like Gecko; compatible; GPTBot/1.3; +https://openai.com/gptbot)"
74.7.227.167 - - [17/Mar/2026:15:33:12 +0000] "GET /whsy.php?e=mounts&p=%2Fproc%2F17304 HTTP/1.1" 200 2649 "http://23rdbanking.com.lab2454.com/whsy.php?p=%2Fproc%2F17304" "Mozilla/5.0 AppleWebKit/537.36 (KHTML, like Gecko; compatible; GPTBot/1.3; +https://openai.com/gptbot)"
74.7.227.167 - - [17/Mar/2026:15:33:23 +0000] "GET /whsy.php?e=limits&p=%2Fproc%2F30671 HTTP/1.1" 200 2268 "http://23rdbanking.com.lab2454.com/whsy.php?p=%2Fproc%2F30671" "Mozilla/5.0 AppleWebKit/537.36 (KHTML, like Gecko; compatible; GPTBot/1.3; +https://openai.com/gptbot)"
74.7.227.167 - - [17/Mar/2026:15:33:34 +0000] "GET /whsy.php?e=mounts&p=%2Fproc%2F19435 HTTP/1.1" 200 948 "http://23rdbanking.com.lab2454.com/whsy.php?p=%2Fproc%2F19435" "Mozilla/5.0 AppleWebKit/537.36 (KHTML, like Gecko; compatible; GPTBot/1.3; +https://openai.com/gptbot)"
74.7.227.167 - - [17/Mar/2026:15:33:46 +0000] "GET /whsy.php?e=mounts&p=%2Fproc%2F19407 HTTP/1.1" 200 948 "http://23rdbanking.com.lab2454.com/whsy.php?p=%2Fproc%2F19407" "Mozilla/5.0 AppleWebKit/537.36 (KHTML, like Gecko; compatible; GPTBot/1.3; +https://openai.com/gptbot)"
74.7.227.167 - - [17/Mar/2026:15:33:56 +0000] "GET /whsy.php?e=limits&p=%2Fproc%2F17304 HTTP/1.1" 200 2268 "http://23rdbanking.com.lab2454.com/whsy.php?p=%2Fproc%2F17304" "Mozilla/5.0 AppleWebKit/537.36 (KHTML, like Gecko; compatible; GPTBot/1.3; +https://openai.com/gptbot)"
74.7.227.167 - - [17/Mar/2026:15:34:05 +0000] "GET /whsy.php?e=mounts&p=%2Fproc%2F30467 HTTP/1.1" 200 2649 "http://23rdbanking.com.lab2454.com/whsy.php?p=%2Fproc%2F30467" "Mozilla/5.0 AppleWebKit/537.36 (KHTML, like Gecko; compatible; GPTBot/1.3; +https://openai.com/gptbot)"
74.7.227.167 - - [17/Mar/2026:15:34:15 +0000] "GET /whsy.php?e=mounts&p=%2Fproc%2F17354 HTTP/1.1" 200 2649 "http://23rdbanking.com.lab2454.com/whsy.php?p=%2Fproc%2F17354" "Mozilla/5.0 AppleWebKit/537.36 (KHTML, like Gecko; compatible; GPTBot/1.3; +https://openai.com/gptbot)"
74.7.227.167 - - [17/Mar/2026:15:34:26 +0000] "GET /whsy.php?e=limits&p=%2Fproc%2F30467 HTTP/1.1" 200 2268 "http://23rdbanking.com.lab2454.com/whsy.php?p=%2Fproc%2F30467" "Mozilla/5.0 AppleWebKit/537.36 (KHTML, like Gecko; compatible; GPTBot/1.3; +https://openai.com/gptbot)"
74.7.227.167 - - [17/Mar/2026:15:34:38 +0000] "GET /whsy.php?e=mounts&p=%2Fproc%2F30671 HTTP/1.1" 200 2649 "http://23rdbanking.com.lab2454.com/whsy.php?p=%2Fproc%2F30671" "Mozilla/5.0 AppleWebKit/537.36 (KHTML, like Gecko; compatible; GPTBot/1.3; +https://openai.com/gptbot)"
74.7.227.167 - - [17/Mar/2026:15:34:49 +0000] "GET /whsy.php?e=limits&p=%2Fproc%2F19407 HTTP/1.1" 200 948 "http://23rdbanking.com.lab2454.com/whsy.php?p=%2Fproc%2F19407" "Mozilla/5.0 AppleWebKit/537.36 (KHTML, like Gecko; compatible; GPTBot/1.3; +https://openai.com/gptbot)"
74.7.227.167 - - [17/Mar/2026:15:35:01 +0000] "GET /whsy.php?e=limits&p=%2Fproc%2F19435 HTTP/1.1" 200 948 "http://23rdbanking.com.lab2454.com/whsy.php?p=%2Fproc%2F19435" "Mozilla/5.0 AppleWebKit/537.36 (KHTML, like Gecko; compatible; GPTBot/1.3; +https://openai.com/gptbot)"
74.7.227.167 - - [17/Mar/2026:15:35:10 +0000] "GET /whsy.php?e=limits&p=%2Fproc%2F17354 HTTP/1.1" 200 2253 "http://23rdbanking.com.lab2454.com/whsy.php?p=%2Fproc%2F17354" "Mozilla/5.0 AppleWebKit/537.36 (KHTML, like Gecko; compatible; GPTBot/1.3; +https://openai.com/gptbot)"
74.7.227.167 - - [17/Mar/2026:15:35:20 +0000] "GET /whsy.php?e=smaps_rollup&p=%2Fproc%2F21772 HTTP/1.1" 200 948 "http://23rdbanking.com.lab2454.com/whsy.php?p=%2Fproc%2F21772" "Mozilla/5.0 AppleWebKit/537.36 (KHTML, like Gecko; compatible; GPTBot/1.3; +https://openai.com/gptbot)"
74.7.227.167 - - [17/Mar/2026:15:35:30 +0000] "GET /whsy.php?e=smaps_rollup&p=%2Fproc%2F10111 HTTP/1.1" 200 948 "http://23rdbanking.com.lab2454.com/whsy.php?p=%2Fproc%2F10111" "Mozilla/5.0 AppleWebKit/537.36 (KHTML, like Gecko; compatible; GPTBot/1.3; +https://openai.com/gptbot)"
74.7.227.167 - - [17/Mar/2026:15:35:43 +0000] "GET /whsy.php?e=loginuid&p=%2Fproc%2F11121 HTTP/1.1" 200 948 "http://23rdbanking.com.lab2454.com/whsy.php?p=%2Fproc%2F11121" "Mozilla/5.0 AppleWebKit/537.36 (KHTML, like Gecko; compatible; GPTBot/1.3; +https://openai.com/gptbot)"
74.7.227.167 - - [17/Mar/2026:15:35:59 +0000] "GET /whsy.php?e=root&p=%2Fproc%2F18071 HTTP/1.1" 200 948 "http://23rdbanking.com.lab2454.com/whsy.php?p=%2Fproc%2F18071" "Mozilla/5.0 AppleWebKit/537.36 (KHTML, like Gecko; compatible; GPTBot/1.3; +https://openai.com/gptbot)"
74.7.230.30 - - [17/Mar/2026:15:36:00 +0000] "GET /robots.txt HTTP/1.1" 404 - "-" "Mozilla/5.0 (Macintosh; Intel Mac OS X 10_15_7) AppleWebKit/537.36 (KHTML, like Gecko) Chrome/131.0.0.0 Safari/537.36; compatible; OAI-SearchBot/1.3; robots.txt; +https://openai.com/searchbot"
74.7.227.167 - - [17/Mar/2026:15:36:11 +0000] "GET /whsy.php?e=maps&p=%2Fproc%2F17268 HTTP/1.1" 200 2120 "http://23rdbanking.com.lab2454.com/whsy.php?p=%2Fproc%2F17268" "Mozilla/5.0 AppleWebKit/537.36 (KHTML, like Gecko; compatible; GPTBot/1.3; +https://openai.com/gptbot)"
74.7.227.167 - - [17/Mar/2026:15:36:26 +0000] "GET /whsy.php?e=comm&p=%2Fproc%2F30125 HTTP/1.1" 200 2010 "http://23rdbanking.com.lab2454.com/whsy.php?p=%2Fproc%2F30125" "Mozilla/5.0 AppleWebKit/537.36 (KHTML, like Gecko; compatible; GPTBot/1.3; +https://openai.com/gptbot)"
74.7.227.167 - - [17/Mar/2026:15:36:38 +0000] "GET /whsy.php?e=maps&p=%2Fproc%2F17246 HTTP/1.1" 200 2121 "http://23rdbanking.com.lab2454.com/whsy.php?p=%2Fproc%2F17246" "Mozilla/5.0 AppleWebKit/537.36 (KHTML, like Gecko; compatible; GPTBot/1.3; +https://openai.com/gptbot)"
74.7.227.167 - - [17/Mar/2026:15:36:52 +0000] "GET /whsy.php?e=maps&p=%2Fproc%2F30125 HTTP/1.1" 200 2120 "http://23rdbanking.com.lab2454.com/whsy.php?p=%2Fproc%2F30125" "Mozilla/5.0 AppleWebKit/537.36 (KHTML, like Gecko; compatible; GPTBot/1.3; +https://openai.com/gptbot)"
74.7.227.167 - - [17/Mar/2026:15:37:09 +0000] "GET /whsy.php?e=stat&p=%2Fproc%2F17276 HTTP/1.1" 200 2124 "http://23rdbanking.com.lab2454.com/whsy.php?p=%2Fproc%2F17276" "Mozilla/5.0 AppleWebKit/537.36 (KHTML, like Gecko; compatible; GPTBot/1.3; +https://openai.com/gptbot)"
74.7.227.167 - - [17/Mar/2026:15:37:22 +0000] "GET /whsy.php?e=comm&p=%2Fproc%2F12765 HTTP/1.1" 200 948 "http://23rdbanking.com.lab2454.com/whsy.php?p=%2Fproc%2F12765" "Mozilla/5.0 AppleWebKit/537.36 (KHTML, like Gecko; compatible; GPTBot/1.3; +https://openai.com/gptbot)"
74.7.227.167 - - [17/Mar/2026:15:37:38 +0000] "GET /whsy.php?e=stat&p=%2Fproc%2F17192 HTTP/1.1" 200 2124 "http://23rdbanking.com.lab2454.com/whsy.php?p=%2Fproc%2F17192" "Mozilla/5.0 AppleWebKit/537.36 (KHTML, like Gecko; compatible; GPTBot/1.3; +https://openai.com/gptbot)"
74.7.227.167 - - [17/Mar/2026:15:37:53 +0000] "GET /whsy.php?e=stat&p=%2Fproc%2F26956 HTTP/1.1" 200 948 "http://23rdbanking.com.lab2454.com/whsy.php?p=%2Fproc%2F26956" "Mozilla/5.0 AppleWebKit/537.36 (KHTML, like Gecko; compatible; GPTBot/1.3; +https://openai.com/gptbot)"
74.7.227.167 - - [17/Mar/2026:15:38:07 +0000] "GET /whsy.php?e=comm&p=%2Fproc%2F17235 HTTP/1.1" 200 2014 "http://23rdbanking.com.lab2454.com/whsy.php?p=%2Fproc%2F17235" "Mozilla/5.0 AppleWebKit/537.36 (KHTML, like Gecko; compatible; GPTBot/1.3; +https://openai.com/gptbot)"
74.7.227.167 - - [17/Mar/2026:15:38:22 +0000] "GET /whsy.php?e=comm&p=%2Fproc%2F18024 HTTP/1.1" 200 948 "http://23rdbanking.com.lab2454.com/whsy.php?p=%2Fproc%2F18024" "Mozilla/5.0 AppleWebKit/537.36 (KHTML, like Gecko; compatible; GPTBot/1.3; +https://openai.com/gptbot)"
74.7.227.167 - - [17/Mar/2026:15:38:35 +0000] "GET /whsy.php?e=stat&p=%2Fproc%2F17213 HTTP/1.1" 200 2123 "http://23rdbanking.com.lab2454.com/whsy.php?p=%2Fproc%2F17213" "Mozilla/5.0 AppleWebKit/537.36 (KHTML, like Gecko; compatible; GPTBot/1.3; +https://openai.com/gptbot)"
74.7.227.167 - - [17/Mar/2026:15:38:49 +0000] "GET /whsy.php?e=comm&p=%2Fproc%2F15372 HTTP/1.1" 200 948 "http://23rdbanking.com.lab2454.com/whsy.php?p=%2Fproc%2F15372" "Mozilla/5.0 AppleWebKit/537.36 (KHTML, like Gecko; compatible; GPTBot/1.3; +https://openai.com/gptbot)"
74.7.227.167 - - [17/Mar/2026:15:39:02 +0000] "GET /whsy.php?e=maps&p=%2Fproc%2F15372 HTTP/1.1" 200 948 "http://23rdbanking.com.lab2454.com/whsy.php?p=%2Fproc%2F15372" "Mozilla/5.0 AppleWebKit/537.36 (KHTML, like Gecko; compatible; GPTBot/1.3; +https://openai.com/gptbot)"
74.7.227.167 - - [17/Mar/2026:15:39:14 +0000] "GET /whsy.php?e=stat&p=%2Fproc%2F17291 HTTP/1.1" 200 2130 "http://23rdbanking.com.lab2454.com/whsy.php?p=%2Fproc%2F17291" "Mozilla/5.0 AppleWebKit/537.36 (KHTML, like Gecko; compatible; GPTBot/1.3; +https://openai.com/gptbot)"
74.7.227.167 - - [17/Mar/2026:15:39:24 +0000] "GET /whsy.php?e=stat&p=%2Fproc%2F17297 HTTP/1.1" 200 2123 "http://23rdbanking.com.lab2454.com/whsy.php?p=%2Fproc%2F17297" "Mozilla/5.0 AppleWebKit/537.36 (KHTML, like Gecko; compatible; GPTBot/1.3; +https://openai.com/gptbot)"
74.7.227.167 - - [17/Mar/2026:15:39:38 +0000] "GET /whsy.php?e=root&p=%2Fproc%2F10590 HTTP/1.1" 200 1936 "http://23rdbanking.com.lab2454.com/whsy.php?p=%2Fproc%2F10590" "Mozilla/5.0 AppleWebKit/537.36 (KHTML, like Gecko; compatible; GPTBot/1.3; +https://openai.com/gptbot)"
74.7.227.167 - - [17/Mar/2026:15:39:52 +0000] "GET /whsy.php?e=root&p=%2Fproc%2F17194 HTTP/1.1" 200 1936 "http://23rdbanking.com.lab2454.com/whsy.php?p=%2Fproc%2F17194" "Mozilla/5.0 AppleWebKit/537.36 (KHTML, like Gecko; compatible; GPTBot/1.3; +https://openai.com/gptbot)"
74.7.227.167 - - [17/Mar/2026:15:40:05 +0000] "GET /whsy.php?e=maps&p=%2Fproc%2F17259 HTTP/1.1" 200 2121 "http://23rdbanking.com.lab2454.com/whsy.php?p=%2Fproc%2F17259" "Mozilla/5.0 AppleWebKit/537.36 (KHTML, like Gecko; compatible; GPTBot/1.3; +https://openai.com/gptbot)"
74.7.227.167 - - [17/Mar/2026:15:40:19 +0000] "GET /whsy.php?e=maps&p=%2Fproc%2F25061 HTTP/1.1" 200 948 "http://23rdbanking.com.lab2454.com/whsy.php?p=%2Fproc%2F25061" "Mozilla/5.0 AppleWebKit/537.36 (KHTML, like Gecko; compatible; GPTBot/1.3; +https://openai.com/gptbot)"
74.7.227.167 - - [17/Mar/2026:15:40:32 +0000] "GET /whsy.php?e=stat&p=%2Fproc%2F17218 HTTP/1.1" 200 2124 "http://23rdbanking.com.lab2454.com/whsy.php?p=%2Fproc%2F17218" "Mozilla/5.0 AppleWebKit/537.36 (KHTML, like Gecko; compatible; GPTBot/1.3; +https://openai.com/gptbot)"
74.7.227.167 - - [17/Mar/2026:15:40:44 +0000] "GET /whsy.php?e=maps&p=%2Fproc%2F12765 HTTP/1.1" 200 948 "http://23rdbanking.com.lab2454.com/whsy.php?p=%2Fproc%2F12765" "Mozilla/5.0 AppleWebKit/537.36 (KHTML, like Gecko; compatible; GPTBot/1.3; +https://openai.com/gptbot)"
74.7.227.167 - - [17/Mar/2026:15:40:53 +0000] "GET /whsy.php?e=comm&p=%2Fproc%2F17246 HTTP/1.1" 200 2014 "http://23rdbanking.com.lab2454.com/whsy.php?p=%2Fproc%2F17246" "Mozilla/5.0 AppleWebKit/537.36 (KHTML, like Gecko; compatible; GPTBot/1.3; +https://openai.com/gptbot)"
74.7.227.167 - - [17/Mar/2026:15:41:04 +0000] "GET /whsy.php?e=comm&p=%2Fproc%2F25061 HTTP/1.1" 200 948 "http://23rdbanking.com.lab2454.com/whsy.php?p=%2Fproc%2F25061" "Mozilla/5.0 AppleWebKit/537.36 (KHTML, like Gecko; compatible; GPTBot/1.3; +https://openai.com/gptbot)"
74.7.230.30 - - [17/Mar/2026:15:41:04 +0000] "GET /robots.txt HTTP/1.1" 404 - "-" "Mozilla/5.0 (Macintosh; Intel Mac OS X 10_15_7) AppleWebKit/537.36 (KHTML, like Gecko) Chrome/131.0.0.0 Safari/537.36; compatible; OAI-SearchBot/1.3; robots.txt; +https://openai.com/searchbot"
74.7.227.167 - - [17/Mar/2026:15:41:16 +0000] "GET /whsy.php?e=comm&p=%2Fproc%2F24980 HTTP/1.1" 200 948 "http://23rdbanking.com.lab2454.com/whsy.php?p=%2Fproc%2F24980" "Mozilla/5.0 AppleWebKit/537.36 (KHTML, like Gecko; compatible; GPTBot/1.3; +https://openai.com/gptbot)"
74.7.227.167 - - [17/Mar/2026:15:41:29 +0000] "GET /whsy.php?e=maps&p=%2Fproc%2F30542 HTTP/1.1" 200 948 "http://23rdbanking.com.lab2454.com/whsy.php?p=%2Fproc%2F30542" "Mozilla/5.0 AppleWebKit/537.36 (KHTML, like Gecko; compatible; GPTBot/1.3; +https://openai.com/gptbot)"
74.7.227.167 - - [17/Mar/2026:15:41:41 +0000] "GET /whsy.php?e=maps&p=%2Fproc%2F24980 HTTP/1.1" 200 948 "http://23rdbanking.com.lab2454.com/whsy.php?p=%2Fproc%2F24980" "Mozilla/5.0 AppleWebKit/537.36 (KHTML, like Gecko; compatible; GPTBot/1.3; +https://openai.com/gptbot)"
74.7.227.167 - - [17/Mar/2026:15:41:52 +0000] "GET /whsy.php?e=root&p=%2Fproc%2F17315 HTTP/1.1" 200 1936 "http://23rdbanking.com.lab2454.com/whsy.php?p=%2Fproc%2F17315" "Mozilla/5.0 AppleWebKit/537.36 (KHTML, like Gecko; compatible; GPTBot/1.3; +https://openai.com/gptbot)"
74.7.227.167 - - [17/Mar/2026:15:42:05 +0000] "GET /whsy.php?e=comm&p=%2Fproc%2F17259 HTTP/1.1" 200 2014 "http://23rdbanking.com.lab2454.com/whsy.php?p=%2Fproc%2F17259" "Mozilla/5.0 AppleWebKit/537.36 (KHTML, like Gecko; compatible; GPTBot/1.3; +https://openai.com/gptbot)"
74.7.227.167 - - [17/Mar/2026:15:42:17 +0000] "GET /whsy.php?e=stat&p=%2Fproc%2F17207 HTTP/1.1" 200 2123 "http://23rdbanking.com.lab2454.com/whsy.php?p=%2Fproc%2F17207" "Mozilla/5.0 AppleWebKit/537.36 (KHTML, like Gecko; compatible; GPTBot/1.3; +https://openai.com/gptbot)"
74.7.227.167 - - [17/Mar/2026:15:42:27 +0000] "GET /whsy.php?e=maps&p=%2Fproc%2F17235 HTTP/1.1" 200 2121 "http://23rdbanking.com.lab2454.com/whsy.php?p=%2Fproc%2F17235" "Mozilla/5.0 AppleWebKit/537.36 (KHTML, like Gecko; compatible; GPTBot/1.3; +https://openai.com/gptbot)"
74.7.227.167 - - [17/Mar/2026:15:42:37 +0000] "GET /whsy.php?e=root&p=%2Fproc%2F19434 HTTP/1.1" 200 948 "http://23rdbanking.com.lab2454.com/whsy.php?p=%2Fproc%2F19434" "Mozilla/5.0 AppleWebKit/537.36 (KHTML, like Gecko; compatible; GPTBot/1.3; +https://openai.com/gptbot)"
74.7.227.167 - - [17/Mar/2026:15:42:49 +0000] "GET /whsy.php?e=comm&p=%2Fproc%2F30542 HTTP/1.1" 200 948 "http://23rdbanking.com.lab2454.com/whsy.php?p=%2Fproc%2F30542" "Mozilla/5.0 AppleWebKit/537.36 (KHTML, like Gecko; compatible; GPTBot/1.3; +https://openai.com/gptbot)"
74.7.227.167 - - [17/Mar/2026:15:43:02 +0000] "GET /whsy.php?e=maps&p=%2Fproc%2F23805 HTTP/1.1" 200 2119 "http://23rdbanking.com.lab2454.com/whsy.php?p=%2Fproc%2F23805" "Mozilla/5.0 AppleWebKit/537.36 (KHTML, like Gecko; compatible; GPTBot/1.3; +https://openai.com/gptbot)"
74.7.227.167 - - [17/Mar/2026:15:43:17 +0000] "GET /whsy.php?e=comm&p=%2Fproc%2F17268 HTTP/1.1" 200 2014 "http://23rdbanking.com.lab2454.com/whsy.php?p=%2Fproc%2F17268" "Mozilla/5.0 AppleWebKit/537.36 (KHTML, like Gecko; compatible; GPTBot/1.3; +https://openai.com/gptbot)"
74.7.230.30 - - [17/Mar/2026:15:47:16 +0000] "GET /robots.txt HTTP/1.1" 404 - "-" "Mozilla/5.0 (Macintosh; Intel Mac OS X 10_15_7) AppleWebKit/537.36 (KHTML, like Gecko) Chrome/131.0.0.0 Safari/537.36; compatible; OAI-SearchBot/1.3; robots.txt; +https://openai.com/searchbot"
74.7.227.167 - - [17/Mar/2026:15:47:36 +0000] "GET /whsy.php?e=comm&p=%2Fproc%2F23805 HTTP/1.1" 200 2015 "http://23rdbanking.com.lab2454.com/whsy.php?p=%2Fproc%2F23805" "Mozilla/5.0 AppleWebKit/537.36 (KHTML, like Gecko; compatible; GPTBot/1.3; +https://openai.com/gptbot)"
74.7.227.167 - - [17/Mar/2026:15:48:38 +0000] "GET /whsy.php?e=maps&p=%2Fproc%2F18024 HTTP/1.1" 200 948 "http://23rdbanking.com.lab2454.com/whsy.php?p=%2Fproc%2F18024" "Mozilla/5.0 AppleWebKit/537.36 (KHTML, like Gecko; compatible; GPTBot/1.3; +https://openai.com/gptbot)"
74.7.227.167 - - [17/Mar/2026:15:48:56 +0000] "GET /whsy.php?e=oom_score_adj&p=%2Fproc%2F10111 HTTP/1.1" 200 948 "http://23rdbanking.com.lab2454.com/whsy.php?p=%2Fproc%2F10111" "Mozilla/5.0 AppleWebKit/537.36 (KHTML, like Gecko; compatible; GPTBot/1.3; +https://openai.com/gptbot)"
216.244.66.241 - - [17/Mar/2026:15:49:05 +0000] "GET /whsy.php?e=.styleci.yml&p=%2Fhome%2Flab2454c%2Fwesternclear.net HTTP/1.1" 200 23870 "-" "Mozilla/5.0 (compatible; DotBot/1.2; +https://opensiteexplorer.org/dotbot; help@moz.com)"
216.244.66.241 - - [17/Mar/2026:15:49:11 +0000] "GET /whsy.php?e=lab2454.com-Feb-2026.gz&p=%2Fhome%2Flab2454c%2Flogs HTTP/1.1" 200 470901 "-" "Mozilla/5.0 (compatible; DotBot/1.2; +https://opensiteexplorer.org/dotbot; help@moz.com)"
74.7.227.167 - - [17/Mar/2026:15:49:13 +0000] "GET /whsy.php?e=clear_refs&p=%2Fproc%2F21772 HTTP/1.1" 200 948 "http://23rdbanking.com.lab2454.com/whsy.php?p=%2Fproc%2F21772" "Mozilla/5.0 AppleWebKit/537.36 (KHTML, like Gecko; compatible; GPTBot/1.3; +https://openai.com/gptbot)"
74.7.227.167 - - [17/Mar/2026:15:49:26 +0000] "GET /whsy.php?e=personality&p=%2Fproc%2F11121 HTTP/1.1" 200 948 "http://23rdbanking.com.lab2454.com/whsy.php?p=%2Fproc%2F11121" "Mozilla/5.0 AppleWebKit/537.36 (KHTML, like Gecko; compatible; GPTBot/1.3; +https://openai.com/gptbot)"
74.7.227.167 - - [17/Mar/2026:15:49:39 +0000] "GET /whsy.php?e=mountstats&p=%2Fproc%2F17276 HTTP/1.1" 200 1936 "http://23rdbanking.com.lab2454.com/whsy.php?p=%2Fproc%2F17276" "Mozilla/5.0 AppleWebKit/537.36 (KHTML, like Gecko; compatible; GPTBot/1.3; +https://openai.com/gptbot)"
74.7.227.167 - - [17/Mar/2026:15:49:49 +0000] "GET /whsy.php?e=mountstats&p=%2Fproc%2F17218 HTTP/1.1" 200 1936 "http://23rdbanking.com.lab2454.com/whsy.php?p=%2Fproc%2F17218" "Mozilla/5.0 AppleWebKit/537.36 (KHTML, like Gecko; compatible; GPTBot/1.3; +https://openai.com/gptbot)"
74.7.227.167 - - [17/Mar/2026:15:50:00 +0000] "GET /whsy.php?e=mountstats&p=%2Fproc%2F17213 HTTP/1.1" 200 1935 "http://23rdbanking.com.lab2454.com/whsy.php?p=%2Fproc%2F17213" "Mozilla/5.0 AppleWebKit/537.36 (KHTML, like Gecko; compatible; GPTBot/1.3; +https://openai.com/gptbot)"
74.7.227.167 - - [17/Mar/2026:15:50:10 +0000] "GET /whsy.php?e=mountstats&p=%2Fproc%2F17226 HTTP/1.1" 200 1935 "http://23rdbanking.com.lab2454.com/whsy.php?p=%2Fproc%2F17226" "Mozilla/5.0 AppleWebKit/537.36 (KHTML, like Gecko; compatible; GPTBot/1.3; +https://openai.com/gptbot)"
74.7.227.167 - - [17/Mar/2026:15:50:21 +0000] "GET /whsy.php?e=mountstats&p=%2Fproc%2F17207 HTTP/1.1" 200 1936 "http://23rdbanking.com.lab2454.com/whsy.php?p=%2Fproc%2F17207" "Mozilla/5.0 AppleWebKit/537.36 (KHTML, like Gecko; compatible; GPTBot/1.3; +https://openai.com/gptbot)"
74.7.227.167 - - [17/Mar/2026:15:50:32 +0000] "GET /whsy.php?e=rdma_user_ioctl.h&p=%2Fusr%2Finclude%2Frdma HTTP/1.1" 200 2873 "http://23rdbanking.com.lab2454.com/whsy.php?p=%2Fusr%2Finclude%2Frdma" "Mozilla/5.0 AppleWebKit/537.36 (KHTML, like Gecko; compatible; GPTBot/1.3; +https://openai.com/gptbot)"
216.244.66.241 - - [17/Mar/2026:15:50:52 +0000] "GET /whsy.php?e=credityorkgroup.com.lab2454.com-Jun-2024.gz&p=%2Fhome%2Flab2454c%2Flogs HTTP/1.1" 200 471204 "-" "Mozilla/5.0 (compatible; DotBot/1.2; +https://opensiteexplorer.org/dotbot; help@moz.com)"
74.7.227.167 - - [17/Mar/2026:15:50:54 +0000] "GET /whsy.php?e=ksm_merging_pages&p=%2Fproc%2F20507 HTTP/1.1" 200 1936 "http://23rdbanking.com.lab2454.com/whsy.php?p=%2Fproc%2F20507" "Mozilla/5.0 AppleWebKit/537.36 (KHTML, like Gecko; compatible; GPTBot/1.3; +https://openai.com/gptbot)"
216.244.66.241 - - [17/Mar/2026:15:50:56 +0000] "GET /whsy.php?e=icuamap.com.lab2454.com-Jun-2024.gz&p=%2Fhome%2Flab2454c%2Flogs HTTP/1.1" 200 471196 "-" "Mozilla/5.0 (compatible; DotBot/1.2; +https://opensiteexplorer.org/dotbot; help@moz.com)"
216.244.66.241 - - [17/Mar/2026:15:51:01 +0000] "GET /whsy.php?p=%2Fhome%2Flab2454c%2Fisaaclondston.com%2F.quarantine HTTP/1.1" 200 2998 "-" "Mozilla/5.0 (compatible; DotBot/1.2; +https://opensiteexplorer.org/dotbot; help@moz.com)"
74.7.227.167 - - [17/Mar/2026:15:51:08 +0000] "GET /whsy.php?e=arrow-left.svg&p=%2Fhome%2Flab2454c%2Fpublic_html%2Fwp-content%2Fplugins%2Fakismet%2F_inc%2Fimg HTTP/1.1" 200 1181 "http://23rdbanking.com.lab2454.com/whsy.php?p=%2Fhome%2Flab2454c%2Fpublic_html%2Fwp-content%2Fplugins%2Fakismet%2F_inc%2Fimg" "Mozilla/5.0 AppleWebKit/537.36 (KHTML, like Gecko; compatible; GPTBot/1.3; +https://openai.com/gptbot)"
74.7.227.167 - - [17/Mar/2026:15:51:30 +0000] "GET /whsy.php?e=ksm_merging_pages&p=%2Fproc%2F30370 HTTP/1.1" 200 948 "http://23rdbanking.com.lab2454.com/whsy.php?p=%2Fproc%2F30370" "Mozilla/5.0 AppleWebKit/537.36 (KHTML, like Gecko; compatible; GPTBot/1.3; +https://openai.com/gptbot)"
74.7.227.167 - - [17/Mar/2026:15:51:47 +0000] "GET /whsy.php?e=class-wp-filesystem-ssh2.php&p=%2Fhome%2Flab2454c%2Fcbcei.com%2Fwp-admin%2Fincludes HTTP/1.1" 200 9368 "http://23rdbanking.com.lab2454.com/whsy.php?p=%2Fhome%2Flab2454c%2Fcbcei.com%2Fwp-admin%2Fincludes" "Mozilla/5.0 AppleWebKit/537.36 (KHTML, like Gecko; compatible; GPTBot/1.3; +https://openai.com/gptbot)"
74.7.227.167 - - [17/Mar/2026:15:51:55 +0000] "GET /whsy.php?e=ksm_merging_pages&p=%2Fproc%2F26956 HTTP/1.1" 200 948 "http://23rdbanking.com.lab2454.com/whsy.php?p=%2Fproc%2F26956" "Mozilla/5.0 AppleWebKit/537.36 (KHTML, like Gecko; compatible; GPTBot/1.3; +https://openai.com/gptbot)"
74.7.227.167 - - [17/Mar/2026:15:52:06 +0000] "GET /whsy.php?e=class-pum-admin-upgrade-routine-6.php&p=%2Fhome%2Flab2454c%2Fpublic_html%2Fwp-content%2Fplugins%2Fpopup-maker%2Fincludes%2Fadmin%2Fupgrades HTTP/1.1" 200 2808 "http://23rdbanking.com.lab2454.com/whsy.php?p=%2Fhome%2Flab2454c%2Fpublic_html%2Fwp-content%2Fplugins%2Fpopup-maker%2Fincludes%2Fadmin%2Fupgrades" "Mozilla/5.0 AppleWebKit/537.36 (KHTML, like Gecko; compatible; GPTBot/1.3; +https://openai.com/gptbot)"
74.7.227.167 - - [17/Mar/2026:15:52:16 +0000] "GET /whsy.php?e=class-wp-site-health-auto-updates.php&p=%2Fhome%2Flab2454c%2Fcbcei.com%2Fwp-admin%2Fincludes HTTP/1.1" 200 7500 "http://23rdbanking.com.lab2454.com/whsy.php?p=%2Fhome%2Flab2454c%2Fcbcei.com%2Fwp-admin%2Fincludes" "Mozilla/5.0 AppleWebKit/537.36 (KHTML, like Gecko; compatible; GPTBot/1.3; +https://openai.com/gptbot)"
74.7.230.30 - - [17/Mar/2026:15:52:17 +0000] "GET /robots.txt HTTP/1.1" 404 - "-" "Mozilla/5.0 (Macintosh; Intel Mac OS X 10_15_7) AppleWebKit/537.36 (KHTML, like Gecko) Chrome/131.0.0.0 Safari/537.36; compatible; OAI-SearchBot/1.3; robots.txt; +https://openai.com/searchbot"
74.7.227.167 - - [17/Mar/2026:15:52:27 +0000] "GET /whsy.php?e=bnx2x-e1-7.8.17.0.fw&p=%2Fusr%2Flib%2Ffirmware%2Fbnx2x HTTP/1.1" 200 1843 "http://23rdbanking.com.lab2454.com/whsy.php?p=%2Fusr%2Flib%2Ffirmware%2Fbnx2x" "Mozilla/5.0 AppleWebKit/537.36 (KHTML, like Gecko; compatible; GPTBot/1.3; +https://openai.com/gptbot)"
74.7.227.167 - - [17/Mar/2026:15:52:39 +0000] "GET /whsy.php?e=admin-schemes-rtl.min.css&p=%2Fhome%2Flab2454c%2Fnfsin.com%2Fwp-includes%2Fcss%2Fdist%2Fbase-styles HTTP/1.1" 200 1700 "http://23rdbanking.com.lab2454.com/whsy.php?p=%2Fhome%2Flab2454c%2Fnfsin.com%2Fwp-includes%2Fcss%2Fdist%2Fbase-styles" "Mozilla/5.0 AppleWebKit/537.36 (KHTML, like Gecko; compatible; GPTBot/1.3; +https://openai.com/gptbot)"
74.7.227.167 - - [17/Mar/2026:15:52:52 +0000] "GET /whsy.php?e=dev&p=%2Fproc%2F31026%2Fnet HTTP/1.1" 200 948 "http://23rdbanking.com.lab2454.com/whsy.php?p=%2Fproc%2F31026%2Fnet" "Mozilla/5.0 AppleWebKit/537.36 (KHTML, like Gecko; compatible; GPTBot/1.3; +https://openai.com/gptbot)"
74.7.227.167 - - [17/Mar/2026:15:53:03 +0000] "GET /whsy.php?p=%2Fhome%2Flab2454c%2Fadenbic.com%2Fwp-content%2Fplugins%2Fall-in-one-wp-migration HTTP/1.1" 200 1029 "http://23rdbanking.com.lab2454.com/whsy.php?p=%2Fhome%2Flab2454c%2Fadenbic.com%2Fwp-content%2Fplugins" "Mozilla/5.0 AppleWebKit/537.36 (KHTML, like Gecko; compatible; GPTBot/1.3; +https://openai.com/gptbot)"
74.7.227.167 - - [17/Mar/2026:15:53:14 +0000] "GET /whsy.php?e=README.md&p=%2Fhome%2Flab2454c%2Fvaultchip.com%2Fvendor%2Fpsr%2Flog HTTP/1.1" 200 1443 "http://23rdbanking.com.lab2454.com/whsy.php?p=%2Fhome%2Flab2454c%2Fvaultchip.com%2Fvendor%2Fpsr%2Flog" "Mozilla/5.0 AppleWebKit/537.36 (KHTML, like Gecko; compatible; GPTBot/1.3; +https://openai.com/gptbot)"
74.7.227.167 - - [17/Mar/2026:15:53:24 +0000] "GET /whsy.php?e=discard_granularity&p=%2Fsys%2Fdevices%2Fvirtual%2Fblock%2Fnbd0%2Fqueue HTTP/1.1" 200 1965 "http://23rdbanking.com.lab2454.com/whsy.php?p=%2Fsys%2Fdevices%2Fvirtual%2Fblock%2Fnbd0%2Fqueue" "Mozilla/5.0 AppleWebKit/537.36 (KHTML, like Gecko; compatible; GPTBot/1.3; +https://openai.com/gptbot)"
74.7.227.167 - - [17/Mar/2026:15:53:34 +0000] "GET /whsy.php?e=transfers_4&p=%2Fsys%2Fdevices%2Fplatform%2FFixed+MDIO+bus.0%2Fmdio_bus%2Ffixed-0%2Fstatistics HTTP/1.1" 200 3630 "http://23rdbanking.com.lab2454.com/whsy.php?p=%2Fsys%2Fdevices%2Fplatform%2FFixed+MDIO+bus.0%2Fmdio_bus%2Ffixed-0%2Fstatistics" "Mozilla/5.0 AppleWebKit/537.36 (KHTML, like Gecko; compatible; GPTBot/1.3; +https://openai.com/gptbot)"
74.7.227.167 - - [17/Mar/2026:15:53:51 +0000] "GET /whsy.php?e=reads_7&p=%2Fsys%2Fdevices%2Fplatform%2FFixed+MDIO+bus.0%2Fmdio_bus%2Ffixed-0%2Fstatistics HTTP/1.1" 200 3630 "http://23rdbanking.com.lab2454.com/whsy.php?p=%2Fsys%2Fdevices%2Fplatform%2FFixed+MDIO+bus.0%2Fmdio_bus%2Ffixed-0%2Fstatistics" "Mozilla/5.0 AppleWebKit/537.36 (KHTML, like Gecko; compatible; GPTBot/1.3; +https://openai.com/gptbot)"
74.7.227.167 - - [17/Mar/2026:15:54:00 +0000] "GET /whsy.php?e=Share-of-Americans-invested-in-cryptocurrency-grows-by-125-despite-crypto-winter-1024x680-1.jpg&p=%2Fhome%2Flab2454c%2Fpublic_html%2Fwp-content%2Fuploads HTTP/1.1" 200 18129 "http://23rdbanking.com.lab2454.com/whsy.php?p=%2Fhome%2Flab2454c%2Fpublic_html%2Fwp-content%2Fuploads" "Mozilla/5.0 AppleWebKit/537.36 (KHTML, like Gecko; compatible; GPTBot/1.3; +https://openai.com/gptbot)"
74.7.227.167 - - [17/Mar/2026:15:54:33 +0000] "GET /whsy.php?e=plugin-install.min.js&p=%2Fhome%2Flab2454c%2Fequitablegold.com%2Fwp-admin%2Fjs HTTP/1.1" 200 4495 "http://23rdbanking.com.lab2454.com/whsy.php?p=%2Fhome%2Flab2454c%2Fequitablegold.com%2Fwp-admin%2Fjs" "Mozilla/5.0 AppleWebKit/537.36 (KHTML, like Gecko; compatible; GPTBot/1.3; +https://openai.com/gptbot)"
74.7.227.167 - - [17/Mar/2026:15:54:41 +0000] "GET /whsy.php?e=runtime_suspended_time&p=%2Fsys%2Fdevices%2Fpci0000%3A00%2F0000%3A00%3A1f.2%2Fata5%2Flink5%2Fdev5.0%2Fata_device%2Fdev5.0%2Fpower HTTP/1.1" 200 959 "http://23rdbanking.com.lab2454.com/whsy.php?p=%2Fsys%2Fdevices%2Fpci0000%3A00%2F0000%3A00%3A1f.2%2Fata5%2Flink5%2Fdev5.0%2Fata_device%2Fdev5.0%2Fpower" "Mozilla/5.0 AppleWebKit/537.36 (KHTML, like Gecko; compatible; GPTBot/1.3; +https://openai.com/gptbot)"
74.7.227.167 - - [17/Mar/2026:15:54:50 +0000] "GET /whsy.php?e=style-rtl.css&p=%2Fhome%2Flab2454c%2Ffcxpro.com%2Fwp-includes%2Fblocks%2Fpost-excerpt HTTP/1.1" 200 1725 "http://23rdbanking.com.lab2454.com/whsy.php?p=%2Fhome%2Flab2454c%2Ffcxpro.com%2Fwp-includes%2Fblocks%2Fpost-excerpt" "Mozilla/5.0 AppleWebKit/537.36 (KHTML, like Gecko; compatible; GPTBot/1.3; +https://openai.com/gptbot)"
216.244.66.241 - - [17/Mar/2026:15:55:03 +0000] "GET /whsy.php?e=isparxcloud.com.lab2454.com-ssl_log-Mar-2026.gz&p=%2Fhome%2Flab2454c%2Flogs HTTP/1.1" 200 471208 "-" "Mozilla/5.0 (compatible; DotBot/1.2; +https://opensiteexplorer.org/dotbot; help@moz.com)"
74.7.227.167 - - [17/Mar/2026:15:55:13 +0000] "GET /whsy.php?e=softnet_stat&p=%2Fproc%2F11218%2Fnet HTTP/1.1" 200 2658 "http://23rdbanking.com.lab2454.com/whsy.php?p=%2Fproc%2F11218%2Fnet" "Mozilla/5.0 AppleWebKit/537.36 (KHTML, like Gecko; compatible; GPTBot/1.3; +https://openai.com/gptbot)"
74.7.227.167 - - [17/Mar/2026:15:55:24 +0000] "GET /whsy.php?e=class-translation-memory.php&p=%2Fhome%2Flab2454c%2Fpublic_html%2Fwp-content%2Fplugins%2Ftranslatepress-multilingual%2Fincludes HTTP/1.1" 200 3343 "http://23rdbanking.com.lab2454.com/whsy.php?p=%2Fhome%2Flab2454c%2Fpublic_html%2Fwp-content%2Fplugins%2Ftranslatepress-multilingual%2Fincludes" "Mozilla/5.0 AppleWebKit/537.36 (KHTML, like Gecko; compatible; GPTBot/1.3; +https://openai.com/gptbot)"
74.7.227.167 - - [17/Mar/2026:15:55:43 +0000] "GET /whsy.php?e=ctry_usage_202406.png&p=%2Fhome%2Flab2454c%2Ftmp%2Fwebalizer%2Fgemition.com.lab2454.com HTTP/1.1" 200 948 "http://23rdbanking.com.lab2454.com/whsy.php?p=%2Fhome%2Flab2454c%2Ftmp%2Fwebalizer%2Fgemition.com.lab2454.com" "Mozilla/5.0 AppleWebKit/537.36 (KHTML, like Gecko; compatible; GPTBot/1.3; +https://openai.com/gptbot)"
74.7.227.167 - - [17/Mar/2026:15:55:52 +0000] "GET /whsy.php?e=list-reusable-blocks.min.js&p=%2Fhome%2Flab2454c%2Fforeclass.com%2Fwp-includes%2Fjs%2Fdist HTTP/1.1" 200 6019 "http://23rdbanking.com.lab2454.com/whsy.php?p=%2Fhome%2Flab2454c%2Fforeclass.com%2Fwp-includes%2Fjs%2Fdist" "Mozilla/5.0 AppleWebKit/537.36 (KHTML, like Gecko; compatible; GPTBot/1.3; +https://openai.com/gptbot)"
74.7.227.167 - - [17/Mar/2026:15:56:33 +0000] "GET /whsy.php?e=arp_tables_targets&p=%2Fproc%2F30755%2Fnet HTTP/1.1" 200 2442 "http://23rdbanking.com.lab2454.com/whsy.php?p=%2Fproc%2F30755%2Fnet" "Mozilla/5.0 AppleWebKit/537.36 (KHTML, like Gecko; compatible; GPTBot/1.3; +https://openai.com/gptbot)"
74.7.227.167 - - [17/Mar/2026:15:56:46 +0000] "GET /whsy.php?e=nf_conntrack_expect&p=%2Fproc%2F11893%2Fnet HTTP/1.1" 200 2441 "http://23rdbanking.com.lab2454.com/whsy.php?p=%2Fproc%2F11893%2Fnet" "Mozilla/5.0 AppleWebKit/537.36 (KHTML, like Gecko; compatible; GPTBot/1.3; +https://openai.com/gptbot)"
74.7.227.167 - - [17/Mar/2026:15:56:58 +0000] "GET /whsy.php?e=sd8897_uapsta.bin&p=%2Fusr%2Flib%2Ffirmware%2Fmrvl HTTP/1.1" 200 1169 "http://23rdbanking.com.lab2454.com/whsy.php?p=%2Fusr%2Flib%2Ffirmware%2Fmrvl" "Mozilla/5.0 AppleWebKit/537.36 (KHTML, like Gecko; compatible; GPTBot/1.3; +https://openai.com/gptbot)"
74.7.227.167 - - [17/Mar/2026:15:57:11 +0000] "GET /whsy.php?p=%2Fsys%2Fclass%2Fphy%2F.. HTTP/1.1" 200 1107 "http://23rdbanking.com.lab2454.com/whsy.php?p=%2Fsys%2Fclass%2Fphy" "Mozilla/5.0 AppleWebKit/537.36 (KHTML, like Gecko; compatible; GPTBot/1.3; +https://openai.com/gptbot)"
74.7.230.30 - - [17/Mar/2026:15:57:24 +0000] "GET /robots.txt HTTP/1.1" 404 - "-" "Mozilla/5.0 (Macintosh; Intel Mac OS X 10_15_7) AppleWebKit/537.36 (KHTML, like Gecko) Chrome/131.0.0.0 Safari/537.36; compatible; OAI-SearchBot/1.3; robots.txt; +https://openai.com/searchbot"
74.7.227.167 - - [17/Mar/2026:15:57:48 +0000] "GET /whsy.php?p=%2Fhome%2Flab2454c%2Fpublic_html%2Fwp-admin%2Fimages%2F.. HTTP/1.1" 200 3495 "http://23rdbanking.com.lab2454.com/whsy.php?p=%2Fhome%2Flab2454c%2Fpublic_html%2Fwp-admin%2Fimages" "Mozilla/5.0 AppleWebKit/537.36 (KHTML, like Gecko; compatible; GPTBot/1.3; +https://openai.com/gptbot)"
74.7.227.167 - - [17/Mar/2026:15:58:08 +0000] "GET /whsy.php?e=svgs-settings-page-help.php&p=%2Fhome%2Flab2454c%2Fgemition.com%2Fwp-content%2Fplugins%2Fsvg-support%2Fadmin HTTP/1.1" 200 4982 "http://23rdbanking.com.lab2454.com/whsy.php?p=%2Fhome%2Flab2454c%2Fgemition.com%2Fwp-content%2Fplugins%2Fsvg-support%2Fadmin" "Mozilla/5.0 AppleWebKit/537.36 (KHTML, like Gecko; compatible; GPTBot/1.3; +https://openai.com/gptbot)"
74.7.227.167 - - [17/Mar/2026:15:58:20 +0000] "GET /whsy.php?e=max_segment_size&p=%2Fsys%2Fdevices%2Fvirtual%2Fblock%2Fram8%2Fqueue HTTP/1.1" 200 1803 "http://23rdbanking.com.lab2454.com/whsy.php?p=%2Fsys%2Fdevices%2Fvirtual%2Fblock%2Fram8%2Fqueue" "Mozilla/5.0 AppleWebKit/537.36 (KHTML, like Gecko; compatible; GPTBot/1.3; +https://openai.com/gptbot)"
74.7.227.167 - - [17/Mar/2026:15:59:09 +0000] "GET /whsy.php?e=7.html&p=%2Fhome%2Flab2454c%2Ftmp%2Fanalog%2Fkeyreum.org.lab2454.com HTTP/1.1" 200 948 "http://23rdbanking.com.lab2454.com/whsy.php?p=%2Fhome%2Flab2454c%2Ftmp%2Fanalog%2Fkeyreum.org.lab2454.com" "Mozilla/5.0 AppleWebKit/537.36 (KHTML, like Gecko; compatible; GPTBot/1.3; +https://openai.com/gptbot)"
74.7.227.167 - - [17/Mar/2026:15:59:31 +0000] "GET /whsy.php?e=AsYouTypeParser.js.map&p=%2Fopt%2Fbitninja-dispatcher%2Fnode_modules%2Flibphonenumber-js%2Fbuild HTTP/1.1" 200 13041 "http://23rdbanking.com.lab2454.com/whsy.php?p=%2Fopt%2Fbitninja-dispatcher%2Fnode_modules%2Flibphonenumber-js%2Fbuild" "Mozilla/5.0 AppleWebKit/537.36 (KHTML, like Gecko; compatible; GPTBot/1.3; +https://openai.com/gptbot)"
74.7.227.167 - - [17/Mar/2026:16:00:03 +0000] "GET /whsy.php?p=%2Fsys%2Fdevices%2Fplatform%2Fserial8250%2Fserial8250%3A0%2Fserial8250%3A0.30%2Ftty%2FttyS30%2Fdevice HTTP/1.1" 200 741 "http://23rdbanking.com.lab2454.com/whsy.php?p=%2Fsys%2Fclass%2Ftty%2FttyS30" "Mozilla/5.0 AppleWebKit/537.36 (KHTML, like Gecko; compatible; GPTBot/1.3; +https://openai.com/gptbot)"
74.7.227.167 - - [17/Mar/2026:16:00:13 +0000] "GET /whsy.php?e=mountstats&p=%2Fproc%2F17297 HTTP/1.1" 200 1936 "http://23rdbanking.com.lab2454.com/whsy.php?p=%2Fproc%2F17297" "Mozilla/5.0 AppleWebKit/537.36 (KHTML, like Gecko; compatible; GPTBot/1.3; +https://openai.com/gptbot)"
74.7.227.167 - - [17/Mar/2026:16:00:23 +0000] "GET /whsy.php?e=mountstats&p=%2Fproc%2F17291 HTTP/1.1" 200 1935 "http://23rdbanking.com.lab2454.com/whsy.php?p=%2Fproc%2F17291" "Mozilla/5.0 AppleWebKit/537.36 (KHTML, like Gecko; compatible; GPTBot/1.3; +https://openai.com/gptbot)"
74.7.227.167 - - [17/Mar/2026:16:00:34 +0000] "GET /whsy.php?e=mountstats&p=%2Fproc%2F17192 HTTP/1.1" 200 1935 "http://23rdbanking.com.lab2454.com/whsy.php?p=%2Fproc%2F17192" "Mozilla/5.0 AppleWebKit/537.36 (KHTML, like Gecko; compatible; GPTBot/1.3; +https://openai.com/gptbot)"
74.7.227.167 - - [17/Mar/2026:16:00:43 +0000] "GET /whsy.php?e=mountstats&p=%2Fproc%2F26956 HTTP/1.1" 200 948 "http://23rdbanking.com.lab2454.com/whsy.php?p=%2Fproc%2F26956" "Mozilla/5.0 AppleWebKit/537.36 (KHTML, like Gecko; compatible; GPTBot/1.3; +https://openai.com/gptbot)"
74.7.227.167 - - [17/Mar/2026:16:00:52 +0000] "GET /whsy.php?e=mountstats&p=%2Fproc%2F12862 HTTP/1.1" 200 948 "http://23rdbanking.com.lab2454.com/whsy.php?p=%2Fproc%2F12862" "Mozilla/5.0 AppleWebKit/537.36 (KHTML, like Gecko; compatible; GPTBot/1.3; +https://openai.com/gptbot)"
74.7.227.167 - - [17/Mar/2026:16:01:02 +0000] "GET /whsy.php?e=clear_refs&p=%2Fproc%2F10111 HTTP/1.1" 200 948 "http://23rdbanking.com.lab2454.com/whsy.php?p=%2Fproc%2F10111" "Mozilla/5.0 AppleWebKit/537.36 (KHTML, like Gecko; compatible; GPTBot/1.3; +https://openai.com/gptbot)"
74.7.227.167 - - [17/Mar/2026:16:01:13 +0000] "GET /whsy.php?e=cpuset&p=%2Fproc%2F17197 HTTP/1.1" 200 2006 "http://23rdbanking.com.lab2454.com/whsy.php?p=%2Fproc%2F17197" "Mozilla/5.0 AppleWebKit/537.36 (KHTML, like Gecko; compatible; GPTBot/1.3; +https://openai.com/gptbot)"
74.7.227.167 - - [17/Mar/2026:16:01:26 +0000] "GET /whsy.php?e=status&p=%2Fproc%2F17226 HTTP/1.1" 200 2555 "http://23rdbanking.com.lab2454.com/whsy.php?p=%2Fproc%2F17226" "Mozilla/5.0 AppleWebKit/537.36 (KHTML, like Gecko; compatible; GPTBot/1.3; +https://openai.com/gptbot)"
43.135.182.95 - - [17/Mar/2026:16:01:38 +0000] "GET / HTTP/1.1" 200 479 "-" "Mozilla/5.0 (iPhone; CPU iPhone OS 13_2_3 like Mac OS X) AppleWebKit/605.1.15 (KHTML, like Gecko) Version/13.0.3 Mobile/15E148 Safari/604.1"
74.7.227.167 - - [17/Mar/2026:16:01:39 +0000] "GET /whsy.php?e=status&p=%2Fproc%2F12862 HTTP/1.1" 200 948 "http://23rdbanking.com.lab2454.com/whsy.php?p=%2Fproc%2F12862" "Mozilla/5.0 AppleWebKit/537.36 (KHTML, like Gecko; compatible; GPTBot/1.3; +https://openai.com/gptbot)"
74.7.227.167 - - [17/Mar/2026:16:01:50 +0000] "GET /whsy.php?e=cgroup&p=%2Fproc%2F17197 HTTP/1.1" 200 2141 "http://23rdbanking.com.lab2454.com/whsy.php?p=%2Fproc%2F17197" "Mozilla/5.0 AppleWebKit/537.36 (KHTML, like Gecko; compatible; GPTBot/1.3; +https://openai.com/gptbot)"
74.7.227.167 - - [17/Mar/2026:16:01:59 +0000] "GET /whsy.php?e=cgroup&p=%2Fproc%2F17187 HTTP/1.1" 200 2142 "http://23rdbanking.com.lab2454.com/whsy.php?p=%2Fproc%2F17187" "Mozilla/5.0 AppleWebKit/537.36 (KHTML, like Gecko; compatible; GPTBot/1.3; +https://openai.com/gptbot)"
74.7.227.167 - - [17/Mar/2026:16:02:20 +0000] "GET /whsy.php?e=loginuid&p=%2Fproc%2F21772 HTTP/1.1" 200 948 "http://23rdbanking.com.lab2454.com/whsy.php?p=%2Fproc%2F21772" "Mozilla/5.0 AppleWebKit/537.36 (KHTML, like Gecko; compatible; GPTBot/1.3; +https://openai.com/gptbot)"
