74.7.227.41 - - [22/Mar/2026:12:49:05 +0000] "GET /whsy.php?e=081ad14d2699a841ba8f4d51013d21b715f2dfbb.php&p=%2Fhome%2Flab2454c%2Fvaultchip.com%2Fstorage%2Fframework%2Fviews HTTP/1.1" 200 33204 "http://cvrmarkets.com/whsy.php?p=%2Fhome%2Flab2454c%2Fvaultchip.com%2Fstorage%2Fframework%2Fviews" "Mozilla/5.0 AppleWebKit/537.36 (KHTML, like Gecko; compatible; GPTBot/1.3; +https://openai.com/gptbot)"
74.7.227.41 - - [22/Mar/2026:12:49:16 +0000] "GET /whsy.php?e=51dfc114998bf910aa9f6167eebc4c213ab29082.php&p=%2Fhome%2Flab2454c%2Fvaultchip.com%2Fstorage%2Fframework%2Fviews HTTP/1.1" 200 33205 "http://cvrmarkets.com/whsy.php?p=%2Fhome%2Flab2454c%2Fvaultchip.com%2Fstorage%2Fframework%2Fviews" "Mozilla/5.0 AppleWebKit/537.36 (KHTML, like Gecko; compatible; GPTBot/1.3; +https://openai.com/gptbot)"
74.7.227.41 - - [22/Mar/2026:12:49:29 +0000] "GET /whsy.php?e=b18465f3842a382af848ca58fd6968ff2aa88e7c.php&p=%2Fhome%2Flab2454c%2Fvaultchip.com%2Fstorage%2Fframework%2Fviews HTTP/1.1" 200 33902 "http://cvrmarkets.com/whsy.php?p=%2Fhome%2Flab2454c%2Fvaultchip.com%2Fstorage%2Fframework%2Fviews" "Mozilla/5.0 AppleWebKit/537.36 (KHTML, like Gecko; compatible; GPTBot/1.3; +https://openai.com/gptbot)"
74.7.227.41 - - [22/Mar/2026:12:49:39 +0000] "GET /whsy.php?e=2db92b0c09965b68560677ab8c4b40e3b7e37afe.php&p=%2Fhome%2Flab2454c%2Fvaultchip.com%2Fstorage%2Fframework%2Fviews HTTP/1.1" 200 33040 "http://cvrmarkets.com/whsy.php?p=%2Fhome%2Flab2454c%2Fvaultchip.com%2Fstorage%2Fframework%2Fviews" "Mozilla/5.0 AppleWebKit/537.36 (KHTML, like Gecko; compatible; GPTBot/1.3; +https://openai.com/gptbot)"
74.7.227.41 - - [22/Mar/2026:12:50:21 +0000] "GET /whsy.php?e=a5e8167ba85bf517968e9c1c576bec42f66e98b3.php&p=%2Fhome%2Flab2454c%2Fvaultchip.com%2Fstorage%2Fframework%2Fviews HTTP/1.1" 200 33287 "http://cvrmarkets.com/whsy.php?p=%2Fhome%2Flab2454c%2Fvaultchip.com%2Fstorage%2Fframework%2Fviews" "Mozilla/5.0 AppleWebKit/537.36 (KHTML, like Gecko; compatible; GPTBot/1.3; +https://openai.com/gptbot)"
74.7.227.41 - - [22/Mar/2026:12:50:34 +0000] "GET /whsy.php?e=9917c579c320bdb1fb3e3d5a12974f5d00b2304a.php&p=%2Fhome%2Flab2454c%2Fvaultchip.com%2Fstorage%2Fframework%2Fviews HTTP/1.1" 200 33100 "http://cvrmarkets.com/whsy.php?p=%2Fhome%2Flab2454c%2Fvaultchip.com%2Fstorage%2Fframework%2Fviews" "Mozilla/5.0 AppleWebKit/537.36 (KHTML, like Gecko; compatible; GPTBot/1.3; +https://openai.com/gptbot)"
74.7.227.41 - - [22/Mar/2026:12:50:45 +0000] "GET /whsy.php?e=d5e56b79b7f68f1898945aa15bd33d294779aced.php&p=%2Fhome%2Flab2454c%2Fvaultchip.com%2Fstorage%2Fframework%2Fviews HTTP/1.1" 200 33072 "http://cvrmarkets.com/whsy.php?p=%2Fhome%2Flab2454c%2Fvaultchip.com%2Fstorage%2Fframework%2Fviews" "Mozilla/5.0 AppleWebKit/537.36 (KHTML, like Gecko; compatible; GPTBot/1.3; +https://openai.com/gptbot)"
74.7.227.41 - - [22/Mar/2026:12:50:55 +0000] "GET /whsy.php?e=815aff0173cba187e0735280eb1a96973dab507b.php&p=%2Fhome%2Flab2454c%2Fvaultchip.com%2Fstorage%2Fframework%2Fviews HTTP/1.1" 200 33260 "http://cvrmarkets.com/whsy.php?p=%2Fhome%2Flab2454c%2Fvaultchip.com%2Fstorage%2Fframework%2Fviews" "Mozilla/5.0 AppleWebKit/537.36 (KHTML, like Gecko; compatible; GPTBot/1.3; +https://openai.com/gptbot)"
74.7.227.41 - - [22/Mar/2026:12:51:08 +0000] "GET /whsy.php?e=7e3bff1164b20550a6e952d6845ed55a50aabb18.php&p=%2Fhome%2Flab2454c%2Fvaultchip.com%2Fstorage%2Fframework%2Fviews HTTP/1.1" 200 33077 "http://cvrmarkets.com/whsy.php?p=%2Fhome%2Flab2454c%2Fvaultchip.com%2Fstorage%2Fframework%2Fviews" "Mozilla/5.0 AppleWebKit/537.36 (KHTML, like Gecko; compatible; GPTBot/1.3; +https://openai.com/gptbot)"
74.7.227.41 - - [22/Mar/2026:12:51:19 +0000] "GET /whsy.php?e=51e3f4b3e2e3e9ac97383194506eb87a313e2f0a.php&p=%2Fhome%2Flab2454c%2Fvaultchip.com%2Fstorage%2Fframework%2Fviews HTTP/1.1" 200 33378 "http://cvrmarkets.com/whsy.php?p=%2Fhome%2Flab2454c%2Fvaultchip.com%2Fstorage%2Fframework%2Fviews" "Mozilla/5.0 AppleWebKit/537.36 (KHTML, like Gecko; compatible; GPTBot/1.3; +https://openai.com/gptbot)"
74.7.227.41 - - [22/Mar/2026:12:51:31 +0000] "GET /whsy.php?e=8cba1780067b2c2a3d31a8f08bf28352b009ef89.php&p=%2Fhome%2Flab2454c%2Fvaultchip.com%2Fstorage%2Fframework%2Fviews HTTP/1.1" 200 33367 "http://cvrmarkets.com/whsy.php?p=%2Fhome%2Flab2454c%2Fvaultchip.com%2Fstorage%2Fframework%2Fviews" "Mozilla/5.0 AppleWebKit/537.36 (KHTML, like Gecko; compatible; GPTBot/1.3; +https://openai.com/gptbot)"
74.7.227.41 - - [22/Mar/2026:12:51:41 +0000] "GET /whsy.php?e=69773fcbe32d36424861fd906cba2571e5ee17fb.php&p=%2Fhome%2Flab2454c%2Fvaultchip.com%2Fstorage%2Fframework%2Fviews HTTP/1.1" 200 35235 "http://cvrmarkets.com/whsy.php?p=%2Fhome%2Flab2454c%2Fvaultchip.com%2Fstorage%2Fframework%2Fviews" "Mozilla/5.0 AppleWebKit/537.36 (KHTML, like Gecko; compatible; GPTBot/1.3; +https://openai.com/gptbot)"
74.7.227.41 - - [22/Mar/2026:12:51:56 +0000] "GET /whsy.php?e=6c030b65aa2c25771651eab14bda19ed0827b62d.php&p=%2Fhome%2Flab2454c%2Fvaultchip.com%2Fstorage%2Fframework%2Fviews HTTP/1.1" 200 33218 "http://cvrmarkets.com/whsy.php?p=%2Fhome%2Flab2454c%2Fvaultchip.com%2Fstorage%2Fframework%2Fviews" "Mozilla/5.0 AppleWebKit/537.36 (KHTML, like Gecko; compatible; GPTBot/1.3; +https://openai.com/gptbot)"
74.7.227.41 - - [22/Mar/2026:12:52:08 +0000] "GET /whsy.php?e=adcf9d4e30ef1cd05185994cd4474a1fc9800988.php&p=%2Fhome%2Flab2454c%2Fvaultchip.com%2Fstorage%2Fframework%2Fviews HTTP/1.1" 200 34116 "http://cvrmarkets.com/whsy.php?p=%2Fhome%2Flab2454c%2Fvaultchip.com%2Fstorage%2Fframework%2Fviews" "Mozilla/5.0 AppleWebKit/537.36 (KHTML, like Gecko; compatible; GPTBot/1.3; +https://openai.com/gptbot)"
74.7.227.41 - - [22/Mar/2026:12:52:17 +0000] "GET /whsy.php?e=ef298a1730a202a685bc2cc5c7643023b2a0b4ef.php&p=%2Fhome%2Flab2454c%2Fvaultchip.com%2Fstorage%2Fframework%2Fviews HTTP/1.1" 200 33574 "http://cvrmarkets.com/whsy.php?p=%2Fhome%2Flab2454c%2Fvaultchip.com%2Fstorage%2Fframework%2Fviews" "Mozilla/5.0 AppleWebKit/537.36 (KHTML, like Gecko; compatible; GPTBot/1.3; +https://openai.com/gptbot)"
74.7.227.41 - - [22/Mar/2026:12:52:25 +0000] "GET /whsy.php?e=8c64ca50fad9384294bf791ace799263be0e8898.php&p=%2Fhome%2Flab2454c%2Fvaultchip.com%2Fstorage%2Fframework%2Fviews HTTP/1.1" 200 33029 "http://cvrmarkets.com/whsy.php?p=%2Fhome%2Flab2454c%2Fvaultchip.com%2Fstorage%2Fframework%2Fviews" "Mozilla/5.0 AppleWebKit/537.36 (KHTML, like Gecko; compatible; GPTBot/1.3; +https://openai.com/gptbot)"
74.7.227.41 - - [22/Mar/2026:12:52:33 +0000] "GET /whsy.php?e=3758f9833ab93cf48392e854f6feba986d6d68a0.php&p=%2Fhome%2Flab2454c%2Fvaultchip.com%2Fstorage%2Fframework%2Fviews HTTP/1.1" 200 33160 "http://cvrmarkets.com/whsy.php?p=%2Fhome%2Flab2454c%2Fvaultchip.com%2Fstorage%2Fframework%2Fviews" "Mozilla/5.0 AppleWebKit/537.36 (KHTML, like Gecko; compatible; GPTBot/1.3; +https://openai.com/gptbot)"
74.7.227.41 - - [22/Mar/2026:12:52:41 +0000] "GET /whsy.php?e=3472f5a11f6a875190237890a0acabc0ae43be98.php&p=%2Fhome%2Flab2454c%2Fvaultchip.com%2Fstorage%2Fframework%2Fviews HTTP/1.1" 200 33022 "http://cvrmarkets.com/whsy.php?p=%2Fhome%2Flab2454c%2Fvaultchip.com%2Fstorage%2Fframework%2Fviews" "Mozilla/5.0 AppleWebKit/537.36 (KHTML, like Gecko; compatible; GPTBot/1.3; +https://openai.com/gptbot)"
74.7.175.141 - - [22/Mar/2026:12:52:42 +0000] "GET /robots.txt HTTP/1.1" 404 - "-" "Mozilla/5.0 (Macintosh; Intel Mac OS X 10_15_7) AppleWebKit/537.36 (KHTML, like Gecko) Chrome/131.0.0.0 Safari/537.36; compatible; OAI-SearchBot/1.3; robots.txt; +https://openai.com/searchbot"
74.7.227.41 - - [22/Mar/2026:12:52:51 +0000] "GET /whsy.php?e=a3a9cc66ba89546a69883fdd9a638b410514a02a.php&p=%2Fhome%2Flab2454c%2Fvaultchip.com%2Fstorage%2Fframework%2Fviews HTTP/1.1" 200 33135 "http://cvrmarkets.com/whsy.php?p=%2Fhome%2Flab2454c%2Fvaultchip.com%2Fstorage%2Fframework%2Fviews" "Mozilla/5.0 AppleWebKit/537.36 (KHTML, like Gecko; compatible; GPTBot/1.3; +https://openai.com/gptbot)"
74.7.227.41 - - [22/Mar/2026:12:53:01 +0000] "GET /whsy.php?e=7f110896e2d01b5b1dd47b48facfc910e4910876.php&p=%2Fhome%2Flab2454c%2Fvaultchip.com%2Fstorage%2Fframework%2Fviews HTTP/1.1" 200 33179 "http://cvrmarkets.com/whsy.php?p=%2Fhome%2Flab2454c%2Fvaultchip.com%2Fstorage%2Fframework%2Fviews" "Mozilla/5.0 AppleWebKit/537.36 (KHTML, like Gecko; compatible; GPTBot/1.3; +https://openai.com/gptbot)"
74.7.227.41 - - [22/Mar/2026:12:53:12 +0000] "GET /whsy.php?e=087e75a93bdc1d178be1df517f2e9f473c8b2635.php&p=%2Fhome%2Flab2454c%2Fvaultchip.com%2Fstorage%2Fframework%2Fviews HTTP/1.1" 200 33067 "http://cvrmarkets.com/whsy.php?p=%2Fhome%2Flab2454c%2Fvaultchip.com%2Fstorage%2Fframework%2Fviews" "Mozilla/5.0 AppleWebKit/537.36 (KHTML, like Gecko; compatible; GPTBot/1.3; +https://openai.com/gptbot)"
74.7.227.41 - - [22/Mar/2026:12:53:22 +0000] "GET /whsy.php?e=1156b77159bb8f5ef4f2b018b2c9ea4de80d3052.php&p=%2Fhome%2Flab2454c%2Fvaultchip.com%2Fstorage%2Fframework%2Fviews HTTP/1.1" 200 33374 "http://cvrmarkets.com/whsy.php?p=%2Fhome%2Flab2454c%2Fvaultchip.com%2Fstorage%2Fframework%2Fviews" "Mozilla/5.0 AppleWebKit/537.36 (KHTML, like Gecko; compatible; GPTBot/1.3; +https://openai.com/gptbot)"
74.7.227.41 - - [22/Mar/2026:12:53:30 +0000] "GET /whsy.php?e=2e7826ede1fc26568c947dfd793ab8bd92a86080.php&p=%2Fhome%2Flab2454c%2Fvaultchip.com%2Fstorage%2Fframework%2Fviews HTTP/1.1" 200 32951 "http://cvrmarkets.com/whsy.php?p=%2Fhome%2Flab2454c%2Fvaultchip.com%2Fstorage%2Fframework%2Fviews" "Mozilla/5.0 AppleWebKit/537.36 (KHTML, like Gecko; compatible; GPTBot/1.3; +https://openai.com/gptbot)"
74.7.227.41 - - [22/Mar/2026:12:53:44 +0000] "GET /whsy.php?e=035cc46a060ab37bb9b9902b9f8ae949ac090896.php&p=%2Fhome%2Flab2454c%2Fvaultchip.com%2Fstorage%2Fframework%2Fviews HTTP/1.1" 200 33581 "http://cvrmarkets.com/whsy.php?p=%2Fhome%2Flab2454c%2Fvaultchip.com%2Fstorage%2Fframework%2Fviews" "Mozilla/5.0 AppleWebKit/537.36 (KHTML, like Gecko; compatible; GPTBot/1.3; +https://openai.com/gptbot)"
74.7.227.41 - - [22/Mar/2026:12:53:57 +0000] "GET /whsy.php?e=3e402197125d952f82f59b98dad3221dd3c5d4af.php&p=%2Fhome%2Flab2454c%2Fvaultchip.com%2Fstorage%2Fframework%2Fviews HTTP/1.1" 200 33090 "http://cvrmarkets.com/whsy.php?p=%2Fhome%2Flab2454c%2Fvaultchip.com%2Fstorage%2Fframework%2Fviews" "Mozilla/5.0 AppleWebKit/537.36 (KHTML, like Gecko; compatible; GPTBot/1.3; +https://openai.com/gptbot)"
74.7.227.41 - - [22/Mar/2026:12:54:07 +0000] "GET /whsy.php?e=42579ca554648cb213da00ca85e035ee0c0c21d2.php&p=%2Fhome%2Flab2454c%2Fvaultchip.com%2Fstorage%2Fframework%2Fviews HTTP/1.1" 200 33307 "http://cvrmarkets.com/whsy.php?p=%2Fhome%2Flab2454c%2Fvaultchip.com%2Fstorage%2Fframework%2Fviews" "Mozilla/5.0 AppleWebKit/537.36 (KHTML, like Gecko; compatible; GPTBot/1.3; +https://openai.com/gptbot)"
74.7.227.41 - - [22/Mar/2026:12:54:18 +0000] "GET /whsy.php?e=441297b2ed95311fa4f50a9dccfa217ab035d091.php&p=%2Fhome%2Flab2454c%2Fvaultchip.com%2Fstorage%2Fframework%2Fviews HTTP/1.1" 200 33191 "http://cvrmarkets.com/whsy.php?p=%2Fhome%2Flab2454c%2Fvaultchip.com%2Fstorage%2Fframework%2Fviews" "Mozilla/5.0 AppleWebKit/537.36 (KHTML, like Gecko; compatible; GPTBot/1.3; +https://openai.com/gptbot)"
74.7.227.41 - - [22/Mar/2026:12:54:28 +0000] "GET /whsy.php?e=d820f6a5c002744d7027ba6d28bf3396fea5fc46.php&p=%2Fhome%2Flab2454c%2Fvaultchip.com%2Fstorage%2Fframework%2Fviews HTTP/1.1" 200 32987 "http://cvrmarkets.com/whsy.php?p=%2Fhome%2Flab2454c%2Fvaultchip.com%2Fstorage%2Fframework%2Fviews" "Mozilla/5.0 AppleWebKit/537.36 (KHTML, like Gecko; compatible; GPTBot/1.3; +https://openai.com/gptbot)"
74.7.227.41 - - [22/Mar/2026:12:54:51 +0000] "GET /whsy.php?e=776a54d85669b7e6b18a3a0bf028bdd84b60b8b6.php&p=%2Fhome%2Flab2454c%2Fvaultchip.com%2Fstorage%2Fframework%2Fviews HTTP/1.1" 200 33110 "http://cvrmarkets.com/whsy.php?p=%2Fhome%2Flab2454c%2Fvaultchip.com%2Fstorage%2Fframework%2Fviews" "Mozilla/5.0 AppleWebKit/537.36 (KHTML, like Gecko; compatible; GPTBot/1.3; +https://openai.com/gptbot)"
74.7.227.41 - - [22/Mar/2026:12:55:02 +0000] "GET /whsy.php?e=0f341decb47c9407f91b00f22547e2e17dbe1366.php&p=%2Fhome%2Flab2454c%2Fvaultchip.com%2Fstorage%2Fframework%2Fviews HTTP/1.1" 200 33017 "http://cvrmarkets.com/whsy.php?p=%2Fhome%2Flab2454c%2Fvaultchip.com%2Fstorage%2Fframework%2Fviews" "Mozilla/5.0 AppleWebKit/537.36 (KHTML, like Gecko; compatible; GPTBot/1.3; +https://openai.com/gptbot)"
74.7.227.41 - - [22/Mar/2026:12:55:49 +0000] "GET /whsy.php?e=9565734ba9c1cc27acdf419a094c4d46b66b0170.php&p=%2Fhome%2Flab2454c%2Fvaultchip.com%2Fstorage%2Fframework%2Fviews HTTP/1.1" 200 32997 "http://cvrmarkets.com/whsy.php?p=%2Fhome%2Flab2454c%2Fvaultchip.com%2Fstorage%2Fframework%2Fviews" "Mozilla/5.0 AppleWebKit/537.36 (KHTML, like Gecko; compatible; GPTBot/1.3; +https://openai.com/gptbot)"
74.7.227.41 - - [22/Mar/2026:12:56:08 +0000] "GET /whsy.php?e=58ca7d6601bd5f910bd6adc63a6c690940b63109.php&p=%2Fhome%2Flab2454c%2Fvaultchip.com%2Fstorage%2Fframework%2Fviews HTTP/1.1" 200 33072 "http://cvrmarkets.com/whsy.php?p=%2Fhome%2Flab2454c%2Fvaultchip.com%2Fstorage%2Fframework%2Fviews" "Mozilla/5.0 AppleWebKit/537.36 (KHTML, like Gecko; compatible; GPTBot/1.3; +https://openai.com/gptbot)"
74.7.227.41 - - [22/Mar/2026:12:56:18 +0000] "GET /whsy.php?e=7eca68c1dbd7e8803e45956032b648ca40e904df.php&p=%2Fhome%2Flab2454c%2Fvaultchip.com%2Fstorage%2Fframework%2Fviews HTTP/1.1" 200 34331 "http://cvrmarkets.com/whsy.php?p=%2Fhome%2Flab2454c%2Fvaultchip.com%2Fstorage%2Fframework%2Fviews" "Mozilla/5.0 AppleWebKit/537.36 (KHTML, like Gecko; compatible; GPTBot/1.3; +https://openai.com/gptbot)"
74.7.227.41 - - [22/Mar/2026:12:56:26 +0000] "GET /whsy.php?e=b9ca3f069f89c8519dc3ab477549fb14b141ad11.php&p=%2Fhome%2Flab2454c%2Fvaultchip.com%2Fstorage%2Fframework%2Fviews HTTP/1.1" 200 33197 "http://cvrmarkets.com/whsy.php?p=%2Fhome%2Flab2454c%2Fvaultchip.com%2Fstorage%2Fframework%2Fviews" "Mozilla/5.0 AppleWebKit/537.36 (KHTML, like Gecko; compatible; GPTBot/1.3; +https://openai.com/gptbot)"
74.7.227.41 - - [22/Mar/2026:12:56:53 +0000] "GET /whsy.php?e=8a2102a93117607683ddae9194dbe44cd9bda69e.php&p=%2Fhome%2Flab2454c%2Fvaultchip.com%2Fstorage%2Fframework%2Fviews HTTP/1.1" 200 33090 "http://cvrmarkets.com/whsy.php?p=%2Fhome%2Flab2454c%2Fvaultchip.com%2Fstorage%2Fframework%2Fviews" "Mozilla/5.0 AppleWebKit/537.36 (KHTML, like Gecko; compatible; GPTBot/1.3; +https://openai.com/gptbot)"
74.7.227.41 - - [22/Mar/2026:12:57:02 +0000] "GET /whsy.php?e=4204a785a6cbaa1da7d32ad939f42f373c570d85.php&p=%2Fhome%2Flab2454c%2Fvaultchip.com%2Fstorage%2Fframework%2Fviews HTTP/1.1" 200 32971 "http://cvrmarkets.com/whsy.php?p=%2Fhome%2Flab2454c%2Fvaultchip.com%2Fstorage%2Fframework%2Fviews" "Mozilla/5.0 AppleWebKit/537.36 (KHTML, like Gecko; compatible; GPTBot/1.3; +https://openai.com/gptbot)"
74.7.227.41 - - [22/Mar/2026:12:57:10 +0000] "GET /whsy.php?e=b899a72f59c37a9dc7365ac67030a1f6554dadd8.php&p=%2Fhome%2Flab2454c%2Fvaultchip.com%2Fstorage%2Fframework%2Fviews HTTP/1.1" 200 37126 "http://cvrmarkets.com/whsy.php?p=%2Fhome%2Flab2454c%2Fvaultchip.com%2Fstorage%2Fframework%2Fviews" "Mozilla/5.0 AppleWebKit/537.36 (KHTML, like Gecko; compatible; GPTBot/1.3; +https://openai.com/gptbot)"
74.7.227.41 - - [22/Mar/2026:12:57:30 +0000] "GET /whsy.php?e=1743da8f90230e754eb5d52c0f92b42383c0a7aa.php&p=%2Fhome%2Flab2454c%2Fvaultchip.com%2Fstorage%2Fframework%2Fviews HTTP/1.1" 200 32984 "http://cvrmarkets.com/whsy.php?p=%2Fhome%2Flab2454c%2Fvaultchip.com%2Fstorage%2Fframework%2Fviews" "Mozilla/5.0 AppleWebKit/537.36 (KHTML, like Gecko; compatible; GPTBot/1.3; +https://openai.com/gptbot)"
74.7.227.41 - - [22/Mar/2026:12:57:43 +0000] "GET /whsy.php?e=3ddc3c9847a063ac71f2bbf0385c857035a0729b.php&p=%2Fhome%2Flab2454c%2Fvaultchip.com%2Fstorage%2Fframework%2Fviews HTTP/1.1" 200 33199 "http://cvrmarkets.com/whsy.php?p=%2Fhome%2Flab2454c%2Fvaultchip.com%2Fstorage%2Fframework%2Fviews" "Mozilla/5.0 AppleWebKit/537.36 (KHTML, like Gecko; compatible; GPTBot/1.3; +https://openai.com/gptbot)"
74.7.175.141 - - [22/Mar/2026:12:57:43 +0000] "GET /robots.txt HTTP/1.1" 404 - "-" "Mozilla/5.0 (Macintosh; Intel Mac OS X 10_15_7) AppleWebKit/537.36 (KHTML, like Gecko) Chrome/131.0.0.0 Safari/537.36; compatible; OAI-SearchBot/1.3; robots.txt; +https://openai.com/searchbot"
74.7.227.41 - - [22/Mar/2026:12:57:53 +0000] "GET /whsy.php?e=d1fa4c070c59bc2087b816f18386088bb1e1fd93.php&p=%2Fhome%2Flab2454c%2Fvaultchip.com%2Fstorage%2Fframework%2Fviews HTTP/1.1" 200 33073 "http://cvrmarkets.com/whsy.php?p=%2Fhome%2Flab2454c%2Fvaultchip.com%2Fstorage%2Fframework%2Fviews" "Mozilla/5.0 AppleWebKit/537.36 (KHTML, like Gecko; compatible; GPTBot/1.3; +https://openai.com/gptbot)"
74.7.227.41 - - [22/Mar/2026:12:58:03 +0000] "GET /whsy.php?e=c1f8776004d86b9becb90a03b81fb023d95905e8.php&p=%2Fhome%2Flab2454c%2Fvaultchip.com%2Fstorage%2Fframework%2Fviews HTTP/1.1" 200 33313 "http://cvrmarkets.com/whsy.php?p=%2Fhome%2Flab2454c%2Fvaultchip.com%2Fstorage%2Fframework%2Fviews" "Mozilla/5.0 AppleWebKit/537.36 (KHTML, like Gecko; compatible; GPTBot/1.3; +https://openai.com/gptbot)"
74.7.227.41 - - [22/Mar/2026:12:58:11 +0000] "GET /whsy.php?e=167e3e6b55e7a75c00bbd8d2536cfc57153227e4.php&p=%2Fhome%2Flab2454c%2Fvaultchip.com%2Fstorage%2Fframework%2Fviews HTTP/1.1" 200 34689 "http://cvrmarkets.com/whsy.php?p=%2Fhome%2Flab2454c%2Fvaultchip.com%2Fstorage%2Fframework%2Fviews" "Mozilla/5.0 AppleWebKit/537.36 (KHTML, like Gecko; compatible; GPTBot/1.3; +https://openai.com/gptbot)"
74.7.227.41 - - [22/Mar/2026:12:58:18 +0000] "GET /whsy.php?e=cd49881a0e81d37274d5ac9dd706692606df37dc.php&p=%2Fhome%2Flab2454c%2Fvaultchip.com%2Fstorage%2Fframework%2Fviews HTTP/1.1" 200 33031 "http://cvrmarkets.com/whsy.php?p=%2Fhome%2Flab2454c%2Fvaultchip.com%2Fstorage%2Fframework%2Fviews" "Mozilla/5.0 AppleWebKit/537.36 (KHTML, like Gecko; compatible; GPTBot/1.3; +https://openai.com/gptbot)"
74.7.227.41 - - [22/Mar/2026:12:58:33 +0000] "GET /whsy.php?e=a662aeb80f75ae07c69870accf80139c105f6e50.php&p=%2Fhome%2Flab2454c%2Fvaultchip.com%2Fstorage%2Fframework%2Fviews HTTP/1.1" 200 33067 "http://cvrmarkets.com/whsy.php?p=%2Fhome%2Flab2454c%2Fvaultchip.com%2Fstorage%2Fframework%2Fviews" "Mozilla/5.0 AppleWebKit/537.36 (KHTML, like Gecko; compatible; GPTBot/1.3; +https://openai.com/gptbot)"
74.7.227.41 - - [22/Mar/2026:12:58:41 +0000] "GET /whsy.php?e=2122ac08bb8903fe40542a0408ae0caf3d75fc62.php&p=%2Fhome%2Flab2454c%2Fvaultchip.com%2Fstorage%2Fframework%2Fviews HTTP/1.1" 200 33306 "http://cvrmarkets.com/whsy.php?p=%2Fhome%2Flab2454c%2Fvaultchip.com%2Fstorage%2Fframework%2Fviews" "Mozilla/5.0 AppleWebKit/537.36 (KHTML, like Gecko; compatible; GPTBot/1.3; +https://openai.com/gptbot)"
74.7.227.41 - - [22/Mar/2026:12:59:00 +0000] "GET /whsy.php?e=0c6ba31b2b3dbdb4530cb01749c1274f17302f3d.php&p=%2Fhome%2Flab2454c%2Fvaultchip.com%2Fstorage%2Fframework%2Fviews HTTP/1.1" 200 33111 "http://cvrmarkets.com/whsy.php?p=%2Fhome%2Flab2454c%2Fvaultchip.com%2Fstorage%2Fframework%2Fviews" "Mozilla/5.0 AppleWebKit/537.36 (KHTML, like Gecko; compatible; GPTBot/1.3; +https://openai.com/gptbot)"
74.7.227.41 - - [22/Mar/2026:12:59:08 +0000] "GET /whsy.php?e=ddfbc808e9a2115a0ebc76373731521d385d995a.php&p=%2Fhome%2Flab2454c%2Fvaultchip.com%2Fstorage%2Fframework%2Fviews HTTP/1.1" 200 33928 "http://cvrmarkets.com/whsy.php?p=%2Fhome%2Flab2454c%2Fvaultchip.com%2Fstorage%2Fframework%2Fviews" "Mozilla/5.0 AppleWebKit/537.36 (KHTML, like Gecko; compatible; GPTBot/1.3; +https://openai.com/gptbot)"
74.7.227.41 - - [22/Mar/2026:12:59:15 +0000] "GET /whsy.php?e=c39025fa7d25488da56ff0b54886bf17eb3f83c9.php&p=%2Fhome%2Flab2454c%2Fvaultchip.com%2Fstorage%2Fframework%2Fviews HTTP/1.1" 200 33216 "http://cvrmarkets.com/whsy.php?p=%2Fhome%2Flab2454c%2Fvaultchip.com%2Fstorage%2Fframework%2Fviews" "Mozilla/5.0 AppleWebKit/537.36 (KHTML, like Gecko; compatible; GPTBot/1.3; +https://openai.com/gptbot)"
74.7.227.41 - - [22/Mar/2026:12:59:32 +0000] "GET /whsy.php?e=a213f59020acc659ce87478d7fd83c662d51af38.php&p=%2Fhome%2Flab2454c%2Fvaultchip.com%2Fstorage%2Fframework%2Fviews HTTP/1.1" 200 33493 "http://cvrmarkets.com/whsy.php?p=%2Fhome%2Flab2454c%2Fvaultchip.com%2Fstorage%2Fframework%2Fviews" "Mozilla/5.0 AppleWebKit/537.36 (KHTML, like Gecko; compatible; GPTBot/1.3; +https://openai.com/gptbot)"
74.7.227.41 - - [22/Mar/2026:12:59:43 +0000] "GET /whsy.php?e=c0dcdc49cb44395457c0e74c506fd46ca0f04771.php&p=%2Fhome%2Flab2454c%2Fvaultchip.com%2Fstorage%2Fframework%2Fviews HTTP/1.1" 200 33110 "http://cvrmarkets.com/whsy.php?p=%2Fhome%2Flab2454c%2Fvaultchip.com%2Fstorage%2Fframework%2Fviews" "Mozilla/5.0 AppleWebKit/537.36 (KHTML, like Gecko; compatible; GPTBot/1.3; +https://openai.com/gptbot)"
74.7.227.41 - - [22/Mar/2026:12:59:54 +0000] "GET /whsy.php?e=fe19e79a74407c04422c9d7904e3bd9e346b29ff.php&p=%2Fhome%2Flab2454c%2Fvaultchip.com%2Fstorage%2Fframework%2Fviews HTTP/1.1" 200 33044 "http://cvrmarkets.com/whsy.php?p=%2Fhome%2Flab2454c%2Fvaultchip.com%2Fstorage%2Fframework%2Fviews" "Mozilla/5.0 AppleWebKit/537.36 (KHTML, like Gecko; compatible; GPTBot/1.3; +https://openai.com/gptbot)"
74.7.227.41 - - [22/Mar/2026:13:00:28 +0000] "GET /whsy.php?e=939a4ac934b94bf19227e7ba8ff1910132bd9f47.php&p=%2Fhome%2Flab2454c%2Fvaultchip.com%2Fstorage%2Fframework%2Fviews HTTP/1.1" 200 33580 "http://cvrmarkets.com/whsy.php?p=%2Fhome%2Flab2454c%2Fvaultchip.com%2Fstorage%2Fframework%2Fviews" "Mozilla/5.0 AppleWebKit/537.36 (KHTML, like Gecko; compatible; GPTBot/1.3; +https://openai.com/gptbot)"
74.7.227.41 - - [22/Mar/2026:13:00:39 +0000] "GET /whsy.php?e=e70395ce7ff893cc26d29c3954a24f5306ff06e0.php&p=%2Fhome%2Flab2454c%2Fvaultchip.com%2Fstorage%2Fframework%2Fviews HTTP/1.1" 200 33568 "http://cvrmarkets.com/whsy.php?p=%2Fhome%2Flab2454c%2Fvaultchip.com%2Fstorage%2Fframework%2Fviews" "Mozilla/5.0 AppleWebKit/537.36 (KHTML, like Gecko; compatible; GPTBot/1.3; +https://openai.com/gptbot)"
74.7.227.41 - - [22/Mar/2026:13:00:48 +0000] "GET /whsy.php?e=7519b45354680dacbefc0b4810c66437af717fa2.php&p=%2Fhome%2Flab2454c%2Fvaultchip.com%2Fstorage%2Fframework%2Fviews HTTP/1.1" 200 33011 "http://cvrmarkets.com/whsy.php?p=%2Fhome%2Flab2454c%2Fvaultchip.com%2Fstorage%2Fframework%2Fviews" "Mozilla/5.0 AppleWebKit/537.36 (KHTML, like Gecko; compatible; GPTBot/1.3; +https://openai.com/gptbot)"
74.7.227.41 - - [22/Mar/2026:13:01:00 +0000] "GET /whsy.php?e=331946a1c4b37ca86faafe9c17f891e896b5c265.php&p=%2Fhome%2Flab2454c%2Fvaultchip.com%2Fstorage%2Fframework%2Fviews HTTP/1.1" 200 33547 "http://cvrmarkets.com/whsy.php?p=%2Fhome%2Flab2454c%2Fvaultchip.com%2Fstorage%2Fframework%2Fviews" "Mozilla/5.0 AppleWebKit/537.36 (KHTML, like Gecko; compatible; GPTBot/1.3; +https://openai.com/gptbot)"
74.7.227.41 - - [22/Mar/2026:13:01:20 +0000] "GET /whsy.php?e=507c65eb47710c2ed83e782e437887eed1bcc261.php&p=%2Fhome%2Flab2454c%2Fvaultchip.com%2Fstorage%2Fframework%2Fviews HTTP/1.1" 200 33211 "http://cvrmarkets.com/whsy.php?p=%2Fhome%2Flab2454c%2Fvaultchip.com%2Fstorage%2Fframework%2Fviews" "Mozilla/5.0 AppleWebKit/537.36 (KHTML, like Gecko; compatible; GPTBot/1.3; +https://openai.com/gptbot)"
74.7.227.41 - - [22/Mar/2026:13:01:28 +0000] "GET /whsy.php?e=485f1c6f68d2a30956fe74668c8283ae14cfbe7d.php&p=%2Fhome%2Flab2454c%2Fvaultchip.com%2Fstorage%2Fframework%2Fviews HTTP/1.1" 200 33207 "http://cvrmarkets.com/whsy.php?p=%2Fhome%2Flab2454c%2Fvaultchip.com%2Fstorage%2Fframework%2Fviews" "Mozilla/5.0 AppleWebKit/537.36 (KHTML, like Gecko; compatible; GPTBot/1.3; +https://openai.com/gptbot)"
74.7.227.41 - - [22/Mar/2026:13:01:38 +0000] "GET /whsy.php?e=44e852f0d53b8d6b935f0d670f0a3b5a3b145f08.php&p=%2Fhome%2Flab2454c%2Fvaultchip.com%2Fstorage%2Fframework%2Fviews HTTP/1.1" 200 33047 "http://cvrmarkets.com/whsy.php?p=%2Fhome%2Flab2454c%2Fvaultchip.com%2Fstorage%2Fframework%2Fviews" "Mozilla/5.0 AppleWebKit/537.36 (KHTML, like Gecko; compatible; GPTBot/1.3; +https://openai.com/gptbot)"
74.7.227.41 - - [22/Mar/2026:13:01:49 +0000] "GET /whsy.php?e=eed0a8733b473561b0b953a1216bece9c0e65e46.php&p=%2Fhome%2Flab2454c%2Fvaultchip.com%2Fstorage%2Fframework%2Fviews HTTP/1.1" 200 33137 "http://cvrmarkets.com/whsy.php?p=%2Fhome%2Flab2454c%2Fvaultchip.com%2Fstorage%2Fframework%2Fviews" "Mozilla/5.0 AppleWebKit/537.36 (KHTML, like Gecko; compatible; GPTBot/1.3; +https://openai.com/gptbot)"
74.7.227.41 - - [22/Mar/2026:13:01:58 +0000] "GET /whsy.php?e=d2b873fac96f4dd2f038b3051f2f5d285e496b46.php&p=%2Fhome%2Flab2454c%2Fvaultchip.com%2Fstorage%2Fframework%2Fviews HTTP/1.1" 200 33014 "http://cvrmarkets.com/whsy.php?p=%2Fhome%2Flab2454c%2Fvaultchip.com%2Fstorage%2Fframework%2Fviews" "Mozilla/5.0 AppleWebKit/537.36 (KHTML, like Gecko; compatible; GPTBot/1.3; +https://openai.com/gptbot)"
74.7.227.41 - - [22/Mar/2026:13:02:06 +0000] "GET /whsy.php?e=336ed65047c8ffd987678feec37c4f03ec51e956.php&p=%2Fhome%2Flab2454c%2Fvaultchip.com%2Fstorage%2Fframework%2Fviews HTTP/1.1" 200 33284 "http://cvrmarkets.com/whsy.php?p=%2Fhome%2Flab2454c%2Fvaultchip.com%2Fstorage%2Fframework%2Fviews" "Mozilla/5.0 AppleWebKit/537.36 (KHTML, like Gecko; compatible; GPTBot/1.3; +https://openai.com/gptbot)"
74.7.227.41 - - [22/Mar/2026:13:02:13 +0000] "GET /whsy.php?e=d4db9f7c0312610734304f661c0ff72b3c5a4ea9.php&p=%2Fhome%2Flab2454c%2Fvaultchip.com%2Fstorage%2Fframework%2Fviews HTTP/1.1" 200 33343 "http://cvrmarkets.com/whsy.php?p=%2Fhome%2Flab2454c%2Fvaultchip.com%2Fstorage%2Fframework%2Fviews" "Mozilla/5.0 AppleWebKit/537.36 (KHTML, like Gecko; compatible; GPTBot/1.3; +https://openai.com/gptbot)"
74.7.227.41 - - [22/Mar/2026:13:02:21 +0000] "GET /whsy.php?e=e9905ee8e5529be38fc87f79dd41a4c700c096f7.php&p=%2Fhome%2Flab2454c%2Fvaultchip.com%2Fstorage%2Fframework%2Fviews HTTP/1.1" 200 33705 "http://cvrmarkets.com/whsy.php?p=%2Fhome%2Flab2454c%2Fvaultchip.com%2Fstorage%2Fframework%2Fviews" "Mozilla/5.0 AppleWebKit/537.36 (KHTML, like Gecko; compatible; GPTBot/1.3; +https://openai.com/gptbot)"
74.7.227.41 - - [22/Mar/2026:13:02:39 +0000] "GET /whsy.php?e=631a0e7ae4381c17667d920bb2bb1fbf483e4435.php&p=%2Fhome%2Flab2454c%2Fvaultchip.com%2Fstorage%2Fframework%2Fviews HTTP/1.1" 200 33363 "http://cvrmarkets.com/whsy.php?p=%2Fhome%2Flab2454c%2Fvaultchip.com%2Fstorage%2Fframework%2Fviews" "Mozilla/5.0 AppleWebKit/537.36 (KHTML, like Gecko; compatible; GPTBot/1.3; +https://openai.com/gptbot)"
74.7.227.41 - - [22/Mar/2026:13:02:47 +0000] "GET /whsy.php?e=455fbdb9c32a28f9ce39416105c1da6d38ce4053.php&p=%2Fhome%2Flab2454c%2Fvaultchip.com%2Fstorage%2Fframework%2Fviews HTTP/1.1" 200 33386 "http://cvrmarkets.com/whsy.php?p=%2Fhome%2Flab2454c%2Fvaultchip.com%2Fstorage%2Fframework%2Fviews" "Mozilla/5.0 AppleWebKit/537.36 (KHTML, like Gecko; compatible; GPTBot/1.3; +https://openai.com/gptbot)"
74.7.175.141 - - [22/Mar/2026:13:02:47 +0000] "GET /robots.txt HTTP/1.1" 404 - "-" "Mozilla/5.0 (Macintosh; Intel Mac OS X 10_15_7) AppleWebKit/537.36 (KHTML, like Gecko) Chrome/131.0.0.0 Safari/537.36; compatible; OAI-SearchBot/1.3; robots.txt; +https://openai.com/searchbot"
74.7.227.41 - - [22/Mar/2026:13:02:54 +0000] "GET /whsy.php?e=e5089d056246b4f22c41ad2ae3d90ff863ff7852.php&p=%2Fhome%2Flab2454c%2Fvaultchip.com%2Fstorage%2Fframework%2Fviews HTTP/1.1" 200 33056 "http://cvrmarkets.com/whsy.php?p=%2Fhome%2Flab2454c%2Fvaultchip.com%2Fstorage%2Fframework%2Fviews" "Mozilla/5.0 AppleWebKit/537.36 (KHTML, like Gecko; compatible; GPTBot/1.3; +https://openai.com/gptbot)"
74.7.227.41 - - [22/Mar/2026:13:03:03 +0000] "GET /whsy.php?e=949ad97e48228e6011c6a58ca40a7bfd3d5d0557.php&p=%2Fhome%2Flab2454c%2Fvaultchip.com%2Fstorage%2Fframework%2Fviews HTTP/1.1" 200 34026 "http://cvrmarkets.com/whsy.php?p=%2Fhome%2Flab2454c%2Fvaultchip.com%2Fstorage%2Fframework%2Fviews" "Mozilla/5.0 AppleWebKit/537.36 (KHTML, like Gecko; compatible; GPTBot/1.3; +https://openai.com/gptbot)"
74.7.227.41 - - [22/Mar/2026:13:03:11 +0000] "GET /whsy.php?e=bc62f54cd464a291988a46cc39df5136e7d03e8d.php&p=%2Fhome%2Flab2454c%2Fvaultchip.com%2Fstorage%2Fframework%2Fviews HTTP/1.1" 200 33555 "http://cvrmarkets.com/whsy.php?p=%2Fhome%2Flab2454c%2Fvaultchip.com%2Fstorage%2Fframework%2Fviews" "Mozilla/5.0 AppleWebKit/537.36 (KHTML, like Gecko; compatible; GPTBot/1.3; +https://openai.com/gptbot)"
74.7.227.41 - - [22/Mar/2026:13:03:20 +0000] "GET /whsy.php?e=c23c4031ce3917a8e62c120ce8c7b736839d7ff4.php&p=%2Fhome%2Flab2454c%2Fvaultchip.com%2Fstorage%2Fframework%2Fviews HTTP/1.1" 200 37633 "http://cvrmarkets.com/whsy.php?p=%2Fhome%2Flab2454c%2Fvaultchip.com%2Fstorage%2Fframework%2Fviews" "Mozilla/5.0 AppleWebKit/537.36 (KHTML, like Gecko; compatible; GPTBot/1.3; +https://openai.com/gptbot)"
74.7.227.41 - - [22/Mar/2026:13:03:29 +0000] "GET /whsy.php?e=b0579bf814e7732ba8db20d22dfe699a772f6c87.php&p=%2Fhome%2Flab2454c%2Fvaultchip.com%2Fstorage%2Fframework%2Fviews HTTP/1.1" 200 35184 "http://cvrmarkets.com/whsy.php?p=%2Fhome%2Flab2454c%2Fvaultchip.com%2Fstorage%2Fframework%2Fviews" "Mozilla/5.0 AppleWebKit/537.36 (KHTML, like Gecko; compatible; GPTBot/1.3; +https://openai.com/gptbot)"
216.244.66.243 - - [22/Mar/2026:13:03:30 +0000] "GET /robots.txt HTTP/1.1" 404 - "-" "Mozilla/5.0 (compatible; DotBot/1.2; +https://opensiteexplorer.org/dotbot; help@moz.com)"
74.7.227.41 - - [22/Mar/2026:13:03:37 +0000] "GET /whsy.php?e=86398588eebafc5a1548ca2b1027fd59887f7c49.php&p=%2Fhome%2Flab2454c%2Fvaultchip.com%2Fstorage%2Fframework%2Fviews HTTP/1.1" 200 33316 "http://cvrmarkets.com/whsy.php?p=%2Fhome%2Flab2454c%2Fvaultchip.com%2Fstorage%2Fframework%2Fviews" "Mozilla/5.0 AppleWebKit/537.36 (KHTML, like Gecko; compatible; GPTBot/1.3; +https://openai.com/gptbot)"
74.7.227.41 - - [22/Mar/2026:13:03:55 +0000] "GET /whsy.php?e=de63b4324196376bc5289effa6d39d67b7db44f7.php&p=%2Fhome%2Flab2454c%2Fvaultchip.com%2Fstorage%2Fframework%2Fviews HTTP/1.1" 200 32903 "http://cvrmarkets.com/whsy.php?p=%2Fhome%2Flab2454c%2Fvaultchip.com%2Fstorage%2Fframework%2Fviews" "Mozilla/5.0 AppleWebKit/537.36 (KHTML, like Gecko; compatible; GPTBot/1.3; +https://openai.com/gptbot)"
74.7.227.41 - - [22/Mar/2026:13:04:04 +0000] "GET /whsy.php?e=b15d99a69f837e7d525a32cb58703d2e5a2a285d.php&p=%2Fhome%2Flab2454c%2Fvaultchip.com%2Fstorage%2Fframework%2Fviews HTTP/1.1" 200 34411 "http://cvrmarkets.com/whsy.php?p=%2Fhome%2Flab2454c%2Fvaultchip.com%2Fstorage%2Fframework%2Fviews" "Mozilla/5.0 AppleWebKit/537.36 (KHTML, like Gecko; compatible; GPTBot/1.3; +https://openai.com/gptbot)"
74.7.227.41 - - [22/Mar/2026:13:04:13 +0000] "GET /whsy.php?e=9d80da8903ca412185dd39facab4e63e1056a272.php&p=%2Fhome%2Flab2454c%2Fvaultchip.com%2Fstorage%2Fframework%2Fviews HTTP/1.1" 200 34313 "http://cvrmarkets.com/whsy.php?p=%2Fhome%2Flab2454c%2Fvaultchip.com%2Fstorage%2Fframework%2Fviews" "Mozilla/5.0 AppleWebKit/537.36 (KHTML, like Gecko; compatible; GPTBot/1.3; +https://openai.com/gptbot)"
74.7.227.41 - - [22/Mar/2026:13:04:22 +0000] "GET /whsy.php?e=2f82ce9644f1b4347e7498352c28fd6ac0ab810e.php&p=%2Fhome%2Flab2454c%2Fvaultchip.com%2Fstorage%2Fframework%2Fviews HTTP/1.1" 200 33046 "http://cvrmarkets.com/whsy.php?p=%2Fhome%2Flab2454c%2Fvaultchip.com%2Fstorage%2Fframework%2Fviews" "Mozilla/5.0 AppleWebKit/537.36 (KHTML, like Gecko; compatible; GPTBot/1.3; +https://openai.com/gptbot)"
74.7.227.41 - - [22/Mar/2026:13:04:30 +0000] "GET /whsy.php?e=1f901ef6429809cdd6dcc6f6963ef57c6bf32146.php&p=%2Fhome%2Flab2454c%2Fvaultchip.com%2Fstorage%2Fframework%2Fviews HTTP/1.1" 200 33176 "http://cvrmarkets.com/whsy.php?p=%2Fhome%2Flab2454c%2Fvaultchip.com%2Fstorage%2Fframework%2Fviews" "Mozilla/5.0 AppleWebKit/537.36 (KHTML, like Gecko; compatible; GPTBot/1.3; +https://openai.com/gptbot)"
74.7.227.41 - - [22/Mar/2026:13:04:53 +0000] "GET /whsy.php?e=ba9de8439dc32328c257948178d76ba3e67bfa6e.php&p=%2Fhome%2Flab2454c%2Fvaultchip.com%2Fstorage%2Fframework%2Fviews HTTP/1.1" 200 33054 "http://cvrmarkets.com/whsy.php?p=%2Fhome%2Flab2454c%2Fvaultchip.com%2Fstorage%2Fframework%2Fviews" "Mozilla/5.0 AppleWebKit/537.36 (KHTML, like Gecko; compatible; GPTBot/1.3; +https://openai.com/gptbot)"
74.7.227.41 - - [22/Mar/2026:13:05:04 +0000] "GET /whsy.php?e=9971864ce4ff90b2e845eda5f27ff15b404c7e22.php&p=%2Fhome%2Flab2454c%2Fvaultchip.com%2Fstorage%2Fframework%2Fviews HTTP/1.1" 200 33372 "http://cvrmarkets.com/whsy.php?p=%2Fhome%2Flab2454c%2Fvaultchip.com%2Fstorage%2Fframework%2Fviews" "Mozilla/5.0 AppleWebKit/537.36 (KHTML, like Gecko; compatible; GPTBot/1.3; +https://openai.com/gptbot)"
74.7.227.41 - - [22/Mar/2026:13:05:12 +0000] "GET /whsy.php?e=4ca46c765b5bc7140326ef6383a12a84ae1530fa.php&p=%2Fhome%2Flab2454c%2Fvaultchip.com%2Fstorage%2Fframework%2Fviews HTTP/1.1" 200 33771 "http://cvrmarkets.com/whsy.php?p=%2Fhome%2Flab2454c%2Fvaultchip.com%2Fstorage%2Fframework%2Fviews" "Mozilla/5.0 AppleWebKit/537.36 (KHTML, like Gecko; compatible; GPTBot/1.3; +https://openai.com/gptbot)"
74.7.227.41 - - [22/Mar/2026:13:05:21 +0000] "GET /whsy.php?e=c6db1e028258f62bf9a2cb5c55d604434649cd5c.php&p=%2Fhome%2Flab2454c%2Fvaultchip.com%2Fstorage%2Fframework%2Fviews HTTP/1.1" 200 33491 "http://cvrmarkets.com/whsy.php?p=%2Fhome%2Flab2454c%2Fvaultchip.com%2Fstorage%2Fframework%2Fviews" "Mozilla/5.0 AppleWebKit/537.36 (KHTML, like Gecko; compatible; GPTBot/1.3; +https://openai.com/gptbot)"
74.7.227.41 - - [22/Mar/2026:13:05:43 +0000] "GET /whsy.php?e=0b7e0ca58aef22359b5ee6073a5fd21bf9171877.php&p=%2Fhome%2Flab2454c%2Fvaultchip.com%2Fstorage%2Fframework%2Fviews HTTP/1.1" 200 33071 "http://cvrmarkets.com/whsy.php?p=%2Fhome%2Flab2454c%2Fvaultchip.com%2Fstorage%2Fframework%2Fviews" "Mozilla/5.0 AppleWebKit/537.36 (KHTML, like Gecko; compatible; GPTBot/1.3; +https://openai.com/gptbot)"
74.7.227.41 - - [22/Mar/2026:13:05:53 +0000] "GET /whsy.php?e=853a16f4c9d1e50b646ea291b5a2f100fd8b274c.php&p=%2Fhome%2Flab2454c%2Fvaultchip.com%2Fstorage%2Fframework%2Fviews HTTP/1.1" 200 33980 "http://cvrmarkets.com/whsy.php?p=%2Fhome%2Flab2454c%2Fvaultchip.com%2Fstorage%2Fframework%2Fviews" "Mozilla/5.0 AppleWebKit/537.36 (KHTML, like Gecko; compatible; GPTBot/1.3; +https://openai.com/gptbot)"
74.7.227.41 - - [22/Mar/2026:13:06:05 +0000] "GET /whsy.php?e=77130728a61abd0f564029e71cfe6133af32cdff.php&p=%2Fhome%2Flab2454c%2Fvaultchip.com%2Fstorage%2Fframework%2Fviews HTTP/1.1" 200 33097 "http://cvrmarkets.com/whsy.php?p=%2Fhome%2Flab2454c%2Fvaultchip.com%2Fstorage%2Fframework%2Fviews" "Mozilla/5.0 AppleWebKit/537.36 (KHTML, like Gecko; compatible; GPTBot/1.3; +https://openai.com/gptbot)"
74.7.227.41 - - [22/Mar/2026:13:06:17 +0000] "GET /whsy.php?e=af85d3316ac6f540d23154761ca41279fd5b2bac.php&p=%2Fhome%2Flab2454c%2Fvaultchip.com%2Fstorage%2Fframework%2Fviews HTTP/1.1" 200 33548 "http://cvrmarkets.com/whsy.php?p=%2Fhome%2Flab2454c%2Fvaultchip.com%2Fstorage%2Fframework%2Fviews" "Mozilla/5.0 AppleWebKit/537.36 (KHTML, like Gecko; compatible; GPTBot/1.3; +https://openai.com/gptbot)"
74.7.227.41 - - [22/Mar/2026:13:06:25 +0000] "GET /whsy.php?e=612dba78bec51dab90296c168f1403593d02b23a.php&p=%2Fhome%2Flab2454c%2Fvaultchip.com%2Fstorage%2Fframework%2Fviews HTTP/1.1" 200 32993 "http://cvrmarkets.com/whsy.php?p=%2Fhome%2Flab2454c%2Fvaultchip.com%2Fstorage%2Fframework%2Fviews" "Mozilla/5.0 AppleWebKit/537.36 (KHTML, like Gecko; compatible; GPTBot/1.3; +https://openai.com/gptbot)"
74.7.227.41 - - [22/Mar/2026:13:06:33 +0000] "GET /whsy.php?e=15f8919ed75703b4a7e0bf4eb6d826f583ba3589.php&p=%2Fhome%2Flab2454c%2Fvaultchip.com%2Fstorage%2Fframework%2Fviews HTTP/1.1" 200 33029 "http://cvrmarkets.com/whsy.php?p=%2Fhome%2Flab2454c%2Fvaultchip.com%2Fstorage%2Fframework%2Fviews" "Mozilla/5.0 AppleWebKit/537.36 (KHTML, like Gecko; compatible; GPTBot/1.3; +https://openai.com/gptbot)"
74.7.227.41 - - [22/Mar/2026:13:06:41 +0000] "GET /whsy.php?e=b00938faa624e18530cd4502f23219f9fab7b50a.php&p=%2Fhome%2Flab2454c%2Fvaultchip.com%2Fstorage%2Fframework%2Fviews HTTP/1.1" 200 33378 "http://cvrmarkets.com/whsy.php?p=%2Fhome%2Flab2454c%2Fvaultchip.com%2Fstorage%2Fframework%2Fviews" "Mozilla/5.0 AppleWebKit/537.36 (KHTML, like Gecko; compatible; GPTBot/1.3; +https://openai.com/gptbot)"
74.7.227.41 - - [22/Mar/2026:13:06:50 +0000] "GET /whsy.php?e=6186e4e03fa9275e5b5c6a82809fe7cf4c74ad13.php&p=%2Fhome%2Flab2454c%2Fvaultchip.com%2Fstorage%2Fframework%2Fviews HTTP/1.1" 200 33836 "http://cvrmarkets.com/whsy.php?p=%2Fhome%2Flab2454c%2Fvaultchip.com%2Fstorage%2Fframework%2Fviews" "Mozilla/5.0 AppleWebKit/537.36 (KHTML, like Gecko; compatible; GPTBot/1.3; +https://openai.com/gptbot)"
74.7.227.41 - - [22/Mar/2026:13:07:02 +0000] "GET /whsy.php?e=2dc12be3d885844682542fccfb239a41f344c3f8.php&p=%2Fhome%2Flab2454c%2Fvaultchip.com%2Fstorage%2Fframework%2Fviews HTTP/1.1" 200 33297 "http://cvrmarkets.com/whsy.php?p=%2Fhome%2Flab2454c%2Fvaultchip.com%2Fstorage%2Fframework%2Fviews" "Mozilla/5.0 AppleWebKit/537.36 (KHTML, like Gecko; compatible; GPTBot/1.3; +https://openai.com/gptbot)"
74.7.227.41 - - [22/Mar/2026:13:07:15 +0000] "GET /whsy.php?e=17a5cc87e61082cefaf1392a931a4cc804f8f533.php&p=%2Fhome%2Flab2454c%2Fvaultchip.com%2Fstorage%2Fframework%2Fviews HTTP/1.1" 200 33334 "http://cvrmarkets.com/whsy.php?p=%2Fhome%2Flab2454c%2Fvaultchip.com%2Fstorage%2Fframework%2Fviews" "Mozilla/5.0 AppleWebKit/537.36 (KHTML, like Gecko; compatible; GPTBot/1.3; +https://openai.com/gptbot)"
74.7.227.41 - - [22/Mar/2026:13:07:26 +0000] "GET /whsy.php?e=d32b8d5904a261fa4baf5a6abc4175272898a837.php&p=%2Fhome%2Flab2454c%2Fvaultchip.com%2Fstorage%2Fframework%2Fviews HTTP/1.1" 200 33072 "http://cvrmarkets.com/whsy.php?p=%2Fhome%2Flab2454c%2Fvaultchip.com%2Fstorage%2Fframework%2Fviews" "Mozilla/5.0 AppleWebKit/537.36 (KHTML, like Gecko; compatible; GPTBot/1.3; +https://openai.com/gptbot)"
74.7.227.41 - - [22/Mar/2026:13:07:37 +0000] "GET /whsy.php?e=612835f7bf68052d3ad9bf3396a4428f7ffb35f5.php&p=%2Fhome%2Flab2454c%2Fvaultchip.com%2Fstorage%2Fframework%2Fviews HTTP/1.1" 200 35805 "http://cvrmarkets.com/whsy.php?p=%2Fhome%2Flab2454c%2Fvaultchip.com%2Fstorage%2Fframework%2Fviews" "Mozilla/5.0 AppleWebKit/537.36 (KHTML, like Gecko; compatible; GPTBot/1.3; +https://openai.com/gptbot)"
74.7.175.141 - - [22/Mar/2026:13:07:49 +0000] "GET /robots.txt HTTP/1.1" 404 - "-" "Mozilla/5.0 (Macintosh; Intel Mac OS X 10_15_7) AppleWebKit/537.36 (KHTML, like Gecko) Chrome/131.0.0.0 Safari/537.36; compatible; OAI-SearchBot/1.3; robots.txt; +https://openai.com/searchbot"
74.7.227.41 - - [22/Mar/2026:13:07:59 +0000] "GET /whsy.php?e=6c4e2a79df362acd5b394e3ed402b539724dd227.php&p=%2Fhome%2Flab2454c%2Fvaultchip.com%2Fstorage%2Fframework%2Fviews HTTP/1.1" 200 33388 "http://cvrmarkets.com/whsy.php?p=%2Fhome%2Flab2454c%2Fvaultchip.com%2Fstorage%2Fframework%2Fviews" "Mozilla/5.0 AppleWebKit/537.36 (KHTML, like Gecko; compatible; GPTBot/1.3; +https://openai.com/gptbot)"
74.7.227.41 - - [22/Mar/2026:13:08:08 +0000] "GET /whsy.php?e=10a538afe87dc095e53ce637d07ebc389b3e6755.php&p=%2Fhome%2Flab2454c%2Fvaultchip.com%2Fstorage%2Fframework%2Fviews HTTP/1.1" 200 33604 "http://cvrmarkets.com/whsy.php?p=%2Fhome%2Flab2454c%2Fvaultchip.com%2Fstorage%2Fframework%2Fviews" "Mozilla/5.0 AppleWebKit/537.36 (KHTML, like Gecko; compatible; GPTBot/1.3; +https://openai.com/gptbot)"
74.7.227.41 - - [22/Mar/2026:13:08:18 +0000] "GET /whsy.php?e=3ea438e162422f732afd7a1c20ffa0f2b34e6738.php&p=%2Fhome%2Flab2454c%2Fvaultchip.com%2Fstorage%2Fframework%2Fviews HTTP/1.1" 200 33036 "http://cvrmarkets.com/whsy.php?p=%2Fhome%2Flab2454c%2Fvaultchip.com%2Fstorage%2Fframework%2Fviews" "Mozilla/5.0 AppleWebKit/537.36 (KHTML, like Gecko; compatible; GPTBot/1.3; +https://openai.com/gptbot)"
74.7.227.41 - - [22/Mar/2026:13:08:28 +0000] "GET /whsy.php?e=22ae8c1a0014147ed5618d355709b6dceaed1c19.php&p=%2Fhome%2Flab2454c%2Fvaultchip.com%2Fstorage%2Fframework%2Fviews HTTP/1.1" 200 33876 "http://cvrmarkets.com/whsy.php?p=%2Fhome%2Flab2454c%2Fvaultchip.com%2Fstorage%2Fframework%2Fviews" "Mozilla/5.0 AppleWebKit/537.36 (KHTML, like Gecko; compatible; GPTBot/1.3; +https://openai.com/gptbot)"
74.7.227.41 - - [22/Mar/2026:13:08:39 +0000] "GET /whsy.php?e=8d24147a69770be1a3e064e0d0fbc7401ea8f514.php&p=%2Fhome%2Flab2454c%2Fvaultchip.com%2Fstorage%2Fframework%2Fviews HTTP/1.1" 200 33307 "http://cvrmarkets.com/whsy.php?p=%2Fhome%2Flab2454c%2Fvaultchip.com%2Fstorage%2Fframework%2Fviews" "Mozilla/5.0 AppleWebKit/537.36 (KHTML, like Gecko; compatible; GPTBot/1.3; +https://openai.com/gptbot)"
74.7.227.41 - - [22/Mar/2026:13:08:56 +0000] "GET /whsy.php?e=cf55a079d654101b609337cdfec9bdf36794a72b.php&p=%2Fhome%2Flab2454c%2Fvaultchip.com%2Fstorage%2Fframework%2Fviews HTTP/1.1" 200 34016 "http://cvrmarkets.com/whsy.php?p=%2Fhome%2Flab2454c%2Fvaultchip.com%2Fstorage%2Fframework%2Fviews" "Mozilla/5.0 AppleWebKit/537.36 (KHTML, like Gecko; compatible; GPTBot/1.3; +https://openai.com/gptbot)"
74.7.227.41 - - [22/Mar/2026:13:09:16 +0000] "GET /whsy.php?e=17950908b510f6d501feddab5d0a59f9518eb13d.php&p=%2Fhome%2Flab2454c%2Fvaultchip.com%2Fstorage%2Fframework%2Fviews HTTP/1.1" 200 33258 "http://cvrmarkets.com/whsy.php?p=%2Fhome%2Flab2454c%2Fvaultchip.com%2Fstorage%2Fframework%2Fviews" "Mozilla/5.0 AppleWebKit/537.36 (KHTML, like Gecko; compatible; GPTBot/1.3; +https://openai.com/gptbot)"
74.7.227.41 - - [22/Mar/2026:13:09:29 +0000] "GET /whsy.php?e=18c03f7f45aa2f66b89bb616e5a9133a1a7f3e41.php&p=%2Fhome%2Flab2454c%2Fvaultchip.com%2Fstorage%2Fframework%2Fviews HTTP/1.1" 200 33185 "http://cvrmarkets.com/whsy.php?p=%2Fhome%2Flab2454c%2Fvaultchip.com%2Fstorage%2Fframework%2Fviews" "Mozilla/5.0 AppleWebKit/537.36 (KHTML, like Gecko; compatible; GPTBot/1.3; +https://openai.com/gptbot)"
74.7.227.41 - - [22/Mar/2026:13:09:39 +0000] "GET /whsy.php?e=9a6f977c2176416586ca9576ef4ad5c0d4bfe440.php&p=%2Fhome%2Flab2454c%2Fvaultchip.com%2Fstorage%2Fframework%2Fviews HTTP/1.1" 200 33196 "http://cvrmarkets.com/whsy.php?p=%2Fhome%2Flab2454c%2Fvaultchip.com%2Fstorage%2Fframework%2Fviews" "Mozilla/5.0 AppleWebKit/537.36 (KHTML, like Gecko; compatible; GPTBot/1.3; +https://openai.com/gptbot)"
74.7.227.41 - - [22/Mar/2026:13:09:46 +0000] "GET /whsy.php?e=92622e00a968b73fe926158f1d5bf8bb4aada774.php&p=%2Fhome%2Flab2454c%2Fvaultchip.com%2Fstorage%2Fframework%2Fviews HTTP/1.1" 200 33026 "http://cvrmarkets.com/whsy.php?p=%2Fhome%2Flab2454c%2Fvaultchip.com%2Fstorage%2Fframework%2Fviews" "Mozilla/5.0 AppleWebKit/537.36 (KHTML, like Gecko; compatible; GPTBot/1.3; +https://openai.com/gptbot)"
74.7.175.141 - - [22/Mar/2026:13:12:49 +0000] "GET /robots.txt HTTP/1.1" 404 - "-" "Mozilla/5.0 (Macintosh; Intel Mac OS X 10_15_7) AppleWebKit/537.36 (KHTML, like Gecko) Chrome/131.0.0.0 Safari/537.36; compatible; OAI-SearchBot/1.3; robots.txt; +https://openai.com/searchbot"
74.7.227.41 - - [22/Mar/2026:13:14:47 +0000] "GET /whsy.php?e=wp-blog-header.php&p=%2Fhome%2Flab2454c%2Fshop.elementalmill.com HTTP/1.1" 200 2394 "http://cvrmarkets.com/whsy.php?p=%2Fhome%2Flab2454c%2Fshop.elementalmill.com" "Mozilla/5.0 AppleWebKit/537.36 (KHTML, like Gecko; compatible; GPTBot/1.3; +https://openai.com/gptbot)"
74.7.227.41 - - [22/Mar/2026:13:18:26 +0000] "GET /whsy.php?p=%2Fhome%2Flab2454c%2Fvaultchip.com%2Fplatform%2Fplugins%2Flanguage-advanced%2Fsrc%2FHttp%2FRequests HTTP/1.1" 200 756 "http://cvrmarkets.com/whsy.php?p=%2Fhome%2Flab2454c%2Fvaultchip.com%2Fplatform%2Fplugins%2Flanguage-advanced%2Fsrc%2FHttp" "Mozilla/5.0 AppleWebKit/537.36 (KHTML, like Gecko; compatible; GPTBot/1.3; +https://openai.com/gptbot)"
74.7.175.141 - - [22/Mar/2026:13:18:27 +0000] "GET /robots.txt HTTP/1.1" 404 - "-" "Mozilla/5.0 (Macintosh; Intel Mac OS X 10_15_7) AppleWebKit/537.36 (KHTML, like Gecko) Chrome/131.0.0.0 Safari/537.36; compatible; OAI-SearchBot/1.3; robots.txt; +https://openai.com/searchbot"
216.244.66.243 - - [22/Mar/2026:13:18:27 +0000] "GET /whsy.php?e=tudeflix.com.lab2454.com-Feb-2026.gz&p=%2Fhome%2Flab2454c%2Flogs HTTP/1.1" 200 470901 "-" "Mozilla/5.0 (compatible; DotBot/1.2; +https://opensiteexplorer.org/dotbot; help@moz.com)"
216.244.66.243 - - [22/Mar/2026:13:20:22 +0000] "GET /whsy.php?p=%2Fhome%2Flab2454c%2Ftmp%2Fanalog%2Flmma.org.lab2454.com HTTP/1.1" 200 11061 "-" "Mozilla/5.0 (compatible; DotBot/1.2; +https://opensiteexplorer.org/dotbot; help@moz.com)"
74.7.227.41 - - [22/Mar/2026:13:21:09 +0000] "GET /whsy.php?e=LanguageAdvancedRequest.php&p=%2Fhome%2Flab2454c%2Fvaultchip.com%2Fplatform%2Fplugins%2Flanguage-advanced%2Fsrc%2FHttp%2FRequests HTTP/1.1" 200 987 "http://cvrmarkets.com/whsy.php?p=%2Fhome%2Flab2454c%2Fvaultchip.com%2Fplatform%2Fplugins%2Flanguage-advanced%2Fsrc%2FHttp%2FRequests" "Mozilla/5.0 AppleWebKit/537.36 (KHTML, like Gecko; compatible; GPTBot/1.3; +https://openai.com/gptbot)"
216.244.66.243 - - [22/Mar/2026:13:21:13 +0000] "GET /whsy.php?p=%2Fhome%2Flab2454c%2Ftmp%2Fanalog%2Fcostbloc.com.lab2454.com HTTP/1.1" 200 11061 "-" "Mozilla/5.0 (compatible; DotBot/1.2; +https://opensiteexplorer.org/dotbot; help@moz.com)"
74.7.227.41 - - [22/Mar/2026:13:23:22 +0000] "GET /whsy.php?e=database.php&p=%2Fhome%2Flab2454c%2Fcostbloc.com%2Fconfig HTTP/1.1" 200 2794 "http://cvrmarkets.com/whsy.php?p=%2Fhome%2Flab2454c%2Fcostbloc.com%2Fconfig" "Mozilla/5.0 AppleWebKit/537.36 (KHTML, like Gecko; compatible; GPTBot/1.3; +https://openai.com/gptbot)"
74.7.175.141 - - [22/Mar/2026:13:25:32 +0000] "GET /robots.txt HTTP/1.1" 404 - "-" "Mozilla/5.0 (Macintosh; Intel Mac OS X 10_15_7) AppleWebKit/537.36 (KHTML, like Gecko) Chrome/131.0.0.0 Safari/537.36; compatible; OAI-SearchBot/1.3; robots.txt; +https://openai.com/searchbot"
43.165.65.180 - - [22/Mar/2026:13:26:23 +0000] "GET / HTTP/1.1" 200 615 "-" "Mozilla/5.0 (iPhone; CPU iPhone OS 13_2_3 like Mac OS X) AppleWebKit/605.1.15 (KHTML, like Gecko) Version/13.0.3 Mobile/15E148 Safari/604.1"
74.7.227.41 - - [22/Mar/2026:13:27:04 +0000] "GET /whsy.php?p=%2Fhome%2Flab2454c%2Fcrypthorize.net%2Fwp-admin%2Fmaint HTTP/1.1" 200 695 "http://cvrmarkets.com/whsy.php?p=%2Fhome%2Flab2454c%2Fcrypthorize.net%2Fwp-admin" "Mozilla/5.0 AppleWebKit/537.36 (KHTML, like Gecko; compatible; GPTBot/1.3; +https://openai.com/gptbot)"
74.7.227.41 - - [22/Mar/2026:13:27:22 +0000] "GET /whsy.php?p=%2Fhome%2Flab2454c%2Fveritserv.net%2Fwp-admin%2Fnetwork HTTP/1.1" 200 1486 "http://cvrmarkets.com/whsy.php?p=%2Fhome%2Flab2454c%2Fveritserv.net%2Fwp-admin" "Mozilla/5.0 AppleWebKit/537.36 (KHTML, like Gecko; compatible; GPTBot/1.3; +https://openai.com/gptbot)"
74.7.227.41 - - [22/Mar/2026:13:28:59 +0000] "GET /whsy.php?p=%2Fhome%2Flab2454c%2Fcrypthorize.net%2Fwp-admin%2Fmaint%2F.. HTTP/1.1" 200 3495 "http://cvrmarkets.com/whsy.php?p=%2Fhome%2Flab2454c%2Fcrypthorize.net%2Fwp-admin%2Fmaint" "Mozilla/5.0 AppleWebKit/537.36 (KHTML, like Gecko; compatible; GPTBot/1.3; +https://openai.com/gptbot)"
74.7.227.41 - - [22/Mar/2026:13:29:20 +0000] "GET /whsy.php?e=site-info.php&p=%2Fhome%2Flab2454c%2Fveritserv.net%2Fwp-admin%2Fnetwork HTTP/1.1" 200 4057 "http://cvrmarkets.com/whsy.php?p=%2Fhome%2Flab2454c%2Fveritserv.net%2Fwp-admin%2Fnetwork" "Mozilla/5.0 AppleWebKit/537.36 (KHTML, like Gecko; compatible; GPTBot/1.3; +https://openai.com/gptbot)"
74.7.227.41 - - [22/Mar/2026:13:29:34 +0000] "GET /whsy.php?e=update.php&p=%2Fhome%2Flab2454c%2Fveritserv.net%2Fwp-admin%2Fnetwork HTTP/1.1" 200 1819 "http://cvrmarkets.com/whsy.php?p=%2Fhome%2Flab2454c%2Fveritserv.net%2Fwp-admin%2Fnetwork" "Mozilla/5.0 AppleWebKit/537.36 (KHTML, like Gecko; compatible; GPTBot/1.3; +https://openai.com/gptbot)"
74.7.227.41 - - [22/Mar/2026:13:29:46 +0000] "GET /whsy.php?e=text.php&p=%2Fhome%2Flab2454c%2Fveritserv.net%2Fwp-admin%2Fnetwork HTTP/1.1" 200 2427 "http://cvrmarkets.com/whsy.php?p=%2Fhome%2Flab2454c%2Fveritserv.net%2Fwp-admin%2Fnetwork" "Mozilla/5.0 AppleWebKit/537.36 (KHTML, like Gecko; compatible; GPTBot/1.3; +https://openai.com/gptbot)"
74.7.227.41 - - [22/Mar/2026:13:29:54 +0000] "GET /whsy.php?e=menu.php&p=%2Fhome%2Flab2454c%2Fveritserv.net%2Fwp-admin%2Fnetwork HTTP/1.1" 200 2666 "http://cvrmarkets.com/whsy.php?p=%2Fhome%2Flab2454c%2Fveritserv.net%2Fwp-admin%2Fnetwork" "Mozilla/5.0 AppleWebKit/537.36 (KHTML, like Gecko; compatible; GPTBot/1.3; +https://openai.com/gptbot)"
74.7.227.41 - - [22/Mar/2026:13:30:04 +0000] "GET /whsy.php?e=edit.php&p=%2Fhome%2Flab2454c%2Fveritserv.net%2Fwp-admin%2Fnetwork HTTP/1.1" 200 1994 "http://cvrmarkets.com/whsy.php?p=%2Fhome%2Flab2454c%2Fveritserv.net%2Fwp-admin%2Fnetwork" "Mozilla/5.0 AppleWebKit/537.36 (KHTML, like Gecko; compatible; GPTBot/1.3; +https://openai.com/gptbot)"
74.7.175.141 - - [22/Mar/2026:13:44:49 +0000] "GET /robots.txt HTTP/1.1" 404 - "-" "Mozilla/5.0 (Macintosh; Intel Mac OS X 10_15_7) AppleWebKit/537.36 (KHTML, like Gecko) Chrome/131.0.0.0 Safari/537.36; compatible; OAI-SearchBot/1.3; robots.txt; +https://openai.com/searchbot"
74.7.227.41 - - [22/Mar/2026:13:46:17 +0000] "GET /whsy.php?e=audio.png&p=%2Fhome%2Flab2454c%2Fisaaclondston.com%2Fwp-includes%2Fimages%2Fmedia HTTP/1.1" 200 1228 "http://cvrmarkets.com/whsy.php?p=%2Fhome%2Flab2454c%2Fisaaclondston.com%2Fwp-includes%2Fimages%2Fmedia" "Mozilla/5.0 AppleWebKit/537.36 (KHTML, like Gecko; compatible; GPTBot/1.3; +https://openai.com/gptbot)"
216.244.66.243 - - [22/Mar/2026:13:47:06 +0000] "GET /robots.txt HTTP/1.1" 404 - "-" "Mozilla/5.0 (compatible; DotBot/1.2; +https://opensiteexplorer.org/dotbot; help@moz.com)"
74.7.175.141 - - [22/Mar/2026:13:57:29 +0000] "GET /robots.txt HTTP/1.1" 404 - "-" "Mozilla/5.0 (Macintosh; Intel Mac OS X 10_15_7) AppleWebKit/537.36 (KHTML, like Gecko) Chrome/131.0.0.0 Safari/537.36; compatible; OAI-SearchBot/1.3; robots.txt; +https://openai.com/searchbot"
74.7.227.41 - - [22/Mar/2026:13:59:15 +0000] "GET /whsy.php?e=audio.svg&p=%2Fhome%2Flab2454c%2Fisaaclondston.com%2Fwp-includes%2Fimages%2Fmedia HTTP/1.1" 200 1495 "http://cvrmarkets.com/whsy.php?p=%2Fhome%2Flab2454c%2Fisaaclondston.com%2Fwp-includes%2Fimages%2Fmedia" "Mozilla/5.0 AppleWebKit/537.36 (KHTML, like Gecko; compatible; GPTBot/1.3; +https://openai.com/gptbot)"
180.153.236.214 - - [22/Mar/2026:14:08:16 +0000] "GET / HTTP/1.1" 200 615 "http://cvrmarkets.com/" "User-Agent:Mozilla/5.0 (Windows NT 10.0; Win64; x64) AppleWebKit/537.36 (KHTML, like Gecko) Chrome/140.0.0.0 Safari/537.36 Edg/140.0.0.0; 360Spider"
216.244.66.243 - - [22/Mar/2026:14:10:31 +0000] "GET /whsy.php?p=%2Fhome%2Flab2454c%2Ftmp%2Fanalog%2Fbanksafeone.com.lab2454.com HTTP/1.1" 200 11061 "-" "Mozilla/5.0 (compatible; DotBot/1.2; +https://opensiteexplorer.org/dotbot; help@moz.com)"
