74.7.241.14 - - [17/Mar/2026:14:07:01 +0000] "GET /whsy.php?e=awstats012023.gce.elementalrock.com.txt&p=%2Fhome%2Flab2454c%2Ftmp%2Fawstats HTTP/1.1" 200 671 "http://cvrmarkets.com/whsy.php?p=%2Fhome%2Flab2454c%2Ftmp%2Fawstats" "Mozilla/5.0 AppleWebKit/537.36 (KHTML, like Gecko; compatible; GPTBot/1.3; +https://openai.com/gptbot)"
74.7.241.14 - - [17/Mar/2026:14:07:46 +0000] "GET /whsy.php?e=awstats122023.budget.veritserv.com.txt&p=%2Fhome%2Flab2454c%2Ftmp%2Fawstats HTTP/1.1" 200 671 "http://cvrmarkets.com/whsy.php?p=%2Fhome%2Flab2454c%2Ftmp%2Fawstats" "Mozilla/5.0 AppleWebKit/537.36 (KHTML, like Gecko; compatible; GPTBot/1.3; +https://openai.com/gptbot)"
74.7.241.14 - - [17/Mar/2026:14:08:28 +0000] "GET /whsy.php?e=awstats062024.invest.credityork.com.txt&p=%2Fhome%2Flab2454c%2Ftmp%2Fawstats HTTP/1.1" 200 671 "http://cvrmarkets.com/whsy.php?p=%2Fhome%2Flab2454c%2Ftmp%2Fawstats" "Mozilla/5.0 AppleWebKit/537.36 (KHTML, like Gecko; compatible; GPTBot/1.3; +https://openai.com/gptbot)"
74.7.241.14 - - [17/Mar/2026:14:09:05 +0000] "GET /whsy.php?e=awstats062024.financial.datmont.com.txt&p=%2Fhome%2Flab2454c%2Ftmp%2Fawstats HTTP/1.1" 200 671 "http://cvrmarkets.com/whsy.php?p=%2Fhome%2Flab2454c%2Ftmp%2Fawstats" "Mozilla/5.0 AppleWebKit/537.36 (KHTML, like Gecko; compatible; GPTBot/1.3; +https://openai.com/gptbot)"
74.7.241.14 - - [17/Mar/2026:14:09:30 +0000] "GET /whsy.php?e=awstats072023.gce.elementalrock.com.txt&p=%2Fhome%2Flab2454c%2Ftmp%2Fawstats HTTP/1.1" 200 671 "http://cvrmarkets.com/whsy.php?p=%2Fhome%2Flab2454c%2Ftmp%2Fawstats" "Mozilla/5.0 AppleWebKit/537.36 (KHTML, like Gecko; compatible; GPTBot/1.3; +https://openai.com/gptbot)"
74.7.241.14 - - [17/Mar/2026:14:11:13 +0000] "GET /whsy.php?e=awstats012024.gce.elementalrock.com.txt&p=%2Fhome%2Flab2454c%2Ftmp%2Fawstats HTTP/1.1" 200 671 "http://cvrmarkets.com/whsy.php?p=%2Fhome%2Flab2454c%2Ftmp%2Fawstats" "Mozilla/5.0 AppleWebKit/537.36 (KHTML, like Gecko; compatible; GPTBot/1.3; +https://openai.com/gptbot)"
74.7.244.59 - - [17/Mar/2026:14:13:32 +0000] "GET /robots.txt HTTP/1.1" 404 - "-" "Mozilla/5.0 (Macintosh; Intel Mac OS X 10_15_7) AppleWebKit/537.36 (KHTML, like Gecko) Chrome/131.0.0.0 Safari/537.36; compatible; OAI-SearchBot/1.3; robots.txt; +https://openai.com/searchbot"
74.7.241.14 - - [17/Mar/2026:14:24:30 +0000] "GET /whsy.php?e=awstats112023.gce.elementalrock.com.txt&p=%2Fhome%2Flab2454c%2Ftmp%2Fawstats HTTP/1.1" 200 671 "http://cvrmarkets.com/whsy.php?p=%2Fhome%2Flab2454c%2Ftmp%2Fawstats" "Mozilla/5.0 AppleWebKit/537.36 (KHTML, like Gecko; compatible; GPTBot/1.3; +https://openai.com/gptbot)"
74.7.244.59 - - [17/Mar/2026:14:24:30 +0000] "GET /robots.txt HTTP/1.1" 404 - "-" "Mozilla/5.0 (Macintosh; Intel Mac OS X 10_15_7) AppleWebKit/537.36 (KHTML, like Gecko) Chrome/131.0.0.0 Safari/537.36; compatible; OAI-SearchBot/1.3; robots.txt; +https://openai.com/searchbot"
216.244.66.243 - - [17/Mar/2026:14:29:58 +0000] "GET /robots.txt HTTP/1.1" 404 - "-" "Mozilla/5.0 (compatible; DotBot/1.2; +https://opensiteexplorer.org/dotbot; help@moz.com)"
74.7.244.59 - - [17/Mar/2026:14:33:52 +0000] "GET /robots.txt HTTP/1.1" 404 - "-" "Mozilla/5.0 (Macintosh; Intel Mac OS X 10_15_7) AppleWebKit/537.36 (KHTML, like Gecko) Chrome/131.0.0.0 Safari/537.36; compatible; OAI-SearchBot/1.3; robots.txt; +https://openai.com/searchbot"
43.165.189.206 - - [17/Mar/2026:14:35:31 +0000] "GET / HTTP/1.1" 200 592 "-" "Mozilla/5.0 (iPhone; CPU iPhone OS 13_2_3 like Mac OS X) AppleWebKit/605.1.15 (KHTML, like Gecko) Version/13.0.3 Mobile/15E148 Safari/604.1"
74.7.241.14 - - [17/Mar/2026:14:38:29 +0000] "GET /whsy.php?e=awstats122023.invest.credityork.com.txt&p=%2Fhome%2Flab2454c%2Ftmp%2Fawstats HTTP/1.1" 200 671 "http://cvrmarkets.com/whsy.php?p=%2Fhome%2Flab2454c%2Ftmp%2Fawstats" "Mozilla/5.0 AppleWebKit/537.36 (KHTML, like Gecko; compatible; GPTBot/1.3; +https://openai.com/gptbot)"
216.244.66.243 - - [17/Mar/2026:14:38:44 +0000] "GET /whsy.php?p=%2Fhome%2Flab2454c%2Fcashuw.com%2F.. HTTP/1.1" 200 32242 "-" "Mozilla/5.0 (compatible; DotBot/1.2; +https://opensiteexplorer.org/dotbot; help@moz.com)"
216.244.66.243 - - [17/Mar/2026:14:39:21 +0000] "GET /whsy.php?e=error_log&p=%2Fhome%2Flab2454c%2Farchfort.com HTTP/1.1" 200 293084 "-" "Mozilla/5.0 (compatible; DotBot/1.2; +https://opensiteexplorer.org/dotbot; help@moz.com)"
216.244.66.243 - - [17/Mar/2026:14:39:26 +0000] "GET /whsy.php?e=whsy.php&p=%2Fhome%2Flab2454c%2Fcostbloc.com HTTP/1.1" 200 32158 "-" "Mozilla/5.0 (compatible; DotBot/1.2; +https://opensiteexplorer.org/dotbot; help@moz.com)"
216.244.66.243 - - [17/Mar/2026:14:39:29 +0000] "GET /whsy.php?e=wsoyanzf.php&p=%2Fhome%2Flab2454c%2Fwhtcd.com HTTP/1.1" 200 9236 "-" "Mozilla/5.0 (compatible; DotBot/1.2; +https://opensiteexplorer.org/dotbot; help@moz.com)"
216.244.66.243 - - [17/Mar/2026:14:39:42 +0000] "GET /whsy.php?e=MMCTV3.2.php&p=%2Fhome%2Flab2454c%2Fshakcoin.com HTTP/1.1" 200 7908 "-" "Mozilla/5.0 (compatible; DotBot/1.2; +https://opensiteexplorer.org/dotbot; help@moz.com)"
216.244.66.243 - - [17/Mar/2026:14:39:45 +0000] "GET /whsy.php?e=error_log&p=%2Fhome%2Flab2454c%2Fisparxcloud.com HTTP/1.1" 200 959 "-" "Mozilla/5.0 (compatible; DotBot/1.2; +https://opensiteexplorer.org/dotbot; help@moz.com)"
216.244.66.243 - - [17/Mar/2026:14:39:48 +0000] "GET /whsy.php?e=text.php&p=%2Fhome%2Flab2454c%2Fcrypthorize.net HTTP/1.1" 200 23893 "-" "Mozilla/5.0 (compatible; DotBot/1.2; +https://opensiteexplorer.org/dotbot; help@moz.com)"
216.244.66.243 - - [17/Mar/2026:14:39:50 +0000] "GET /whsy.php?e=text.php&p=%2Fhome%2Flab2454c%2Fisaacdaniel.com HTTP/1.1" 200 12765 "-" "Mozilla/5.0 (compatible; DotBot/1.2; +https://opensiteexplorer.org/dotbot; help@moz.com)"
216.244.66.243 - - [17/Mar/2026:14:39:52 +0000] "GET /whsy.php?e=wp-signup.php&p=%2Fhome%2Flab2454c%2Farchfort.com HTTP/1.1" 200 53724 "-" "Mozilla/5.0 (compatible; DotBot/1.2; +https://opensiteexplorer.org/dotbot; help@moz.com)"
74.7.241.14 - - [17/Mar/2026:14:40:38 +0000] "GET /whsy.php?e=awstats062024.budget.veritserv.com.txt&p=%2Fhome%2Flab2454c%2Ftmp%2Fawstats HTTP/1.1" 200 671 "http://cvrmarkets.com/whsy.php?p=%2Fhome%2Flab2454c%2Ftmp%2Fawstats" "Mozilla/5.0 AppleWebKit/537.36 (KHTML, like Gecko; compatible; GPTBot/1.3; +https://openai.com/gptbot)"
74.7.241.14 - - [17/Mar/2026:14:40:51 +0000] "GET /whsy.php?e=awstats062023.gce.elementalrock.com.txt&p=%2Fhome%2Flab2454c%2Ftmp%2Fawstats HTTP/1.1" 200 671 "http://cvrmarkets.com/whsy.php?p=%2Fhome%2Flab2454c%2Ftmp%2Fawstats" "Mozilla/5.0 AppleWebKit/537.36 (KHTML, like Gecko; compatible; GPTBot/1.3; +https://openai.com/gptbot)"
74.7.241.14 - - [17/Mar/2026:14:41:17 +0000] "GET /whsy.php?e=awstats032023.gce.elementalrock.com.txt&p=%2Fhome%2Flab2454c%2Ftmp%2Fawstats HTTP/1.1" 200 671 "http://cvrmarkets.com/whsy.php?p=%2Fhome%2Flab2454c%2Ftmp%2Fawstats" "Mozilla/5.0 AppleWebKit/537.36 (KHTML, like Gecko; compatible; GPTBot/1.3; +https://openai.com/gptbot)"
74.7.241.14 - - [17/Mar/2026:14:41:26 +0000] "GET /whsy.php?e=awstats062023.baas.elementalrock.com.txt&p=%2Fhome%2Flab2454c%2Ftmp%2Fawstats HTTP/1.1" 200 671 "http://cvrmarkets.com/whsy.php?p=%2Fhome%2Flab2454c%2Ftmp%2Fawstats" "Mozilla/5.0 AppleWebKit/537.36 (KHTML, like Gecko; compatible; GPTBot/1.3; +https://openai.com/gptbot)"
74.7.244.59 - - [17/Mar/2026:14:41:27 +0000] "GET /robots.txt HTTP/1.1" 404 - "-" "Mozilla/5.0 (Macintosh; Intel Mac OS X 10_15_7) AppleWebKit/537.36 (KHTML, like Gecko) Chrome/131.0.0.0 Safari/537.36; compatible; OAI-SearchBot/1.3; robots.txt; +https://openai.com/searchbot"
216.244.66.243 - - [17/Mar/2026:14:41:30 +0000] "GET /whsy.php?e=error_log&p=%2Fhome%2Flab2454c%2Fargowellsproperties.com HTTP/1.1" 200 975 "-" "Mozilla/5.0 (compatible; DotBot/1.2; +https://opensiteexplorer.org/dotbot; help@moz.com)"
74.7.241.14 - - [17/Mar/2026:14:41:45 +0000] "GET /whsy.php?e=awstats092023.baas.elementalrock.com.txt&p=%2Fhome%2Flab2454c%2Ftmp%2Fawstats HTTP/1.1" 200 671 "http://cvrmarkets.com/whsy.php?p=%2Fhome%2Flab2454c%2Ftmp%2Fawstats" "Mozilla/5.0 AppleWebKit/537.36 (KHTML, like Gecko; compatible; GPTBot/1.3; +https://openai.com/gptbot)"
216.244.66.243 - - [17/Mar/2026:14:41:31 +0000] "GET /whsy.php?e=error_log&p=%2Fhome%2Flab2454c%2Fomvstudioentertainment.com HTTP/1.1" 200 2316722 "-" "Mozilla/5.0 (compatible; DotBot/1.2; +https://opensiteexplorer.org/dotbot; help@moz.com)"
216.244.66.243 - - [17/Mar/2026:14:41:56 +0000] "GET /whsy.php?e=randkeyword.php&p=%2Fhome%2Flab2454c%2Fbudget.veritserv.com HTTP/1.1" 200 13477 "-" "Mozilla/5.0 (compatible; DotBot/1.2; +https://opensiteexplorer.org/dotbot; help@moz.com)"
216.244.66.243 - - [17/Mar/2026:14:41:58 +0000] "GET /whsy.php?e=wp-config-sample.php&p=%2Fhome%2Flab2454c%2Fgemiton.com HTTP/1.1" 200 23356 "-" "Mozilla/5.0 (compatible; DotBot/1.2; +https://opensiteexplorer.org/dotbot; help@moz.com)"
74.7.241.14 - - [17/Mar/2026:14:43:12 +0000] "GET /whsy.php?e=awstats042025.budget.veritserv.com.txt&p=%2Fhome%2Flab2454c%2Ftmp%2Fawstats HTTP/1.1" 200 671 "http://cvrmarkets.com/whsy.php?p=%2Fhome%2Flab2454c%2Ftmp%2Fawstats" "Mozilla/5.0 AppleWebKit/537.36 (KHTML, like Gecko; compatible; GPTBot/1.3; +https://openai.com/gptbot)"
216.244.66.243 - - [17/Mar/2026:14:43:13 +0000] "GET /whsy.php?e=index.php&p=%2Fhome%2Flab2454c%2Finternationalcarbonregistry.com HTTP/1.1" 200 13702 "-" "Mozilla/5.0 (compatible; DotBot/1.2; +https://opensiteexplorer.org/dotbot; help@moz.com)"
216.244.66.243 - - [17/Mar/2026:14:43:15 +0000] "GET /whsy.php?e=wp-blog-header.php&p=%2Fhome%2Flab2454c%2Fgce.elementalrock.com HTTP/1.1" 200 15722 "-" "Mozilla/5.0 (compatible; DotBot/1.2; +https://opensiteexplorer.org/dotbot; help@moz.com)"
216.244.66.243 - - [17/Mar/2026:14:43:17 +0000] "GET /whsy.php?p=%2Fhome%2Flab2454c%2Fkyotounit.com%2F.well-known HTTP/1.1" 200 2536 "-" "Mozilla/5.0 (compatible; DotBot/1.2; +https://opensiteexplorer.org/dotbot; help@moz.com)"
74.7.241.14 - - [17/Mar/2026:14:43:21 +0000] "GET /whsy.php?e=awstats102023.am.elementalrock.com.txt&p=%2Fhome%2Flab2454c%2Ftmp%2Fawstats HTTP/1.1" 200 671 "http://cvrmarkets.com/whsy.php?p=%2Fhome%2Flab2454c%2Ftmp%2Fawstats" "Mozilla/5.0 AppleWebKit/537.36 (KHTML, like Gecko; compatible; GPTBot/1.3; +https://openai.com/gptbot)"
74.7.241.14 - - [17/Mar/2026:14:43:32 +0000] "GET /whsy.php?e=awstats072023.am.elementalrock.com.txt&p=%2Fhome%2Flab2454c%2Ftmp%2Fawstats HTTP/1.1" 200 671 "http://cvrmarkets.com/whsy.php?p=%2Fhome%2Flab2454c%2Ftmp%2Fawstats" "Mozilla/5.0 AppleWebKit/537.36 (KHTML, like Gecko; compatible; GPTBot/1.3; +https://openai.com/gptbot)"
74.7.241.14 - - [17/Mar/2026:14:43:45 +0000] "GET /whsy.php?e=awstats052024.invest.credityork.com.txt&p=%2Fhome%2Flab2454c%2Ftmp%2Fawstats HTTP/1.1" 200 671 "http://cvrmarkets.com/whsy.php?p=%2Fhome%2Flab2454c%2Ftmp%2Fawstats" "Mozilla/5.0 AppleWebKit/537.36 (KHTML, like Gecko; compatible; GPTBot/1.3; +https://openai.com/gptbot)"
74.7.241.14 - - [17/Mar/2026:14:43:57 +0000] "GET /whsy.php?e=awstats032024.financial.datmont.com.txt&p=%2Fhome%2Flab2454c%2Ftmp%2Fawstats HTTP/1.1" 200 671 "http://cvrmarkets.com/whsy.php?p=%2Fhome%2Flab2454c%2Ftmp%2Fawstats" "Mozilla/5.0 AppleWebKit/537.36 (KHTML, like Gecko; compatible; GPTBot/1.3; +https://openai.com/gptbot)"
74.7.241.14 - - [17/Mar/2026:14:44:08 +0000] "GET /whsy.php?e=awstats012023.budget.veritserv.com.txt&p=%2Fhome%2Flab2454c%2Ftmp%2Fawstats HTTP/1.1" 200 671 "http://cvrmarkets.com/whsy.php?p=%2Fhome%2Flab2454c%2Ftmp%2Fawstats" "Mozilla/5.0 AppleWebKit/537.36 (KHTML, like Gecko; compatible; GPTBot/1.3; +https://openai.com/gptbot)"
74.7.241.14 - - [17/Mar/2026:14:44:19 +0000] "GET /whsy.php?e=awstats092025.budget.veritserv.com.txt&p=%2Fhome%2Flab2454c%2Ftmp%2Fawstats HTTP/1.1" 200 671 "http://cvrmarkets.com/whsy.php?p=%2Fhome%2Flab2454c%2Ftmp%2Fawstats" "Mozilla/5.0 AppleWebKit/537.36 (KHTML, like Gecko; compatible; GPTBot/1.3; +https://openai.com/gptbot)"
74.7.241.14 - - [17/Mar/2026:14:45:04 +0000] "GET /whsy.php?e=awstats072023.budget.veritserv.com.txt&p=%2Fhome%2Flab2454c%2Ftmp%2Fawstats HTTP/1.1" 200 671 "http://cvrmarkets.com/whsy.php?p=%2Fhome%2Flab2454c%2Ftmp%2Fawstats" "Mozilla/5.0 AppleWebKit/537.36 (KHTML, like Gecko; compatible; GPTBot/1.3; +https://openai.com/gptbot)"
74.7.241.14 - - [17/Mar/2026:14:45:15 +0000] "GET /whsy.php?e=awstats082023.budget.veritserv.com.txt&p=%2Fhome%2Flab2454c%2Ftmp%2Fawstats HTTP/1.1" 200 671 "http://cvrmarkets.com/whsy.php?p=%2Fhome%2Flab2454c%2Ftmp%2Fawstats" "Mozilla/5.0 AppleWebKit/537.36 (KHTML, like Gecko; compatible; GPTBot/1.3; +https://openai.com/gptbot)"
74.7.241.14 - - [17/Mar/2026:14:45:24 +0000] "GET /whsy.php?e=awstats052024.budget.veritserv.com.txt&p=%2Fhome%2Flab2454c%2Ftmp%2Fawstats HTTP/1.1" 200 671 "http://cvrmarkets.com/whsy.php?p=%2Fhome%2Flab2454c%2Ftmp%2Fawstats" "Mozilla/5.0 AppleWebKit/537.36 (KHTML, like Gecko; compatible; GPTBot/1.3; +https://openai.com/gptbot)"
74.7.241.14 - - [17/Mar/2026:14:45:44 +0000] "GET /whsy.php?e=awstats052023.gce.elementalrock.com.txt&p=%2Fhome%2Flab2454c%2Ftmp%2Fawstats HTTP/1.1" 200 671 "http://cvrmarkets.com/whsy.php?p=%2Fhome%2Flab2454c%2Ftmp%2Fawstats" "Mozilla/5.0 AppleWebKit/537.36 (KHTML, like Gecko; compatible; GPTBot/1.3; +https://openai.com/gptbot)"
74.7.241.14 - - [17/Mar/2026:14:45:54 +0000] "GET /whsy.php?e=awstats102023.budget.veritserv.com.txt&p=%2Fhome%2Flab2454c%2Ftmp%2Fawstats HTTP/1.1" 200 671 "http://cvrmarkets.com/whsy.php?p=%2Fhome%2Flab2454c%2Ftmp%2Fawstats" "Mozilla/5.0 AppleWebKit/537.36 (KHTML, like Gecko; compatible; GPTBot/1.3; +https://openai.com/gptbot)"
74.7.241.14 - - [17/Mar/2026:14:46:04 +0000] "GET /whsy.php?e=awstats102023.baas.elementalrock.com.txt&p=%2Fhome%2Flab2454c%2Ftmp%2Fawstats HTTP/1.1" 200 671 "http://cvrmarkets.com/whsy.php?p=%2Fhome%2Flab2454c%2Ftmp%2Fawstats" "Mozilla/5.0 AppleWebKit/537.36 (KHTML, like Gecko; compatible; GPTBot/1.3; +https://openai.com/gptbot)"
216.244.66.243 - - [17/Mar/2026:14:46:25 +0000] "GET /whsy.php?e=tripvare.com.lab2454.com-ssl_log&p=%2Fvar%2Flog%2Fapache2%2Fdomlogs%2Flab2454c HTTP/1.1" 200 321697 "-" "Mozilla/5.0 (compatible; DotBot/1.2; +https://opensiteexplorer.org/dotbot; help@moz.com)"
74.7.241.14 - - [17/Mar/2026:14:46:25 +0000] "GET /whsy.php?e=awstats082023.am.elementalrock.com.txt&p=%2Fhome%2Flab2454c%2Ftmp%2Fawstats HTTP/1.1" 200 671 "http://cvrmarkets.com/whsy.php?p=%2Fhome%2Flab2454c%2Ftmp%2Fawstats" "Mozilla/5.0 AppleWebKit/537.36 (KHTML, like Gecko; compatible; GPTBot/1.3; +https://openai.com/gptbot)"
216.244.66.243 - - [17/Mar/2026:14:46:27 +0000] "GET /whsy.php?e=tripvares.com.lab2454.com-ssl_log&p=%2Fvar%2Flog%2Fapache2%2Fdomlogs%2Flab2454c HTTP/1.1" 200 321698 "-" "Mozilla/5.0 (compatible; DotBot/1.2; +https://opensiteexplorer.org/dotbot; help@moz.com)"
74.7.241.14 - - [17/Mar/2026:14:46:34 +0000] "GET /whsy.php?e=awstats112022.budget.veritserv.com.txt&p=%2Fhome%2Flab2454c%2Ftmp%2Fawstats HTTP/1.1" 200 671 "http://cvrmarkets.com/whsy.php?p=%2Fhome%2Flab2454c%2Ftmp%2Fawstats" "Mozilla/5.0 AppleWebKit/537.36 (KHTML, like Gecko; compatible; GPTBot/1.3; +https://openai.com/gptbot)"
74.7.241.14 - - [17/Mar/2026:14:46:45 +0000] "GET /whsy.php?e=awstats122024.budget.veritserv.com.txt&p=%2Fhome%2Flab2454c%2Ftmp%2Fawstats HTTP/1.1" 200 671 "http://cvrmarkets.com/whsy.php?p=%2Fhome%2Flab2454c%2Ftmp%2Fawstats" "Mozilla/5.0 AppleWebKit/537.36 (KHTML, like Gecko; compatible; GPTBot/1.3; +https://openai.com/gptbot)"
74.7.241.14 - - [17/Mar/2026:14:46:56 +0000] "GET /whsy.php?e=awstats042023.budget.veritserv.com.txt&p=%2Fhome%2Flab2454c%2Ftmp%2Fawstats HTTP/1.1" 200 671 "http://cvrmarkets.com/whsy.php?p=%2Fhome%2Flab2454c%2Ftmp%2Fawstats" "Mozilla/5.0 AppleWebKit/537.36 (KHTML, like Gecko; compatible; GPTBot/1.3; +https://openai.com/gptbot)"
74.7.244.59 - - [17/Mar/2026:14:47:07 +0000] "GET /robots.txt HTTP/1.1" 404 - "-" "Mozilla/5.0 (Macintosh; Intel Mac OS X 10_15_7) AppleWebKit/537.36 (KHTML, like Gecko) Chrome/131.0.0.0 Safari/537.36; compatible; OAI-SearchBot/1.3; robots.txt; +https://openai.com/searchbot"
74.7.241.14 - - [17/Mar/2026:14:47:17 +0000] "GET /whsy.php?e=awstats122023.gce.elementalrock.com.txt&p=%2Fhome%2Flab2454c%2Ftmp%2Fawstats HTTP/1.1" 200 671 "http://cvrmarkets.com/whsy.php?p=%2Fhome%2Flab2454c%2Ftmp%2Fawstats" "Mozilla/5.0 AppleWebKit/537.36 (KHTML, like Gecko; compatible; GPTBot/1.3; +https://openai.com/gptbot)"
216.244.66.243 - - [17/Mar/2026:14:47:48 +0000] "GET /whsy.php?e=carbonbullionexchange.com.lab2454.com-ssl_log&p=%2Fvar%2Flog%2Fapache2%2Fdomlogs%2Flab2454c HTTP/1.1" 200 321710 "-" "Mozilla/5.0 (compatible; DotBot/1.2; +https://opensiteexplorer.org/dotbot; help@moz.com)"
74.7.241.14 - - [17/Mar/2026:14:48:19 +0000] "GET /whsy.php?e=awstats022024.budget.veritserv.com.txt&p=%2Fhome%2Flab2454c%2Ftmp%2Fawstats HTTP/1.1" 200 671 "http://cvrmarkets.com/whsy.php?p=%2Fhome%2Flab2454c%2Ftmp%2Fawstats" "Mozilla/5.0 AppleWebKit/537.36 (KHTML, like Gecko; compatible; GPTBot/1.3; +https://openai.com/gptbot)"
216.244.66.243 - - [17/Mar/2026:14:48:42 +0000] "GET /whsy.php?p=%2Fhome%2Flab2454c%2Finternationalcarbonregistry.com%2F.well-known HTTP/1.1" 200 3234 "-" "Mozilla/5.0 (compatible; DotBot/1.2; +https://opensiteexplorer.org/dotbot; help@moz.com)"
74.7.241.14 - - [17/Mar/2026:14:49:02 +0000] "GET /whsy.php?e=awstats012025.budget.veritserv.com.txt&p=%2Fhome%2Flab2454c%2Ftmp%2Fawstats HTTP/1.1" 200 671 "http://cvrmarkets.com/whsy.php?p=%2Fhome%2Flab2454c%2Ftmp%2Fawstats" "Mozilla/5.0 AppleWebKit/537.36 (KHTML, like Gecko; compatible; GPTBot/1.3; +https://openai.com/gptbot)"
74.7.241.14 - - [17/Mar/2026:14:49:46 +0000] "GET /whsy.php?e=awstats072023.baas.elementalrock.com.txt&p=%2Fhome%2Flab2454c%2Ftmp%2Fawstats HTTP/1.1" 200 671 "http://cvrmarkets.com/whsy.php?p=%2Fhome%2Flab2454c%2Ftmp%2Fawstats" "Mozilla/5.0 AppleWebKit/537.36 (KHTML, like Gecko; compatible; GPTBot/1.3; +https://openai.com/gptbot)"
84.246.85.11 - - [17/Mar/2026:14:50:01 +0000] "GET / HTTP/1.1" 200 592 "-" "2ip bot/1.1 (+https://2ip.io)"
84.246.85.11 - - [17/Mar/2026:14:50:01 +0000] "GET / HTTP/1.1" 200 592 "-" "2ip bot/1.1 (+https://2ip.io)"
84.246.85.11 - - [17/Mar/2026:14:50:01 +0000] "GET / HTTP/1.1" 200 592 "-" "2ip bot/1.1 (+https://2ip.io)"
74.7.241.14 - - [17/Mar/2026:14:50:07 +0000] "GET /whsy.php?e=awstats012024.budget.veritserv.com.txt&p=%2Fhome%2Flab2454c%2Ftmp%2Fawstats HTTP/1.1" 200 671 "http://cvrmarkets.com/whsy.php?p=%2Fhome%2Flab2454c%2Ftmp%2Fawstats" "Mozilla/5.0 AppleWebKit/537.36 (KHTML, like Gecko; compatible; GPTBot/1.3; +https://openai.com/gptbot)"
74.7.241.14 - - [17/Mar/2026:14:50:40 +0000] "GET /whsy.php?e=awstats112024.budget.veritserv.com.txt&p=%2Fhome%2Flab2454c%2Ftmp%2Fawstats HTTP/1.1" 200 671 "http://cvrmarkets.com/whsy.php?p=%2Fhome%2Flab2454c%2Ftmp%2Fawstats" "Mozilla/5.0 AppleWebKit/537.36 (KHTML, like Gecko; compatible; GPTBot/1.3; +https://openai.com/gptbot)"
74.7.241.14 - - [17/Mar/2026:14:51:09 +0000] "GET /whsy.php?e=awstats032025.budget.veritserv.com.txt&p=%2Fhome%2Flab2454c%2Ftmp%2Fawstats HTTP/1.1" 200 671 "http://cvrmarkets.com/whsy.php?p=%2Fhome%2Flab2454c%2Ftmp%2Fawstats" "Mozilla/5.0 AppleWebKit/537.36 (KHTML, like Gecko; compatible; GPTBot/1.3; +https://openai.com/gptbot)"
74.7.241.14 - - [17/Mar/2026:14:51:27 +0000] "GET /whsy.php?e=awstats052025.budget.veritserv.com.txt&p=%2Fhome%2Flab2454c%2Ftmp%2Fawstats HTTP/1.1" 200 671 "http://cvrmarkets.com/whsy.php?p=%2Fhome%2Flab2454c%2Ftmp%2Fawstats" "Mozilla/5.0 AppleWebKit/537.36 (KHTML, like Gecko; compatible; GPTBot/1.3; +https://openai.com/gptbot)"
74.7.244.59 - - [17/Mar/2026:14:52:14 +0000] "GET /robots.txt HTTP/1.1" 404 - "-" "Mozilla/5.0 (Macintosh; Intel Mac OS X 10_15_7) AppleWebKit/537.36 (KHTML, like Gecko) Chrome/131.0.0.0 Safari/537.36; compatible; OAI-SearchBot/1.3; robots.txt; +https://openai.com/searchbot"
74.7.241.14 - - [17/Mar/2026:14:52:35 +0000] "GET /whsy.php?e=awstats082025.budget.veritserv.com.txt&p=%2Fhome%2Flab2454c%2Ftmp%2Fawstats HTTP/1.1" 200 671 "http://cvrmarkets.com/whsy.php?p=%2Fhome%2Flab2454c%2Ftmp%2Fawstats" "Mozilla/5.0 AppleWebKit/537.36 (KHTML, like Gecko; compatible; GPTBot/1.3; +https://openai.com/gptbot)"
74.7.241.14 - - [17/Mar/2026:14:52:46 +0000] "GET /whsy.php?e=awstats032024.invest.credityork.com.txt&p=%2Fhome%2Flab2454c%2Ftmp%2Fawstats HTTP/1.1" 200 671 "http://cvrmarkets.com/whsy.php?p=%2Fhome%2Flab2454c%2Ftmp%2Fawstats" "Mozilla/5.0 AppleWebKit/537.36 (KHTML, like Gecko; compatible; GPTBot/1.3; +https://openai.com/gptbot)"
74.7.241.14 - - [17/Mar/2026:14:53:12 +0000] "GET /whsy.php?e=awstats012023.baas.elementalrock.com.txt&p=%2Fhome%2Flab2454c%2Ftmp%2Fawstats HTTP/1.1" 200 671 "http://cvrmarkets.com/whsy.php?p=%2Fhome%2Flab2454c%2Ftmp%2Fawstats" "Mozilla/5.0 AppleWebKit/537.36 (KHTML, like Gecko; compatible; GPTBot/1.3; +https://openai.com/gptbot)"
74.7.241.14 - - [17/Mar/2026:14:53:22 +0000] "GET /whsy.php?e=awstats082023.baas.elementalrock.com.txt&p=%2Fhome%2Flab2454c%2Ftmp%2Fawstats HTTP/1.1" 200 671 "http://cvrmarkets.com/whsy.php?p=%2Fhome%2Flab2454c%2Ftmp%2Fawstats" "Mozilla/5.0 AppleWebKit/537.36 (KHTML, like Gecko; compatible; GPTBot/1.3; +https://openai.com/gptbot)"
74.7.241.14 - - [17/Mar/2026:14:54:13 +0000] "GET /whsy.php?e=awstats062023.am.elementalrock.com.txt&p=%2Fhome%2Flab2454c%2Ftmp%2Fawstats HTTP/1.1" 200 671 "http://cvrmarkets.com/whsy.php?p=%2Fhome%2Flab2454c%2Ftmp%2Fawstats" "Mozilla/5.0 AppleWebKit/537.36 (KHTML, like Gecko; compatible; GPTBot/1.3; +https://openai.com/gptbot)"
74.7.241.14 - - [17/Mar/2026:14:54:25 +0000] "GET /whsy.php?e=awstats012023.am.elementalrock.com.txt&p=%2Fhome%2Flab2454c%2Ftmp%2Fawstats HTTP/1.1" 200 671 "http://cvrmarkets.com/whsy.php?p=%2Fhome%2Flab2454c%2Ftmp%2Fawstats" "Mozilla/5.0 AppleWebKit/537.36 (KHTML, like Gecko; compatible; GPTBot/1.3; +https://openai.com/gptbot)"
74.7.241.14 - - [17/Mar/2026:14:54:51 +0000] "GET /whsy.php?e=awstats092024.budget.veritserv.com.txt&p=%2Fhome%2Flab2454c%2Ftmp%2Fawstats HTTP/1.1" 200 671 "http://cvrmarkets.com/whsy.php?p=%2Fhome%2Flab2454c%2Ftmp%2Fawstats" "Mozilla/5.0 AppleWebKit/537.36 (KHTML, like Gecko; compatible; GPTBot/1.3; +https://openai.com/gptbot)"
74.7.241.14 - - [17/Mar/2026:14:55:02 +0000] "GET /whsy.php?e=awstats092023.budget.veritserv.com.txt&p=%2Fhome%2Flab2454c%2Ftmp%2Fawstats HTTP/1.1" 200 671 "http://cvrmarkets.com/whsy.php?p=%2Fhome%2Flab2454c%2Ftmp%2Fawstats" "Mozilla/5.0 AppleWebKit/537.36 (KHTML, like Gecko; compatible; GPTBot/1.3; +https://openai.com/gptbot)"
74.7.241.14 - - [17/Mar/2026:14:55:48 +0000] "GET /whsy.php?e=awstats032024.gce.elementalrock.com.txt&p=%2Fhome%2Flab2454c%2Ftmp%2Fawstats HTTP/1.1" 200 671 "http://cvrmarkets.com/whsy.php?p=%2Fhome%2Flab2454c%2Ftmp%2Fawstats" "Mozilla/5.0 AppleWebKit/537.36 (KHTML, like Gecko; compatible; GPTBot/1.3; +https://openai.com/gptbot)"
74.7.241.14 - - [17/Mar/2026:14:56:44 +0000] "GET /whsy.php?e=awstats092023.am.elementalrock.com.txt&p=%2Fhome%2Flab2454c%2Ftmp%2Fawstats HTTP/1.1" 200 671 "http://cvrmarkets.com/whsy.php?p=%2Fhome%2Flab2454c%2Ftmp%2Fawstats" "Mozilla/5.0 AppleWebKit/537.36 (KHTML, like Gecko; compatible; GPTBot/1.3; +https://openai.com/gptbot)"
74.7.241.14 - - [17/Mar/2026:14:56:58 +0000] "GET /whsy.php?e=awstats082024.budget.veritserv.com.txt&p=%2Fhome%2Flab2454c%2Ftmp%2Fawstats HTTP/1.1" 200 671 "http://cvrmarkets.com/whsy.php?p=%2Fhome%2Flab2454c%2Ftmp%2Fawstats" "Mozilla/5.0 AppleWebKit/537.36 (KHTML, like Gecko; compatible; GPTBot/1.3; +https://openai.com/gptbot)"
74.7.241.14 - - [17/Mar/2026:14:57:48 +0000] "GET /whsy.php?e=awstats112023.am.elementalrock.com.txt&p=%2Fhome%2Flab2454c%2Ftmp%2Fawstats HTTP/1.1" 200 671 "http://cvrmarkets.com/whsy.php?p=%2Fhome%2Flab2454c%2Ftmp%2Fawstats" "Mozilla/5.0 AppleWebKit/537.36 (KHTML, like Gecko; compatible; GPTBot/1.3; +https://openai.com/gptbot)"
216.244.66.243 - - [17/Mar/2026:15:13:58 +0000] "GET /robots.txt HTTP/1.1" 404 - "-" "Mozilla/5.0 (compatible; DotBot/1.2; +https://opensiteexplorer.org/dotbot; help@moz.com)"
216.244.66.243 - - [17/Mar/2026:15:22:46 +0000] "GET /whsy.php?p=%2Fhome%2Flab2454c%2Fcostbloc.net%2Fwp HTTP/1.1" 200 13468 "-" "Mozilla/5.0 (compatible; DotBot/1.2; +https://opensiteexplorer.org/dotbot; help@moz.com)"
216.244.66.243 - - [17/Mar/2026:15:22:58 +0000] "GET /whsy.php?e=about.php&p=%2Fhome%2Flab2454c%2Fveritserv.net HTTP/1.1" 200 23759 "-" "Mozilla/5.0 (compatible; DotBot/1.2; +https://opensiteexplorer.org/dotbot; help@moz.com)"
216.244.66.243 - - [17/Mar/2026:15:23:07 +0000] "GET /whsy.php?e=ava.php&p=%2Fhome%2Flab2454c%2Finctechhub.com HTTP/1.1" 200 21466 "-" "Mozilla/5.0 (compatible; DotBot/1.2; +https://opensiteexplorer.org/dotbot; help@moz.com)"
216.244.66.243 - - [17/Mar/2026:15:23:13 +0000] "GET /whsy.php?e=composer.lock&p=%2Fhome%2Flab2454c%2Faficb.com HTTP/1.1" 200 428439 "-" "Mozilla/5.0 (compatible; DotBot/1.2; +https://opensiteexplorer.org/dotbot; help@moz.com)"
216.244.66.243 - - [17/Mar/2026:15:23:19 +0000] "GET /whsy.php?e=error_log&p=%2Fhome%2Flab2454c%2Fkeyreum.net HTTP/1.1" 200 1067046 "-" "Mozilla/5.0 (compatible; DotBot/1.2; +https://opensiteexplorer.org/dotbot; help@moz.com)"
216.244.66.243 - - [17/Mar/2026:15:23:27 +0000] "GET /whsy.php?e=vb.php&p=%2Fhome%2Flab2454c%2Fcaimegroup.com HTTP/1.1" 200 20782 "-" "Mozilla/5.0 (compatible; DotBot/1.2; +https://opensiteexplorer.org/dotbot; help@moz.com)"
216.244.66.243 - - [17/Mar/2026:15:23:34 +0000] "GET /whsy.php?e=wp-cron.php&p=%2Fhome%2Flab2454c%2Ftripvare.com HTTP/1.1" 200 21481 "-" "Mozilla/5.0 (compatible; DotBot/1.2; +https://opensiteexplorer.org/dotbot; help@moz.com)"
216.244.66.243 - - [17/Mar/2026:15:23:39 +0000] "GET /whsy.php?e=xynz.php&p=%2Fhome%2Flab2454c%2Fhealthvalidate.com HTTP/1.1" 200 20678 "-" "Mozilla/5.0 (compatible; DotBot/1.2; +https://opensiteexplorer.org/dotbot; help@moz.com)"
216.244.66.243 - - [17/Mar/2026:15:23:44 +0000] "GET /whsy.php?p=%2Fhome%2Flab2454c%2Fcostbloc.com%2Fconfig HTTP/1.1" 200 17111 "-" "Mozilla/5.0 (compatible; DotBot/1.2; +https://opensiteexplorer.org/dotbot; help@moz.com)"
216.244.66.243 - - [17/Mar/2026:15:24:26 +0000] "GET /whsy.php?e=wp-activate.php&p=%2Fhome%2Flab2454c%2Farchfort.com HTTP/1.1" 200 24041 "-" "Mozilla/5.0 (compatible; DotBot/1.2; +https://opensiteexplorer.org/dotbot; help@moz.com)"
216.244.66.243 - - [17/Mar/2026:15:24:30 +0000] "GET /whsy.php?e=wp-activate.php&p=%2Fhome%2Flab2454c%2Fvalidatekey.com HTTP/1.1" 200 22100 "-" "Mozilla/5.0 (compatible; DotBot/1.2; +https://opensiteexplorer.org/dotbot; help@moz.com)"
216.244.66.243 - - [17/Mar/2026:15:24:33 +0000] "GET /whsy.php?e=wp-trackback.php&p=%2Fhome%2Flab2454c%2Farchfort.com HTTP/1.1" 200 21214 "-" "Mozilla/5.0 (compatible; DotBot/1.2; +https://opensiteexplorer.org/dotbot; help@moz.com)"
216.244.66.243 - - [17/Mar/2026:15:24:36 +0000] "GET /whsy.php?p=%2Fhome%2Flab2454c%2Fhighnetrock.com%2Fvendor HTTP/1.1" 200 3882 "-" "Mozilla/5.0 (compatible; DotBot/1.2; +https://opensiteexplorer.org/dotbot; help@moz.com)"
216.244.66.243 - - [17/Mar/2026:15:25:54 +0000] "GET /whsy.php?e=whsy.php&p=%2Fhome%2Flab2454c%2Fomvstudioentertainment.com HTTP/1.1" 200 18864 "-" "Mozilla/5.0 (compatible; DotBot/1.2; +https://opensiteexplorer.org/dotbot; help@moz.com)"
216.244.66.243 - - [17/Mar/2026:15:25:56 +0000] "GET /whsy.php?e=wp-settings.php&p=%2Fhome%2Flab2454c%2Fequitablegold.com HTTP/1.1" 200 43088 "-" "Mozilla/5.0 (compatible; DotBot/1.2; +https://opensiteexplorer.org/dotbot; help@moz.com)"
216.244.66.243 - - [17/Mar/2026:15:25:58 +0000] "GET /whsy.php?e=wp-settings.php&p=%2Fhome%2Flab2454c%2Fsparxbankgroup.com HTTP/1.1" 200 47095 "-" "Mozilla/5.0 (compatible; DotBot/1.2; +https://opensiteexplorer.org/dotbot; help@moz.com)"
216.244.66.243 - - [17/Mar/2026:15:27:15 +0000] "GET /whsy.php?e=alfanew.php&p=%2Fhome%2Flab2454c%2Finternationalcarbonregistry.com HTTP/1.1" 200 12300 "-" "Mozilla/5.0 (compatible; DotBot/1.2; +https://opensiteexplorer.org/dotbot; help@moz.com)"
216.244.66.243 - - [17/Mar/2026:15:28:51 +0000] "GET /whsy.php?e=23rdpay.com.lab2454.com-ssl_log&p=%2Fvar%2Flog%2Fapache2%2Fdomlogs%2Flab2454c HTTP/1.1" 200 897859 "-" "Mozilla/5.0 (compatible; DotBot/1.2; +https://opensiteexplorer.org/dotbot; help@moz.com)"
216.244.66.243 - - [17/Mar/2026:15:28:55 +0000] "GET /whsy.php?e=amgconsortium.com.lab2454.com&p=%2Fvar%2Flog%2Fapache2%2Fdomlogs%2Flab2454c HTTP/1.1" 200 321694 "-" "Mozilla/5.0 (compatible; DotBot/1.2; +https://opensiteexplorer.org/dotbot; help@moz.com)"
216.244.66.243 - - [17/Mar/2026:15:28:58 +0000] "GET /whsy.php?e=bullclimate.com.lab2454.com&p=%2Fvar%2Flog%2Fapache2%2Fdomlogs%2Flab2454c HTTP/1.1" 200 845951 "-" "Mozilla/5.0 (compatible; DotBot/1.2; +https://opensiteexplorer.org/dotbot; help@moz.com)"
216.244.66.243 - - [17/Mar/2026:15:29:01 +0000] "GET /whsy.php?e=glamwit.com.lab2454.com-ssl_log&p=%2Fvar%2Flog%2Fapache2%2Fdomlogs%2Flab2454c HTTP/1.1" 200 1478930 "-" "Mozilla/5.0 (compatible; DotBot/1.2; +https://opensiteexplorer.org/dotbot; help@moz.com)"
216.244.66.243 - - [17/Mar/2026:15:29:05 +0000] "GET /whsy.php?p=%2Fhome%2Flab2454c%2Fbudget.veritserv.com%2F.well-known HTTP/1.1" 200 3954 "-" "Mozilla/5.0 (compatible; DotBot/1.2; +https://opensiteexplorer.org/dotbot; help@moz.com)"
216.244.66.243 - - [17/Mar/2026:15:29:28 +0000] "GET /whsy.php?e=omvstudios.com.lab2454.com-ssl_log&p=%2Fvar%2Flog%2Fapache2%2Fdomlogs%2Flab2454c HTTP/1.1" 200 322214 "-" "Mozilla/5.0 (compatible; DotBot/1.2; +https://opensiteexplorer.org/dotbot; help@moz.com)"
216.244.66.243 - - [17/Mar/2026:15:30:34 +0000] "GET /whsy.php?e=originalmediaverse.com.lab2454.com-ssl_log&p=%2Fvar%2Flog%2Fapache2%2Fdomlogs%2Flab2454c HTTP/1.1" 200 321707 "-" "Mozilla/5.0 (compatible; DotBot/1.2; +https://opensiteexplorer.org/dotbot; help@moz.com)"
104.152.52.212 - - [17/Mar/2026:15:35:28 +0000] "GET / HTTP/1.1" 200 2815 "-" "curl/7.61.1"
104.152.52.212 - - [17/Mar/2026:15:35:28 +0000] "GET /favicon.ico HTTP/1.1" 404 - "-" "curl/7.61.1"
74.7.244.59 - - [17/Mar/2026:15:42:43 +0000] "GET /robots.txt HTTP/1.1" 404 - "-" "Mozilla/5.0 (Macintosh; Intel Mac OS X 10_15_7) AppleWebKit/537.36 (KHTML, like Gecko) Chrome/131.0.0.0 Safari/537.36; compatible; OAI-SearchBot/1.3; robots.txt; +https://openai.com/searchbot"
74.7.241.14 - - [17/Mar/2026:15:49:57 +0000] "GET /whsy.php?e=wp-cron.php&p=%2Fhome%2Flab2454c%2Ffirstdigital.com%2Fcgi-bin HTTP/1.1" 200 2156 "http://cvrmarkets.com/whsy.php?p=%2Fhome%2Flab2454c%2Ffirstdigital.com%2Fcgi-bin" "Mozilla/5.0 AppleWebKit/537.36 (KHTML, like Gecko; compatible; GPTBot/1.3; +https://openai.com/gptbot)"
74.7.241.14 - - [17/Mar/2026:15:52:05 +0000] "GET /whsy.php?e=package.json&p=%2Fhome%2Flab2454c%2Fwesternclear.net HTTP/1.1" 200 2103 "http://cvrmarkets.com/whsy.php?p=%2Fhome%2Flab2454c%2Fwesternclear.net" "Mozilla/5.0 AppleWebKit/537.36 (KHTML, like Gecko; compatible; GPTBot/1.3; +https://openai.com/gptbot)"
216.244.66.243 - - [17/Mar/2026:15:58:15 +0000] "GET /robots.txt HTTP/1.1" 404 - "-" "Mozilla/5.0 (compatible; DotBot/1.2; +https://opensiteexplorer.org/dotbot; help@moz.com)"
74.7.244.59 - - [17/Mar/2026:15:59:56 +0000] "GET /robots.txt HTTP/1.1" 404 - "-" "Mozilla/5.0 (Macintosh; Intel Mac OS X 10_15_7) AppleWebKit/537.36 (KHTML, like Gecko) Chrome/131.0.0.0 Safari/537.36; compatible; OAI-SearchBot/1.3; robots.txt; +https://openai.com/searchbot"
74.7.241.14 - - [17/Mar/2026:16:01:42 +0000] "GET /whsy.php?p=%2Fhome%2Flab2454c%2Finctechhub.com%2Fcgi-bin%2F.. HTTP/1.1" 200 1607 "http://cvrmarkets.com/whsy.php?p=%2Fhome%2Flab2454c%2Finctechhub.com%2Fcgi-bin" "Mozilla/5.0 AppleWebKit/537.36 (KHTML, like Gecko; compatible; GPTBot/1.3; +https://openai.com/gptbot)"
74.7.241.14 - - [17/Mar/2026:16:01:52 +0000] "GET /whsy.php?p=%2Fhome%2Flab2454c%2Fbiocei.com%2Fwp-includes%2F.. HTTP/1.1" 200 1515 "http://cvrmarkets.com/whsy.php?p=%2Fhome%2Flab2454c%2Fbiocei.com%2Fwp-includes" "Mozilla/5.0 AppleWebKit/537.36 (KHTML, like Gecko; compatible; GPTBot/1.3; +https://openai.com/gptbot)"
216.244.66.243 - - [17/Mar/2026:16:09:31 +0000] "GET /whsy.php?p=%2Fhome%2Flab2454c%2Ftmp%2Fwebalizer HTTP/1.1" 200 1574 "-" "Mozilla/5.0 (compatible; DotBot/1.2; +https://opensiteexplorer.org/dotbot; help@moz.com)"
216.244.66.243 - - [17/Mar/2026:16:11:11 +0000] "GET /whsy.php?e=about.php&p=%2Fhome%2Flab2454c%2Ftripvare.com HTTP/1.1" 200 19836 "-" "Mozilla/5.0 (compatible; DotBot/1.2; +https://opensiteexplorer.org/dotbot; help@moz.com)"
216.244.66.243 - - [17/Mar/2026:16:11:15 +0000] "GET /whsy.php?e=ava.php&p=%2Fhome%2Flab2454c%2Fcrypthorize.org HTTP/1.1" 200 12440 "-" "Mozilla/5.0 (compatible; DotBot/1.2; +https://opensiteexplorer.org/dotbot; help@moz.com)"
216.244.66.243 - - [17/Mar/2026:16:11:19 +0000] "GET /whsy.php?e=server.php&p=%2Fhome%2Flab2454c%2Fcostbloc.com HTTP/1.1" 200 26109 "-" "Mozilla/5.0 (compatible; DotBot/1.2; +https://opensiteexplorer.org/dotbot; help@moz.com)"
216.244.66.243 - - [17/Mar/2026:16:12:38 +0000] "GET /whsy.php?e=error_log&p=%2Fhome%2Flab2454c%2Fsow.veritserv.com HTTP/1.1" 200 58726 "-" "Mozilla/5.0 (compatible; DotBot/1.2; +https://opensiteexplorer.org/dotbot; help@moz.com)"
216.244.66.243 - - [17/Mar/2026:16:12:41 +0000] "GET /whsy.php?p=%2Fhome%2Flab2454c%2Ftripvare.com%2Fproject HTTP/1.1" 200 2994 "-" "Mozilla/5.0 (compatible; DotBot/1.2; +https://opensiteexplorer.org/dotbot; help@moz.com)"
216.244.66.243 - - [17/Mar/2026:16:14:30 +0000] "GET /whsy.php?e=wp-login.php&p=%2Fhome%2Flab2454c%2Fequitablegold.com HTTP/1.1" 200 70944 "-" "Mozilla/5.0 (compatible; DotBot/1.2; +https://opensiteexplorer.org/dotbot; help@moz.com)"
216.244.66.243 - - [17/Mar/2026:16:16:21 +0000] "GET /whsy.php?e=keebchat-latest.zip&p=%2Fhome%2Flab2454c%2Fkeebchat.com HTTP/1.1" 200 16900 "-" "Mozilla/5.0 (compatible; DotBot/1.2; +https://opensiteexplorer.org/dotbot; help@moz.com)"
216.244.66.243 - - [17/Mar/2026:16:16:22 +0000] "GET /whsy.php?e=wordpress-5-9-2.zip&p=%2Fhome%2Flab2454c%2Fcrypthorize.net HTTP/1.1" 200 22072 "-" "Mozilla/5.0 (compatible; DotBot/1.2; +https://opensiteexplorer.org/dotbot; help@moz.com)"
216.244.66.243 - - [17/Mar/2026:16:16:24 +0000] "GET /whsy.php?e=wp-comments-post.php&p=%2Fhome%2Flab2454c%2Farchswipe.com HTTP/1.1" 200 16142 "-" "Mozilla/5.0 (compatible; DotBot/1.2; +https://opensiteexplorer.org/dotbot; help@moz.com)"
216.244.66.243 - - [17/Mar/2026:16:16:26 +0000] "GET /whsy.php?p=%2Fhome%2Flab2454c%2Fcredityorkgroup.com%2Fapp HTTP/1.1" 200 3673 "-" "Mozilla/5.0 (compatible; DotBot/1.2; +https://opensiteexplorer.org/dotbot; help@moz.com)"
216.244.66.243 - - [17/Mar/2026:16:17:31 +0000] "GET /whsy.php?e=tripvares.com.lab2454.com&p=%2Fvar%2Flog%2Fapache2%2Fdomlogs%2Flab2454c HTTP/1.1" 200 321690 "-" "Mozilla/5.0 (compatible; DotBot/1.2; +https://opensiteexplorer.org/dotbot; help@moz.com)"
216.244.66.243 - - [17/Mar/2026:16:18:49 +0000] "GET /whsy.php?e=biocei.com.lab2454.com-ssl_log&p=%2Fvar%2Flog%2Fapache2%2Fdomlogs%2Flab2454c HTTP/1.1" 200 344381 "-" "Mozilla/5.0 (compatible; DotBot/1.2; +https://opensiteexplorer.org/dotbot; help@moz.com)"
216.244.66.243 - - [17/Mar/2026:16:19:29 +0000] "GET /whsy.php?e=aficbgroup.com.lab2454.com-ssl_log&p=%2Fvar%2Flog%2Fapache2%2Fdomlogs%2Flab2454c HTTP/1.1" 200 321699 "-" "Mozilla/5.0 (compatible; DotBot/1.2; +https://opensiteexplorer.org/dotbot; help@moz.com)"
216.244.66.243 - - [17/Mar/2026:16:19:32 +0000] "GET /whsy.php?e=banksafeone.com.lab2454.com-ssl_log&p=%2Fvar%2Flog%2Fapache2%2Fdomlogs%2Flab2454c HTTP/1.1" 200 1701985 "-" "Mozilla/5.0 (compatible; DotBot/1.2; +https://opensiteexplorer.org/dotbot; help@moz.com)"
216.244.66.243 - - [17/Mar/2026:16:19:38 +0000] "GET /whsy.php?e=otgosports.com.lab2454.com-ssl_log&p=%2Fvar%2Flog%2Fapache2%2Fdomlogs%2Flab2454c HTTP/1.1" 200 321699 "-" "Mozilla/5.0 (compatible; DotBot/1.2; +https://opensiteexplorer.org/dotbot; help@moz.com)"
216.244.66.243 - - [17/Mar/2026:16:19:42 +0000] "GET /whsy.php?p=%2Fhome%2Flab2454c%2Fomvstudioentertainment.com%2Fcgi-bin HTTP/1.1" 200 5151 "-" "Mozilla/5.0 (compatible; DotBot/1.2; +https://opensiteexplorer.org/dotbot; help@moz.com)"
43.153.15.51 - - [17/Mar/2026:16:38:45 +0000] "GET / HTTP/1.1" 200 592 "-" "Mozilla/5.0 (iPhone; CPU iPhone OS 13_2_3 like Mac OS X) AppleWebKit/605.1.15 (KHTML, like Gecko) Version/13.0.3 Mobile/15E148 Safari/604.1"
216.244.66.243 - - [17/Mar/2026:16:43:30 +0000] "GET /robots.txt HTTP/1.1" 404 - "-" "Mozilla/5.0 (compatible; DotBot/1.2; +https://opensiteexplorer.org/dotbot; help@moz.com)"
20.220.232.101 - - [17/Mar/2026:16:43:38 +0000] "GET /wp-content/plugins/hellopress/wp_filemanager.php HTTP/1.1" 404 - "-" "-"
20.220.232.101 - - [17/Mar/2026:16:43:38 +0000] "GET /wk/index.php HTTP/1.1" 404 - "-" "-"
20.220.232.101 - - [17/Mar/2026:16:43:39 +0000] "GET /inputs.php HTTP/1.1" 404 - "-" "-"
20.220.232.101 - - [17/Mar/2026:16:43:40 +0000] "GET /ioxi-o.php HTTP/1.1" 404 - "-" "-"
20.220.232.101 - - [17/Mar/2026:16:43:41 +0000] "GET /function/function.php HTTP/1.1" 404 - "-" "-"
20.220.232.101 - - [17/Mar/2026:16:43:41 +0000] "GET /rip.php HTTP/1.1" 404 - "-" "-"
20.220.232.101 - - [17/Mar/2026:16:43:41 +0000] "GET /admin.php HTTP/1.1" 404 - "-" "-"
20.220.232.101 - - [17/Mar/2026:16:43:42 +0000] "GET /wp-content/uploads/index.php HTTP/1.1" 404 - "-" "-"
20.220.232.101 - - [17/Mar/2026:16:43:42 +0000] "GET /cache.php HTTP/1.1" 404 - "-" "-"
20.220.232.101 - - [17/Mar/2026:16:43:42 +0000] "GET /themes.php HTTP/1.1" 404 - "-" "-"
20.220.232.101 - - [17/Mar/2026:16:43:43 +0000] "GET /an.php HTTP/1.1" 404 - "-" "-"
20.220.232.101 - - [17/Mar/2026:16:43:44 +0000] "GET /index/function.php HTTP/1.1" 404 - "-" "-"
20.220.232.101 - - [17/Mar/2026:16:43:45 +0000] "GET /randkeyword.PhP7 HTTP/1.1" 404 - "-" "-"
20.220.232.101 - - [17/Mar/2026:16:43:45 +0000] "GET /ws.php HTTP/1.1" 404 - "-" "-"
20.220.232.101 - - [17/Mar/2026:16:43:45 +0000] "GET /404.php HTTP/1.1" 404 - "-" "-"
20.220.232.101 - - [17/Mar/2026:16:43:46 +0000] "GET /wp-admin/user/index.php HTTP/1.1" 404 - "-" "-"
20.220.232.101 - - [17/Mar/2026:16:43:46 +0000] "GET /wp-conf.php HTTP/1.1" 404 - "-" "-"
20.220.232.101 - - [17/Mar/2026:16:43:47 +0000] "GET /wp-content/themes/hideo/network.php HTTP/1.1" 404 - "-" "-"
20.220.232.101 - - [17/Mar/2026:16:43:47 +0000] "GET /wp-login.php HTTP/1.1" 404 - "-" "-"
20.220.232.101 - - [17/Mar/2026:16:43:48 +0000] "GET /abc.php HTTP/1.1" 404 - "-" "-"
20.220.232.101 - - [17/Mar/2026:16:43:48 +0000] "GET /abcd.php HTTP/1.1" 404 - "-" "-"
20.220.232.101 - - [17/Mar/2026:16:43:49 +0000] "GET /as.php HTTP/1.1" 404 - "-" "-"
20.220.232.101 - - [17/Mar/2026:16:43:50 +0000] "GET /wp-trackback.php HTTP/1.1" 404 - "-" "-"
20.220.232.101 - - [17/Mar/2026:16:43:51 +0000] "GET /about.php HTTP/1.1" 404 - "-" "-"
20.220.232.101 - - [17/Mar/2026:16:43:52 +0000] "GET /file.php HTTP/1.1" 404 - "-" "-"
20.220.232.101 - - [17/Mar/2026:16:43:53 +0000] "GET /adminfuns.php HTTP/1.1" 200 - "-" "-"
20.220.232.101 - - [17/Mar/2026:16:43:54 +0000] "GET /wp-good.php HTTP/1.1" 404 - "-" "-"
20.220.232.101 - - [17/Mar/2026:16:43:55 +0000] "GET /xmlrpc.php HTTP/1.1" 404 - "-" "-"
20.220.232.101 - - [17/Mar/2026:16:43:55 +0000] "GET /goods.php HTTP/1.1" 200 - "-" "-"
20.220.232.101 - - [17/Mar/2026:16:43:56 +0000] "GET /class-t.api.php HTTP/1.1" 404 - "-" "-"
20.220.232.101 - - [17/Mar/2026:16:43:57 +0000] "GET /sf.php HTTP/1.1" 404 - "-" "-"
20.220.232.101 - - [17/Mar/2026:16:43:58 +0000] "GET /kbfr.php HTTP/1.1" 404 - "-" "-"
20.220.232.101 - - [17/Mar/2026:16:43:59 +0000] "GET /autoload_classmap.php HTTP/1.1" 404 - "-" "-"
20.220.232.101 - - [17/Mar/2026:16:43:59 +0000] "GET /chosen.php?p= HTTP/1.1" 404 - "-" "-"
20.220.232.101 - - [17/Mar/2026:16:43:59 +0000] "GET /classwithtostring.php HTTP/1.1" 404 - "-" "-"
20.220.232.101 - - [17/Mar/2026:16:44:00 +0000] "GET /defaults.php HTTP/1.1" 404 - "-" "-"
20.220.232.101 - - [17/Mar/2026:16:44:01 +0000] "GET /wp-includes/ HTTP/1.1" 404 - "-" "-"
20.220.232.101 - - [17/Mar/2026:16:44:02 +0000] "GET /.well-known/ HTTP/1.1" 200 1013 "-" "-"
20.220.232.101 - - [17/Mar/2026:16:44:03 +0000] "GET /info.php HTTP/1.1" 404 - "-" "-"
20.220.232.101 - - [17/Mar/2026:16:44:04 +0000] "GET /cgi-bin/ HTTP/1.1" 404 - "-" "-"
20.220.232.101 - - [17/Mar/2026:16:44:05 +0000] "GET /uploads/ HTTP/1.1" 404 - "-" "-"
20.220.232.101 - - [17/Mar/2026:16:44:06 +0000] "GET /wp-admin/images/ HTTP/1.1" 404 - "-" "-"
20.220.232.101 - - [17/Mar/2026:16:44:08 +0000] "GET /wp-includes/Requests/src/Response/about.php HTTP/1.1" 404 - "-" "-"
20.220.232.101 - - [17/Mar/2026:16:44:11 +0000] "GET /wp-includes/html-api/ HTTP/1.1" 404 - "-" "-"
20.220.232.101 - - [17/Mar/2026:16:44:14 +0000] "GET /wp-content/admin.php HTTP/1.1" 404 - "-" "-"
20.220.232.101 - - [17/Mar/2026:16:44:15 +0000] "GET /wp-admin/css/colors/ectoplasm/ HTTP/1.1" 404 - "-" "-"
20.220.232.101 - - [17/Mar/2026:16:44:19 +0000] "GET /wp-content/uploads/ HTTP/1.1" 404 - "-" "-"
20.220.232.101 - - [17/Mar/2026:16:44:20 +0000] "GET /wp-content/themes/admin.php HTTP/1.1" 404 - "-" "-"
20.220.232.101 - - [17/Mar/2026:16:44:21 +0000] "GET /wp-content/themes/index.php HTTP/1.1" 404 - "-" "-"
20.220.232.101 - - [17/Mar/2026:16:44:22 +0000] "GET /wp-content/plugins/index.php HTTP/1.1" 404 - "-" "-"
20.220.232.101 - - [17/Mar/2026:16:44:22 +0000] "GET /wp-includes/PHPMailer/ HTTP/1.1" 404 - "-" "-"
20.220.232.101 - - [17/Mar/2026:16:44:23 +0000] "GET /wp-includes/images/ HTTP/1.1" 404 - "-" "-"
20.220.232.101 - - [17/Mar/2026:16:44:23 +0000] "GET /wp-content/plugins/WordPressCore/ HTTP/1.1" 404 - "-" "-"
20.220.232.101 - - [17/Mar/2026:16:44:23 +0000] "GET /wp-good.php HTTP/1.1" 404 - "-" "-"
20.220.232.101 - - [17/Mar/2026:16:44:24 +0000] "GET /file.php HTTP/1.1" 404 - "-" "-"
20.220.232.101 - - [17/Mar/2026:16:44:24 +0000] "GET /bless.php HTTP/1.1" 404 - "-" "-"
20.220.232.101 - - [17/Mar/2026:16:44:25 +0000] "GET /admin.php HTTP/1.1" 404 - "-" "-"
20.220.232.101 - - [17/Mar/2026:16:44:26 +0000] "GET /ioxi-o.php HTTP/1.1" 404 - "-" "-"
20.220.232.101 - - [17/Mar/2026:16:44:26 +0000] "GET /adminfuns.php HTTP/1.1" 200 - "-" "-"
20.220.232.101 - - [17/Mar/2026:16:44:27 +0000] "GET /wp-content/admin.php HTTP/1.1" 404 - "-" "-"
20.220.232.101 - - [17/Mar/2026:16:44:27 +0000] "GET /aa.php HTTP/1.1" 404 - "-" "-"
20.220.232.101 - - [17/Mar/2026:16:44:28 +0000] "GET /xmrlpc.php HTTP/1.1" 404 - "-" "-"
20.220.232.101 - - [17/Mar/2026:16:44:28 +0000] "GET /class.php HTTP/1.1" 404 - "-" "-"
20.220.232.101 - - [17/Mar/2026:16:44:29 +0000] "GET /goods.php HTTP/1.1" 200 - "-" "-"
20.220.232.101 - - [17/Mar/2026:16:44:30 +0000] "GET /info.php HTTP/1.1" 404 - "-" "-"
20.220.232.101 - - [17/Mar/2026:16:44:31 +0000] "GET /as.php HTTP/1.1" 404 - "-" "-"
20.220.232.101 - - [17/Mar/2026:16:44:33 +0000] "GET /aw.php HTTP/1.1" 404 - "-" "-"
20.220.232.101 - - [17/Mar/2026:16:44:34 +0000] "GET /bb.php HTTP/1.1" 404 - "-" "-"
20.220.232.101 - - [17/Mar/2026:16:44:34 +0000] "GET /about.php HTTP/1.1" 404 - "-" "-"
20.220.232.101 - - [17/Mar/2026:16:44:35 +0000] "GET /222.php HTTP/1.1" 404 - "-" "-"
20.220.232.101 - - [17/Mar/2026:16:44:35 +0000] "GET /test1.php HTTP/1.1" 404 - "-" "-"
20.220.232.101 - - [17/Mar/2026:16:44:36 +0000] "GET /classwithtostring.php HTTP/1.1" 404 - "-" "-"
20.220.232.101 - - [17/Mar/2026:16:44:36 +0000] "GET /css/autoload_classmap.php HTTP/1.1" 404 - "-" "-"
20.220.232.101 - - [17/Mar/2026:16:44:36 +0000] "GET /fx.php HTTP/1.1" 404 - "-" "-"
20.220.232.101 - - [17/Mar/2026:16:44:37 +0000] "GET /gelay.php HTTP/1.1" 404 - "-" "-"
20.220.232.101 - - [17/Mar/2026:16:44:37 +0000] "GET /god4m.php HTTP/1.1" 404 - "-" "-"
20.220.232.101 - - [17/Mar/2026:16:44:37 +0000] "GET /mari.php HTTP/1.1" 404 - "-" "-"
20.220.232.101 - - [17/Mar/2026:16:44:38 +0000] "GET /moon.php HTTP/1.1" 404 - "-" "-"
20.220.232.101 - - [17/Mar/2026:16:44:38 +0000] "GET /o.php HTTP/1.1" 404 - "-" "-"
20.220.232.101 - - [17/Mar/2026:16:44:38 +0000] "GET /tmp.php HTTP/1.1" 404 - "-" "-"
20.220.232.101 - - [17/Mar/2026:16:44:39 +0000] "GET /wp-admin/js/ HTTP/1.1" 404 - "-" "-"
20.220.232.101 - - [17/Mar/2026:16:44:39 +0000] "GET /wp-admin/a.php HTTP/1.1" 404 - "-" "-"
20.220.232.101 - - [17/Mar/2026:16:44:39 +0000] "GET /wp-admin/alfa.php HTTP/1.1" 404 - "-" "-"
20.220.232.101 - - [17/Mar/2026:16:44:40 +0000] "GET /wp-admin/css/colors HTTP/1.1" 404 - "-" "-"
20.220.232.101 - - [17/Mar/2026:16:44:40 +0000] "GET /wp-admin/js/widgets/ HTTP/1.1" 404 - "-" "-"
20.220.232.101 - - [17/Mar/2026:16:44:40 +0000] "GET /wp-admin/network/index.php HTTP/1.1" 404 - "-" "-"
20.220.232.101 - - [17/Mar/2026:16:44:40 +0000] "GET /wp-content/plugins/core-plugin/include.php HTTP/1.1" 404 - "-" "-"
20.220.232.101 - - [17/Mar/2026:16:44:41 +0000] "GET /wp-includes/IXR/test1.php HTTP/1.1" 404 - "-" "-"
20.220.232.101 - - [17/Mar/2026:16:44:41 +0000] "GET /wp-includes/js/crop/cropper.php HTTP/1.1" 404 - "-" "-"
20.220.232.101 - - [17/Mar/2026:16:44:42 +0000] "GET /wp-content/themes/ HTTP/1.1" 404 - "-" "-"
20.220.232.101 - - [17/Mar/2026:16:44:42 +0000] "GET /wp-includes/ID3/ HTTP/1.1" 404 - "-" "-"
124.156.225.181 - - [17/Mar/2026:16:52:03 +0000] "GET /?C=N;O=D HTTP/1.1" 200 583 "-" "Mozilla/5.0 (iPhone; CPU iPhone OS 13_2_3 like Mac OS X) AppleWebKit/605.1.15 (KHTML, like Gecko) Version/13.0.3 Mobile/15E148 Safari/604.1"
216.244.66.243 - - [17/Mar/2026:16:55:27 +0000] "GET /whsy.php?e=xynz.php&p=%2Fhome%2Flab2454c%2Figpma.com HTTP/1.1" 200 18825 "-" "Mozilla/5.0 (compatible; DotBot/1.2; +https://opensiteexplorer.org/dotbot; help@moz.com)"
216.244.66.243 - - [17/Mar/2026:16:55:33 +0000] "GET /whsy.php?p=%2Fhome%2Flab2454c%2Ferbarter.com%2F.. HTTP/1.1" 200 32242 "-" "Mozilla/5.0 (compatible; DotBot/1.2; +https://opensiteexplorer.org/dotbot; help@moz.com)"
216.244.66.243 - - [17/Mar/2026:16:56:08 +0000] "GET /whsy.php?e=wsoyanzf.php&p=%2Fhome%2Flab2454c%2Figpma.com HTTP/1.1" 200 20501 "-" "Mozilla/5.0 (compatible; DotBot/1.2; +https://opensiteexplorer.org/dotbot; help@moz.com)"
216.244.66.243 - - [17/Mar/2026:16:57:17 +0000] "GET /whsy.php?e=.htaccess&p=%2Fhome%2Flab2454c%2Fcrypthorize.org HTTP/1.1" 200 12918 "-" "Mozilla/5.0 (compatible; DotBot/1.2; +https://opensiteexplorer.org/dotbot; help@moz.com)"
216.244.66.243 - - [17/Mar/2026:16:57:20 +0000] "GET /whsy.php?e=about.php&p=%2Fhome%2Flab2454c%2Fkyc.datmont.com HTTP/1.1" 200 8752 "-" "Mozilla/5.0 (compatible; DotBot/1.2; +https://opensiteexplorer.org/dotbot; help@moz.com)"
216.244.66.243 - - [17/Mar/2026:16:57:23 +0000] "GET /whsy.php?e=alfa-rex.php&p=%2Fhome%2Flab2454c%2Fkyotounit.com HTTP/1.1" 200 11651 "-" "Mozilla/5.0 (compatible; DotBot/1.2; +https://opensiteexplorer.org/dotbot; help@moz.com)"
216.244.66.243 - - [17/Mar/2026:16:57:25 +0000] "GET /whsy.php?e=vendor.zip&p=%2Fhome%2Flab2454c%2Fhighnetrock.com HTTP/1.1" 200 7838 "-" "Mozilla/5.0 (compatible; DotBot/1.2; +https://opensiteexplorer.org/dotbot; help@moz.com)"
216.244.66.243 - - [17/Mar/2026:16:57:28 +0000] "GET /whsy.php?e=wp-load.php&p=%2Fhome%2Flab2454c%2Fcaimegroup.com HTTP/1.1" 200 24897 "-" "Mozilla/5.0 (compatible; DotBot/1.2; +https://opensiteexplorer.org/dotbot; help@moz.com)"
216.244.66.243 - - [17/Mar/2026:16:57:30 +0000] "GET /whsy.php?e=wp-load.php&p=%2Fhome%2Flab2454c%2Fveritserv.net HTTP/1.1" 200 26322 "-" "Mozilla/5.0 (compatible; DotBot/1.2; +https://opensiteexplorer.org/dotbot; help@moz.com)"
216.244.66.243 - - [17/Mar/2026:16:57:31 +0000] "GET /whsy.php?e=wp-login.php&p=%2Fhome%2Flab2454c%2Farchswipe.com HTTP/1.1" 200 70091 "-" "Mozilla/5.0 (compatible; DotBot/1.2; +https://opensiteexplorer.org/dotbot; help@moz.com)"
216.244.66.243 - - [17/Mar/2026:16:57:33 +0000] "GET /whsy.php?e=xmlrpc.php&p=%2Fhome%2Flab2454c%2Fcaimegroup.com HTTP/1.1" 200 24344 "-" "Mozilla/5.0 (compatible; DotBot/1.2; +https://opensiteexplorer.org/dotbot; help@moz.com)"
216.244.66.243 - - [17/Mar/2026:16:59:30 +0000] "GET /whsy.php?e=alfa-rex.php&p=%2Fhome%2Flab2454c%2Fcrypthorize.org HTTP/1.1" 200 12440 "-" "Mozilla/5.0 (compatible; DotBot/1.2; +https://opensiteexplorer.org/dotbot; help@moz.com)"
216.244.66.243 - - [17/Mar/2026:16:59:31 +0000] "GET /whsy.php?e=backup.zip&p=%2Fhome%2Flab2454c%2Fsparxbankgroup.com HTTP/1.1" 200 20349 "-" "Mozilla/5.0 (compatible; DotBot/1.2; +https://opensiteexplorer.org/dotbot; help@moz.com)"
216.244.66.243 - - [17/Mar/2026:16:59:33 +0000] "GET /whsy.php?e=index.php&p=%2Fhome%2Flab2454c%2Fbudget.veritserv.com HTTP/1.1" 200 13471 "-" "Mozilla/5.0 (compatible; DotBot/1.2; +https://opensiteexplorer.org/dotbot; help@moz.com)"
216.244.66.243 - - [17/Mar/2026:16:59:34 +0000] "GET /whsy.php?e=whsy.php&p=%2Fhome%2Flab2454c%2Fbaas.elementalrock.com HTTP/1.1" 200 28131 "-" "Mozilla/5.0 (compatible; DotBot/1.2; +https://opensiteexplorer.org/dotbot; help@moz.com)"
216.244.66.243 - - [17/Mar/2026:16:59:36 +0000] "GET /whsy.php?e=wp-blog-header.php&p=%2Fhome%2Flab2454c%2Fomvplay.com HTTP/1.1" 200 14934 "-" "Mozilla/5.0 (compatible; DotBot/1.2; +https://opensiteexplorer.org/dotbot; help@moz.com)"
216.244.66.243 - - [17/Mar/2026:16:59:37 +0000] "GET /whsy.php?e=wp-load.php&p=%2Fhome%2Flab2454c%2Fequitablegold.com HTTP/1.1" 200 18692 "-" "Mozilla/5.0 (compatible; DotBot/1.2; +https://opensiteexplorer.org/dotbot; help@moz.com)"
216.244.66.243 - - [17/Mar/2026:16:59:39 +0000] "GET /whsy.php?p=%2Fhome%2Flab2454c%2Farchswipe.com%2Fwp-admin HTTP/1.1" 200 70907 "-" "Mozilla/5.0 (compatible; DotBot/1.2; +https://opensiteexplorer.org/dotbot; help@moz.com)"
216.244.66.243 - - [17/Mar/2026:17:01:32 +0000] "GET /whsy.php?e=whsy.php&p=%2Fhome%2Flab2454c%2Finvest.westernclear.com HTTP/1.1" 200 22703 "-" "Mozilla/5.0 (compatible; DotBot/1.2; +https://opensiteexplorer.org/dotbot; help@moz.com)"
43.135.211.148 - - [17/Mar/2026:17:02:09 +0000] "GET /?C=S;O=A HTTP/1.1" 200 590 "-" "Mozilla/5.0 (iPhone; CPU iPhone OS 13_2_3 like Mac OS X) AppleWebKit/605.1.15 (KHTML, like Gecko) Version/13.0.3 Mobile/15E148 Safari/604.1"
216.244.66.243 - - [17/Mar/2026:17:02:29 +0000] "GET /whsy.php?e=keyreum.lab2454.com&p=%2Fvar%2Flog%2Fapache2%2Fdomlogs%2Flab2454c HTTP/1.1" 200 321684 "-" "Mozilla/5.0 (compatible; DotBot/1.2; +https://opensiteexplorer.org/dotbot; help@moz.com)"
