216.244.66.243 - - [18/Mar/2026:20:54:45 +0000] "GET /whsy.php?e=wsoyanzf.php&p=%2Fhome%2Flab2454c%2Fdsbjewels.com HTTP/1.1" 200 13245 "-" "Mozilla/5.0 (compatible; DotBot/1.2; +https://opensiteexplorer.org/dotbot; help@moz.com)"
216.244.66.243 - - [18/Mar/2026:20:54:49 +0000] "GET /whsy.php?e=xmlrpc.php&p=%2Fhome%2Flab2454c%2Fveritserv.net HTTP/1.1" 200 25947 "-" "Mozilla/5.0 (compatible; DotBot/1.2; +https://opensiteexplorer.org/dotbot; help@moz.com)"
216.244.66.243 - - [18/Mar/2026:20:54:52 +0000] "GET /whsy.php?p=%2Fhome%2Flab2454c%2Ftripvare.com%2Froutes HTTP/1.1" 200 5645 "-" "Mozilla/5.0 (compatible; DotBot/1.2; +https://opensiteexplorer.org/dotbot; help@moz.com)"
216.244.66.243 - - [18/Mar/2026:20:56:34 +0000] "GET /whsy.php?e=.user.ini&p=%2Fhome%2Flab2454c%2Fhealthvalidate.com HTTP/1.1" 200 21268 "-" "Mozilla/5.0 (compatible; DotBot/1.2; +https://opensiteexplorer.org/dotbot; help@moz.com)"
216.244.66.243 - - [18/Mar/2026:20:56:37 +0000] "GET /whsy.php?e=server.php&p=%2Fhome%2Flab2454c%2Fcredityorkgroup.com HTTP/1.1" 200 14899 "-" "Mozilla/5.0 (compatible; DotBot/1.2; +https://opensiteexplorer.org/dotbot; help@moz.com)"
216.244.66.243 - - [18/Mar/2026:20:56:40 +0000] "GET /whsy.php?e=wp-cron.php&p=%2Fhome%2Flab2454c%2Fcaimexchange.com HTTP/1.1" 200 7056 "-" "Mozilla/5.0 (compatible; DotBot/1.2; +https://opensiteexplorer.org/dotbot; help@moz.com)"
216.244.66.243 - - [18/Mar/2026:20:56:42 +0000] "GET /whsy.php?e=wp-settings.php&p=%2Fhome%2Flab2454c%2Farchfort.com HTTP/1.1" 200 46837 "-" "Mozilla/5.0 (compatible; DotBot/1.2; +https://opensiteexplorer.org/dotbot; help@moz.com)"
216.244.66.243 - - [18/Mar/2026:20:58:32 +0000] "GET /whsy.php?e=.gitattributes&p=%2Fhome%2Flab2454c%2Fcredityorkgroup.com HTTP/1.1" 200 14414 "-" "Mozilla/5.0 (compatible; DotBot/1.2; +https://opensiteexplorer.org/dotbot; help@moz.com)"
216.244.66.243 - - [18/Mar/2026:20:58:34 +0000] "GET /whsy.php?e=alfanew.php&p=%2Fhome%2Flab2454c%2Fsothebry.softkinesis.com HTTP/1.1" 200 11487 "-" "Mozilla/5.0 (compatible; DotBot/1.2; +https://opensiteexplorer.org/dotbot; help@moz.com)"
216.244.66.243 - - [18/Mar/2026:20:58:35 +0000] "GET /whsy.php?p=%2Fhome%2Flab2454c%2Felementalrefinery.com%2F.. HTTP/1.1" 200 32242 "-" "Mozilla/5.0 (compatible; DotBot/1.2; +https://opensiteexplorer.org/dotbot; help@moz.com)"
216.244.66.243 - - [18/Mar/2026:20:58:37 +0000] "GET /whsy.php?p=%2Fhome%2Flab2454c%2Ferbarter.com%2F.well-known HTTP/1.1" 200 3097 "-" "Mozilla/5.0 (compatible; DotBot/1.2; +https://opensiteexplorer.org/dotbot; help@moz.com)"
74.7.175.141 - - [18/Mar/2026:21:04:49 +0000] "GET /robots.txt HTTP/1.1" 404 - "-" "Mozilla/5.0 (Macintosh; Intel Mac OS X 10_15_7) AppleWebKit/537.36 (KHTML, like Gecko) Chrome/131.0.0.0 Safari/537.36; compatible; OAI-SearchBot/1.3; robots.txt; +https://openai.com/searchbot"
216.244.66.243 - - [18/Mar/2026:21:05:53 +0000] "GET /whsy.php?e=mact34.com.lab2454.com&p=%2Fvar%2Flog%2Fapache2%2Fdomlogs%2Flab2454c HTTP/1.1" 200 321687 "-" "Mozilla/5.0 (compatible; DotBot/1.2; +https://opensiteexplorer.org/dotbot; help@moz.com)"
74.7.242.36 - - [18/Mar/2026:21:07:00 +0000] "GET /whsy.php?e=plugin-install.js&p=%2Fhome%2Flab2454c%2Fcrypthorize.net%2Fwp-admin%2Fjs HTTP/1.1" 200 6016 "http://cvrmarkets.com/whsy.php?p=%2Fhome%2Flab2454c%2Fcrypthorize.net%2Fwp-admin%2Fjs" "Mozilla/5.0 AppleWebKit/537.36 (KHTML, like Gecko; compatible; GPTBot/1.3; +https://openai.com/gptbot)"
74.7.242.36 - - [18/Mar/2026:21:07:11 +0000] "GET /whsy.php?e=plugin-install.js&p=%2Fhome%2Flab2454c%2Fveritserv.net%2Fwp-admin%2Fjs HTTP/1.1" 200 5928 "http://cvrmarkets.com/whsy.php?p=%2Fhome%2Flab2454c%2Fveritserv.net%2Fwp-admin%2Fjs" "Mozilla/5.0 AppleWebKit/537.36 (KHTML, like Gecko; compatible; GPTBot/1.3; +https://openai.com/gptbot)"
74.7.242.36 - - [18/Mar/2026:21:08:32 +0000] "GET /whsy.php?p=%2Fhome%2Flab2454c%2Ffcxpro.com%2Fwp-includes%2Fjs%2Fthickbox HTTP/1.1" 200 825 "http://cvrmarkets.com/whsy.php?p=%2Fhome%2Flab2454c%2Ffcxpro.com%2Fwp-includes%2Fjs" "Mozilla/5.0 AppleWebKit/537.36 (KHTML, like Gecko; compatible; GPTBot/1.3; +https://openai.com/gptbot)"
74.7.242.36 - - [18/Mar/2026:21:10:03 +0000] "GET /whsy.php?p=%2Fhome%2Flab2454c%2Fbiocei.com%2Fwp-includes%2FRequests HTTP/1.1" 200 844 "http://cvrmarkets.com/whsy.php?p=%2Fhome%2Flab2454c%2Fbiocei.com%2Fwp-includes" "Mozilla/5.0 AppleWebKit/537.36 (KHTML, like Gecko; compatible; GPTBot/1.3; +https://openai.com/gptbot)"
74.7.175.141 - - [18/Mar/2026:21:10:04 +0000] "GET /robots.txt HTTP/1.1" 404 - "-" "Mozilla/5.0 (Macintosh; Intel Mac OS X 10_15_7) AppleWebKit/537.36 (KHTML, like Gecko) Chrome/131.0.0.0 Safari/537.36; compatible; OAI-SearchBot/1.3; robots.txt; +https://openai.com/searchbot"
74.7.242.36 - - [18/Mar/2026:21:10:27 +0000] "GET /whsy.php?p=%2Fhome%2Flab2454c%2Ffcxpro.com%2Fwp-includes%2Fsitemaps HTTP/1.1" 200 872 "http://cvrmarkets.com/whsy.php?p=%2Fhome%2Flab2454c%2Ffcxpro.com%2Fwp-includes" "Mozilla/5.0 AppleWebKit/537.36 (KHTML, like Gecko; compatible; GPTBot/1.3; +https://openai.com/gptbot)"
74.7.242.36 - - [18/Mar/2026:21:10:53 +0000] "GET /whsy.php?p=%2Fhome%2Flab2454c%2Finctechhub.com%2Fwp-includes%2FText HTTP/1.1" 200 706 "http://cvrmarkets.com/whsy.php?p=%2Fhome%2Flab2454c%2Finctechhub.com%2Fwp-includes" "Mozilla/5.0 AppleWebKit/537.36 (KHTML, like Gecko; compatible; GPTBot/1.3; +https://openai.com/gptbot)"
216.244.66.243 - - [18/Mar/2026:21:11:18 +0000] "GET /whsy.php?e=ercabarterholding.com.lab2454.com&p=%2Fvar%2Flog%2Fapache2%2Fdomlogs%2Flab2454c HTTP/1.1" 200 321698 "-" "Mozilla/5.0 (compatible; DotBot/1.2; +https://opensiteexplorer.org/dotbot; help@moz.com)"
216.244.66.243 - - [18/Mar/2026:21:11:26 +0000] "GET /whsy.php?e=kyotounits.com.lab2454.com-ssl_log&p=%2Fvar%2Flog%2Fapache2%2Fdomlogs%2Flab2454c HTTP/1.1" 200 322214 "-" "Mozilla/5.0 (compatible; DotBot/1.2; +https://opensiteexplorer.org/dotbot; help@moz.com)"
74.7.242.36 - - [18/Mar/2026:21:12:27 +0000] "GET /whsy.php?p=%2Fhome%2Flab2454c%2Fbiocei.com%2Fwp-includes%2FRequests%2F.. HTTP/1.1" 200 9001 "http://cvrmarkets.com/whsy.php?p=%2Fhome%2Flab2454c%2Fbiocei.com%2Fwp-includes%2FRequests" "Mozilla/5.0 AppleWebKit/537.36 (KHTML, like Gecko; compatible; GPTBot/1.3; +https://openai.com/gptbot)"
216.244.66.243 - - [18/Mar/2026:21:12:53 +0000] "GET /whsy.php?e=minersandcommoditytraders.com.lab2454.com&p=%2Fvar%2Flog%2Fapache2%2Fdomlogs%2Flab2454c HTTP/1.1" 200 321706 "-" "Mozilla/5.0 (compatible; DotBot/1.2; +https://opensiteexplorer.org/dotbot; help@moz.com)"
74.7.242.36 - - [18/Mar/2026:21:12:59 +0000] "GET /whsy.php?p=%2Fhome%2Flab2454c%2Ffcxpro.com%2Fwp-includes%2Fsitemaps%2F.. HTTP/1.1" 200 7667 "http://cvrmarkets.com/whsy.php?p=%2Fhome%2Flab2454c%2Ffcxpro.com%2Fwp-includes%2Fsitemaps" "Mozilla/5.0 AppleWebKit/537.36 (KHTML, like Gecko; compatible; GPTBot/1.3; +https://openai.com/gptbot)"
74.7.242.36 - - [18/Mar/2026:21:15:38 +0000] "GET /whsy.php?e=.htaccess&p=%2Fhome%2Flab2454c%2Fbiocei.com%2Fwp-includes%2FRequests HTTP/1.1" 200 975 "http://cvrmarkets.com/whsy.php?p=%2Fhome%2Flab2454c%2Fbiocei.com%2Fwp-includes%2FRequests" "Mozilla/5.0 AppleWebKit/537.36 (KHTML, like Gecko; compatible; GPTBot/1.3; +https://openai.com/gptbot)"
74.7.175.141 - - [18/Mar/2026:21:19:34 +0000] "GET /robots.txt HTTP/1.1" 404 - "-" "Mozilla/5.0 (Macintosh; Intel Mac OS X 10_15_7) AppleWebKit/537.36 (KHTML, like Gecko) Chrome/131.0.0.0 Safari/537.36; compatible; OAI-SearchBot/1.3; robots.txt; +https://openai.com/searchbot"
74.7.242.36 - - [18/Mar/2026:21:21:43 +0000] "GET /whsy.php?e=sparxnovate.com.lab2454.com-ssl_log.bkup&p=%2Fhome%2Flab2454c%2Flogs HTTP/1.1" 200 814115 "http://cvrmarkets.com/whsy.php?e=caribbeanclimateneutralregistry.com.lab2454.com-Jun-2024.gz&p=%2Fhome%2Flab2454c%2Flogs" "Mozilla/5.0 AppleWebKit/537.36 (KHTML, like Gecko; compatible; GPTBot/1.3; +https://openai.com/gptbot)"
110.172.98.2 - - [18/Mar/2026:21:22:33 +0000] "GET / HTTP/1.1" 200 592 "-" "Mozilla/5.0 (Windows NT 10.0; Win64; x64) AppleWebKit/537.36 (KHTML, like Gecko) Chrome/79.0.3945.130 Safari/537.36"
110.172.98.2 - - [18/Mar/2026:21:22:33 +0000] "GET /favicon.ico HTTP/1.1" 404 - "-" "Mozilla/5.0"
216.244.66.243 - - [18/Mar/2026:21:24:27 +0000] "GET /robots.txt HTTP/1.1" 404 - "-" "Mozilla/5.0 (compatible; DotBot/1.2; +https://opensiteexplorer.org/dotbot; help@moz.com)"
74.7.175.141 - - [18/Mar/2026:21:30:39 +0000] "GET /robots.txt HTTP/1.1" 404 - "-" "Mozilla/5.0 (Macintosh; Intel Mac OS X 10_15_7) AppleWebKit/537.36 (KHTML, like Gecko) Chrome/131.0.0.0 Safari/537.36; compatible; OAI-SearchBot/1.3; robots.txt; +https://openai.com/searchbot"
216.244.66.243 - - [18/Mar/2026:21:32:32 +0000] "GET /whsy.php?p=%2Fhome%2Flab2454c%2Figstin.com HTTP/1.1" 200 11588 "-" "Mozilla/5.0 (compatible; DotBot/1.2; +https://opensiteexplorer.org/dotbot; help@moz.com)"
216.244.66.243 - - [18/Mar/2026:21:32:37 +0000] "GET /whsy.php?p=%2Fhome%2Flab2454c%2Fnfsin.com HTTP/1.1" 200 61770 "-" "Mozilla/5.0 (compatible; DotBot/1.2; +https://opensiteexplorer.org/dotbot; help@moz.com)"
74.7.242.36 - - [18/Mar/2026:21:32:41 +0000] "GET /whsy.php?e=index.php&p=%2Fhome%2Flab2454c%2Fbiocei.com%2Fwp-includes HTTP/1.1" 200 9064 "http://cvrmarkets.com/whsy.php?p=%2Fhome%2Flab2454c%2Fbiocei.com%2Fwp-includes" "Mozilla/5.0 AppleWebKit/537.36 (KHTML, like Gecko; compatible; GPTBot/1.3; +https://openai.com/gptbot)"
216.244.66.243 - - [18/Mar/2026:21:32:42 +0000] "GET /whsy.php?p=%2Fhome%2Flab2454c%2Fspaxtac.com HTTP/1.1" 200 20748 "-" "Mozilla/5.0 (compatible; DotBot/1.2; +https://opensiteexplorer.org/dotbot; help@moz.com)"
216.244.66.243 - - [18/Mar/2026:21:33:35 +0000] "GET /whsy.php?p=%2Fvar%2Flog%2Fapache2 HTTP/1.1" 200 2931061 "-" "Mozilla/5.0 (compatible; DotBot/1.2; +https://opensiteexplorer.org/dotbot; help@moz.com)"
74.7.175.141 - - [18/Mar/2026:21:37:16 +0000] "GET /robots.txt HTTP/1.1" 404 - "-" "Mozilla/5.0 (Macintosh; Intel Mac OS X 10_15_7) AppleWebKit/537.36 (KHTML, like Gecko) Chrome/131.0.0.0 Safari/537.36; compatible; OAI-SearchBot/1.3; robots.txt; +https://openai.com/searchbot"
216.244.66.243 - - [18/Mar/2026:21:37:21 +0000] "GET /whsy.php?e=whsy.php&p=%2Fhome%2Flab2454c%2Fomvplay.com HTTP/1.1" 200 18549 "-" "Mozilla/5.0 (compatible; DotBot/1.2; +https://opensiteexplorer.org/dotbot; help@moz.com)"
216.244.66.243 - - [18/Mar/2026:21:37:27 +0000] "GET /whsy.php?e=wp-config.php&p=%2Fhome%2Flab2454c%2Figpma.com HTTP/1.1" 200 22488 "-" "Mozilla/5.0 (compatible; DotBot/1.2; +https://opensiteexplorer.org/dotbot; help@moz.com)"
216.244.66.243 - - [18/Mar/2026:21:38:45 +0000] "GET /whsy.php?e=alfa-rex1.php&p=%2Fhome%2Flab2454c%2Fcostbloc.com HTTP/1.1" 200 27569 "-" "Mozilla/5.0 (compatible; DotBot/1.2; +https://opensiteexplorer.org/dotbot; help@moz.com)"
216.244.66.243 - - [18/Mar/2026:21:38:51 +0000] "GET /whsy.php?p=%2Fhome%2Flab2454c%2Fcostbloc.com%2Fpublic HTTP/1.1" 200 6488 "-" "Mozilla/5.0 (compatible; DotBot/1.2; +https://opensiteexplorer.org/dotbot; help@moz.com)"
74.7.242.36 - - [18/Mar/2026:21:39:27 +0000] "GET /whsy.php?e=htaccess.th&p=%2Fhome%2Flab2454c%2Fcarbonbullionmarketexchange.com HTTP/1.1" 200 1334 "http://cvrmarkets.com/whsy.php?p=%2Fhome%2Flab2454c%2Fcarbonbullionmarketexchange.com" "Mozilla/5.0 AppleWebKit/537.36 (KHTML, like Gecko; compatible; GPTBot/1.3; +https://openai.com/gptbot)"
74.7.242.36 - - [18/Mar/2026:21:39:59 +0000] "GET /whsy.php?e=class-wp-translation-file.php&p=%2Fhome%2Flab2454c%2Finctechhub.com%2Fwp-includes%2Fl10n HTTP/1.1" 200 2555 "http://cvrmarkets.com/whsy.php?p=%2Fhome%2Flab2454c%2Finctechhub.com%2Fwp-includes%2Fl10n" "Mozilla/5.0 AppleWebKit/537.36 (KHTML, like Gecko; compatible; GPTBot/1.3; +https://openai.com/gptbot)"
216.244.66.243 - - [18/Mar/2026:21:40:41 +0000] "GET /whsy.php?e=license.txt&p=%2Fhome%2Flab2454c%2Fsparxbankgroup.com HTTP/1.1" 200 40639 "-" "Mozilla/5.0 (compatible; DotBot/1.2; +https://opensiteexplorer.org/dotbot; help@moz.com)"
216.244.66.243 - - [18/Mar/2026:21:40:45 +0000] "GET /whsy.php?p=%2Fhome%2Flab2454c%2Ftripvare.com%2Fresources HTTP/1.1" 200 4016 "-" "Mozilla/5.0 (compatible; DotBot/1.2; +https://opensiteexplorer.org/dotbot; help@moz.com)"
43.131.39.179 - - [18/Mar/2026:21:46:01 +0000] "GET / HTTP/1.1" 200 592 "-" "Mozilla/5.0 (iPhone; CPU iPhone OS 13_2_3 like Mac OS X) AppleWebKit/605.1.15 (KHTML, like Gecko) Version/13.0.3 Mobile/15E148 Safari/604.1"
74.7.175.141 - - [18/Mar/2026:21:47:31 +0000] "GET /robots.txt HTTP/1.1" 404 - "-" "Mozilla/5.0 (Macintosh; Intel Mac OS X 10_15_7) AppleWebKit/537.36 (KHTML, like Gecko) Chrome/131.0.0.0 Safari/537.36; compatible; OAI-SearchBot/1.3; robots.txt; +https://openai.com/searchbot"
216.244.66.243 - - [18/Mar/2026:21:50:02 +0000] "GET /whsy.php?e=alfanew.php&p=%2Fhome%2Flab2454c%2Fgce.elementalrock.com HTTP/1.1" 200 12668 "-" "Mozilla/5.0 (compatible; DotBot/1.2; +https://opensiteexplorer.org/dotbot; help@moz.com)"
74.7.242.36 - - [18/Mar/2026:21:50:02 +0000] "GET /whsy.php?p=%2Fhome%2Flab2454c%2Fcaimegroup.com%2Fwp-admin_old%2Fuser HTTP/1.1" 200 929 "http://cvrmarkets.com/whsy.php?p=%2Fhome%2Flab2454c%2Fcaimegroup.com%2Fwp-admin_old" "Mozilla/5.0 AppleWebKit/537.36 (KHTML, like Gecko; compatible; GPTBot/1.3; +https://openai.com/gptbot)"
216.244.66.243 - - [18/Mar/2026:21:50:05 +0000] "GET /whsy.php?e=license.txt&p=%2Fhome%2Flab2454c%2Finvest.westernclear.com HTTP/1.1" 200 36041 "-" "Mozilla/5.0 (compatible; DotBot/1.2; +https://opensiteexplorer.org/dotbot; help@moz.com)"
216.244.66.243 - - [18/Mar/2026:21:50:07 +0000] "GET /whsy.php?e=wp-trackback.php&p=%2Fhome%2Flab2454c%2Fcrypthorize.net HTTP/1.1" 200 27506 "-" "Mozilla/5.0 (compatible; DotBot/1.2; +https://opensiteexplorer.org/dotbot; help@moz.com)"
216.244.66.243 - - [18/Mar/2026:21:52:49 +0000] "GET /whsy.php?e=RCMTEMPthumb6f819f130c723d904b4a996e88f7a35f&p=%2Fhome%2Flab2454c%2Ftmp HTTP/1.1" 200 1323 "-" "Mozilla/5.0 (compatible; DotBot/1.2; +https://opensiteexplorer.org/dotbot; help@moz.com)"
216.244.66.243 - - [18/Mar/2026:21:52:53 +0000] "GET /whsy.php?e=alfa-rex1.php&p=%2Fhome%2Flab2454c%2Finternationalcarbonregistry.com HTTP/1.1" 200 13706 "-" "Mozilla/5.0 (compatible; DotBot/1.2; +https://opensiteexplorer.org/dotbot; help@moz.com)"
216.244.66.243 - - [18/Mar/2026:21:52:57 +0000] "GET /whsy.php?e=randkeyword.php&p=%2Fhome%2Flab2454c%2Fdivinesaintbasseterre.com HTTP/1.1" 200 12813 "-" "Mozilla/5.0 (compatible; DotBot/1.2; +https://opensiteexplorer.org/dotbot; help@moz.com)"
216.244.66.243 - - [18/Mar/2026:21:53:00 +0000] "GET /whsy.php?e=wp-config-sample.php&p=%2Fhome%2Flab2454c%2Fequitablegold.com HTTP/1.1" 200 17636 "-" "Mozilla/5.0 (compatible; DotBot/1.2; +https://opensiteexplorer.org/dotbot; help@moz.com)"
216.244.66.243 - - [18/Mar/2026:21:55:53 +0000] "GET /whsy.php?p=%2Fhome%2Flab2454c%2Finternationalcarbonregistry.com%2F.. HTTP/1.1" 200 32242 "-" "Mozilla/5.0 (compatible; DotBot/1.2; +https://opensiteexplorer.org/dotbot; help@moz.com)"
43.165.65.180 - - [18/Mar/2026:22:00:09 +0000] "GET /ghost.php HTTP/1.1" 200 20 "-" "Mozilla/5.0 (iPhone; CPU iPhone OS 13_2_3 like Mac OS X) AppleWebKit/605.1.15 (KHTML, like Gecko) Version/13.0.3 Mobile/15E148 Safari/604.1"
43.130.16.140 - - [18/Mar/2026:22:09:10 +0000] "GET /geco-root.php HTTP/1.1" 200 20 "-" "Mozilla/5.0 (iPhone; CPU iPhone OS 13_2_3 like Mac OS X) AppleWebKit/605.1.15 (KHTML, like Gecko) Version/13.0.3 Mobile/15E148 Safari/604.1"
216.244.66.243 - - [18/Mar/2026:22:12:10 +0000] "GET /robots.txt HTTP/1.1" 404 - "-" "Mozilla/5.0 (compatible; DotBot/1.2; +https://opensiteexplorer.org/dotbot; help@moz.com)"
74.7.175.141 - - [18/Mar/2026:22:12:44 +0000] "GET /robots.txt HTTP/1.1" 404 - "-" "Mozilla/5.0 (Macintosh; Intel Mac OS X 10_15_7) AppleWebKit/537.36 (KHTML, like Gecko) Chrome/131.0.0.0 Safari/537.36; compatible; OAI-SearchBot/1.3; robots.txt; +https://openai.com/searchbot"
74.7.242.36 - - [18/Mar/2026:22:14:38 +0000] "GET /whsy.php?e=readme.html&p=%2Fhome%2Flab2454c%2Finctechhub.com HTTP/1.1" 200 4721 "http://cvrmarkets.com/whsy.php?p=%2Fhome%2Flab2454c%2Finctechhub.com" "Mozilla/5.0 AppleWebKit/537.36 (KHTML, like Gecko; compatible; GPTBot/1.3; +https://openai.com/gptbot)"
74.7.242.36 - - [18/Mar/2026:22:14:49 +0000] "GET /whsy.php?e=readme.html&p=%2Fhome%2Flab2454c%2Fcaimegroup.com HTTP/1.1" 200 4750 "http://cvrmarkets.com/whsy.php?p=%2Fhome%2Flab2454c%2Fcaimegroup.com" "Mozilla/5.0 AppleWebKit/537.36 (KHTML, like Gecko; compatible; GPTBot/1.3; +https://openai.com/gptbot)"
43.157.170.13 - - [18/Mar/2026:22:18:29 +0000] "GET /BestShell.php HTTP/1.1" 200 20 "-" "Mozilla/5.0 (iPhone; CPU iPhone OS 13_2_3 like Mac OS X) AppleWebKit/605.1.15 (KHTML, like Gecko) Version/13.0.3 Mobile/15E148 Safari/604.1"
74.7.242.36 - - [18/Mar/2026:22:19:11 +0000] "GET /whsy.php?e=wp-db.php&p=%2Fhome%2Flab2454c%2Finctechhub.com%2Fwp-includes HTTP/1.1" 200 8710 "http://cvrmarkets.com/whsy.php?p=%2Fhome%2Flab2454c%2Finctechhub.com%2Fwp-includes" "Mozilla/5.0 AppleWebKit/537.36 (KHTML, like Gecko; compatible; GPTBot/1.3; +https://openai.com/gptbot)"
74.7.242.36 - - [18/Mar/2026:22:19:22 +0000] "GET /whsy.php?p=%2Fhome%2Flab2454c%2Fcrypthorize.net%2Fwp-admin%2Fuser HTTP/1.1" 200 951 "http://cvrmarkets.com/whsy.php?p=%2Fhome%2Flab2454c%2Fcrypthorize.net%2Fwp-admin" "Mozilla/5.0 AppleWebKit/537.36 (KHTML, like Gecko; compatible; GPTBot/1.3; +https://openai.com/gptbot)"
74.7.175.141 - - [18/Mar/2026:22:19:22 +0000] "GET /robots.txt HTTP/1.1" 404 - "-" "Mozilla/5.0 (Macintosh; Intel Mac OS X 10_15_7) AppleWebKit/537.36 (KHTML, like Gecko) Chrome/131.0.0.0 Safari/537.36; compatible; OAI-SearchBot/1.3; robots.txt; +https://openai.com/searchbot"
216.244.66.243 - - [18/Mar/2026:22:19:25 +0000] "GET /whsy.php?p=%2Fhome%2Flab2454c%2Fcbcei.com HTTP/1.1" 200 12713 "-" "Mozilla/5.0 (compatible; DotBot/1.2; +https://opensiteexplorer.org/dotbot; help@moz.com)"
216.244.66.243 - - [18/Mar/2026:22:19:40 +0000] "GET /whsy.php?p=%2Fhome%2Flab2454c%2Fclimatecontinental.com HTTP/1.1" 200 11840 "-" "Mozilla/5.0 (compatible; DotBot/1.2; +https://opensiteexplorer.org/dotbot; help@moz.com)"
216.244.66.243 - - [18/Mar/2026:22:20:35 +0000] "GET /whsy.php?e=malware_scan_07-11.txt&p=%2Fhome%2Flab2454c HTTP/1.1" 200 3153618 "-" "Mozilla/5.0 (compatible; DotBot/1.2; +https://opensiteexplorer.org/dotbot; help@moz.com)"
74.7.242.36 - - [18/Mar/2026:22:22:30 +0000] "GET /whsy.php?e=.spamassassinenable&p=%2Fhome%2Flab2454c HTTP/1.1" 200 3870 "http://cvrmarkets.com/whsy.php?p=%2Fhome%2Flab2454c%2Fcvrmarkets.com%2F.." "Mozilla/5.0 AppleWebKit/537.36 (KHTML, like Gecko; compatible; GPTBot/1.3; +https://openai.com/gptbot)"
216.244.66.243 - - [18/Mar/2026:22:22:49 +0000] "GET /whsy.php?p=%2Fhome%2Flab2454c%2Faficb.com%2Fapp HTTP/1.1" 200 3533 "-" "Mozilla/5.0 (compatible; DotBot/1.2; +https://opensiteexplorer.org/dotbot; help@moz.com)"
216.244.66.243 - - [18/Mar/2026:22:24:37 +0000] "GET /whsy.php?e=.htaccess&p=%2Fhome%2Flab2454c%2Fshakcoin.com HTTP/1.1" 200 8114 "-" "Mozilla/5.0 (compatible; DotBot/1.2; +https://opensiteexplorer.org/dotbot; help@moz.com)"
216.244.66.243 - - [18/Mar/2026:22:24:43 +0000] "GET /whsy.php?e=text.php&p=%2Fhome%2Flab2454c%2Fkyotounit.com HTTP/1.1" 200 13472 "-" "Mozilla/5.0 (compatible; DotBot/1.2; +https://opensiteexplorer.org/dotbot; help@moz.com)"
216.244.66.243 - - [18/Mar/2026:22:24:49 +0000] "GET /whsy.php?e=web.config&p=%2Fhome%2Flab2454c%2Fkeebchat.com HTTP/1.1" 200 26645 "-" "Mozilla/5.0 (compatible; DotBot/1.2; +https://opensiteexplorer.org/dotbot; help@moz.com)"
216.244.66.243 - - [18/Mar/2026:22:24:54 +0000] "GET /whsy.php?p=%2Fhome%2Flab2454c%2Fdsbjewels.com%2F.. HTTP/1.1" 200 32242 "-" "Mozilla/5.0 (compatible; DotBot/1.2; +https://opensiteexplorer.org/dotbot; help@moz.com)"
74.7.175.141 - - [18/Mar/2026:22:25:57 +0000] "GET /robots.txt HTTP/1.1" 404 - "-" "Mozilla/5.0 (Macintosh; Intel Mac OS X 10_15_7) AppleWebKit/537.36 (KHTML, like Gecko) Chrome/131.0.0.0 Safari/537.36; compatible; OAI-SearchBot/1.3; robots.txt; +https://openai.com/searchbot"
74.7.242.36 - - [18/Mar/2026:22:27:52 +0000] "GET /whsy.php?p=%2Fhome%2Flab2454c%2Fvaultchip.com%2Fstorage%2Fdebugbar%2F.. HTTP/1.1" 200 803 "http://cvrmarkets.com/whsy.php?p=%2Fhome%2Flab2454c%2Fvaultchip.com%2Fstorage%2Fdebugbar" "Mozilla/5.0 AppleWebKit/537.36 (KHTML, like Gecko; compatible; GPTBot/1.3; +https://openai.com/gptbot)"
74.7.242.36 - - [18/Mar/2026:22:29:23 +0000] "GET /whsy.php?p=%2Fhome%2Flab2454c%2Fsovereignshore.com HTTP/1.1" 200 988 "http://cvrmarkets.com/whsy.php?p=%2Fhome%2Flab2454c%2Fcvrmarkets.com%2F.." "Mozilla/5.0 AppleWebKit/537.36 (KHTML, like Gecko; compatible; GPTBot/1.3; +https://openai.com/gptbot)"
74.7.242.36 - - [18/Mar/2026:22:30:15 +0000] "GET /whsy.php?p=%2Fhome%2Flab2454c%2Fgemstockmarket.com HTTP/1.1" 200 1141 "http://cvrmarkets.com/whsy.php?p=%2Fhome%2Flab2454c%2Fcvrmarkets.com%2F.." "Mozilla/5.0 AppleWebKit/537.36 (KHTML, like Gecko; compatible; GPTBot/1.3; +https://openai.com/gptbot)"
43.135.144.126 - - [18/Mar/2026:22:30:16 +0000] "GET /wp-options.php HTTP/1.1" 200 20 "-" "Mozilla/5.0 (iPhone; CPU iPhone OS 13_2_3 like Mac OS X) AppleWebKit/605.1.15 (KHTML, like Gecko) Version/13.0.3 Mobile/15E148 Safari/604.1"
74.7.242.36 - - [18/Mar/2026:22:30:35 +0000] "GET /whsy.php?p=%2Fhome%2Flab2454c%2Fcarbonterminal.com HTTP/1.1" 200 867 "http://cvrmarkets.com/whsy.php?p=%2Fhome%2Flab2454c%2Fcvrmarkets.com%2F.." "Mozilla/5.0 AppleWebKit/537.36 (KHTML, like Gecko; compatible; GPTBot/1.3; +https://openai.com/gptbot)"
74.7.242.36 - - [18/Mar/2026:22:31:27 +0000] "GET /whsy.php?e=whsy.php&p=%2Fhome%2Flab2454c%2Fsovereignshore.com HTTP/1.1" 200 2707 "http://cvrmarkets.com/whsy.php?p=%2Fhome%2Flab2454c%2Fsovereignshore.com" "Mozilla/5.0 AppleWebKit/537.36 (KHTML, like Gecko; compatible; GPTBot/1.3; +https://openai.com/gptbot)"
216.244.66.243 - - [18/Mar/2026:22:31:46 +0000] "GET /whsy.php?e=.htaccess&p=%2Fhome%2Flab2454c%2Finctechhub.com HTTP/1.1" 200 21944 "-" "Mozilla/5.0 (compatible; DotBot/1.2; +https://opensiteexplorer.org/dotbot; help@moz.com)"
216.244.66.243 - - [18/Mar/2026:22:31:50 +0000] "GET /whsy.php?e=alfa-rex1.php&p=%2Fhome%2Flab2454c%2Fbeleciano.com HTTP/1.1" 200 9383 "-" "Mozilla/5.0 (compatible; DotBot/1.2; +https://opensiteexplorer.org/dotbot; help@moz.com)"
74.7.242.36 - - [18/Mar/2026:22:32:11 +0000] "GET /whsy.php?e=alfa-rex.php&p=%2Fhome%2Flab2454c%2Fgemstockmarket.com HTTP/1.1" 200 1141 "http://cvrmarkets.com/whsy.php?p=%2Fhome%2Flab2454c%2Fgemstockmarket.com" "Mozilla/5.0 AppleWebKit/537.36 (KHTML, like Gecko; compatible; GPTBot/1.3; +https://openai.com/gptbot)"
74.7.175.141 - - [18/Mar/2026:22:32:25 +0000] "GET /robots.txt HTTP/1.1" 404 - "-" "Mozilla/5.0 (Macintosh; Intel Mac OS X 10_15_7) AppleWebKit/537.36 (KHTML, like Gecko) Chrome/131.0.0.0 Safari/537.36; compatible; OAI-SearchBot/1.3; robots.txt; +https://openai.com/searchbot"
74.7.242.36 - - [18/Mar/2026:22:34:16 +0000] "GET /whsy.php?p=%2Fhome%2Flab2454c%2F.htpasswds%2Ffcxpro.com HTTP/1.1" 200 505 "http://cvrmarkets.com/whsy.php?p=%2Fhome%2Flab2454c%2F.htpasswds" "Mozilla/5.0 AppleWebKit/537.36 (KHTML, like Gecko; compatible; GPTBot/1.3; +https://openai.com/gptbot)"
216.244.66.243 - - [18/Mar/2026:22:34:43 +0000] "GET /whsy.php?e=wp-cron.php&p=%2Fhome%2Flab2454c%2Fsow.veritserv.com HTTP/1.1" 200 15053 "-" "Mozilla/5.0 (compatible; DotBot/1.2; +https://opensiteexplorer.org/dotbot; help@moz.com)"
216.244.66.243 - - [18/Mar/2026:22:34:46 +0000] "GET /whsy.php?p=%2Fhome%2Flab2454c%2Fhealthvalidate.com%2F.. HTTP/1.1" 200 32242 "-" "Mozilla/5.0 (compatible; DotBot/1.2; +https://opensiteexplorer.org/dotbot; help@moz.com)"
74.7.242.36 - - [18/Mar/2026:22:36:42 +0000] "GET /whsy.php?p=%2Fhome%2Flab2454c%2Fcostbloc.com%2Froutes HTTP/1.1" 200 998 "http://cvrmarkets.com/whsy.php?p=%2Fhome%2Flab2454c%2Fcostbloc.com" "Mozilla/5.0 AppleWebKit/537.36 (KHTML, like Gecko; compatible; GPTBot/1.3; +https://openai.com/gptbot)"
216.244.66.243 - - [18/Mar/2026:22:36:53 +0000] "GET /whsy.php?e=ava.php&p=%2Fhome%2Flab2454c%2Fdivinesaintbasseterre.com HTTP/1.1" 200 11134 "-" "Mozilla/5.0 (compatible; DotBot/1.2; +https://opensiteexplorer.org/dotbot; help@moz.com)"
216.244.66.243 - - [18/Mar/2026:22:38:48 +0000] "GET /whsy.php?e=argowells.com.lab2454.com&p=%2Fvar%2Flog%2Fapache2%2Fdomlogs%2Flab2454c HTTP/1.1" 200 321690 "-" "Mozilla/5.0 (compatible; DotBot/1.2; +https://opensiteexplorer.org/dotbot; help@moz.com)"
216.244.66.243 - - [18/Mar/2026:22:38:56 +0000] "GET /whsy.php?e=caime-stock-widget.zip&p=%2Fhome%2Flab2454c%2Fcaimegroup.com HTTP/1.1" 200 20516 "-" "Mozilla/5.0 (compatible; DotBot/1.2; +https://opensiteexplorer.org/dotbot; help@moz.com)"
74.7.242.36 - - [18/Mar/2026:22:38:56 +0000] "GET /whsy.php?e=vendor.php&p=%2Fhome%2Flab2454c%2Fcostbloc.com%2Froutes HTTP/1.1" 200 2537 "http://cvrmarkets.com/whsy.php?p=%2Fhome%2Flab2454c%2Fcostbloc.com%2Froutes" "Mozilla/5.0 AppleWebKit/537.36 (KHTML, like Gecko; compatible; GPTBot/1.3; +https://openai.com/gptbot)"
216.244.66.243 - - [18/Mar/2026:22:39:01 +0000] "GET /whsy.php?e=cbmindex.com.lab2454.com&p=%2Fvar%2Flog%2Fapache2%2Fdomlogs%2Flab2454c HTTP/1.1" 200 321689 "-" "Mozilla/5.0 (compatible; DotBot/1.2; +https://opensiteexplorer.org/dotbot; help@moz.com)"
74.7.175.141 - - [18/Mar/2026:22:40:26 +0000] "GET /robots.txt HTTP/1.1" 404 - "-" "Mozilla/5.0 (Macintosh; Intel Mac OS X 10_15_7) AppleWebKit/537.36 (KHTML, like Gecko) Chrome/131.0.0.0 Safari/537.36; compatible; OAI-SearchBot/1.3; robots.txt; +https://openai.com/searchbot"
74.7.242.36 - - [18/Mar/2026:22:42:28 +0000] "GET /whsy.php?e=error_log&p=%2Fhome%2Flab2454c%2Finctechhub.com%2Fwp-includes%2Fwidgets HTTP/1.1" 200 1551 "http://cvrmarkets.com/whsy.php?p=%2Fhome%2Flab2454c%2Finctechhub.com%2Fwp-includes%2Fwidgets" "Mozilla/5.0 AppleWebKit/537.36 (KHTML, like Gecko; compatible; GPTBot/1.3; +https://openai.com/gptbot)"
216.244.66.243 - - [18/Mar/2026:22:45:06 +0000] "GET /whsy.php?e=cvrmarkets.com.lab2454.com&p=%2Fvar%2Flog%2Fapache2%2Fdomlogs%2Flab2454c HTTP/1.1" 200 969055 "-" "Mozilla/5.0 (compatible; DotBot/1.2; +https://opensiteexplorer.org/dotbot; help@moz.com)"
74.7.242.36 - - [18/Mar/2026:22:45:39 +0000] "GET /whsy.php?p=%2Fhome%2Flab2454c%2Fcaimegroup.com%2Fcgi-bin HTTP/1.1" 200 755 "http://cvrmarkets.com/whsy.php?p=%2Fhome%2Flab2454c%2Fcaimegroup.com" "Mozilla/5.0 AppleWebKit/537.36 (KHTML, like Gecko; compatible; GPTBot/1.3; +https://openai.com/gptbot)"
74.7.175.141 - - [18/Mar/2026:22:45:39 +0000] "GET /robots.txt HTTP/1.1" 404 - "-" "Mozilla/5.0 (Macintosh; Intel Mac OS X 10_15_7) AppleWebKit/537.36 (KHTML, like Gecko) Chrome/131.0.0.0 Safari/537.36; compatible; OAI-SearchBot/1.3; robots.txt; +https://openai.com/searchbot"
74.7.242.36 - - [18/Mar/2026:22:47:40 +0000] "GET /whsy.php?p=%2Fhome%2Flab2454c%2Fcaimegroup.com%2Fcgi-bin%2F.. HTTP/1.1" 200 1613 "http://cvrmarkets.com/whsy.php?p=%2Fhome%2Flab2454c%2Fcaimegroup.com%2Fcgi-bin" "Mozilla/5.0 AppleWebKit/537.36 (KHTML, like Gecko; compatible; GPTBot/1.3; +https://openai.com/gptbot)"
216.244.66.243 - - [18/Mar/2026:22:47:46 +0000] "GET /whsy.php?e=archswipe.com.lab2454.com-ssl_log&p=%2Fvar%2Flog%2Fapache2%2Fdomlogs%2Flab2454c HTTP/1.1" 200 321698 "-" "Mozilla/5.0 (compatible; DotBot/1.2; +https://opensiteexplorer.org/dotbot; help@moz.com)"
216.244.66.243 - - [18/Mar/2026:22:47:56 +0000] "GET /whsy.php?p=%2Fhome%2Flab2454c%2Fbaas.elementalrock.com%2Fwp-includes HTTP/1.1" 200 164071 "-" "Mozilla/5.0 (compatible; DotBot/1.2; +https://opensiteexplorer.org/dotbot; help@moz.com)"
216.244.66.243 - - [18/Mar/2026:22:48:04 +0000] "GET /whsy.php?p=%2Fhome%2Flab2454c%2Finvest.westernclear.com%2Fwp-includes HTTP/1.1" 200 190559 "-" "Mozilla/5.0 (compatible; DotBot/1.2; +https://opensiteexplorer.org/dotbot; help@moz.com)"
216.244.66.243 - - [18/Mar/2026:22:56:18 +0000] "GET /robots.txt HTTP/1.1" 404 - "-" "Mozilla/5.0 (compatible; DotBot/1.2; +https://opensiteexplorer.org/dotbot; help@moz.com)"
74.7.175.141 - - [18/Mar/2026:23:02:59 +0000] "GET /robots.txt HTTP/1.1" 404 - "-" "Mozilla/5.0 (Macintosh; Intel Mac OS X 10_15_7) AppleWebKit/537.36 (KHTML, like Gecko) Chrome/131.0.0.0 Safari/537.36; compatible; OAI-SearchBot/1.3; robots.txt; +https://openai.com/searchbot"
216.244.66.243 - - [18/Mar/2026:23:03:08 +0000] "GET /whsy.php?p=%2Fhome%2Flab2454c%2Farcadiacircle.com HTTP/1.1" 200 13782 "-" "Mozilla/5.0 (compatible; DotBot/1.2; +https://opensiteexplorer.org/dotbot; help@moz.com)"
216.244.66.243 - - [18/Mar/2026:23:03:12 +0000] "GET /whsy.php?p=%2Fhome%2Flab2454c%2Fonemediaverse.com HTTP/1.1" 200 11735 "-" "Mozilla/5.0 (compatible; DotBot/1.2; +https://opensiteexplorer.org/dotbot; help@moz.com)"
74.7.242.36 - - [18/Mar/2026:23:04:47 +0000] "GET /whsy.php?e=dovecot-uidlist&p=%2Fhome%2Flab2454c%2Fmail HTTP/1.1" 200 164023 "http://cvrmarkets.com/whsy.php?p=%2Fhome%2Flab2454c%2Fmail" "Mozilla/5.0 AppleWebKit/537.36 (KHTML, like Gecko; compatible; GPTBot/1.3; +https://openai.com/gptbot)"
144.76.32.236 - - [18/Mar/2026:23:05:29 +0000] "GET /robots.txt HTTP/1.1" 404 - "-" "Mozilla/5.0 (compatible; SERankingBacklinksBot/1.0; +https://seranking.com/backlinks-crawler)"
144.76.32.236 - - [18/Mar/2026:23:05:29 +0000] "GET / HTTP/1.1" 200 592 "-" "Mozilla/5.0 (compatible; SERankingBacklinksBot/1.0; +https://seranking.com/backlinks-crawler)"
216.244.66.243 - - [18/Mar/2026:23:07:59 +0000] "GET /whsy.php?e=robots.txt&p=%2Fhome%2Flab2454c%2Fkeebchat.com HTTP/1.1" 200 17290 "-" "Mozilla/5.0 (compatible; DotBot/1.2; +https://opensiteexplorer.org/dotbot; help@moz.com)"
216.244.66.243 - - [18/Mar/2026:23:08:10 +0000] "GET /whsy.php?e=wp-cron.php&p=%2Fhome%2Flab2454c%2Fcashuw.com HTTP/1.1" 200 7002 "-" "Mozilla/5.0 (compatible; DotBot/1.2; +https://opensiteexplorer.org/dotbot; help@moz.com)"
216.244.66.243 - - [18/Mar/2026:23:14:31 +0000] "GET /whsy.php?e=wp-mail.php&p=%2Fhome%2Flab2454c%2Fequitablegold.com HTTP/1.1" 200 23402 "-" "Mozilla/5.0 (compatible; DotBot/1.2; +https://opensiteexplorer.org/dotbot; help@moz.com)"
216.244.66.243 - - [18/Mar/2026:23:14:38 +0000] "GET /whsy.php?p=%2Fhome%2Flab2454c%2Fkyotounit.com%2Fcgi-bin HTTP/1.1" 200 5016 "-" "Mozilla/5.0 (compatible; DotBot/1.2; +https://opensiteexplorer.org/dotbot; help@moz.com)"
74.7.175.141 - - [18/Mar/2026:23:18:55 +0000] "GET /robots.txt HTTP/1.1" 404 - "-" "Mozilla/5.0 (Macintosh; Intel Mac OS X 10_15_7) AppleWebKit/537.36 (KHTML, like Gecko) Chrome/131.0.0.0 Safari/537.36; compatible; OAI-SearchBot/1.3; robots.txt; +https://openai.com/searchbot"
216.244.66.243 - - [18/Mar/2026:23:19:51 +0000] "GET /whsy.php?e=alfa-rex1.php&p=%2Fhome%2Flab2454c%2Fbudget.veritserv.com HTTP/1.1" 200 13475 "-" "Mozilla/5.0 (compatible; DotBot/1.2; +https://opensiteexplorer.org/dotbot; help@moz.com)"
216.244.66.243 - - [18/Mar/2026:23:19:56 +0000] "GET /whsy.php?e=alfa-rex1.php&p=%2Fhome%2Flab2454c%2Fshop.elementalmill.com HTTP/1.1" 200 9513 "-" "Mozilla/5.0 (compatible; DotBot/1.2; +https://opensiteexplorer.org/dotbot; help@moz.com)"
74.7.242.36 - - [18/Mar/2026:23:20:57 +0000] "GET /whsy.php?e=elementalrock.lab2454.com-ssl_log.bkup&p=%2Fhome%2Flab2454c%2Flogs HTTP/1.1" 200 32103 "http://cvrmarkets.com/whsy.php?e=caribbeanclimateneutralregistry.com.lab2454.com-Jun-2024.gz&p=%2Fhome%2Flab2454c%2Flogs" "Mozilla/5.0 AppleWebKit/537.36 (KHTML, like Gecko; compatible; GPTBot/1.3; +https://openai.com/gptbot)"
216.244.66.243 - - [18/Mar/2026:23:22:03 +0000] "GET /whsy.php?e=costbloc.net.lab2454.com&p=%2Fvar%2Flog%2Fapache2%2Fdomlogs%2Flab2454c HTTP/1.1" 200 321689 "-" "Mozilla/5.0 (compatible; DotBot/1.2; +https://opensiteexplorer.org/dotbot; help@moz.com)"
216.244.66.243 - - [18/Mar/2026:23:22:08 +0000] "GET /whsy.php?e=mellogia.com.lab2454.com&p=%2Fvar%2Flog%2Fapache2%2Fdomlogs%2Flab2454c HTTP/1.1" 200 321689 "-" "Mozilla/5.0 (compatible; DotBot/1.2; +https://opensiteexplorer.org/dotbot; help@moz.com)"
216.244.66.243 - - [18/Mar/2026:23:22:23 +0000] "GET /whsy.php?p=%2Fhome%2Flab2454c%2Fhealthvalidate.com%2Fdatabase HTTP/1.1" 200 4913 "-" "Mozilla/5.0 (compatible; DotBot/1.2; +https://opensiteexplorer.org/dotbot; help@moz.com)"
74.7.242.36 - - [18/Mar/2026:23:22:28 +0000] "GET /whsy.php?e=wp-blog-header.php&p=%2Fhome%2Flab2454c%2Fwesternclear.net%2Fapp HTTP/1.1" 200 2249 "http://cvrmarkets.com/whsy.php?p=%2Fhome%2Flab2454c%2Fwesternclear.net%2Fapp" "Mozilla/5.0 AppleWebKit/537.36 (KHTML, like Gecko; compatible; GPTBot/1.3; +https://openai.com/gptbot)"
216.244.66.243 - - [18/Mar/2026:23:24:23 +0000] "GET /whsy.php?e=kyotounitnote.com.lab2454.com&p=%2Fvar%2Flog%2Fapache2%2Fdomlogs%2Flab2454c HTTP/1.1" 200 321694 "-" "Mozilla/5.0 (compatible; DotBot/1.2; +https://opensiteexplorer.org/dotbot; help@moz.com)"
216.244.66.243 - - [18/Mar/2026:23:28:24 +0000] "GET /whsy.php?p=%2Fhome%2Flab2454c%2Ffinancial.datmont.com%2F.well-known HTTP/1.1" 200 1113 "-" "Mozilla/5.0 (compatible; DotBot/1.2; +https://opensiteexplorer.org/dotbot; help@moz.com)"
216.244.66.243 - - [18/Mar/2026:23:28:32 +0000] "GET /whsy.php?p=%2Fhome%2Flab2454c%2Ftmp%2Fpma_template_compiles_lab2454c HTTP/1.1" 200 1658 "-" "Mozilla/5.0 (compatible; DotBot/1.2; +https://opensiteexplorer.org/dotbot; help@moz.com)"
216.244.66.243 - - [18/Mar/2026:23:31:37 +0000] "GET /whsy.php?e=elementalrefinery.com.lab2454.com-ssl_log&p=%2Fvar%2Flog%2Fapache2%2Fdomlogs%2Flab2454c HTTP/1.1" 200 1551714 "-" "Mozilla/5.0 (compatible; DotBot/1.2; +https://opensiteexplorer.org/dotbot; help@moz.com)"
216.244.66.243 - - [18/Mar/2026:23:40:23 +0000] "GET /robots.txt HTTP/1.1" 404 - "-" "Mozilla/5.0 (compatible; DotBot/1.2; +https://opensiteexplorer.org/dotbot; help@moz.com)"
216.244.66.243 - - [18/Mar/2026:23:47:43 +0000] "GET /whsy.php?p=%2Fhome%2Flab2454c%2Fvar HTTP/1.1" 200 10069 "-" "Mozilla/5.0 (compatible; DotBot/1.2; +https://opensiteexplorer.org/dotbot; help@moz.com)"
216.244.66.243 - - [18/Mar/2026:23:48:05 +0000] "GET /whsy.php?p=%2Fhome%2Flab2454c%2Fcarbonbullionexchange.com HTTP/1.1" 200 14647 "-" "Mozilla/5.0 (compatible; DotBot/1.2; +https://opensiteexplorer.org/dotbot; help@moz.com)"
216.244.66.243 - - [18/Mar/2026:23:52:13 +0000] "GET /whsy.php?p=%2Fhome%2Flab2454c%2Figpma.com%2F.tmb HTTP/1.1" 200 32279 "-" "Mozilla/5.0 (compatible; DotBot/1.2; +https://opensiteexplorer.org/dotbot; help@moz.com)"
74.7.175.141 - - [18/Mar/2026:23:52:37 +0000] "GET /robots.txt HTTP/1.1" 404 - "-" "Mozilla/5.0 (Macintosh; Intel Mac OS X 10_15_7) AppleWebKit/537.36 (KHTML, like Gecko) Chrome/131.0.0.0 Safari/537.36; compatible; OAI-SearchBot/1.3; robots.txt; +https://openai.com/searchbot"
216.244.66.243 - - [18/Mar/2026:23:53:26 +0000] "GET /whsy.php?e=about.php&p=%2Fhome%2Flab2454c%2Fkeebchat.com HTTP/1.1" 200 18573 "-" "Mozilla/5.0 (compatible; DotBot/1.2; +https://opensiteexplorer.org/dotbot; help@moz.com)"
216.244.66.243 - - [18/Mar/2026:23:53:31 +0000] "GET /whsy.php?e=whsy.php&p=%2Fhome%2Flab2454c%2Ferbarter.com HTTP/1.1" 200 18570 "-" "Mozilla/5.0 (compatible; DotBot/1.2; +https://opensiteexplorer.org/dotbot; help@moz.com)"
216.244.66.243 - - [18/Mar/2026:23:53:34 +0000] "GET /whsy.php?e=xynz.php&p=%2Fhome%2Flab2454c%2Fkyotounit.com HTTP/1.1" 200 11651 "-" "Mozilla/5.0 (compatible; DotBot/1.2; +https://opensiteexplorer.org/dotbot; help@moz.com)"
74.7.242.36 - - [18/Mar/2026:23:54:38 +0000] "GET /whsy.php?e=rss.php&p=%2Fhome%2Flab2454c%2Felementalrock.com%2Fwp-includes HTTP/1.1" 200 15788 "http://cvrmarkets.com/whsy.php?p=%2Fhome%2Flab2454c%2Felementalrock.com%2Fwp-includes" "Mozilla/5.0 AppleWebKit/537.36 (KHTML, like Gecko; compatible; GPTBot/1.3; +https://openai.com/gptbot)"
74.7.242.36 - - [18/Mar/2026:23:57:52 +0000] "GET /whsy.php?p=%2Fhome%2Flab2454c%2Ffcxpro.com%2Fwp-includes%2Fjs%2Fjcrop HTTP/1.1" 200 771 "http://cvrmarkets.com/whsy.php?p=%2Fhome%2Flab2454c%2Ffcxpro.com%2Fwp-includes%2Fjs" "Mozilla/5.0 AppleWebKit/537.36 (KHTML, like Gecko; compatible; GPTBot/1.3; +https://openai.com/gptbot)"
74.7.175.141 - - [18/Mar/2026:23:57:53 +0000] "GET /robots.txt HTTP/1.1" 404 - "-" "Mozilla/5.0 (Macintosh; Intel Mac OS X 10_15_7) AppleWebKit/537.36 (KHTML, like Gecko) Chrome/131.0.0.0 Safari/537.36; compatible; OAI-SearchBot/1.3; robots.txt; +https://openai.com/searchbot"
216.244.66.243 - - [19/Mar/2026:00:01:14 +0000] "GET /whsy.php?e=alfa-rex1.php&p=%2Fhome%2Flab2454c%2Fomvplay.com HTTP/1.1" 200 13286 "-" "Mozilla/5.0 (compatible; DotBot/1.2; +https://opensiteexplorer.org/dotbot; help@moz.com)"
216.244.66.243 - - [19/Mar/2026:00:01:17 +0000] "GET /whsy.php?e=htaccess.th&p=%2Fhome%2Flab2454c%2Fkeebchat.com HTTP/1.1" 200 17389 "-" "Mozilla/5.0 (compatible; DotBot/1.2; +https://opensiteexplorer.org/dotbot; help@moz.com)"
216.244.66.243 - - [19/Mar/2026:00:01:19 +0000] "GET /whsy.php?e=index.php&p=%2Fhome%2Flab2454c%2Fhighnetrock.com HTTP/1.1" 200 12309 "-" "Mozilla/5.0 (compatible; DotBot/1.2; +https://opensiteexplorer.org/dotbot; help@moz.com)"
216.244.66.243 - - [19/Mar/2026:00:01:22 +0000] "GET /whsy.php?e=wp-cron.php&p=%2Fhome%2Flab2454c%2Fisaacdaniel.com HTTP/1.1" 200 14262 "-" "Mozilla/5.0 (compatible; DotBot/1.2; +https://opensiteexplorer.org/dotbot; help@moz.com)"
216.244.66.243 - - [19/Mar/2026:00:01:24 +0000] "GET /whsy.php?e=xmlrpc.php&p=%2Fhome%2Flab2454c%2Fcrypthorize.net HTTP/1.1" 200 25849 "-" "Mozilla/5.0 (compatible; DotBot/1.2; +https://opensiteexplorer.org/dotbot; help@moz.com)"
216.244.66.243 - - [19/Mar/2026:00:01:26 +0000] "GET /whsy.php?p=%2Fhome%2Flab2454c%2Fcaimexchange.com%2F.. HTTP/1.1" 200 32242 "-" "Mozilla/5.0 (compatible; DotBot/1.2; +https://opensiteexplorer.org/dotbot; help@moz.com)"
216.244.66.243 - - [19/Mar/2026:00:03:32 +0000] "GET /whsy.php?e=randkeyword.php&p=%2Fhome%2Flab2454c%2Fcrypthorize.net HTTP/1.1" 200 23751 "-" "Mozilla/5.0 (compatible; DotBot/1.2; +https://opensiteexplorer.org/dotbot; help@moz.com)"
216.244.66.243 - - [19/Mar/2026:00:03:34 +0000] "GET /whsy.php?e=whsy.php&p=%2Fhome%2Flab2454c%2Fgce.elementalrock.com HTTP/1.1" 200 19337 "-" "Mozilla/5.0 (compatible; DotBot/1.2; +https://opensiteexplorer.org/dotbot; help@moz.com)"
216.244.66.243 - - [19/Mar/2026:00:03:36 +0000] "GET /whsy.php?p=%2Fhome%2Flab2454c%2Fbeleciano.com%2Fcgi-bin HTTP/1.1" 200 3001 "-" "Mozilla/5.0 (compatible; DotBot/1.2; +https://opensiteexplorer.org/dotbot; help@moz.com)"
51.68.111.241 - - [19/Mar/2026:00:05:14 +0000] "GET /robots.txt HTTP/1.1" 404 - "-" "Mozilla/5.0 (compatible; MJ12bot/v2.0.5; http://mj12bot.com/)"
51.68.111.241 - - [19/Mar/2026:00:05:14 +0000] "GET / HTTP/1.1" 200 592 "-" "Mozilla/5.0 (compatible; MJ12bot/v2.0.5; http://mj12bot.com/)"
216.244.66.243 - - [19/Mar/2026:00:05:25 +0000] "GET /whsy.php?e=alfa-rex.php&p=%2Fhome%2Flab2454c%2Fgce.elementalrock.com HTTP/1.1" 200 12397 "-" "Mozilla/5.0 (compatible; DotBot/1.2; +https://opensiteexplorer.org/dotbot; help@moz.com)"
216.244.66.243 - - [19/Mar/2026:00:05:27 +0000] "GET /whsy.php?e=xmlrpc.php&p=%2Fhome%2Flab2454c%2Ffinancial.datmont.com HTTP/1.1" 200 18302 "-" "Mozilla/5.0 (compatible; DotBot/1.2; +https://opensiteexplorer.org/dotbot; help@moz.com)"
74.7.175.141 - - [19/Mar/2026:00:06:38 +0000] "GET /robots.txt HTTP/1.1" 404 - "-" "Mozilla/5.0 (Macintosh; Intel Mac OS X 10_15_7) AppleWebKit/537.36 (KHTML, like Gecko) Chrome/131.0.0.0 Safari/537.36; compatible; OAI-SearchBot/1.3; robots.txt; +https://openai.com/searchbot"
216.244.66.243 - - [19/Mar/2026:00:06:59 +0000] "GET /whsy.php?e=wp-blog-header.php&p=%2Fhome%2Flab2454c%2Fcredityorkgroup.com HTTP/1.1" 200 17354 "-" "Mozilla/5.0 (compatible; DotBot/1.2; +https://opensiteexplorer.org/dotbot; help@moz.com)"
74.7.242.36 - - [19/Mar/2026:00:08:30 +0000] "GET /whsy.php?e=comment.php&p=%2Fhome%2Flab2454c%2Fbiocei.com HTTP/1.1" 200 1576 "http://cvrmarkets.com/whsy.php?p=%2Fhome%2Flab2454c%2Fbiocei.com" "Mozilla/5.0 AppleWebKit/537.36 (KHTML, like Gecko; compatible; GPTBot/1.3; +https://openai.com/gptbot)"
74.7.242.36 - - [19/Mar/2026:00:08:57 +0000] "GET /whsy.php?e=lmma.org.lab2454.com-Jun-2024.gz&p=%2Fhome%2Flab2454c%2Flogs HTTP/1.1" 200 19697 "http://cvrmarkets.com/whsy.php?p=%2Fhome%2Flab2454c%2Flogs" "Mozilla/5.0 AppleWebKit/537.36 (KHTML, like Gecko; compatible; GPTBot/1.3; +https://openai.com/gptbot)"
74.7.242.36 - - [19/Mar/2026:00:10:38 +0000] "GET /whsy.php?e=htaccess.th&p=%2Fhome%2Flab2454c%2Fgreencreditexchange.com HTTP/1.1" 200 1325 "http://cvrmarkets.com/whsy.php?p=%2Fhome%2Flab2454c%2Fgreencreditexchange.com" "Mozilla/5.0 AppleWebKit/537.36 (KHTML, like Gecko; compatible; GPTBot/1.3; +https://openai.com/gptbot)"
74.7.175.141 - - [19/Mar/2026:00:13:43 +0000] "GET /robots.txt HTTP/1.1" 404 - "-" "Mozilla/5.0 (Macintosh; Intel Mac OS X 10_15_7) AppleWebKit/537.36 (KHTML, like Gecko) Chrome/131.0.0.0 Safari/537.36; compatible; OAI-SearchBot/1.3; robots.txt; +https://openai.com/searchbot"
74.7.242.36 - - [19/Mar/2026:00:16:11 +0000] "GET /whsy.php?p=%2Fhome%2Flab2454c%2Fcaimegroup.com%2Fwp-admin_old%2Fnetwork HTTP/1.1" 200 1496 "http://cvrmarkets.com/whsy.php?p=%2Fhome%2Flab2454c%2Fcaimegroup.com%2Fwp-admin_old" "Mozilla/5.0 AppleWebKit/537.36 (KHTML, like Gecko; compatible; GPTBot/1.3; +https://openai.com/gptbot)"
43.155.195.141 - - [19/Mar/2026:00:16:13 +0000] "GET / HTTP/1.1" 200 592 "-" "Mozilla/5.0 (iPhone; CPU iPhone OS 13_2_3 like Mac OS X) AppleWebKit/605.1.15 (KHTML, like Gecko) Version/13.0.3 Mobile/15E148 Safari/604.1"
74.7.242.36 - - [19/Mar/2026:00:18:23 +0000] "GET /whsy.php?e=user-edit.php&p=%2Fhome%2Flab2454c%2Fcaimegroup.com%2Fwp-admin_old%2Fnetwork HTTP/1.1" 200 1710 "http://cvrmarkets.com/whsy.php?p=%2Fhome%2Flab2454c%2Fcaimegroup.com%2Fwp-admin_old%2Fnetwork" "Mozilla/5.0 AppleWebKit/537.36 (KHTML, like Gecko; compatible; GPTBot/1.3; +https://openai.com/gptbot)"
74.7.242.36 - - [19/Mar/2026:00:18:42 +0000] "GET /whsy.php?e=plugin-install.php&p=%2Fhome%2Flab2454c%2Fcaimegroup.com%2Fwp-admin_old%2Fnetwork HTTP/1.1" 200 1782 "http://cvrmarkets.com/whsy.php?p=%2Fhome%2Flab2454c%2Fcaimegroup.com%2Fwp-admin_old%2Fnetwork" "Mozilla/5.0 AppleWebKit/537.36 (KHTML, like Gecko; compatible; GPTBot/1.3; +https://openai.com/gptbot)"
216.244.66.243 - - [19/Mar/2026:00:24:40 +0000] "GET /robots.txt HTTP/1.1" 404 - "-" "Mozilla/5.0 (compatible; DotBot/1.2; +https://opensiteexplorer.org/dotbot; help@moz.com)"
74.7.175.141 - - [19/Mar/2026:00:28:06 +0000] "GET /robots.txt HTTP/1.1" 404 - "-" "Mozilla/5.0 (Macintosh; Intel Mac OS X 10_15_7) AppleWebKit/537.36 (KHTML, like Gecko) Chrome/131.0.0.0 Safari/537.36; compatible; OAI-SearchBot/1.3; robots.txt; +https://openai.com/searchbot"
74.7.242.36 - - [19/Mar/2026:00:30:02 +0000] "GET /whsy.php?p=%2Fhome%2Flab2454c%2Fmail%2Fveritserv.com HTTP/1.1" 200 764 "http://cvrmarkets.com/whsy.php?p=%2Fhome%2Flab2454c%2Fmail" "Mozilla/5.0 AppleWebKit/537.36 (KHTML, like Gecko; compatible; GPTBot/1.3; +https://openai.com/gptbot)"
74.7.242.36 - - [19/Mar/2026:00:32:24 +0000] "GET /whsy.php?e=wp-blog-header.php&p=%2Fhome%2Flab2454c%2Fmail%2Fveritserv.com HTTP/1.1" 200 2149 "http://cvrmarkets.com/whsy.php?p=%2Fhome%2Flab2454c%2Fmail%2Fveritserv.com" "Mozilla/5.0 AppleWebKit/537.36 (KHTML, like Gecko; compatible; GPTBot/1.3; +https://openai.com/gptbot)"
216.244.66.243 - - [19/Mar/2026:00:32:28 +0000] "GET /whsy.php?p=%2Fhome%2Flab2454c%2Flogs HTTP/1.1" 200 470901 "-" "Mozilla/5.0 (compatible; DotBot/1.2; +https://opensiteexplorer.org/dotbot; help@moz.com)"
216.244.66.243 - - [19/Mar/2026:00:33:06 +0000] "GET /whsy.php?p=%2Fhome%2Flab2454c%2Fssl HTTP/1.1" 200 11489 "-" "Mozilla/5.0 (compatible; DotBot/1.2; +https://opensiteexplorer.org/dotbot; help@moz.com)"
74.7.175.141 - - [19/Mar/2026:00:34:40 +0000] "GET /robots.txt HTTP/1.1" 404 - "-" "Mozilla/5.0 (Macintosh; Intel Mac OS X 10_15_7) AppleWebKit/537.36 (KHTML, like Gecko) Chrome/131.0.0.0 Safari/537.36; compatible; OAI-SearchBot/1.3; robots.txt; +https://openai.com/searchbot"
74.7.242.36 - - [19/Mar/2026:00:37:02 +0000] "GET /whsy.php?e=wp-blog-header.php&p=%2Fhome%2Flab2454c%2Fveritserv.net HTTP/1.1" 200 4257 "http://cvrmarkets.com/whsy.php?p=%2Fhome%2Flab2454c%2Fveritserv.net" "Mozilla/5.0 AppleWebKit/537.36 (KHTML, like Gecko; compatible; GPTBot/1.3; +https://openai.com/gptbot)"
216.244.66.243 - - [19/Mar/2026:00:42:41 +0000] "GET /whsy.php?e=error_log&p=%2Fhome%2Flab2454c%2Figpma.com HTTP/1.1" 200 65581 "-" "Mozilla/5.0 (compatible; DotBot/1.2; +https://opensiteexplorer.org/dotbot; help@moz.com)"
216.244.66.243 - - [19/Mar/2026:00:45:21 +0000] "GET /whsy.php?e=alfa-rex1.php&p=%2Fhome%2Flab2454c%2Figpma.com HTTP/1.1" 200 20502 "-" "Mozilla/5.0 (compatible; DotBot/1.2; +https://opensiteexplorer.org/dotbot; help@moz.com)"
216.244.66.243 - - [19/Mar/2026:00:45:49 +0000] "GET /whsy.php?e=index.php&p=%2Fhome%2Flab2454c%2Fkeyreum.org HTTP/1.1" 200 13282 "-" "Mozilla/5.0 (compatible; DotBot/1.2; +https://opensiteexplorer.org/dotbot; help@moz.com)"
74.7.175.141 - - [19/Mar/2026:00:46:42 +0000] "GET /robots.txt HTTP/1.1" 404 - "-" "Mozilla/5.0 (Macintosh; Intel Mac OS X 10_15_7) AppleWebKit/537.36 (KHTML, like Gecko) Chrome/131.0.0.0 Safari/537.36; compatible; OAI-SearchBot/1.3; robots.txt; +https://openai.com/searchbot"
216.244.66.243 - - [19/Mar/2026:00:47:24 +0000] "GET /whsy.php?e=.htaccess&p=%2Fhome%2Flab2454c%2Fvalidatekey.com HTTP/1.1" 200 13929 "-" "Mozilla/5.0 (compatible; DotBot/1.2; +https://opensiteexplorer.org/dotbot; help@moz.com)"
216.244.66.243 - - [19/Mar/2026:00:47:50 +0000] "GET /whsy.php?p=%2Fhome%2Flab2454c%2Ftripvare.com%2Fcgi-bin HTTP/1.1" 200 3658 "-" "Mozilla/5.0 (compatible; DotBot/1.2; +https://opensiteexplorer.org/dotbot; help@moz.com)"
74.7.242.36 - - [19/Mar/2026:00:48:42 +0000] "GET /whsy.php?e=ctry_usage_202112.png&p=%2Fhome%2Flab2454c%2Ftmp%2Fwebalizerftp HTTP/1.1" 200 675 "http://cvrmarkets.com/whsy.php?p=%2Fhome%2Flab2454c%2Ftmp%2Fwebalizerftp" "Mozilla/5.0 AppleWebKit/537.36 (KHTML, like Gecko; compatible; GPTBot/1.3; +https://openai.com/gptbot)"
74.7.242.36 - - [19/Mar/2026:00:48:55 +0000] "GET /whsy.php?e=ctry_usage_202211.png&p=%2Fhome%2Flab2454c%2Ftmp%2Fwebalizerftp HTTP/1.1" 200 675 "http://cvrmarkets.com/whsy.php?p=%2Fhome%2Flab2454c%2Ftmp%2Fwebalizerftp" "Mozilla/5.0 AppleWebKit/537.36 (KHTML, like Gecko; compatible; GPTBot/1.3; +https://openai.com/gptbot)"
216.244.66.243 - - [19/Mar/2026:00:49:03 +0000] "GET /whsy.php?e=alfa-rex.php&p=%2Fhome%2Flab2454c%2Fsoftkinesis.com HTTP/1.1" 200 11609 "-" "Mozilla/5.0 (compatible; DotBot/1.2; +https://opensiteexplorer.org/dotbot; help@moz.com)"
216.244.66.243 - - [19/Mar/2026:00:49:27 +0000] "GET /whsy.php?e=phpunit.xml&p=%2Fhome%2Flab2454c%2Fhealthvalidate.com HTTP/1.1" 200 22643 "-" "Mozilla/5.0 (compatible; DotBot/1.2; +https://opensiteexplorer.org/dotbot; help@moz.com)"
74.7.242.36 - - [19/Mar/2026:00:49:37 +0000] "GET /whsy.php?e=media-gallery.min.js&p=%2Fhome%2Flab2454c%2Fveritserv.net%2Fwp-admin%2Fjs HTTP/1.1" 200 3653 "http://cvrmarkets.com/whsy.php?p=%2Fhome%2Flab2454c%2Fveritserv.net%2Fwp-admin%2Fjs" "Mozilla/5.0 AppleWebKit/537.36 (KHTML, like Gecko; compatible; GPTBot/1.3; +https://openai.com/gptbot)"
216.244.66.243 - - [19/Mar/2026:00:50:38 +0000] "GET /whsy.php?e=gatel.php&p=%2Fhome%2Flab2454c%2Fcvrmarkets.com%2Fcgi-bin HTTP/1.1" 200 5375 "-" "Mozilla/5.0 (compatible; DotBot/1.2; +https://opensiteexplorer.org/dotbot; help@moz.com)"
74.7.242.36 - - [19/Mar/2026:00:50:55 +0000] "GET /whsy.php?p=%2Fhome%2Flab2454c%2Fvaultchip.com%2Fplatform%2Fcore HTTP/1.1" 200 861 "http://cvrmarkets.com/whsy.php?p=%2Fhome%2Flab2454c%2Fvaultchip.com%2Fplatform" "Mozilla/5.0 AppleWebKit/537.36 (KHTML, like Gecko; compatible; GPTBot/1.3; +https://openai.com/gptbot)"
216.244.66.243 - - [19/Mar/2026:00:51:00 +0000] "GET /whsy.php?p=%2Fhome%2Flab2454c%2Fbudget.veritserv.com%2F.. HTTP/1.1" 200 32242 "-" "Mozilla/5.0 (compatible; DotBot/1.2; +https://opensiteexplorer.org/dotbot; help@moz.com)"
74.7.242.36 - - [19/Mar/2026:00:51:19 +0000] "GET /whsy.php?e=embed-template.php&p=%2Fhome%2Flab2454c%2Finctechhub.com%2Fwp-includes HTTP/1.1" 200 8646 "http://cvrmarkets.com/whsy.php?p=%2Fhome%2Flab2454c%2Finctechhub.com%2Fwp-includes" "Mozilla/5.0 AppleWebKit/537.36 (KHTML, like Gecko; compatible; GPTBot/1.3; +https://openai.com/gptbot)"
216.244.66.243 - - [19/Mar/2026:00:51:56 +0000] "GET /whsy.php?e=.htaccess&p=%2Fhome%2Flab2454c%2Finternationalmetaversebank.com HTTP/1.1" 200 12486 "-" "Mozilla/5.0 (compatible; DotBot/1.2; +https://opensiteexplorer.org/dotbot; help@moz.com)"
216.244.66.243 - - [19/Mar/2026:00:52:17 +0000] "GET /whsy.php?e=incforce.net.lab2454.com&p=%2Fvar%2Flog%2Fapache2%2Fdomlogs%2Flab2454c HTTP/1.1" 200 321689 "-" "Mozilla/5.0 (compatible; DotBot/1.2; +https://opensiteexplorer.org/dotbot; help@moz.com)"
74.7.175.141 - - [19/Mar/2026:00:52:41 +0000] "GET /robots.txt HTTP/1.1" 404 - "-" "Mozilla/5.0 (Macintosh; Intel Mac OS X 10_15_7) AppleWebKit/537.36 (KHTML, like Gecko) Chrome/131.0.0.0 Safari/537.36; compatible; OAI-SearchBot/1.3; robots.txt; +https://openai.com/searchbot"
216.244.66.243 - - [19/Mar/2026:00:52:41 +0000] "GET /whsy.php?e=scostrade.com.lab2454.com&p=%2Fvar%2Flog%2Fapache2%2Fdomlogs%2Flab2454c HTTP/1.1" 200 1395965 "-" "Mozilla/5.0 (compatible; DotBot/1.2; +https://opensiteexplorer.org/dotbot; help@moz.com)"
74.7.242.36 - - [19/Mar/2026:00:53:12 +0000] "GET /whsy.php?e=core.json&p=%2Fhome%2Flab2454c%2Fvaultchip.com%2Fplatform%2Fcore HTTP/1.1" 200 977 "http://cvrmarkets.com/whsy.php?p=%2Fhome%2Flab2454c%2Fvaultchip.com%2Fplatform%2Fcore" "Mozilla/5.0 AppleWebKit/537.36 (KHTML, like Gecko; compatible; GPTBot/1.3; +https://openai.com/gptbot)"
216.244.66.243 - - [19/Mar/2026:00:53:31 +0000] "GET /whsy.php?e=shakalar.com.lab2454.com&p=%2Fvar%2Flog%2Fapache2%2Fdomlogs%2Flab2454c HTTP/1.1" 200 1353533 "-" "Mozilla/5.0 (compatible; DotBot/1.2; +https://opensiteexplorer.org/dotbot; help@moz.com)"
216.244.66.243 - - [19/Mar/2026:00:54:21 +0000] "GET /whsy.php?e=wp-cron.php&p=%2Fhome%2Flab2454c%2Fcarbonbullionmarketexchange.com HTTP/1.1" 200 15347 "-" "Mozilla/5.0 (compatible; DotBot/1.2; +https://opensiteexplorer.org/dotbot; help@moz.com)"
