74.7.242.36 - - [20/Mar/2026:17:17:13 +0000] "GET /whsy.php?e=dovecot.index.log&p=%2Fhome%2Flab2454c%2Fmail%2Fsecurepaychip.com%2Fcontact HTTP/1.1" 200 1136 "http://cvrmarkets.com/whsy.php?p=%2Fhome%2Flab2454c%2Fmail%2F.contact%40securepaychip_com" "Mozilla/5.0 AppleWebKit/537.36 (KHTML, like Gecko; compatible; GPTBot/1.3; +https://openai.com/gptbot)"
74.7.242.36 - - [20/Mar/2026:17:18:25 +0000] "GET /whsy.php?e=comment-template.php&p=%2Fhome%2Flab2454c%2Finctechhub.com%2Fwp-includes HTTP/1.1" 200 28722 "http://cvrmarkets.com/whsy.php?p=%2Fhome%2Flab2454c%2Finctechhub.com%2Fwp-includes" "Mozilla/5.0 AppleWebKit/537.36 (KHTML, like Gecko; compatible; GPTBot/1.3; +https://openai.com/gptbot)"
74.7.242.36 - - [20/Mar/2026:17:18:38 +0000] "GET /whsy.php?p=%2Fhome%2Flab2454c%2F.wp-cli%2F.. HTTP/1.1" 200 3804 "http://cvrmarkets.com/whsy.php?p=%2Fhome%2Flab2454c%2F.wp-cli" "Mozilla/5.0 AppleWebKit/537.36 (KHTML, like Gecko; compatible; GPTBot/1.3; +https://openai.com/gptbot)"
74.7.242.36 - - [20/Mar/2026:17:20:20 +0000] "GET /whsy.php?e=about.css&p=%2Fhome%2Flab2454c%2Ffcxpro.com%2Fwp-admin%2Fcss HTTP/1.1" 200 8227 "http://cvrmarkets.com/whsy.php?p=%2Fhome%2Flab2454c%2Ffcxpro.com%2Fwp-admin%2Fcss" "Mozilla/5.0 AppleWebKit/537.36 (KHTML, like Gecko; compatible; GPTBot/1.3; +https://openai.com/gptbot)"
74.7.242.36 - - [20/Mar/2026:17:20:31 +0000] "GET /whsy.php?e=common.css&p=%2Fhome%2Flab2454c%2Ffcxpro.com%2Fwp-admin%2Fcss HTTP/1.1" 200 19631 "http://cvrmarkets.com/whsy.php?p=%2Fhome%2Flab2454c%2Ffcxpro.com%2Fwp-admin%2Fcss" "Mozilla/5.0 AppleWebKit/537.36 (KHTML, like Gecko; compatible; GPTBot/1.3; +https://openai.com/gptbot)"
74.7.242.36 - - [20/Mar/2026:17:21:23 +0000] "GET /whsy.php?e=edit-rtl.css&p=%2Fhome%2Flab2454c%2Ffcxpro.com%2Fwp-admin%2Fcss HTTP/1.1" 200 11714 "http://cvrmarkets.com/whsy.php?p=%2Fhome%2Flab2454c%2Ffcxpro.com%2Fwp-admin%2Fcss" "Mozilla/5.0 AppleWebKit/537.36 (KHTML, like Gecko; compatible; GPTBot/1.3; +https://openai.com/gptbot)"
74.7.175.141 - - [20/Mar/2026:17:21:23 +0000] "GET /robots.txt HTTP/1.1" 404 - "-" "Mozilla/5.0 (Macintosh; Intel Mac OS X 10_15_7) AppleWebKit/537.36 (KHTML, like Gecko) Chrome/131.0.0.0 Safari/537.36; compatible; OAI-SearchBot/1.3; robots.txt; +https://openai.com/searchbot"
74.7.242.36 - - [20/Mar/2026:17:23:18 +0000] "GET /whsy.php?e=themes.css&p=%2Fhome%2Flab2454c%2Ffcxpro.com%2Fwp-admin%2Fcss HTTP/1.1" 200 11414 "http://cvrmarkets.com/whsy.php?p=%2Fhome%2Flab2454c%2Ffcxpro.com%2Fwp-admin%2Fcss" "Mozilla/5.0 AppleWebKit/537.36 (KHTML, like Gecko; compatible; GPTBot/1.3; +https://openai.com/gptbot)"
74.7.242.36 - - [20/Mar/2026:17:23:54 +0000] "GET /whsy.php?e=edit.min.css&p=%2Fhome%2Flab2454c%2Ffcxpro.com%2Fwp-admin%2Fcss HTTP/1.1" 200 10127 "http://cvrmarkets.com/whsy.php?p=%2Fhome%2Flab2454c%2Ffcxpro.com%2Fwp-admin%2Fcss" "Mozilla/5.0 AppleWebKit/537.36 (KHTML, like Gecko; compatible; GPTBot/1.3; +https://openai.com/gptbot)"
74.7.242.36 - - [20/Mar/2026:17:24:04 +0000] "GET /whsy.php?e=forms.css&p=%2Fhome%2Flab2454c%2Ffcxpro.com%2Fwp-admin%2Fcss HTTP/1.1" 200 10945 "http://cvrmarkets.com/whsy.php?p=%2Fhome%2Flab2454c%2Ffcxpro.com%2Fwp-admin%2Fcss" "Mozilla/5.0 AppleWebKit/537.36 (KHTML, like Gecko; compatible; GPTBot/1.3; +https://openai.com/gptbot)"
74.7.242.36 - - [20/Mar/2026:17:24:19 +0000] "GET /whsy.php?e=media.css&p=%2Fhome%2Flab2454c%2Ffcxpro.com%2Fwp-admin%2Fcss HTTP/1.1" 200 8605 "http://cvrmarkets.com/whsy.php?p=%2Fhome%2Flab2454c%2Ffcxpro.com%2Fwp-admin%2Fcss" "Mozilla/5.0 AppleWebKit/537.36 (KHTML, like Gecko; compatible; GPTBot/1.3; +https://openai.com/gptbot)"
74.7.242.36 - - [20/Mar/2026:17:24:36 +0000] "GET /whsy.php?e=widgets.css&p=%2Fhome%2Flab2454c%2Ffcxpro.com%2Fwp-admin%2Fcss HTTP/1.1" 200 7245 "http://cvrmarkets.com/whsy.php?p=%2Fhome%2Flab2454c%2Ffcxpro.com%2Fwp-admin%2Fcss" "Mozilla/5.0 AppleWebKit/537.36 (KHTML, like Gecko; compatible; GPTBot/1.3; +https://openai.com/gptbot)"
51.68.107.150 - - [20/Mar/2026:17:27:45 +0000] "GET /robots.txt HTTP/1.1" 404 - "-" "Mozilla/5.0 (compatible; MJ12bot/v2.0.5; http://mj12bot.com/)"
51.68.107.150 - - [20/Mar/2026:17:27:45 +0000] "GET / HTTP/1.1" 200 615 "-" "Mozilla/5.0 (compatible; MJ12bot/v2.0.5; http://mj12bot.com/)"
74.7.175.141 - - [20/Mar/2026:17:38:16 +0000] "GET /robots.txt HTTP/1.1" 404 - "-" "Mozilla/5.0 (Macintosh; Intel Mac OS X 10_15_7) AppleWebKit/537.36 (KHTML, like Gecko) Chrome/131.0.0.0 Safari/537.36; compatible; OAI-SearchBot/1.3; robots.txt; +https://openai.com/searchbot"
74.7.242.36 - - [20/Mar/2026:17:40:06 +0000] "GET /whsy.php?p=%2Fhome%2Flab2454c%2F.htpasswds%2Ftransferwit.elementalrock.com HTTP/1.1" 200 522 "http://cvrmarkets.com/whsy.php?p=%2Fhome%2Flab2454c%2F.htpasswds" "Mozilla/5.0 AppleWebKit/537.36 (KHTML, like Gecko; compatible; GPTBot/1.3; +https://openai.com/gptbot)"
74.7.175.141 - - [20/Mar/2026:17:55:38 +0000] "GET /robots.txt HTTP/1.1" 404 - "-" "Mozilla/5.0 (Macintosh; Intel Mac OS X 10_15_7) AppleWebKit/537.36 (KHTML, like Gecko) Chrome/131.0.0.0 Safari/537.36; compatible; OAI-SearchBot/1.3; robots.txt; +https://openai.com/searchbot"
74.7.242.36 - - [20/Mar/2026:17:58:02 +0000] "GET /whsy.php?e=class-walker-comment.php&p=%2Fhome%2Flab2454c%2Fargowells.com%2Fwp-includes HTTP/1.1" 200 12107 "http://cvrmarkets.com/whsy.php?p=%2Fhome%2Flab2454c%2Fargowells.com%2Fwp-includes" "Mozilla/5.0 AppleWebKit/537.36 (KHTML, like Gecko; compatible; GPTBot/1.3; +https://openai.com/gptbot)"
74.7.175.141 - - [20/Mar/2026:18:34:36 +0000] "GET /robots.txt HTTP/1.1" 404 - "-" "Mozilla/5.0 (Macintosh; Intel Mac OS X 10_15_7) AppleWebKit/537.36 (KHTML, like Gecko) Chrome/131.0.0.0 Safari/537.36; compatible; OAI-SearchBot/1.3; robots.txt; +https://openai.com/searchbot"
74.7.242.36 - - [20/Mar/2026:18:37:26 +0000] "GET /whsy.php?p=%2Fhome%2Flab2454c%2Fmail%2Fincforce.com HTTP/1.1" 200 762 "http://cvrmarkets.com/whsy.php?p=%2Fhome%2Flab2454c%2Fmail" "Mozilla/5.0 AppleWebKit/537.36 (KHTML, like Gecko; compatible; GPTBot/1.3; +https://openai.com/gptbot)"
74.7.242.36 - - [20/Mar/2026:18:39:34 +0000] "GET /whsy.php?e=wp-blog-header.php&p=%2Fhome%2Flab2454c%2Fmail%2Fincforce.com HTTP/1.1" 200 2148 "http://cvrmarkets.com/whsy.php?p=%2Fhome%2Flab2454c%2Fmail%2Fincforce.com" "Mozilla/5.0 AppleWebKit/537.36 (KHTML, like Gecko; compatible; GPTBot/1.3; +https://openai.com/gptbot)"
144.76.32.236 - - [20/Mar/2026:18:42:22 +0000] "GET /robots.txt HTTP/1.1" 404 - "-" "Mozilla/5.0 (compatible; SERankingBacklinksBot/1.0; +https://seranking.com/backlinks-crawler)"
144.76.32.236 - - [20/Mar/2026:18:42:22 +0000] "GET /?C=D;O=A HTTP/1.1" 200 615 "-" "Mozilla/5.0 (compatible; SERankingBacklinksBot/1.0; +https://seranking.com/backlinks-crawler)"
144.76.32.236 - - [20/Mar/2026:18:42:32 +0000] "GET /robots.txt HTTP/1.1" 404 - "-" "Mozilla/5.0 (compatible; SERankingBacklinksBot/1.0; +https://seranking.com/backlinks-crawler)"
144.76.32.236 - - [20/Mar/2026:18:42:32 +0000] "GET /?C=M;O=A HTTP/1.1" 200 614 "-" "Mozilla/5.0 (compatible; SERankingBacklinksBot/1.0; +https://seranking.com/backlinks-crawler)"
144.76.32.236 - - [20/Mar/2026:18:42:35 +0000] "GET /robots.txt HTTP/1.1" 404 - "-" "Mozilla/5.0 (compatible; SERankingBacklinksBot/1.0; +https://seranking.com/backlinks-crawler)"
144.76.32.236 - - [20/Mar/2026:18:42:35 +0000] "GET /?C=N;O=D HTTP/1.1" 200 606 "-" "Mozilla/5.0 (compatible; SERankingBacklinksBot/1.0; +https://seranking.com/backlinks-crawler)"
144.76.32.236 - - [20/Mar/2026:18:42:45 +0000] "GET /robots.txt HTTP/1.1" 404 - "-" "Mozilla/5.0 (compatible; SERankingBacklinksBot/1.0; +https://seranking.com/backlinks-crawler)"
144.76.32.236 - - [20/Mar/2026:18:42:45 +0000] "GET /?C=S;O=A HTTP/1.1" 200 614 "-" "Mozilla/5.0 (compatible; SERankingBacklinksBot/1.0; +https://seranking.com/backlinks-crawler)"
144.76.32.236 - - [20/Mar/2026:18:42:49 +0000] "GET /cgi-bin/ HTTP/1.1" 404 - "-" "Mozilla/5.0 (compatible; SERankingBacklinksBot/1.0; +https://seranking.com/backlinks-crawler)"
74.7.175.141 - - [20/Mar/2026:18:42:49 +0000] "GET /robots.txt HTTP/1.1" 404 - "-" "Mozilla/5.0 (Macintosh; Intel Mac OS X 10_15_7) AppleWebKit/537.36 (KHTML, like Gecko) Chrome/131.0.0.0 Safari/537.36; compatible; OAI-SearchBot/1.3; robots.txt; +https://openai.com/searchbot"
74.7.242.36 - - [20/Mar/2026:18:45:00 +0000] "GET /whsy.php?e=htaccess.th&p=%2Fhome%2Flab2454c%2Flogs HTTP/1.1" 200 19806 "http://cvrmarkets.com/whsy.php?p=%2Fhome%2Flab2454c%2Flogs" "Mozilla/5.0 AppleWebKit/537.36 (KHTML, like Gecko; compatible; GPTBot/1.3; +https://openai.com/gptbot)"
74.7.242.36 - - [20/Mar/2026:18:45:14 +0000] "GET /whsy.php?e=htaccess.th&p=%2Fhome%2Flab2454c%2Fmail HTTP/1.1" 200 2457 "http://cvrmarkets.com/whsy.php?p=%2Fhome%2Flab2454c%2Fmail" "Mozilla/5.0 AppleWebKit/537.36 (KHTML, like Gecko; compatible; GPTBot/1.3; +https://openai.com/gptbot)"
74.7.175.141 - - [20/Mar/2026:19:13:46 +0000] "GET /robots.txt HTTP/1.1" 404 - "-" "Mozilla/5.0 (Macintosh; Intel Mac OS X 10_15_7) AppleWebKit/537.36 (KHTML, like Gecko) Chrome/131.0.0.0 Safari/537.36; compatible; OAI-SearchBot/1.3; robots.txt; +https://openai.com/searchbot"
74.7.242.36 - - [20/Mar/2026:19:15:42 +0000] "GET /whsy.php?e=awstats.gemstockmarket.com.lab2454.com.conf&p=%2Fhome%2Flab2454c%2Ftmp%2Fawstats HTTP/1.1" 200 671 "http://cvrmarkets.com/whsy.php?p=%2Fhome%2Flab2454c%2Ftmp%2Fawstats" "Mozilla/5.0 AppleWebKit/537.36 (KHTML, like Gecko; compatible; GPTBot/1.3; +https://openai.com/gptbot)"
74.7.242.36 - - [20/Mar/2026:19:16:06 +0000] "GET /whsy.php?e=awstats.amgconsortium.com.lab2454.com.conf&p=%2Fhome%2Flab2454c%2Ftmp%2Fawstats HTTP/1.1" 200 671 "http://cvrmarkets.com/whsy.php?p=%2Fhome%2Flab2454c%2Ftmp%2Fawstats" "Mozilla/5.0 AppleWebKit/537.36 (KHTML, like Gecko; compatible; GPTBot/1.3; +https://openai.com/gptbot)"
74.7.242.36 - - [20/Mar/2026:19:16:21 +0000] "GET /whsy.php?e=awstats.carbonterminal.com.lab2454.com.conf&p=%2Fhome%2Flab2454c%2Ftmp%2Fawstats HTTP/1.1" 200 671 "http://cvrmarkets.com/whsy.php?p=%2Fhome%2Flab2454c%2Ftmp%2Fawstats" "Mozilla/5.0 AppleWebKit/537.36 (KHTML, like Gecko; compatible; GPTBot/1.3; +https://openai.com/gptbot)"
74.7.242.36 - - [20/Mar/2026:19:16:46 +0000] "GET /whsy.php?e=awstats.kyotounitnotes.com.lab2454.com.conf&p=%2Fhome%2Flab2454c%2Ftmp%2Fawstats HTTP/1.1" 200 671 "http://cvrmarkets.com/whsy.php?p=%2Fhome%2Flab2454c%2Ftmp%2Fawstats" "Mozilla/5.0 AppleWebKit/537.36 (KHTML, like Gecko; compatible; GPTBot/1.3; +https://openai.com/gptbot)"
74.7.242.36 - - [20/Mar/2026:19:16:58 +0000] "GET /whsy.php?e=awstats.securepaychip.com.lab2454.com.conf&p=%2Fhome%2Flab2454c%2Ftmp%2Fawstats HTTP/1.1" 200 671 "http://cvrmarkets.com/whsy.php?p=%2Fhome%2Flab2454c%2Ftmp%2Fawstats" "Mozilla/5.0 AppleWebKit/537.36 (KHTML, like Gecko; compatible; GPTBot/1.3; +https://openai.com/gptbot)"
74.7.242.36 - - [20/Mar/2026:19:17:36 +0000] "GET /whsy.php?e=awstats.gemspotmarket.com.lab2454.com.conf&p=%2Fhome%2Flab2454c%2Ftmp%2Fawstats HTTP/1.1" 200 671 "http://cvrmarkets.com/whsy.php?p=%2Fhome%2Flab2454c%2Ftmp%2Fawstats" "Mozilla/5.0 AppleWebKit/537.36 (KHTML, like Gecko; compatible; GPTBot/1.3; +https://openai.com/gptbot)"
74.7.175.141 - - [20/Mar/2026:19:19:19 +0000] "GET /robots.txt HTTP/1.1" 404 - "-" "Mozilla/5.0 (Macintosh; Intel Mac OS X 10_15_7) AppleWebKit/537.36 (KHTML, like Gecko) Chrome/131.0.0.0 Safari/537.36; compatible; OAI-SearchBot/1.3; robots.txt; +https://openai.com/searchbot"
74.7.242.36 - - [20/Mar/2026:19:21:13 +0000] "GET /whsy.php?e=license.txt&p=%2Fhome%2Flab2454c%2Ffcxpro.com%2Fwp-includes%2FID3 HTTP/1.1" 200 1734 "http://cvrmarkets.com/whsy.php?p=%2Fhome%2Flab2454c%2Ffcxpro.com%2Fwp-includes%2FID3" "Mozilla/5.0 AppleWebKit/537.36 (KHTML, like Gecko; compatible; GPTBot/1.3; +https://openai.com/gptbot)"
74.7.242.36 - - [20/Mar/2026:19:22:56 +0000] "GET /whsy.php?e=class-wp-locale-switcher.php&p=%2Fhome%2Flab2454c%2Fargowells.com%2Fwp-includes HTTP/1.1" 200 10668 "http://cvrmarkets.com/whsy.php?p=%2Fhome%2Flab2454c%2Fargowells.com%2Fwp-includes" "Mozilla/5.0 AppleWebKit/537.36 (KHTML, like Gecko; compatible; GPTBot/1.3; +https://openai.com/gptbot)"
74.7.242.36 - - [20/Mar/2026:19:23:07 +0000] "GET /whsy.php?e=class-wp-http-cookie.php&p=%2Fhome%2Flab2454c%2Fcarbonbullion.com%2Fwp-includes HTTP/1.1" 200 10966 "http://cvrmarkets.com/whsy.php?p=%2Fhome%2Flab2454c%2Fcarbonbullion.com%2Fwp-includes" "Mozilla/5.0 AppleWebKit/537.36 (KHTML, like Gecko; compatible; GPTBot/1.3; +https://openai.com/gptbot)"
74.7.242.36 - - [20/Mar/2026:19:24:11 +0000] "GET /whsy.php?e=class-wp-block-template.php&p=%2Fhome%2Flab2454c%2Finctechhub.com%2Fwp-includes HTTP/1.1" 200 9006 "http://cvrmarkets.com/whsy.php?p=%2Fhome%2Flab2454c%2Finctechhub.com%2Fwp-includes" "Mozilla/5.0 AppleWebKit/537.36 (KHTML, like Gecko; compatible; GPTBot/1.3; +https://openai.com/gptbot)"
74.7.175.141 - - [20/Mar/2026:19:24:21 +0000] "GET /robots.txt HTTP/1.1" 404 - "-" "Mozilla/5.0 (Macintosh; Intel Mac OS X 10_15_7) AppleWebKit/537.36 (KHTML, like Gecko) Chrome/131.0.0.0 Safari/537.36; compatible; OAI-SearchBot/1.3; robots.txt; +https://openai.com/searchbot"
74.7.242.36 - - [20/Mar/2026:19:24:28 +0000] "GET /whsy.php?e=class-wp-customize-control.php&p=%2Fhome%2Flab2454c%2Fbiocei.com%2Fwp-includes HTTP/1.1" 200 14893 "http://cvrmarkets.com/whsy.php?p=%2Fhome%2Flab2454c%2Fbiocei.com%2Fwp-includes" "Mozilla/5.0 AppleWebKit/537.36 (KHTML, like Gecko; compatible; GPTBot/1.3; +https://openai.com/gptbot)"
74.7.242.36 - - [20/Mar/2026:19:24:38 +0000] "GET /whsy.php?e=class-wp-customize-section.php&p=%2Fhome%2Flab2454c%2Fbiocei.com%2Fwp-includes HTTP/1.1" 200 12243 "http://cvrmarkets.com/whsy.php?p=%2Fhome%2Flab2454c%2Fbiocei.com%2Fwp-includes" "Mozilla/5.0 AppleWebKit/537.36 (KHTML, like Gecko; compatible; GPTBot/1.3; +https://openai.com/gptbot)"
74.7.242.36 - - [20/Mar/2026:19:25:46 +0000] "GET /whsy.php?e=class-wp-speculation-rules.php&p=%2Fhome%2Flab2454c%2Fbiocei.com%2Fwp-includes HTTP/1.1" 200 10798 "http://cvrmarkets.com/whsy.php?p=%2Fhome%2Flab2454c%2Fbiocei.com%2Fwp-includes" "Mozilla/5.0 AppleWebKit/537.36 (KHTML, like Gecko; compatible; GPTBot/1.3; +https://openai.com/gptbot)"
74.7.242.36 - - [20/Mar/2026:19:26:01 +0000] "GET /whsy.php?e=class-wp-block-supports.php&p=%2Fhome%2Flab2454c%2Finctechhub.com%2Fwp-includes HTTP/1.1" 200 10024 "http://cvrmarkets.com/whsy.php?p=%2Fhome%2Flab2454c%2Finctechhub.com%2Fwp-includes" "Mozilla/5.0 AppleWebKit/537.36 (KHTML, like Gecko; compatible; GPTBot/1.3; +https://openai.com/gptbot)"
74.7.242.36 - - [20/Mar/2026:19:26:12 +0000] "GET /whsy.php?e=class-wp-block-processor.php&p=%2Fhome%2Flab2454c%2Fargowells.com%2Fwp-includes HTTP/1.1" 200 25904 "http://cvrmarkets.com/whsy.php?p=%2Fhome%2Flab2454c%2Fargowells.com%2Fwp-includes" "Mozilla/5.0 AppleWebKit/537.36 (KHTML, like Gecko; compatible; GPTBot/1.3; +https://openai.com/gptbot)"
74.7.242.36 - - [20/Mar/2026:19:26:23 +0000] "GET /whsy.php?e=class-wp-customize-panel.php&p=%2Fhome%2Flab2454c%2Fargowells.com%2Fwp-includes HTTP/1.1" 200 11926 "http://cvrmarkets.com/whsy.php?p=%2Fhome%2Flab2454c%2Fargowells.com%2Fwp-includes" "Mozilla/5.0 AppleWebKit/537.36 (KHTML, like Gecko; compatible; GPTBot/1.3; +https://openai.com/gptbot)"
74.7.242.36 - - [20/Mar/2026:19:27:33 +0000] "GET /whsy.php?e=class-wp-http-response.php&p=%2Fhome%2Flab2454c%2Finctechhub.com%2Fwp-includes HTTP/1.1" 200 9376 "http://cvrmarkets.com/whsy.php?p=%2Fhome%2Flab2454c%2Finctechhub.com%2Fwp-includes" "Mozilla/5.0 AppleWebKit/537.36 (KHTML, like Gecko; compatible; GPTBot/1.3; +https://openai.com/gptbot)"
74.7.242.36 - - [20/Mar/2026:19:27:45 +0000] "GET /whsy.php?e=class-wp-customize-section.php&p=%2Fhome%2Flab2454c%2Ffcxpro.com%2Fwp-includes HTTP/1.1" 200 10889 "http://cvrmarkets.com/whsy.php?p=%2Fhome%2Flab2454c%2Ffcxpro.com%2Fwp-includes" "Mozilla/5.0 AppleWebKit/537.36 (KHTML, like Gecko; compatible; GPTBot/1.3; +https://openai.com/gptbot)"
74.7.242.36 - - [20/Mar/2026:19:28:10 +0000] "GET /whsy.php?e=class-wp-session-tokens.php&p=%2Fhome%2Flab2454c%2Finctechhub.com%2Fwp-includes HTTP/1.1" 200 10373 "http://cvrmarkets.com/whsy.php?p=%2Fhome%2Flab2454c%2Finctechhub.com%2Fwp-includes" "Mozilla/5.0 AppleWebKit/537.36 (KHTML, like Gecko; compatible; GPTBot/1.3; +https://openai.com/gptbot)"
74.7.242.36 - - [20/Mar/2026:19:29:11 +0000] "GET /whsy.php?e=class-wp-script-modules.php&p=%2Fhome%2Flab2454c%2Fargowells.com%2Fwp-includes HTTP/1.1" 200 16608 "http://cvrmarkets.com/whsy.php?p=%2Fhome%2Flab2454c%2Fargowells.com%2Fwp-includes" "Mozilla/5.0 AppleWebKit/537.36 (KHTML, like Gecko; compatible; GPTBot/1.3; +https://openai.com/gptbot)"
74.7.242.36 - - [20/Mar/2026:19:29:20 +0000] "GET /whsy.php?e=class-wp-script-modules.php&p=%2Fhome%2Flab2454c%2Finctechhub.com%2Fwp-includes HTTP/1.1" 200 11401 "http://cvrmarkets.com/whsy.php?p=%2Fhome%2Flab2454c%2Finctechhub.com%2Fwp-includes" "Mozilla/5.0 AppleWebKit/537.36 (KHTML, like Gecko; compatible; GPTBot/1.3; +https://openai.com/gptbot)"
74.7.242.36 - - [20/Mar/2026:19:29:30 +0000] "GET /whsy.php?e=class-wp-http-cookie.php&p=%2Fhome%2Flab2454c%2Fisaaclondston.com%2Fwp-includes HTTP/1.1" 200 11129 "http://cvrmarkets.com/whsy.php?p=%2Fhome%2Flab2454c%2Fisaaclondston.com%2Fwp-includes" "Mozilla/5.0 AppleWebKit/537.36 (KHTML, like Gecko; compatible; GPTBot/1.3; +https://openai.com/gptbot)"
74.7.175.141 - - [20/Mar/2026:19:29:30 +0000] "GET /robots.txt HTTP/1.1" 404 - "-" "Mozilla/5.0 (Macintosh; Intel Mac OS X 10_15_7) AppleWebKit/537.36 (KHTML, like Gecko) Chrome/131.0.0.0 Safari/537.36; compatible; OAI-SearchBot/1.3; robots.txt; +https://openai.com/searchbot"
74.7.242.36 - - [20/Mar/2026:19:29:39 +0000] "GET /whsy.php?e=class-wp-customize-manager.php&p=%2Fhome%2Flab2454c%2Fbiocei.com%2Fwp-includes HTTP/1.1" 200 55252 "http://cvrmarkets.com/whsy.php?p=%2Fhome%2Flab2454c%2Fbiocei.com%2Fwp-includes" "Mozilla/5.0 AppleWebKit/537.36 (KHTML, like Gecko; compatible; GPTBot/1.3; +https://openai.com/gptbot)"
74.7.242.36 - - [20/Mar/2026:19:29:51 +0000] "GET /whsy.php?e=class-wp-http-cookie.php&p=%2Fhome%2Flab2454c%2Felementalrock.com%2Fwp-includes HTTP/1.1" 200 11441 "http://cvrmarkets.com/whsy.php?p=%2Fhome%2Flab2454c%2Felementalrock.com%2Fwp-includes" "Mozilla/5.0 AppleWebKit/537.36 (KHTML, like Gecko; compatible; GPTBot/1.3; +https://openai.com/gptbot)"
74.7.242.36 - - [20/Mar/2026:19:30:24 +0000] "GET /whsy.php?e=class-wp-customize-setting.php&p=%2Fhome%2Flab2454c%2Fbiocei.com%2Fwp-includes HTTP/1.1" 200 15757 "http://cvrmarkets.com/whsy.php?p=%2Fhome%2Flab2454c%2Fbiocei.com%2Fwp-includes" "Mozilla/5.0 AppleWebKit/537.36 (KHTML, like Gecko; compatible; GPTBot/1.3; +https://openai.com/gptbot)"
74.7.242.36 - - [20/Mar/2026:19:30:33 +0000] "GET /whsy.php?e=class-wp-recovery-mode.php&p=%2Fhome%2Flab2454c%2Finctechhub.com%2Fwp-includes HTTP/1.1" 200 11613 "http://cvrmarkets.com/whsy.php?p=%2Fhome%2Flab2454c%2Finctechhub.com%2Fwp-includes" "Mozilla/5.0 AppleWebKit/537.36 (KHTML, like Gecko; compatible; GPTBot/1.3; +https://openai.com/gptbot)"
74.7.242.36 - - [20/Mar/2026:19:30:42 +0000] "GET /whsy.php?e=class-wp-session-tokens.php&p=%2Fhome%2Flab2454c%2Fargowells.com%2Fwp-includes HTTP/1.1" 200 10672 "http://cvrmarkets.com/whsy.php?p=%2Fhome%2Flab2454c%2Fargowells.com%2Fwp-includes" "Mozilla/5.0 AppleWebKit/537.36 (KHTML, like Gecko; compatible; GPTBot/1.3; +https://openai.com/gptbot)"
74.7.242.36 - - [20/Mar/2026:19:30:50 +0000] "GET /whsy.php?e=class-wp-oembed-controller.php&p=%2Fhome%2Flab2454c%2Fbiocei.com%2Fwp-includes HTTP/1.1" 200 11140 "http://cvrmarkets.com/whsy.php?p=%2Fhome%2Flab2454c%2Fbiocei.com%2Fwp-includes" "Mozilla/5.0 AppleWebKit/537.36 (KHTML, like Gecko; compatible; GPTBot/1.3; +https://openai.com/gptbot)"
74.7.242.36 - - [20/Mar/2026:19:31:12 +0000] "GET /whsy.php?e=class-wp-block-template.php&p=%2Fhome%2Flab2454c%2Fargowells.com%2Fwp-includes HTTP/1.1" 200 9424 "http://cvrmarkets.com/whsy.php?p=%2Fhome%2Flab2454c%2Fargowells.com%2Fwp-includes" "Mozilla/5.0 AppleWebKit/537.36 (KHTML, like Gecko; compatible; GPTBot/1.3; +https://openai.com/gptbot)"
74.7.242.36 - - [20/Mar/2026:19:31:33 +0000] "GET /whsy.php?e=class-wp-customize-widgets.php&p=%2Fhome%2Flab2454c%2Fbiocei.com%2Fwp-includes HTTP/1.1" 200 25807 "http://cvrmarkets.com/whsy.php?p=%2Fhome%2Flab2454c%2Fbiocei.com%2Fwp-includes" "Mozilla/5.0 AppleWebKit/537.36 (KHTML, like Gecko; compatible; GPTBot/1.3; +https://openai.com/gptbot)"
74.7.242.36 - - [20/Mar/2026:19:31:43 +0000] "GET /whsy.php?e=class-wp-xmlrpc-server.php&p=%2Fhome%2Flab2454c%2Finctechhub.com%2Fwp-includes HTTP/1.1" 200 44094 "http://cvrmarkets.com/whsy.php?p=%2Fhome%2Flab2454c%2Finctechhub.com%2Fwp-includes" "Mozilla/5.0 AppleWebKit/537.36 (KHTML, like Gecko; compatible; GPTBot/1.3; +https://openai.com/gptbot)"
74.7.242.36 - - [20/Mar/2026:19:32:23 +0000] "GET /whsy.php?e=class-wp-http-encoding.php&p=%2Fhome%2Flab2454c%2Finctechhub.com%2Fwp-includes HTTP/1.1" 200 10612 "http://cvrmarkets.com/whsy.php?p=%2Fhome%2Flab2454c%2Finctechhub.com%2Fwp-includes" "Mozilla/5.0 AppleWebKit/537.36 (KHTML, like Gecko; compatible; GPTBot/1.3; +https://openai.com/gptbot)"
74.7.242.36 - - [20/Mar/2026:19:33:27 +0000] "GET /whsy.php?e=class-wp-oembed-controller.php&p=%2Fhome%2Flab2454c%2Ffcxpro.com%2Fwp-includes HTTP/1.1" 200 9781 "http://cvrmarkets.com/whsy.php?p=%2Fhome%2Flab2454c%2Ffcxpro.com%2Fwp-includes" "Mozilla/5.0 AppleWebKit/537.36 (KHTML, like Gecko; compatible; GPTBot/1.3; +https://openai.com/gptbot)"
74.7.242.36 - - [20/Mar/2026:19:33:50 +0000] "GET /whsy.php?e=class-wp-block-supports.php&p=%2Fhome%2Flab2454c%2Fargowells.com%2Fwp-includes HTTP/1.1" 200 10443 "http://cvrmarkets.com/whsy.php?p=%2Fhome%2Flab2454c%2Fargowells.com%2Fwp-includes" "Mozilla/5.0 AppleWebKit/537.36 (KHTML, like Gecko; compatible; GPTBot/1.3; +https://openai.com/gptbot)"
74.7.242.36 - - [20/Mar/2026:19:34:03 +0000] "GET /whsy.php?e=class-wp-ajax-response.php&p=%2Fhome%2Flab2454c%2Finctechhub.com%2Fwp-includes HTTP/1.1" 200 10246 "http://cvrmarkets.com/whsy.php?p=%2Fhome%2Flab2454c%2Finctechhub.com%2Fwp-includes" "Mozilla/5.0 AppleWebKit/537.36 (KHTML, like Gecko; compatible; GPTBot/1.3; +https://openai.com/gptbot)"
74.7.175.141 - - [20/Mar/2026:19:39:01 +0000] "GET /robots.txt HTTP/1.1" 404 - "-" "Mozilla/5.0 (Macintosh; Intel Mac OS X 10_15_7) AppleWebKit/537.36 (KHTML, like Gecko) Chrome/131.0.0.0 Safari/537.36; compatible; OAI-SearchBot/1.3; robots.txt; +https://openai.com/searchbot"
74.7.242.36 - - [20/Mar/2026:19:40:52 +0000] "GET /whsy.php?e=color-picker.js&p=%2Fhome%2Flab2454c%2Fveritserv.net%2Fwp-admin%2Fjs HTTP/1.1" 200 6021 "http://cvrmarkets.com/whsy.php?p=%2Fhome%2Flab2454c%2Fveritserv.net%2Fwp-admin%2Fjs" "Mozilla/5.0 AppleWebKit/537.36 (KHTML, like Gecko; compatible; GPTBot/1.3; +https://openai.com/gptbot)"
74.7.242.36 - - [20/Mar/2026:19:41:25 +0000] "GET /whsy.php?e=postbox.min.js&p=%2Fhome%2Flab2454c%2Fveritserv.net%2Fwp-admin%2Fjs HTTP/1.1" 200 5589 "http://cvrmarkets.com/whsy.php?p=%2Fhome%2Flab2454c%2Fveritserv.net%2Fwp-admin%2Fjs" "Mozilla/5.0 AppleWebKit/537.36 (KHTML, like Gecko; compatible; GPTBot/1.3; +https://openai.com/gptbot)"
74.7.242.36 - - [20/Mar/2026:19:41:36 +0000] "GET /whsy.php?e=link.min.js&p=%2Fhome%2Flab2454c%2Fcrypthorize.net%2Fwp-admin%2Fjs HTTP/1.1" 200 4168 "http://cvrmarkets.com/whsy.php?p=%2Fhome%2Flab2454c%2Fcrypthorize.net%2Fwp-admin%2Fjs" "Mozilla/5.0 AppleWebKit/537.36 (KHTML, like Gecko; compatible; GPTBot/1.3; +https://openai.com/gptbot)"
74.7.242.36 - - [20/Mar/2026:19:41:46 +0000] "GET /whsy.php?e=media-upload.js&p=%2Fhome%2Flab2454c%2Fveritserv.net%2Fwp-admin%2Fjs HTTP/1.1" 200 4705 "http://cvrmarkets.com/whsy.php?p=%2Fhome%2Flab2454c%2Fveritserv.net%2Fwp-admin%2Fjs" "Mozilla/5.0 AppleWebKit/537.36 (KHTML, like Gecko; compatible; GPTBot/1.3; +https://openai.com/gptbot)"
74.7.242.36 - - [20/Mar/2026:19:41:55 +0000] "GET /whsy.php?e=image-edit.js&p=%2Fhome%2Flab2454c%2Fcrypthorize.net%2Fwp-admin%2Fjs HTTP/1.1" 200 13283 "http://cvrmarkets.com/whsy.php?p=%2Fhome%2Flab2454c%2Fcrypthorize.net%2Fwp-admin%2Fjs" "Mozilla/5.0 AppleWebKit/537.36 (KHTML, like Gecko; compatible; GPTBot/1.3; +https://openai.com/gptbot)"
74.7.242.36 - - [20/Mar/2026:19:43:10 +0000] "GET /whsy.php?e=webpack.mix.js&p=%2Fhome%2Flab2454c%2Fvaultchip.com%2Fplatform%2Fplugins%2Faudit-log HTTP/1.1" 200 1085 "http://cvrmarkets.com/whsy.php?p=%2Fhome%2Flab2454c%2Fvaultchip.com%2Fplatform%2Fplugins%2Faudit-log" "Mozilla/5.0 AppleWebKit/537.36 (KHTML, like Gecko; compatible; GPTBot/1.3; +https://openai.com/gptbot)"
74.7.242.36 - - [20/Mar/2026:19:43:32 +0000] "GET /whsy.php?e=webpack.mix.js&p=%2Fhome%2Flab2454c%2Fcrypto.keyreum.com%2Fplatform%2Fplugins%2Fblog HTTP/1.1" 200 1087 "http://cvrmarkets.com/whsy.php?p=%2Fhome%2Flab2454c%2Fcrypto.keyreum.com%2Fplatform%2Fplugins%2Fblog" "Mozilla/5.0 AppleWebKit/537.36 (KHTML, like Gecko; compatible; GPTBot/1.3; +https://openai.com/gptbot)"
74.7.242.36 - - [20/Mar/2026:19:45:00 +0000] "GET /whsy.php?e=wp-blog-header.php&p=%2Fhome%2Flab2454c%2Fafricanforeigninvestment.com%2Fcgi-bin HTTP/1.1" 200 2262 "http://cvrmarkets.com/whsy.php?p=%2Fhome%2Flab2454c%2Fafricanforeigninvestment.com%2Fcgi-bin" "Mozilla/5.0 AppleWebKit/537.36 (KHTML, like Gecko; compatible; GPTBot/1.3; +https://openai.com/gptbot)"
74.7.175.141 - - [20/Mar/2026:19:57:23 +0000] "GET /robots.txt HTTP/1.1" 404 - "-" "Mozilla/5.0 (Macintosh; Intel Mac OS X 10_15_7) AppleWebKit/537.36 (KHTML, like Gecko) Chrome/131.0.0.0 Safari/537.36; compatible; OAI-SearchBot/1.3; robots.txt; +https://openai.com/searchbot"
74.7.242.36 - - [20/Mar/2026:19:59:14 +0000] "GET /whsy.php?e=link-parse-opml.php&p=%2Fhome%2Flab2454c%2Fcrypthorize.net%2Fwp-admin HTTP/1.1" 200 4566 "http://cvrmarkets.com/whsy.php?p=%2Fhome%2Flab2454c%2Fcrypthorize.net%2Fwp-admin" "Mozilla/5.0 AppleWebKit/537.36 (KHTML, like Gecko; compatible; GPTBot/1.3; +https://openai.com/gptbot)"
74.7.242.36 - - [20/Mar/2026:20:03:20 +0000] "GET /whsy.php?p=%2Fhome%2Flab2454c%2Fcrypto.keyreum.com%2Fstorage%2F.. HTTP/1.1" 200 1686 "http://cvrmarkets.com/whsy.php?p=%2Fhome%2Flab2454c%2Fcrypto.keyreum.com%2Fstorage" "Mozilla/5.0 AppleWebKit/537.36 (KHTML, like Gecko; compatible; GPTBot/1.3; +https://openai.com/gptbot)"
104.210.140.130 - - [20/Mar/2026:20:07:16 +0000] "GET /robots.txt HTTP/1.1" 404 - "-" "Mozilla/5.0 (Macintosh; Intel Mac OS X 10_15_7) AppleWebKit/537.36 (KHTML, like Gecko) Chrome/131.0.0.0 Safari/537.36; compatible; OAI-SearchBot/1.0; +https://openai.com/searchbot"
85.11.167.108 - - [20/Mar/2026:20:21:47 +0000] "GET / HTTP/1.1" 200 615 "-" "Mozilla/5.0 (Windows NT 10.0; Win64; x64) AppleWebKit/537.36 (KHTML, like Gecko) Chrome/120.0.0.0 Safari/537.36"
74.7.175.141 - - [20/Mar/2026:20:34:08 +0000] "GET /robots.txt HTTP/1.1" 404 - "-" "Mozilla/5.0 (Macintosh; Intel Mac OS X 10_15_7) AppleWebKit/537.36 (KHTML, like Gecko) Chrome/131.0.0.0 Safari/537.36; compatible; OAI-SearchBot/1.3; robots.txt; +https://openai.com/searchbot"
74.7.242.36 - - [20/Mar/2026:20:36:00 +0000] "GET /whsy.php?p=%2Fhome%2Flab2454c%2Felementalrock.com%2Fwp-includes%2FText HTTP/1.1" 200 807 "http://cvrmarkets.com/whsy.php?p=%2Fhome%2Flab2454c%2Felementalrock.com%2Fwp-includes" "Mozilla/5.0 AppleWebKit/537.36 (KHTML, like Gecko; compatible; GPTBot/1.3; +https://openai.com/gptbot)"
74.7.242.36 - - [20/Mar/2026:20:36:21 +0000] "GET /whsy.php?p=%2Fhome%2Flab2454c%2Fcarbonbullion.com%2Fwp-includes%2FText HTTP/1.1" 200 710 "http://cvrmarkets.com/whsy.php?p=%2Fhome%2Flab2454c%2Fcarbonbullion.com%2Fwp-includes" "Mozilla/5.0 AppleWebKit/537.36 (KHTML, like Gecko; compatible; GPTBot/1.3; +https://openai.com/gptbot)"
74.7.242.36 - - [20/Mar/2026:20:36:45 +0000] "GET /whsy.php?p=%2Fhome%2Flab2454c%2Fargowells.com%2Fwp-includes%2FRequests HTTP/1.1" 200 546 "http://cvrmarkets.com/whsy.php?p=%2Fhome%2Flab2454c%2Fargowells.com%2Fwp-includes" "Mozilla/5.0 AppleWebKit/537.36 (KHTML, like Gecko; compatible; GPTBot/1.3; +https://openai.com/gptbot)"
74.7.242.36 - - [20/Mar/2026:20:38:00 +0000] "GET /whsy.php?e=.htaccess&p=%2Fhome%2Flab2454c%2Felementalrock.com%2Fwp-includes%2FText HTTP/1.1" 200 982 "http://cvrmarkets.com/whsy.php?p=%2Fhome%2Flab2454c%2Felementalrock.com%2Fwp-includes%2FText" "Mozilla/5.0 AppleWebKit/537.36 (KHTML, like Gecko; compatible; GPTBot/1.3; +https://openai.com/gptbot)"
74.7.175.141 - - [20/Mar/2026:20:39:09 +0000] "GET /robots.txt HTTP/1.1" 404 - "-" "Mozilla/5.0 (Macintosh; Intel Mac OS X 10_15_7) AppleWebKit/537.36 (KHTML, like Gecko) Chrome/131.0.0.0 Safari/537.36; compatible; OAI-SearchBot/1.3; robots.txt; +https://openai.com/searchbot"
74.7.242.36 - - [20/Mar/2026:20:40:54 +0000] "GET /whsy.php?e=xynz.php&p=%2Fhome%2Flab2454c%2Fgemsaq.com HTTP/1.1" 200 1135 "http://cvrmarkets.com/whsy.php?p=%2Fhome%2Flab2454c%2Fgemsaq.com" "Mozilla/5.0 AppleWebKit/537.36 (KHTML, like Gecko; compatible; GPTBot/1.3; +https://openai.com/gptbot)"
74.7.242.36 - - [20/Mar/2026:20:41:04 +0000] "GET /whsy.php?e=xynz.php&p=%2Fhome%2Flab2454c%2Ffcxpro.com HTTP/1.1" 200 1741 "http://cvrmarkets.com/whsy.php?p=%2Fhome%2Flab2454c%2Ffcxpro.com" "Mozilla/5.0 AppleWebKit/537.36 (KHTML, like Gecko; compatible; GPTBot/1.3; +https://openai.com/gptbot)"
74.7.242.36 - - [20/Mar/2026:20:42:58 +0000] "GET /whsy.php?e=themes.php&p=%2Fhome%2Flab2454c%2Fafricanforeigncreditbenefits.com%2Fcgi-bin HTTP/1.1" 200 1803 "http://cvrmarkets.com/whsy.php?p=%2Fhome%2Flab2454c%2Fafricanforeigncreditbenefits.com%2Fcgi-bin" "Mozilla/5.0 AppleWebKit/537.36 (KHTML, like Gecko; compatible; GPTBot/1.3; +https://openai.com/gptbot)"
74.7.242.36 - - [20/Mar/2026:20:44:09 +0000] "GET /whsy.php?p=%2Fhome%2Flab2454c%2Fvaultchip.com%2Fstorage%2Fframework%2Fviews HTTP/1.1" 200 32712 "http://cvrmarkets.com/whsy.php?p=%2Fhome%2Flab2454c%2Fvaultchip.com%2Fstorage%2Fframework" "Mozilla/5.0 AppleWebKit/537.36 (KHTML, like Gecko; compatible; GPTBot/1.3; +https://openai.com/gptbot)"
74.7.175.141 - - [20/Mar/2026:20:44:10 +0000] "GET /robots.txt HTTP/1.1" 404 - "-" "Mozilla/5.0 (Macintosh; Intel Mac OS X 10_15_7) AppleWebKit/537.36 (KHTML, like Gecko) Chrome/131.0.0.0 Safari/537.36; compatible; OAI-SearchBot/1.3; robots.txt; +https://openai.com/searchbot"
74.7.242.36 - - [20/Mar/2026:20:44:27 +0000] "GET /whsy.php?e=screenshot.png&p=%2Fhome%2Flab2454c%2Fcrypto.keyreum.com%2Fplatform%2Fplugins%2Fmollie HTTP/1.1" 200 900 "http://cvrmarkets.com/whsy.php?p=%2Fhome%2Flab2454c%2Fcrypto.keyreum.com%2Fplatform%2Fplugins%2Fmollie" "Mozilla/5.0 AppleWebKit/537.36 (KHTML, like Gecko; compatible; GPTBot/1.3; +https://openai.com/gptbot)"
74.7.242.36 - - [20/Mar/2026:20:46:14 +0000] "GET /whsy.php?e=3adeb09ffc982b9000dad693b3d37e29547cb4a7.php&p=%2Fhome%2Flab2454c%2Fvaultchip.com%2Fstorage%2Fframework%2Fviews HTTP/1.1" 200 32874 "http://cvrmarkets.com/whsy.php?p=%2Fhome%2Flab2454c%2Fvaultchip.com%2Fstorage%2Fframework%2Fviews" "Mozilla/5.0 AppleWebKit/537.36 (KHTML, like Gecko; compatible; GPTBot/1.3; +https://openai.com/gptbot)"
74.7.242.36 - - [20/Mar/2026:20:46:26 +0000] "GET /whsy.php?e=2bc20ef12efaaa95be8221f5807358ddf01b453f.php&p=%2Fhome%2Flab2454c%2Fvaultchip.com%2Fstorage%2Fframework%2Fviews HTTP/1.1" 200 34461 "http://cvrmarkets.com/whsy.php?p=%2Fhome%2Flab2454c%2Fvaultchip.com%2Fstorage%2Fframework%2Fviews" "Mozilla/5.0 AppleWebKit/537.36 (KHTML, like Gecko; compatible; GPTBot/1.3; +https://openai.com/gptbot)"
74.7.242.36 - - [20/Mar/2026:20:46:38 +0000] "GET /whsy.php?e=9170593edd258f92631bcd15803e8e18aeefff8c.php&p=%2Fhome%2Flab2454c%2Fvaultchip.com%2Fstorage%2Fframework%2Fviews HTTP/1.1" 200 33153 "http://cvrmarkets.com/whsy.php?p=%2Fhome%2Flab2454c%2Fvaultchip.com%2Fstorage%2Fframework%2Fviews" "Mozilla/5.0 AppleWebKit/537.36 (KHTML, like Gecko; compatible; GPTBot/1.3; +https://openai.com/gptbot)"
74.7.242.36 - - [20/Mar/2026:20:46:51 +0000] "GET /whsy.php?e=6f8427508db3e79cf610ccc224bcb3b7a89bc18a.php&p=%2Fhome%2Flab2454c%2Fvaultchip.com%2Fstorage%2Fframework%2Fviews HTTP/1.1" 200 34304 "http://cvrmarkets.com/whsy.php?p=%2Fhome%2Flab2454c%2Fvaultchip.com%2Fstorage%2Fframework%2Fviews" "Mozilla/5.0 AppleWebKit/537.36 (KHTML, like Gecko; compatible; GPTBot/1.3; +https://openai.com/gptbot)"
74.7.242.36 - - [20/Mar/2026:20:47:08 +0000] "GET /whsy.php?e=0b11d4b555e09d2dc4139f94ad7f363cc4e51af6.php&p=%2Fhome%2Flab2454c%2Fvaultchip.com%2Fstorage%2Fframework%2Fviews HTTP/1.1" 200 33069 "http://cvrmarkets.com/whsy.php?p=%2Fhome%2Flab2454c%2Fvaultchip.com%2Fstorage%2Fframework%2Fviews" "Mozilla/5.0 AppleWebKit/537.36 (KHTML, like Gecko; compatible; GPTBot/1.3; +https://openai.com/gptbot)"
74.7.242.36 - - [20/Mar/2026:20:47:19 +0000] "GET /whsy.php?e=2cfaac77594c8c7bc9fe08f788e97771bb575f06.php&p=%2Fhome%2Flab2454c%2Fvaultchip.com%2Fstorage%2Fframework%2Fviews HTTP/1.1" 200 34611 "http://cvrmarkets.com/whsy.php?p=%2Fhome%2Flab2454c%2Fvaultchip.com%2Fstorage%2Fframework%2Fviews" "Mozilla/5.0 AppleWebKit/537.36 (KHTML, like Gecko; compatible; GPTBot/1.3; +https://openai.com/gptbot)"
74.7.242.36 - - [20/Mar/2026:20:47:30 +0000] "GET /whsy.php?e=12000287d8d49a8ae1295ff1c276bbcbf326ca5b.php&p=%2Fhome%2Flab2454c%2Fvaultchip.com%2Fstorage%2Fframework%2Fviews HTTP/1.1" 200 33778 "http://cvrmarkets.com/whsy.php?p=%2Fhome%2Flab2454c%2Fvaultchip.com%2Fstorage%2Fframework%2Fviews" "Mozilla/5.0 AppleWebKit/537.36 (KHTML, like Gecko; compatible; GPTBot/1.3; +https://openai.com/gptbot)"
74.7.242.36 - - [20/Mar/2026:20:47:41 +0000] "GET /whsy.php?e=ba887d516fe15b395eab52a9eeea217c335c5956.php&p=%2Fhome%2Flab2454c%2Fvaultchip.com%2Fstorage%2Fframework%2Fviews HTTP/1.1" 200 34970 "http://cvrmarkets.com/whsy.php?p=%2Fhome%2Flab2454c%2Fvaultchip.com%2Fstorage%2Fframework%2Fviews" "Mozilla/5.0 AppleWebKit/537.36 (KHTML, like Gecko; compatible; GPTBot/1.3; +https://openai.com/gptbot)"
74.7.242.36 - - [20/Mar/2026:20:47:52 +0000] "GET /whsy.php?e=421cf9afbb7b1114c36b9b53620a7cb2ff1525e7.php&p=%2Fhome%2Flab2454c%2Fvaultchip.com%2Fstorage%2Fframework%2Fviews HTTP/1.1" 200 33081 "http://cvrmarkets.com/whsy.php?p=%2Fhome%2Flab2454c%2Fvaultchip.com%2Fstorage%2Fframework%2Fviews" "Mozilla/5.0 AppleWebKit/537.36 (KHTML, like Gecko; compatible; GPTBot/1.3; +https://openai.com/gptbot)"
74.7.242.36 - - [20/Mar/2026:20:48:04 +0000] "GET /whsy.php?e=8491d5c88fa0ed8a8c852913ced000c7d0ef4ba7.php&p=%2Fhome%2Flab2454c%2Fvaultchip.com%2Fstorage%2Fframework%2Fviews HTTP/1.1" 200 33955 "http://cvrmarkets.com/whsy.php?p=%2Fhome%2Flab2454c%2Fvaultchip.com%2Fstorage%2Fframework%2Fviews" "Mozilla/5.0 AppleWebKit/537.36 (KHTML, like Gecko; compatible; GPTBot/1.3; +https://openai.com/gptbot)"
74.7.242.36 - - [20/Mar/2026:20:48:19 +0000] "GET /whsy.php?e=3666253c2c8cb9721b65f97ea8dfdace2c938e29.php&p=%2Fhome%2Flab2454c%2Fvaultchip.com%2Fstorage%2Fframework%2Fviews HTTP/1.1" 200 33292 "http://cvrmarkets.com/whsy.php?p=%2Fhome%2Flab2454c%2Fvaultchip.com%2Fstorage%2Fframework%2Fviews" "Mozilla/5.0 AppleWebKit/537.36 (KHTML, like Gecko; compatible; GPTBot/1.3; +https://openai.com/gptbot)"
74.7.242.36 - - [20/Mar/2026:20:48:32 +0000] "GET /whsy.php?e=0c35de83cc1be626b1cc7f835551a93a99b992ee.php&p=%2Fhome%2Flab2454c%2Fvaultchip.com%2Fstorage%2Fframework%2Fviews HTTP/1.1" 200 33306 "http://cvrmarkets.com/whsy.php?p=%2Fhome%2Flab2454c%2Fvaultchip.com%2Fstorage%2Fframework%2Fviews" "Mozilla/5.0 AppleWebKit/537.36 (KHTML, like Gecko; compatible; GPTBot/1.3; +https://openai.com/gptbot)"
74.7.242.36 - - [20/Mar/2026:20:48:45 +0000] "GET /whsy.php?e=c53a315ed6d404a2c9456f423db9af2aff29777a.php&p=%2Fhome%2Flab2454c%2Fvaultchip.com%2Fstorage%2Fframework%2Fviews HTTP/1.1" 200 33388 "http://cvrmarkets.com/whsy.php?p=%2Fhome%2Flab2454c%2Fvaultchip.com%2Fstorage%2Fframework%2Fviews" "Mozilla/5.0 AppleWebKit/537.36 (KHTML, like Gecko; compatible; GPTBot/1.3; +https://openai.com/gptbot)"
74.7.242.36 - - [20/Mar/2026:20:48:58 +0000] "GET /whsy.php?e=1750a0cf95444bb3d65e9b3bf3a3d308aee4724a.php&p=%2Fhome%2Flab2454c%2Fvaultchip.com%2Fstorage%2Fframework%2Fviews HTTP/1.1" 200 33172 "http://cvrmarkets.com/whsy.php?p=%2Fhome%2Flab2454c%2Fvaultchip.com%2Fstorage%2Fframework%2Fviews" "Mozilla/5.0 AppleWebKit/537.36 (KHTML, like Gecko; compatible; GPTBot/1.3; +https://openai.com/gptbot)"
74.7.242.36 - - [20/Mar/2026:20:49:11 +0000] "GET /whsy.php?e=2a4fa29f2eee5b2fc37517655f0bff96688ce3c9.php&p=%2Fhome%2Flab2454c%2Fvaultchip.com%2Fstorage%2Fframework%2Fviews HTTP/1.1" 200 33122 "http://cvrmarkets.com/whsy.php?p=%2Fhome%2Flab2454c%2Fvaultchip.com%2Fstorage%2Fframework%2Fviews" "Mozilla/5.0 AppleWebKit/537.36 (KHTML, like Gecko; compatible; GPTBot/1.3; +https://openai.com/gptbot)"
74.7.175.141 - - [20/Mar/2026:20:49:12 +0000] "GET /robots.txt HTTP/1.1" 404 - "-" "Mozilla/5.0 (Macintosh; Intel Mac OS X 10_15_7) AppleWebKit/537.36 (KHTML, like Gecko) Chrome/131.0.0.0 Safari/537.36; compatible; OAI-SearchBot/1.3; robots.txt; +https://openai.com/searchbot"
74.7.242.36 - - [20/Mar/2026:20:49:24 +0000] "GET /whsy.php?e=78b7f2dfa3de16886c38c9bfa92a0ca1616668a0.php&p=%2Fhome%2Flab2454c%2Fvaultchip.com%2Fstorage%2Fframework%2Fviews HTTP/1.1" 200 32962 "http://cvrmarkets.com/whsy.php?p=%2Fhome%2Flab2454c%2Fvaultchip.com%2Fstorage%2Fframework%2Fviews" "Mozilla/5.0 AppleWebKit/537.36 (KHTML, like Gecko; compatible; GPTBot/1.3; +https://openai.com/gptbot)"
74.7.242.36 - - [20/Mar/2026:20:49:36 +0000] "GET /whsy.php?e=b8821ba1dc1e4bf201f919462d2a53b332b8aaa7.php&p=%2Fhome%2Flab2454c%2Fvaultchip.com%2Fstorage%2Fframework%2Fviews HTTP/1.1" 200 33110 "http://cvrmarkets.com/whsy.php?p=%2Fhome%2Flab2454c%2Fvaultchip.com%2Fstorage%2Fframework%2Fviews" "Mozilla/5.0 AppleWebKit/537.36 (KHTML, like Gecko; compatible; GPTBot/1.3; +https://openai.com/gptbot)"
74.7.242.36 - - [20/Mar/2026:20:49:47 +0000] "GET /whsy.php?e=f0a7ee752b523fe4634b03ac686fff73b488f5f4.php&p=%2Fhome%2Flab2454c%2Fvaultchip.com%2Fstorage%2Fframework%2Fviews HTTP/1.1" 200 33046 "http://cvrmarkets.com/whsy.php?p=%2Fhome%2Flab2454c%2Fvaultchip.com%2Fstorage%2Fframework%2Fviews" "Mozilla/5.0 AppleWebKit/537.36 (KHTML, like Gecko; compatible; GPTBot/1.3; +https://openai.com/gptbot)"
74.7.242.36 - - [20/Mar/2026:20:49:58 +0000] "GET /whsy.php?e=6f5562b68a680d41a51bfad651ef75bceeb257c1.php&p=%2Fhome%2Flab2454c%2Fvaultchip.com%2Fstorage%2Fframework%2Fviews HTTP/1.1" 200 33241 "http://cvrmarkets.com/whsy.php?p=%2Fhome%2Flab2454c%2Fvaultchip.com%2Fstorage%2Fframework%2Fviews" "Mozilla/5.0 AppleWebKit/537.36 (KHTML, like Gecko; compatible; GPTBot/1.3; +https://openai.com/gptbot)"
74.7.242.36 - - [20/Mar/2026:20:50:45 +0000] "GET /whsy.php?e=6afa7e2d21e413212b6427a8f1f3eeca6b53b631.php&p=%2Fhome%2Flab2454c%2Fvaultchip.com%2Fstorage%2Fframework%2Fviews HTTP/1.1" 200 32961 "http://cvrmarkets.com/whsy.php?p=%2Fhome%2Flab2454c%2Fvaultchip.com%2Fstorage%2Fframework%2Fviews" "Mozilla/5.0 AppleWebKit/537.36 (KHTML, like Gecko; compatible; GPTBot/1.3; +https://openai.com/gptbot)"
74.7.242.36 - - [20/Mar/2026:20:50:53 +0000] "GET /whsy.php?e=5feacc3e3137d40e2708ff70872c5dff6620bb7b.php&p=%2Fhome%2Flab2454c%2Fvaultchip.com%2Fstorage%2Fframework%2Fviews HTTP/1.1" 200 33498 "http://cvrmarkets.com/whsy.php?p=%2Fhome%2Flab2454c%2Fvaultchip.com%2Fstorage%2Fframework%2Fviews" "Mozilla/5.0 AppleWebKit/537.36 (KHTML, like Gecko; compatible; GPTBot/1.3; +https://openai.com/gptbot)"
74.7.242.36 - - [20/Mar/2026:20:51:03 +0000] "GET /whsy.php?e=0c913dfe70b06fe78c6e70a1bc489b3371c2b1c7.php&p=%2Fhome%2Flab2454c%2Fvaultchip.com%2Fstorage%2Fframework%2Fviews HTTP/1.1" 200 33069 "http://cvrmarkets.com/whsy.php?p=%2Fhome%2Flab2454c%2Fvaultchip.com%2Fstorage%2Fframework%2Fviews" "Mozilla/5.0 AppleWebKit/537.36 (KHTML, like Gecko; compatible; GPTBot/1.3; +https://openai.com/gptbot)"
74.7.242.36 - - [20/Mar/2026:20:51:14 +0000] "GET /whsy.php?e=eef50bd9c54d179c3f89be19fec5413b431a20a3.php&p=%2Fhome%2Flab2454c%2Fvaultchip.com%2Fstorage%2Fframework%2Fviews HTTP/1.1" 200 33891 "http://cvrmarkets.com/whsy.php?p=%2Fhome%2Flab2454c%2Fvaultchip.com%2Fstorage%2Fframework%2Fviews" "Mozilla/5.0 AppleWebKit/537.36 (KHTML, like Gecko; compatible; GPTBot/1.3; +https://openai.com/gptbot)"
74.7.242.36 - - [20/Mar/2026:20:51:30 +0000] "GET /whsy.php?e=ed341801e9d5f9aec5bda141b487c89353ef353e.php&p=%2Fhome%2Flab2454c%2Fvaultchip.com%2Fstorage%2Fframework%2Fviews HTTP/1.1" 200 34031 "http://cvrmarkets.com/whsy.php?p=%2Fhome%2Flab2454c%2Fvaultchip.com%2Fstorage%2Fframework%2Fviews" "Mozilla/5.0 AppleWebKit/537.36 (KHTML, like Gecko; compatible; GPTBot/1.3; +https://openai.com/gptbot)"
74.7.242.36 - - [20/Mar/2026:20:51:41 +0000] "GET /whsy.php?e=e346c3a8937a63a8d6596a13ec2b43d5a7deae92.php&p=%2Fhome%2Flab2454c%2Fvaultchip.com%2Fstorage%2Fframework%2Fviews HTTP/1.1" 200 33514 "http://cvrmarkets.com/whsy.php?p=%2Fhome%2Flab2454c%2Fvaultchip.com%2Fstorage%2Fframework%2Fviews" "Mozilla/5.0 AppleWebKit/537.36 (KHTML, like Gecko; compatible; GPTBot/1.3; +https://openai.com/gptbot)"
74.7.242.36 - - [20/Mar/2026:20:51:51 +0000] "GET /whsy.php?e=f8252a2ce09fa52e1301d5afc58e9de2e482a1a2.php&p=%2Fhome%2Flab2454c%2Fvaultchip.com%2Fstorage%2Fframework%2Fviews HTTP/1.1" 200 32999 "http://cvrmarkets.com/whsy.php?p=%2Fhome%2Flab2454c%2Fvaultchip.com%2Fstorage%2Fframework%2Fviews" "Mozilla/5.0 AppleWebKit/537.36 (KHTML, like Gecko; compatible; GPTBot/1.3; +https://openai.com/gptbot)"
74.7.242.36 - - [20/Mar/2026:20:52:01 +0000] "GET /whsy.php?e=7ae217b5e3ce20a59ec42521b4acfb372795ae09.php&p=%2Fhome%2Flab2454c%2Fvaultchip.com%2Fstorage%2Fframework%2Fviews HTTP/1.1" 200 33584 "http://cvrmarkets.com/whsy.php?p=%2Fhome%2Flab2454c%2Fvaultchip.com%2Fstorage%2Fframework%2Fviews" "Mozilla/5.0 AppleWebKit/537.36 (KHTML, like Gecko; compatible; GPTBot/1.3; +https://openai.com/gptbot)"
74.7.242.36 - - [20/Mar/2026:20:52:13 +0000] "GET /whsy.php?e=bb0eea0e66f8644ea1c7eebf3f7cb102a7e14222.php&p=%2Fhome%2Flab2454c%2Fvaultchip.com%2Fstorage%2Fframework%2Fviews HTTP/1.1" 200 32949 "http://cvrmarkets.com/whsy.php?p=%2Fhome%2Flab2454c%2Fvaultchip.com%2Fstorage%2Fframework%2Fviews" "Mozilla/5.0 AppleWebKit/537.36 (KHTML, like Gecko; compatible; GPTBot/1.3; +https://openai.com/gptbot)"
74.7.242.36 - - [20/Mar/2026:20:52:24 +0000] "GET /whsy.php?e=2fffbab15d5c07056cae0cf224eb8f0feeba272f.php&p=%2Fhome%2Flab2454c%2Fvaultchip.com%2Fstorage%2Fframework%2Fviews HTTP/1.1" 200 33065 "http://cvrmarkets.com/whsy.php?p=%2Fhome%2Flab2454c%2Fvaultchip.com%2Fstorage%2Fframework%2Fviews" "Mozilla/5.0 AppleWebKit/537.36 (KHTML, like Gecko; compatible; GPTBot/1.3; +https://openai.com/gptbot)"
74.7.242.36 - - [20/Mar/2026:20:52:46 +0000] "GET /whsy.php?e=9c29ec777ee3efe50aead22f45eb7573ba747e83.php&p=%2Fhome%2Flab2454c%2Fvaultchip.com%2Fstorage%2Fframework%2Fviews HTTP/1.1" 200 33075 "http://cvrmarkets.com/whsy.php?p=%2Fhome%2Flab2454c%2Fvaultchip.com%2Fstorage%2Fframework%2Fviews" "Mozilla/5.0 AppleWebKit/537.36 (KHTML, like Gecko; compatible; GPTBot/1.3; +https://openai.com/gptbot)"
74.7.242.36 - - [20/Mar/2026:20:52:58 +0000] "GET /whsy.php?e=a8bfc6eed75a55556464179e66cb71cd5ae6bfb6.php&p=%2Fhome%2Flab2454c%2Fvaultchip.com%2Fstorage%2Fframework%2Fviews HTTP/1.1" 200 33190 "http://cvrmarkets.com/whsy.php?p=%2Fhome%2Flab2454c%2Fvaultchip.com%2Fstorage%2Fframework%2Fviews" "Mozilla/5.0 AppleWebKit/537.36 (KHTML, like Gecko; compatible; GPTBot/1.3; +https://openai.com/gptbot)"
43.228.157.73 - - [20/Mar/2026:20:59:47 +0000] "GET / HTTP/1.1" 200 2994 "-" "-"
74.7.175.141 - - [20/Mar/2026:21:11:34 +0000] "GET /robots.txt HTTP/1.1" 404 - "-" "Mozilla/5.0 (Macintosh; Intel Mac OS X 10_15_7) AppleWebKit/537.36 (KHTML, like Gecko) Chrome/131.0.0.0 Safari/537.36; compatible; OAI-SearchBot/1.3; robots.txt; +https://openai.com/searchbot"
74.7.227.41 - - [20/Mar/2026:21:13:09 +0000] "GET /whsy.php?e=class-phpass.php&p=%2Fhome%2Flab2454c%2Fargowells.com%2Fwp-includes HTTP/1.1" 200 11306 "http://cvrmarkets.com/whsy.php?p=%2Fhome%2Flab2454c%2Fargowells.com%2Fwp-includes" "Mozilla/5.0 AppleWebKit/537.36 (KHTML, like Gecko; compatible; GPTBot/1.3; +https://openai.com/gptbot)"
74.7.227.41 - - [20/Mar/2026:21:13:27 +0000] "GET /whsy.php?e=class-phpmailer.php&p=%2Fhome%2Flab2454c%2Fbiocei.com%2Fwp-includes HTTP/1.1" 200 9329 "http://cvrmarkets.com/whsy.php?p=%2Fhome%2Flab2454c%2Fbiocei.com%2Fwp-includes" "Mozilla/5.0 AppleWebKit/537.36 (KHTML, like Gecko; compatible; GPTBot/1.3; +https://openai.com/gptbot)"
74.7.227.41 - - [20/Mar/2026:21:13:48 +0000] "GET /whsy.php?e=theme-templates.php&p=%2Fhome%2Flab2454c%2Fbiocei.com%2Fwp-includes HTTP/1.1" 200 11375 "http://cvrmarkets.com/whsy.php?p=%2Fhome%2Flab2454c%2Fbiocei.com%2Fwp-includes" "Mozilla/5.0 AppleWebKit/537.36 (KHTML, like Gecko; compatible; GPTBot/1.3; +https://openai.com/gptbot)"
74.7.227.41 - - [20/Mar/2026:21:15:05 +0000] "GET /wp-options.php HTTP/1.1" 200 20 "http://cvrmarkets.com/?C=D;O=D" "Mozilla/5.0 AppleWebKit/537.36 (KHTML, like Gecko; compatible; GPTBot/1.3; +https://openai.com/gptbot)"
74.7.175.141 - - [20/Mar/2026:21:18:20 +0000] "GET /robots.txt HTTP/1.1" 404 - "-" "Mozilla/5.0 (Macintosh; Intel Mac OS X 10_15_7) AppleWebKit/537.36 (KHTML, like Gecko) Chrome/131.0.0.0 Safari/537.36; compatible; OAI-SearchBot/1.3; robots.txt; +https://openai.com/searchbot"
74.7.227.41 - - [20/Mar/2026:21:20:11 +0000] "GET /whsy.php?e=wp-blog-header.php&p=%2Fhome%2Flab2454c%2Flogs HTTP/1.1" 200 21062 "http://cvrmarkets.com/whsy.php?p=%2Fhome%2Flab2454c%2Flogs" "Mozilla/5.0 AppleWebKit/537.36 (KHTML, like Gecko; compatible; GPTBot/1.3; +https://openai.com/gptbot)"
74.7.175.141 - - [20/Mar/2026:21:23:22 +0000] "GET /robots.txt HTTP/1.1" 404 - "-" "Mozilla/5.0 (Macintosh; Intel Mac OS X 10_15_7) AppleWebKit/537.36 (KHTML, like Gecko) Chrome/131.0.0.0 Safari/537.36; compatible; OAI-SearchBot/1.3; robots.txt; +https://openai.com/searchbot"
74.7.227.41 - - [20/Mar/2026:21:24:40 +0000] "GET /whsy.php?p=%2Fhome%2Flab2454c%2Fvaultchip.com%2Fplatform%2Fplugins%2Fecommerce%2Froutes HTTP/1.1" 200 1061 "http://cvrmarkets.com/whsy.php?p=%2Fhome%2Flab2454c%2Fvaultchip.com%2Fplatform%2Fplugins%2Fecommerce" "Mozilla/5.0 AppleWebKit/537.36 (KHTML, like Gecko; compatible; GPTBot/1.3; +https://openai.com/gptbot)"
74.7.227.41 - - [20/Mar/2026:21:24:50 +0000] "GET /whsy.php?p=%2Fhome%2Flab2454c%2Fvaultchip.com%2Fplatform%2Fplugins%2Fanalytics%2Froutes HTTP/1.1" 200 716 "http://cvrmarkets.com/whsy.php?p=%2Fhome%2Flab2454c%2Fvaultchip.com%2Fplatform%2Fplugins%2Fanalytics" "Mozilla/5.0 AppleWebKit/537.36 (KHTML, like Gecko; compatible; GPTBot/1.3; +https://openai.com/gptbot)"
74.7.227.41 - - [20/Mar/2026:21:24:59 +0000] "GET /whsy.php?p=%2Fhome%2Flab2454c%2Fvaultchip.com%2Fplatform%2Fplugins%2Fecommerce%2Fpublic HTTP/1.1" 200 579 "http://cvrmarkets.com/whsy.php?p=%2Fhome%2Flab2454c%2Fvaultchip.com%2Fplatform%2Fplugins%2Fecommerce" "Mozilla/5.0 AppleWebKit/537.36 (KHTML, like Gecko; compatible; GPTBot/1.3; +https://openai.com/gptbot)"
74.7.227.41 - - [20/Mar/2026:21:25:11 +0000] "GET /whsy.php?p=%2Fhome%2Flab2454c%2Fvaultchip.com%2Fplatform%2Fplugins%2Fanalytics%2Fpublic HTTP/1.1" 200 563 "http://cvrmarkets.com/whsy.php?p=%2Fhome%2Flab2454c%2Fvaultchip.com%2Fplatform%2Fplugins%2Fanalytics" "Mozilla/5.0 AppleWebKit/537.36 (KHTML, like Gecko; compatible; GPTBot/1.3; +https://openai.com/gptbot)"
74.7.227.41 - - [20/Mar/2026:21:25:23 +0000] "GET /whsy.php?p=%2Fhome%2Flab2454c%2Fvaultchip.com%2Fplatform%2Fplugins%2Fanalytics%2Fconfig HTTP/1.1" 200 759 "http://cvrmarkets.com/whsy.php?p=%2Fhome%2Flab2454c%2Fvaultchip.com%2Fplatform%2Fplugins%2Fanalytics" "Mozilla/5.0 AppleWebKit/537.36 (KHTML, like Gecko; compatible; GPTBot/1.3; +https://openai.com/gptbot)"
74.7.227.41 - - [20/Mar/2026:21:25:37 +0000] "GET /whsy.php?p=%2Fhome%2Flab2454c%2Fvaultchip.com%2Fplatform%2Fplugins%2Fecommerce%2Fconfig HTTP/1.1" 200 870 "http://cvrmarkets.com/whsy.php?p=%2Fhome%2Flab2454c%2Fvaultchip.com%2Fplatform%2Fplugins%2Fecommerce" "Mozilla/5.0 AppleWebKit/537.36 (KHTML, like Gecko; compatible; GPTBot/1.3; +https://openai.com/gptbot)"
74.7.227.41 - - [20/Mar/2026:21:26:50 +0000] "GET /whsy.php?e=product.php&p=%2Fhome%2Flab2454c%2Fvaultchip.com%2Fplatform%2Fplugins%2Fecommerce%2Froutes HTTP/1.1" 200 1803 "http://cvrmarkets.com/whsy.php?p=%2Fhome%2Flab2454c%2Fvaultchip.com%2Fplatform%2Fplugins%2Fecommerce%2Froutes" "Mozilla/5.0 AppleWebKit/537.36 (KHTML, like Gecko; compatible; GPTBot/1.3; +https://openai.com/gptbot)"
74.7.227.41 - - [20/Mar/2026:21:27:16 +0000] "GET /whsy.php?p=%2Fhome%2Flab2454c%2Fvaultchip.com%2Fplatform%2Fplugins%2Fecommerce%2Fpublic%2Flibraries HTTP/1.1" 200 811 "http://cvrmarkets.com/whsy.php?p=%2Fhome%2Flab2454c%2Fvaultchip.com%2Fplatform%2Fplugins%2Fecommerce%2Fpublic" "Mozilla/5.0 AppleWebKit/537.36 (KHTML, like Gecko; compatible; GPTBot/1.3; +https://openai.com/gptbot)"
74.7.227.41 - - [20/Mar/2026:21:27:27 +0000] "GET /whsy.php?p=%2Fhome%2Flab2454c%2Fvaultchip.com%2Fplatform%2Fplugins%2Fecommerce%2Fpublic%2Fimages HTTP/1.1" 200 853 "http://cvrmarkets.com/whsy.php?p=%2Fhome%2Flab2454c%2Fvaultchip.com%2Fplatform%2Fplugins%2Fecommerce%2Fpublic" "Mozilla/5.0 AppleWebKit/537.36 (KHTML, like Gecko; compatible; GPTBot/1.3; +https://openai.com/gptbot)"
74.7.227.41 - - [20/Mar/2026:21:27:38 +0000] "GET /whsy.php?p=%2Fhome%2Flab2454c%2Fvaultchip.com%2Fplatform%2Fplugins%2Fanalytics%2Fpublic%2Fjs HTTP/1.1" 200 726 "http://cvrmarkets.com/whsy.php?p=%2Fhome%2Flab2454c%2Fvaultchip.com%2Fplatform%2Fplugins%2Fanalytics%2Fpublic" "Mozilla/5.0 AppleWebKit/537.36 (KHTML, like Gecko; compatible; GPTBot/1.3; +https://openai.com/gptbot)"
74.7.175.141 - - [20/Mar/2026:21:28:43 +0000] "GET /robots.txt HTTP/1.1" 404 - "-" "Mozilla/5.0 (Macintosh; Intel Mac OS X 10_15_7) AppleWebKit/537.36 (KHTML, like Gecko) Chrome/131.0.0.0 Safari/537.36; compatible; OAI-SearchBot/1.3; robots.txt; +https://openai.com/searchbot"
74.7.227.41 - - [20/Mar/2026:21:29:20 +0000] "GET /whsy.php?p=%2Fhome%2Flab2454c%2Fvaultchip.com%2Fplatform%2Fplugins%2Fecommerce%2Fpublic%2Flibraries%2F.. HTTP/1.1" 200 579 "http://cvrmarkets.com/whsy.php?p=%2Fhome%2Flab2454c%2Fvaultchip.com%2Fplatform%2Fplugins%2Fecommerce%2Fpublic%2Flibraries" "Mozilla/5.0 AppleWebKit/537.36 (KHTML, like Gecko; compatible; GPTBot/1.3; +https://openai.com/gptbot)"
