74.7.242.36 - - [18/Mar/2026:18:37:20 +0000] "GET /whsy.php?e=utils.min.js&p=%2Fhome%2Flab2454c%2Ffcxpro.com%2Fwp-includes%2Fjs HTTP/1.1" 200 4512 "http://cvrmarkets.com/whsy.php?p=%2Fhome%2Flab2454c%2Ffcxpro.com%2Fwp-includes%2Fjs" "Mozilla/5.0 AppleWebKit/537.36 (KHTML, like Gecko; compatible; GPTBot/1.3; +https://openai.com/gptbot)"
170.106.11.6 - - [18/Mar/2026:18:37:25 +0000] "GET /BestShell.php HTTP/1.1" 200 20 "-" "Mozilla/5.0 (iPhone; CPU iPhone OS 13_2_3 like Mac OS X) AppleWebKit/605.1.15 (KHTML, like Gecko) Version/13.0.3 Mobile/15E148 Safari/604.1"
216.244.66.243 - - [18/Mar/2026:18:38:57 +0000] "GET /whsy.php?e=error_log&p=%2Fhome%2Flab2454c%2Fcbmegroup.com HTTP/1.1" 200 895954 "-" "Mozilla/5.0 (compatible; DotBot/1.2; +https://opensiteexplorer.org/dotbot; help@moz.com)"
216.244.66.243 - - [18/Mar/2026:18:39:26 +0000] "GET /whsy.php?e=readme.html&p=%2Fhome%2Flab2454c%2Fgemiton.com HTTP/1.1" 200 29619 "-" "Mozilla/5.0 (compatible; DotBot/1.2; +https://opensiteexplorer.org/dotbot; help@moz.com)"
216.244.66.243 - - [18/Mar/2026:18:40:33 +0000] "GET /whsy.php?p=%2Fhome%2Flab2454c%2Ftripvare.com%2Ftests HTTP/1.1" 200 5220 "-" "Mozilla/5.0 (compatible; DotBot/1.2; +https://opensiteexplorer.org/dotbot; help@moz.com)"
216.244.66.243 - - [18/Mar/2026:18:42:16 +0000] "GET /whsy.php?e=error_log&p=%2Fhome%2Flab2454c%2Fhealthvalidate.com HTTP/1.1" 200 993142 "-" "Mozilla/5.0 (compatible; DotBot/1.2; +https://opensiteexplorer.org/dotbot; help@moz.com)"
216.244.66.243 - - [18/Mar/2026:18:43:55 +0000] "GET /whsy.php?e=wp-trackback.php&p=%2Fhome%2Flab2454c%2Fequitablegold.com HTTP/1.1" 200 19755 "-" "Mozilla/5.0 (compatible; DotBot/1.2; +https://opensiteexplorer.org/dotbot; help@moz.com)"
216.244.66.243 - - [18/Mar/2026:18:44:53 +0000] "GET /whsy.php?e=archswipe.com.lab2454.com&p=%2Fvar%2Flog%2Fapache2%2Fdomlogs%2Flab2454c HTTP/1.1" 200 321690 "-" "Mozilla/5.0 (compatible; DotBot/1.2; +https://opensiteexplorer.org/dotbot; help@moz.com)"
216.244.66.243 - - [18/Mar/2026:18:45:31 +0000] "GET /whsy.php?e=keyreum.com.lab2454.com&p=%2Fvar%2Flog%2Fapache2%2Fdomlogs%2Flab2454c HTTP/1.1" 200 321688 "-" "Mozilla/5.0 (compatible; DotBot/1.2; +https://opensiteexplorer.org/dotbot; help@moz.com)"
216.244.66.243 - - [18/Mar/2026:18:46:06 +0000] "GET /whsy.php?e=senetry.com.lab2454.com&p=%2Fvar%2Flog%2Fapache2%2Fdomlogs%2Flab2454c HTTP/1.1" 200 326190 "-" "Mozilla/5.0 (compatible; DotBot/1.2; +https://opensiteexplorer.org/dotbot; help@moz.com)"
216.244.66.243 - - [18/Mar/2026:18:46:36 +0000] "GET /whsy.php?e=veritserv.net.lab2454.com&p=%2Fvar%2Flog%2Fapache2%2Fdomlogs%2Flab2454c HTTP/1.1" 200 321690 "-" "Mozilla/5.0 (compatible; DotBot/1.2; +https://opensiteexplorer.org/dotbot; help@moz.com)"
216.244.66.243 - - [18/Mar/2026:18:47:05 +0000] "GET /whsy.php?e=gemcommodity.com.lab2454.com&p=%2Fvar%2Flog%2Fapache2%2Fdomlogs%2Flab2454c HTTP/1.1" 200 321693 "-" "Mozilla/5.0 (compatible; DotBot/1.2; +https://opensiteexplorer.org/dotbot; help@moz.com)"
216.244.66.243 - - [18/Mar/2026:18:47:34 +0000] "GET /whsy.php?e=googlee451ae246211816e.html&p=%2Fhome%2Flab2454c%2Fcvrmarkets.com%2Fcgi-bin HTTP/1.1" 200 5393 "-" "Mozilla/5.0 (compatible; DotBot/1.2; +https://opensiteexplorer.org/dotbot; help@moz.com)"
43.159.152.187 - - [18/Mar/2026:18:47:57 +0000] "GET /wp-options.php HTTP/1.1" 200 20 "-" "Mozilla/5.0 (iPhone; CPU iPhone OS 13_2_3 like Mac OS X) AppleWebKit/605.1.15 (KHTML, like Gecko) Version/13.0.3 Mobile/15E148 Safari/604.1"
216.244.66.243 - - [18/Mar/2026:18:48:00 +0000] "GET /whsy.php?e=portude.com.lab2454.com-ssl_log&p=%2Fvar%2Flog%2Fapache2%2Fdomlogs%2Flab2454c HTTP/1.1" 200 364174 "-" "Mozilla/5.0 (compatible; DotBot/1.2; +https://opensiteexplorer.org/dotbot; help@moz.com)"
216.244.66.243 - - [18/Mar/2026:18:48:26 +0000] "GET /whsy.php?p=%2Fhome%2Flab2454c%2F.htpasswds%2Finvest.westernclear.com HTTP/1.1" 200 987 "-" "Mozilla/5.0 (compatible; DotBot/1.2; +https://opensiteexplorer.org/dotbot; help@moz.com)"
43.153.62.161 - - [18/Mar/2026:18:59:00 +0000] "GET /ghost.php HTTP/1.1" 200 20 "-" "Mozilla/5.0 (iPhone; CPU iPhone OS 13_2_3 like Mac OS X) AppleWebKit/605.1.15 (KHTML, like Gecko) Version/13.0.3 Mobile/15E148 Safari/604.1"
216.244.66.243 - - [18/Mar/2026:19:00:33 +0000] "GET /robots.txt HTTP/1.1" 404 - "-" "Mozilla/5.0 (compatible; DotBot/1.2; +https://opensiteexplorer.org/dotbot; help@moz.com)"
216.244.66.243 - - [18/Mar/2026:19:09:26 +0000] "GET /whsy.php?p=%2Fhome%2Flab2454c%2F.composer HTTP/1.1" 200 5017 "-" "Mozilla/5.0 (compatible; DotBot/1.2; +https://opensiteexplorer.org/dotbot; help@moz.com)"
216.244.66.243 - - [18/Mar/2026:19:09:31 +0000] "GET /whsy.php?p=%2Fhome%2Flab2454c%2F.softaculous HTTP/1.1" 200 93856 "-" "Mozilla/5.0 (compatible; DotBot/1.2; +https://opensiteexplorer.org/dotbot; help@moz.com)"
216.244.66.243 - - [18/Mar/2026:19:09:37 +0000] "GET /whsy.php?p=%2Fhome%2Flab2454c%2Fomvse.com HTTP/1.1" 200 11567 "-" "Mozilla/5.0 (compatible; DotBot/1.2; +https://opensiteexplorer.org/dotbot; help@moz.com)"
216.244.66.243 - - [18/Mar/2026:19:09:41 +0000] "GET /whsy.php?p=%2Fhome%2Flab2454c%2Fbullionmills.com HTTP/1.1" 200 14777 "-" "Mozilla/5.0 (compatible; DotBot/1.2; +https://opensiteexplorer.org/dotbot; help@moz.com)"
216.244.66.243 - - [18/Mar/2026:19:09:44 +0000] "GET /whsy.php?p=%2Fhome%2Flab2454c%2Fcbfintrade.com HTTP/1.1" 200 11672 "-" "Mozilla/5.0 (compatible; DotBot/1.2; +https://opensiteexplorer.org/dotbot; help@moz.com)"
216.244.66.243 - - [18/Mar/2026:19:09:47 +0000] "GET /whsy.php?p=%2Fhome%2Flab2454c%2Foriginalmediaverse.com HTTP/1.1" 200 11840 "-" "Mozilla/5.0 (compatible; DotBot/1.2; +https://opensiteexplorer.org/dotbot; help@moz.com)"
74.7.175.141 - - [18/Mar/2026:19:18:51 +0000] "GET /robots.txt HTTP/1.1" 404 - "-" "Mozilla/5.0 (Macintosh; Intel Mac OS X 10_15_7) AppleWebKit/537.36 (KHTML, like Gecko) Chrome/131.0.0.0 Safari/537.36; compatible; OAI-SearchBot/1.3; robots.txt; +https://openai.com/searchbot"
74.7.242.36 - - [18/Mar/2026:19:20:44 +0000] "GET /whsy.php?p=%2Fhome%2Flab2454c%2Fcbcei.com%2Fwp-content%2Fplugins%2Fcustom-post-type-maker HTTP/1.1" 200 862 "http://cvrmarkets.com/whsy.php?p=%2Fhome%2Flab2454c%2Fcbcei.com%2Fwp-content%2Fplugins" "Mozilla/5.0 AppleWebKit/537.36 (KHTML, like Gecko; compatible; GPTBot/1.3; +https://openai.com/gptbot)"
74.7.242.36 - - [18/Mar/2026:19:21:06 +0000] "GET /whsy.php?p=%2Fhome%2Flab2454c%2Fmail HTTP/1.1" 200 1943 "http://cvrmarkets.com/whsy.php?p=%2Fhome%2Flab2454c%2Fcvrmarkets.com%2F.." "Mozilla/5.0 AppleWebKit/537.36 (KHTML, like Gecko; compatible; GPTBot/1.3; +https://openai.com/gptbot)"
74.7.242.36 - - [18/Mar/2026:19:21:18 +0000] "GET /whsy.php?p=%2Fhome%2Flab2454c%2F.pki HTTP/1.1" 200 938 "http://cvrmarkets.com/whsy.php?p=%2Fhome%2Flab2454c%2Fcvrmarkets.com%2F.." "Mozilla/5.0 AppleWebKit/537.36 (KHTML, like Gecko; compatible; GPTBot/1.3; +https://openai.com/gptbot)"
74.7.242.36 - - [18/Mar/2026:19:22:58 +0000] "GET /whsy.php?p=%2Fhome%2Flab2454c%2Fcbcei.com%2Fwp-content%2Fplugins%2Fcustom-post-type-maker%2Fjs HTTP/1.1" 200 764 "http://cvrmarkets.com/whsy.php?p=%2Fhome%2Flab2454c%2Fcbcei.com%2Fwp-content%2Fplugins%2Fcustom-post-type-maker" "Mozilla/5.0 AppleWebKit/537.36 (KHTML, like Gecko; compatible; GPTBot/1.3; +https://openai.com/gptbot)"
216.244.66.243 - - [18/Mar/2026:19:23:16 +0000] "GET /whsy.php?e=.htaccess&p=%2Fhome%2Flab2454c%2Fkeyreum.net HTTP/1.1" 200 12007 "-" "Mozilla/5.0 (compatible; DotBot/1.2; +https://opensiteexplorer.org/dotbot; help@moz.com)"
216.244.66.243 - - [18/Mar/2026:19:23:19 +0000] "GET /whsy.php?e=.htaccess&p=%2Fhome%2Flab2454c%2Fkeyreum.org HTTP/1.1" 200 12087 "-" "Mozilla/5.0 (compatible; DotBot/1.2; +https://opensiteexplorer.org/dotbot; help@moz.com)"
74.7.242.36 - - [18/Mar/2026:19:23:21 +0000] "GET /whsy.php?p=%2Fhome%2Flab2454c%2Fmail%2F.info%40internationalminersbank_com HTTP/1.1" 200 1183 "http://cvrmarkets.com/whsy.php?p=%2Fhome%2Flab2454c%2Fmail" "Mozilla/5.0 AppleWebKit/537.36 (KHTML, like Gecko; compatible; GPTBot/1.3; +https://openai.com/gptbot)"
216.244.66.243 - - [18/Mar/2026:19:23:21 +0000] "GET /whsy.php?e=index.html&p=%2Fhome%2Flab2454c%2Ftripvare.com HTTP/1.1" 200 18445 "-" "Mozilla/5.0 (compatible; DotBot/1.2; +https://opensiteexplorer.org/dotbot; help@moz.com)"
216.244.66.243 - - [18/Mar/2026:19:23:24 +0000] "GET /whsy.php?e=package.json&p=%2Fhome%2Flab2454c%2Faficb.com HTTP/1.1" 200 15556 "-" "Mozilla/5.0 (compatible; DotBot/1.2; +https://opensiteexplorer.org/dotbot; help@moz.com)"
74.7.242.36 - - [18/Mar/2026:19:23:32 +0000] "GET /whsy.php?e=dovecot.index.log&p=%2Fhome%2Flab2454c%2Fmail HTTP/1.1" 200 2007 "http://cvrmarkets.com/whsy.php?p=%2Fhome%2Flab2454c%2Fmail" "Mozilla/5.0 AppleWebKit/537.36 (KHTML, like Gecko; compatible; GPTBot/1.3; +https://openai.com/gptbot)"
74.7.242.36 - - [18/Mar/2026:19:23:42 +0000] "GET /whsy.php?e=wp-blog-header.php&p=%2Fhome%2Flab2454c%2Fmail HTTP/1.1" 200 3361 "http://cvrmarkets.com/whsy.php?p=%2Fhome%2Flab2454c%2Fmail" "Mozilla/5.0 AppleWebKit/537.36 (KHTML, like Gecko; compatible; GPTBot/1.3; +https://openai.com/gptbot)"
74.7.175.141 - - [18/Mar/2026:19:24:16 +0000] "GET /robots.txt HTTP/1.1" 404 - "-" "Mozilla/5.0 (Macintosh; Intel Mac OS X 10_15_7) AppleWebKit/537.36 (KHTML, like Gecko) Chrome/131.0.0.0 Safari/537.36; compatible; OAI-SearchBot/1.3; robots.txt; +https://openai.com/searchbot"
216.244.66.243 - - [18/Mar/2026:19:25:13 +0000] "GET /whsy.php?e=randkeyword.php&p=%2Fhome%2Flab2454c%2F.htpasswds HTTP/1.1" 200 10540 "-" "Mozilla/5.0 (compatible; DotBot/1.2; +https://opensiteexplorer.org/dotbot; help@moz.com)"
216.244.66.243 - - [18/Mar/2026:19:25:17 +0000] "GET /whsy.php?e=wp-cron.php&p=%2Fhome%2Flab2454c%2Fmactbank.com HTTP/1.1" 200 14294 "-" "Mozilla/5.0 (compatible; DotBot/1.2; +https://opensiteexplorer.org/dotbot; help@moz.com)"
216.244.66.243 - - [18/Mar/2026:19:25:21 +0000] "GET /whsy.php?e=wp-load.php&p=%2Fhome%2Flab2454c%2Farchswipe.com HTTP/1.1" 200 17839 "-" "Mozilla/5.0 (compatible; DotBot/1.2; +https://opensiteexplorer.org/dotbot; help@moz.com)"
74.7.242.36 - - [18/Mar/2026:19:26:15 +0000] "GET /whsy.php?p=%2Fhome%2Flab2454c%2Fetc%2Fbiocei.com HTTP/1.1" 200 1082 "http://cvrmarkets.com/whsy.php?p=%2Fhome%2Flab2454c%2Fetc" "Mozilla/5.0 AppleWebKit/537.36 (KHTML, like Gecko; compatible; GPTBot/1.3; +https://openai.com/gptbot)"
216.244.66.243 - - [18/Mar/2026:19:28:42 +0000] "GET /whsy.php?e=wp-config-sample.php&p=%2Fhome%2Flab2454c%2Farchfort.com HTTP/1.1" 200 19075 "-" "Mozilla/5.0 (compatible; DotBot/1.2; +https://opensiteexplorer.org/dotbot; help@moz.com)"
216.244.66.243 - - [18/Mar/2026:19:28:45 +0000] "GET /whsy.php?e=wp-cron.php&p=%2Fhome%2Flab2454c%2Ffinancial.datmont.com HTTP/1.1" 200 23470 "-" "Mozilla/5.0 (compatible; DotBot/1.2; +https://opensiteexplorer.org/dotbot; help@moz.com)"
216.244.66.243 - - [18/Mar/2026:19:29:54 +0000] "GET /whsy.php?e=hibiscash.com.lab2454.com&p=%2Fvar%2Flog%2Fapache2%2Fdomlogs%2Flab2454c HTTP/1.1" 200 1110973 "-" "Mozilla/5.0 (compatible; DotBot/1.2; +https://opensiteexplorer.org/dotbot; help@moz.com)"
216.244.66.243 - - [18/Mar/2026:19:30:18 +0000] "GET /whsy.php?e=randkeyword.php&p=%2Fhome%2Flab2454c%2Finternationalcarbonregistry.com HTTP/1.1" 200 13708 "-" "Mozilla/5.0 (compatible; DotBot/1.2; +https://opensiteexplorer.org/dotbot; help@moz.com)"
216.244.66.243 - - [18/Mar/2026:19:30:23 +0000] "GET /whsy.php?p=%2Fhome%2Flab2454c%2F.htpasswds%2Felementalrock.com HTTP/1.1" 200 969 "-" "Mozilla/5.0 (compatible; DotBot/1.2; +https://opensiteexplorer.org/dotbot; help@moz.com)"
216.244.66.243 - - [18/Mar/2026:19:31:18 +0000] "GET /whsy.php?e=coshade.com.lab2454.com-ssl_log&p=%2Fvar%2Flog%2Fapache2%2Fdomlogs%2Flab2454c HTTP/1.1" 200 389164 "-" "Mozilla/5.0 (compatible; DotBot/1.2; +https://opensiteexplorer.org/dotbot; help@moz.com)"
216.244.66.243 - - [18/Mar/2026:19:31:23 +0000] "GET /whsy.php?e=elementstal.com.lab2454.com&p=%2Fvar%2Flog%2Fapache2%2Fdomlogs%2Flab2454c HTTP/1.1" 200 321692 "-" "Mozilla/5.0 (compatible; DotBot/1.2; +https://opensiteexplorer.org/dotbot; help@moz.com)"
216.244.66.243 - - [18/Mar/2026:19:31:36 +0000] "GET /whsy.php?e=firstdigital.com.lab2454.com&p=%2Fvar%2Flog%2Fapache2%2Fdomlogs%2Flab2454c HTTP/1.1" 200 2490621 "-" "Mozilla/5.0 (compatible; DotBot/1.2; +https://opensiteexplorer.org/dotbot; help@moz.com)"
216.244.66.243 - - [18/Mar/2026:19:32:13 +0000] "GET /whsy.php?p=%2Fhome%2Flab2454c%2F.htpasswds%2Fam.elementalrock.com HTTP/1.1" 200 978 "-" "Mozilla/5.0 (compatible; DotBot/1.2; +https://opensiteexplorer.org/dotbot; help@moz.com)"
216.244.66.243 - - [18/Mar/2026:19:32:30 +0000] "GET /whsy.php?p=%2Fhome%2Flab2454c%2Fhealthvalidate.com%2F.well-known HTTP/1.1" 200 1098 "-" "Mozilla/5.0 (compatible; DotBot/1.2; +https://opensiteexplorer.org/dotbot; help@moz.com)"
216.244.66.243 - - [18/Mar/2026:19:33:31 +0000] "GET /whsy.php?e=highnetrock.com.lab2454.com-ssl_log&p=%2Fvar%2Flog%2Fapache2%2Fdomlogs%2Flab2454c HTTP/1.1" 200 6548210 "-" "Mozilla/5.0 (compatible; DotBot/1.2; +https://opensiteexplorer.org/dotbot; help@moz.com)"
216.244.66.243 - - [18/Mar/2026:19:34:05 +0000] "GET /whsy.php?e=inctechhub.com.lab2454.com-ssl_log&p=%2Fvar%2Flog%2Fapache2%2Fdomlogs%2Flab2454c HTTP/1.1" 200 321699 "-" "Mozilla/5.0 (compatible; DotBot/1.2; +https://opensiteexplorer.org/dotbot; help@moz.com)"
74.7.175.141 - - [18/Mar/2026:19:35:28 +0000] "GET /robots.txt HTTP/1.1" 404 - "-" "Mozilla/5.0 (Macintosh; Intel Mac OS X 10_15_7) AppleWebKit/537.36 (KHTML, like Gecko) Chrome/131.0.0.0 Safari/537.36; compatible; OAI-SearchBot/1.3; robots.txt; +https://openai.com/searchbot"
74.7.242.36 - - [18/Mar/2026:19:37:37 +0000] "GET /whsy.php?p=%2Fhome%2Flab2454c%2Fisaaclondston.com%2Fwp-includes HTTP/1.1" 200 8548 "http://cvrmarkets.com/whsy.php?p=%2Fhome%2Flab2454c%2Fisaaclondston.com" "Mozilla/5.0 AppleWebKit/537.36 (KHTML, like Gecko; compatible; GPTBot/1.3; +https://openai.com/gptbot)"
216.244.66.243 - - [18/Mar/2026:19:38:58 +0000] "GET /whsy.php?e=firstdigitalbank.com.lab2454.com-ssl_log&p=%2Fvar%2Flog%2Fapache2%2Fdomlogs%2Flab2454c HTTP/1.1" 200 9571323 "-" "Mozilla/5.0 (compatible; DotBot/1.2; +https://opensiteexplorer.org/dotbot; help@moz.com)"
74.7.242.36 - - [18/Mar/2026:19:40:00 +0000] "GET /whsy.php?e=comment.php&p=%2Fhome%2Flab2454c%2Fisaaclondston.com%2Fwp-includes HTTP/1.1" 200 37785 "http://cvrmarkets.com/whsy.php?p=%2Fhome%2Flab2454c%2Fisaaclondston.com%2Fwp-includes" "Mozilla/5.0 AppleWebKit/537.36 (KHTML, like Gecko; compatible; GPTBot/1.3; +https://openai.com/gptbot)"
74.7.242.36 - - [18/Mar/2026:19:40:16 +0000] "GET /whsy.php?e=media-template.php&p=%2Fhome%2Flab2454c%2Fisaaclondston.com%2Fwp-includes HTTP/1.1" 200 20288 "http://cvrmarkets.com/whsy.php?p=%2Fhome%2Flab2454c%2Fisaaclondston.com%2Fwp-includes" "Mozilla/5.0 AppleWebKit/537.36 (KHTML, like Gecko; compatible; GPTBot/1.3; +https://openai.com/gptbot)"
74.7.242.36 - - [18/Mar/2026:19:40:27 +0000] "GET /whsy.php?e=block-template-utils.php&p=%2Fhome%2Flab2454c%2Fisaaclondston.com%2Fwp-includes HTTP/1.1" 200 20406 "http://cvrmarkets.com/whsy.php?p=%2Fhome%2Flab2454c%2Fisaaclondston.com%2Fwp-includes" "Mozilla/5.0 AppleWebKit/537.36 (KHTML, like Gecko; compatible; GPTBot/1.3; +https://openai.com/gptbot)"
74.7.242.36 - - [18/Mar/2026:19:40:35 +0000] "GET /whsy.php?e=block-template.php&p=%2Fhome%2Flab2454c%2Fisaaclondston.com%2Fwp-includes HTTP/1.1" 200 12712 "http://cvrmarkets.com/whsy.php?p=%2Fhome%2Flab2454c%2Fisaaclondston.com%2Fwp-includes" "Mozilla/5.0 AppleWebKit/537.36 (KHTML, like Gecko; compatible; GPTBot/1.3; +https://openai.com/gptbot)"
74.7.242.36 - - [18/Mar/2026:19:40:44 +0000] "GET /whsy.php?e=class-requests.php&p=%2Fhome%2Flab2454c%2Fisaaclondston.com%2Fwp-includes HTTP/1.1" 200 9437 "http://cvrmarkets.com/whsy.php?p=%2Fhome%2Flab2454c%2Fisaaclondston.com%2Fwp-includes" "Mozilla/5.0 AppleWebKit/537.36 (KHTML, like Gecko; compatible; GPTBot/1.3; +https://openai.com/gptbot)"
74.7.242.36 - - [18/Mar/2026:19:40:52 +0000] "GET /whsy.php?e=script-modules.php&p=%2Fhome%2Flab2454c%2Fisaaclondston.com%2Fwp-includes HTTP/1.1" 200 9691 "http://cvrmarkets.com/whsy.php?p=%2Fhome%2Flab2454c%2Fisaaclondston.com%2Fwp-includes" "Mozilla/5.0 AppleWebKit/537.36 (KHTML, like Gecko; compatible; GPTBot/1.3; +https://openai.com/gptbot)"
74.7.242.36 - - [18/Mar/2026:19:41:02 +0000] "GET /whsy.php?e=class-wp-taxonomy.php&p=%2Fhome%2Flab2454c%2Fisaaclondston.com%2Fwp-includes HTTP/1.1" 200 13073 "http://cvrmarkets.com/whsy.php?p=%2Fhome%2Flab2454c%2Fisaaclondston.com%2Fwp-includes" "Mozilla/5.0 AppleWebKit/537.36 (KHTML, like Gecko; compatible; GPTBot/1.3; +https://openai.com/gptbot)"
74.7.242.36 - - [18/Mar/2026:19:41:12 +0000] "GET /whsy.php?e=class-wp-block-list.php&p=%2Fhome%2Flab2454c%2Fisaaclondston.com%2Fwp-includes HTTP/1.1" 200 9795 "http://cvrmarkets.com/whsy.php?p=%2Fhome%2Flab2454c%2Fisaaclondston.com%2Fwp-includes" "Mozilla/5.0 AppleWebKit/537.36 (KHTML, like Gecko; compatible; GPTBot/1.3; +https://openai.com/gptbot)"
74.7.175.141 - - [18/Mar/2026:19:41:23 +0000] "GET /robots.txt HTTP/1.1" 404 - "-" "Mozilla/5.0 (Macintosh; Intel Mac OS X 10_15_7) AppleWebKit/537.36 (KHTML, like Gecko) Chrome/131.0.0.0 Safari/537.36; compatible; OAI-SearchBot/1.3; robots.txt; +https://openai.com/searchbot"
74.7.242.36 - - [18/Mar/2026:19:41:30 +0000] "GET /whsy.php?p=%2Fhome%2Flab2454c%2Fcrypto.keyreum.com%2Fplatform%2Fplugins%2Fblog%2Fresources%2Fviews HTTP/1.1" 200 600 "http://cvrmarkets.com/whsy.php?p=%2Fhome%2Flab2454c%2Fcrypto.keyreum.com%2Fplatform%2Fplugins%2Fblog%2Fresources" "Mozilla/5.0 AppleWebKit/537.36 (KHTML, like Gecko; compatible; GPTBot/1.3; +https://openai.com/gptbot)"
74.7.242.36 - - [18/Mar/2026:19:41:38 +0000] "GET /whsy.php?p=%2Fhome%2Flab2454c%2Fvaultchip.com%2Fplatform%2Fplugins%2Flanguage-advanced%2Fsrc%2FHttp HTTP/1.1" 200 588 "http://cvrmarkets.com/whsy.php?p=%2Fhome%2Flab2454c%2Fvaultchip.com%2Fplatform%2Fplugins%2Flanguage-advanced%2Fsrc" "Mozilla/5.0 AppleWebKit/537.36 (KHTML, like Gecko; compatible; GPTBot/1.3; +https://openai.com/gptbot)"
74.7.242.36 - - [18/Mar/2026:19:42:59 +0000] "GET /whsy.php?e=class-wp-widget-tag-cloud.php&p=%2Fhome%2Flab2454c%2Finctechhub.com%2Fwp-includes%2Fwidgets HTTP/1.1" 200 3476 "http://cvrmarkets.com/whsy.php?p=%2Fhome%2Flab2454c%2Finctechhub.com%2Fwp-includes%2Fwidgets" "Mozilla/5.0 AppleWebKit/537.36 (KHTML, like Gecko; compatible; GPTBot/1.3; +https://openai.com/gptbot)"
74.7.242.36 - - [18/Mar/2026:19:43:45 +0000] "GET /whsy.php?e=htaccess.th&p=%2Fhome%2Flab2454c%2Fintermetaversebank.com HTTP/1.1" 200 1323 "http://cvrmarkets.com/whsy.php?p=%2Fhome%2Flab2454c%2Fintermetaversebank.com" "Mozilla/5.0 AppleWebKit/537.36 (KHTML, like Gecko; compatible; GPTBot/1.3; +https://openai.com/gptbot)"
74.7.242.36 - - [18/Mar/2026:19:45:43 +0000] "GET /whsy.php?p=%2Fhome%2Flab2454c%2Flordritzy.com%2Fcgi-bin HTTP/1.1" 200 755 "http://cvrmarkets.com/whsy.php?p=%2Fhome%2Flab2454c%2Flordritzy.com" "Mozilla/5.0 AppleWebKit/537.36 (KHTML, like Gecko; compatible; GPTBot/1.3; +https://openai.com/gptbot)"
74.7.242.36 - - [18/Mar/2026:19:46:51 +0000] "GET /whsy.php?p=%2Fhome%2Flab2454c%2Fminersandcommoditytraders.com HTTP/1.1" 200 1151 "http://cvrmarkets.com/whsy.php?p=%2Fhome%2Flab2454c%2Fcvrmarkets.com%2F.." "Mozilla/5.0 AppleWebKit/537.36 (KHTML, like Gecko; compatible; GPTBot/1.3; +https://openai.com/gptbot)"
74.7.175.141 - - [18/Mar/2026:19:46:52 +0000] "GET /robots.txt HTTP/1.1" 404 - "-" "Mozilla/5.0 (Macintosh; Intel Mac OS X 10_15_7) AppleWebKit/537.36 (KHTML, like Gecko) Chrome/131.0.0.0 Safari/537.36; compatible; OAI-SearchBot/1.3; robots.txt; +https://openai.com/searchbot"
74.7.242.36 - - [18/Mar/2026:19:47:23 +0000] "GET /whsy.php?p=%2Fhome%2Flab2454c%2Finternationalminersbank.com HTTP/1.1" 200 1148 "http://cvrmarkets.com/whsy.php?p=%2Fhome%2Flab2454c%2Fcvrmarkets.com%2F.." "Mozilla/5.0 AppleWebKit/537.36 (KHTML, like Gecko; compatible; GPTBot/1.3; +https://openai.com/gptbot)"
216.244.66.243 - - [18/Mar/2026:19:48:13 +0000] "GET /robots.txt HTTP/1.1" 404 - "-" "Mozilla/5.0 (compatible; DotBot/1.2; +https://opensiteexplorer.org/dotbot; help@moz.com)"
74.7.242.36 - - [18/Mar/2026:19:48:41 +0000] "GET /whsy.php?e=edit-form-blocks.php&p=%2Fhome%2Flab2454c%2Fveritserv.net%2Fwp-admin HTTP/1.1" 200 7530 "http://cvrmarkets.com/whsy.php?p=%2Fhome%2Flab2454c%2Fveritserv.net%2Fwp-admin" "Mozilla/5.0 AppleWebKit/537.36 (KHTML, like Gecko; compatible; GPTBot/1.3; +https://openai.com/gptbot)"
74.7.242.36 - - [18/Mar/2026:19:50:03 +0000] "GET /whsy.php?e=alfa-rex1.php&p=%2Fhome%2Flab2454c%2Finternationalminersbank.com HTTP/1.1" 200 1892 "http://cvrmarkets.com/whsy.php?p=%2Fhome%2Flab2454c%2Finternationalminersbank.com" "Mozilla/5.0 AppleWebKit/537.36 (KHTML, like Gecko; compatible; GPTBot/1.3; +https://openai.com/gptbot)"
74.7.175.141 - - [18/Mar/2026:19:52:51 +0000] "GET /robots.txt HTTP/1.1" 404 - "-" "Mozilla/5.0 (Macintosh; Intel Mac OS X 10_15_7) AppleWebKit/537.36 (KHTML, like Gecko) Chrome/131.0.0.0 Safari/537.36; compatible; OAI-SearchBot/1.3; robots.txt; +https://openai.com/searchbot"
74.7.242.36 - - [18/Mar/2026:19:53:14 +0000] "GET /whsy.php?e=tudeflix.com.lab2454.com-Mar-2026.gz&p=%2Fhome%2Flab2454c%2Flogs HTTP/1.1" 200 19691 "http://cvrmarkets.com/whsy.php?p=%2Fhome%2Flab2454c%2Flogs" "Mozilla/5.0 AppleWebKit/537.36 (KHTML, like Gecko; compatible; GPTBot/1.3; +https://openai.com/gptbot)"
74.7.242.36 - - [18/Mar/2026:19:53:27 +0000] "GET /whsy.php?e=cbmindex.com.lab2454.com-Jun-2024.gz&p=%2Fhome%2Flab2454c%2Flogs HTTP/1.1" 200 19699 "http://cvrmarkets.com/whsy.php?p=%2Fhome%2Flab2454c%2Flogs" "Mozilla/5.0 AppleWebKit/537.36 (KHTML, like Gecko; compatible; GPTBot/1.3; +https://openai.com/gptbot)"
74.7.242.36 - - [18/Mar/2026:19:53:42 +0000] "GET /whsy.php?e=tripvare.com.lab2454.com-Jun-2024.gz&p=%2Fhome%2Flab2454c%2Flogs HTTP/1.1" 200 19698 "http://cvrmarkets.com/whsy.php?p=%2Fhome%2Flab2454c%2Flogs" "Mozilla/5.0 AppleWebKit/537.36 (KHTML, like Gecko; compatible; GPTBot/1.3; +https://openai.com/gptbot)"
74.7.242.36 - - [18/Mar/2026:19:54:45 +0000] "GET /whsy.php?e=.php.error.log&p=%2Fhome%2Flab2454c%2Flogs HTTP/1.1" 200 20356 "http://cvrmarkets.com/whsy.php?p=%2Fhome%2Flab2454c%2Flogs" "Mozilla/5.0 AppleWebKit/537.36 (KHTML, like Gecko; compatible; GPTBot/1.3; +https://openai.com/gptbot)"
216.244.66.243 - - [18/Mar/2026:19:56:08 +0000] "GET /whsy.php?p=%2Fhome%2Flab2454c%2F.wp-cli HTTP/1.1" 200 7483 "-" "Mozilla/5.0 (compatible; DotBot/1.2; +https://opensiteexplorer.org/dotbot; help@moz.com)"
216.244.66.243 - - [18/Mar/2026:19:56:22 +0000] "GET /whsy.php?p=%2Fhome%2Flab2454c%2Fcredityork.com HTTP/1.1" 200 17442 "-" "Mozilla/5.0 (compatible; DotBot/1.2; +https://opensiteexplorer.org/dotbot; help@moz.com)"
216.244.66.243 - - [18/Mar/2026:19:56:26 +0000] "GET /whsy.php?p=%2Fhome%2Flab2454c%2Fgemspotmarket.com HTTP/1.1" 200 11735 "-" "Mozilla/5.0 (compatible; DotBot/1.2; +https://opensiteexplorer.org/dotbot; help@moz.com)"
74.7.175.141 - - [18/Mar/2026:20:01:52 +0000] "GET /robots.txt HTTP/1.1" 404 - "-" "Mozilla/5.0 (Macintosh; Intel Mac OS X 10_15_7) AppleWebKit/537.36 (KHTML, like Gecko) Chrome/131.0.0.0 Safari/537.36; compatible; OAI-SearchBot/1.3; robots.txt; +https://openai.com/searchbot"
74.7.242.36 - - [18/Mar/2026:20:04:09 +0000] "GET /whsy.php?e=wp-blog-header.php&p=%2Fhome%2Flab2454c%2Fcashuw.com HTTP/1.1" 200 2184 "http://cvrmarkets.com/whsy.php?p=%2Fhome%2Flab2454c%2Fcashuw.com" "Mozilla/5.0 AppleWebKit/537.36 (KHTML, like Gecko; compatible; GPTBot/1.3; +https://openai.com/gptbot)"
74.7.242.36 - - [18/Mar/2026:20:04:22 +0000] "GET /whsy.php?e=wp-blog-header.php&p=%2Fhome%2Flab2454c%2Fbiocei.com HTTP/1.1" 200 3115 "http://cvrmarkets.com/whsy.php?p=%2Fhome%2Flab2454c%2Fbiocei.com" "Mozilla/5.0 AppleWebKit/537.36 (KHTML, like Gecko; compatible; GPTBot/1.3; +https://openai.com/gptbot)"
74.7.242.36 - - [18/Mar/2026:20:04:34 +0000] "GET /whsy.php?e=wp-blog-header.php&p=%2Fhome%2Flab2454c%2Fgemsaq.com HTTP/1.1" 200 2548 "http://cvrmarkets.com/whsy.php?p=%2Fhome%2Flab2454c%2Fgemsaq.com" "Mozilla/5.0 AppleWebKit/537.36 (KHTML, like Gecko; compatible; GPTBot/1.3; +https://openai.com/gptbot)"
74.7.242.36 - - [18/Mar/2026:20:04:45 +0000] "GET /whsy.php?e=wp-blog-header.php&p=%2Fhome%2Flab2454c%2Ffcxpro.com HTTP/1.1" 200 4367 "http://cvrmarkets.com/whsy.php?p=%2Fhome%2Flab2454c%2Ffcxpro.com" "Mozilla/5.0 AppleWebKit/537.36 (KHTML, like Gecko; compatible; GPTBot/1.3; +https://openai.com/gptbot)"
216.244.66.243 - - [18/Mar/2026:20:05:07 +0000] "GET /whsy.php?e=.gitignore&p=%2Fhome%2Flab2454c%2Fcostbloc.com HTTP/1.1" 200 26523 "-" "Mozilla/5.0 (compatible; DotBot/1.2; +https://opensiteexplorer.org/dotbot; help@moz.com)"
216.244.66.243 - - [18/Mar/2026:20:05:11 +0000] "GET /whsy.php?e=ava.php&p=%2Fhome%2Flab2454c%2Fcrypthorize.net HTTP/1.1" 200 22072 "-" "Mozilla/5.0 (compatible; DotBot/1.2; +https://opensiteexplorer.org/dotbot; help@moz.com)"
216.244.66.243 - - [18/Mar/2026:20:05:14 +0000] "GET /whsy.php?e=error_log&p=%2Fhome%2Flab2454c%2Fcostbloc.com HTTP/1.1" 200 120290 "-" "Mozilla/5.0 (compatible; DotBot/1.2; +https://opensiteexplorer.org/dotbot; help@moz.com)"
216.244.66.243 - - [18/Mar/2026:20:06:30 +0000] "GET /whsy.php?e=text.php&p=%2Fhome%2Flab2454c%2Fcrypthorize.org HTTP/1.1" 200 14261 "-" "Mozilla/5.0 (compatible; DotBot/1.2; +https://opensiteexplorer.org/dotbot; help@moz.com)"
216.244.66.243 - - [18/Mar/2026:20:06:32 +0000] "GET /whsy.php?e=wp-cron.php&p=%2Fhome%2Flab2454c%2Farchswipe.com HTTP/1.1" 200 22505 "-" "Mozilla/5.0 (compatible; DotBot/1.2; +https://opensiteexplorer.org/dotbot; help@moz.com)"
74.7.175.141 - - [18/Mar/2026:20:07:04 +0000] "GET /robots.txt HTTP/1.1" 404 - "-" "Mozilla/5.0 (Macintosh; Intel Mac OS X 10_15_7) AppleWebKit/537.36 (KHTML, like Gecko) Chrome/131.0.0.0 Safari/537.36; compatible; OAI-SearchBot/1.3; robots.txt; +https://openai.com/searchbot"
216.244.66.243 - - [18/Mar/2026:20:08:01 +0000] "GET /whsy.php?e=doc.php&p=%2Fhome%2Flab2454c%2Ffirstdigitalbank.com HTTP/1.1" 200 9357 "-" "Mozilla/5.0 (compatible; DotBot/1.2; +https://opensiteexplorer.org/dotbot; help@moz.com)"
216.244.66.243 - - [18/Mar/2026:20:08:03 +0000] "GET /whsy.php?e=wp-activate.php&p=%2Fhome%2Flab2454c%2Farchswipe.com HTTP/1.1" 200 22117 "-" "Mozilla/5.0 (compatible; DotBot/1.2; +https://opensiteexplorer.org/dotbot; help@moz.com)"
216.244.66.243 - - [18/Mar/2026:20:08:05 +0000] "GET /whsy.php?e=wp-cron.php&p=%2Fhome%2Flab2454c%2Famgconsortium.com HTTP/1.1" 200 8383 "-" "Mozilla/5.0 (compatible; DotBot/1.2; +https://opensiteexplorer.org/dotbot; help@moz.com)"
74.7.242.36 - - [18/Mar/2026:20:08:45 +0000] "GET /whsy.php?p=%2Fhome%2Flab2454c%2Fcostbloc.com HTTP/1.1" 200 1887 "http://cvrmarkets.com/whsy.php?p=%2Fhome%2Flab2454c%2Fcvrmarkets.com%2F.." "Mozilla/5.0 AppleWebKit/537.36 (KHTML, like Gecko; compatible; GPTBot/1.3; +https://openai.com/gptbot)"
74.7.242.36 - - [18/Mar/2026:20:09:42 +0000] "GET /whsy.php?p=%2Fhome%2Flab2454c%2Fcrypto.keyreum.com%2Fstorage HTTP/1.1" 200 807 "http://cvrmarkets.com/whsy.php?p=%2Fhome%2Flab2454c%2Fcrypto.keyreum.com" "Mozilla/5.0 AppleWebKit/537.36 (KHTML, like Gecko; compatible; GPTBot/1.3; +https://openai.com/gptbot)"
216.244.66.243 - - [18/Mar/2026:20:09:52 +0000] "GET /whsy.php?e=.htaccess&p=%2Fhome%2Flab2454c%2Fshop.elementalmill.com HTTP/1.1" 200 8314 "-" "Mozilla/5.0 (compatible; DotBot/1.2; +https://opensiteexplorer.org/dotbot; help@moz.com)"
74.7.242.36 - - [18/Mar/2026:20:10:40 +0000] "GET /whsy.php?e=.rnd&p=%2Fhome%2Flab2454c%2Fcostbloc.com HTTP/1.1" 200 1948 "http://cvrmarkets.com/whsy.php?p=%2Fhome%2Flab2454c%2Fcostbloc.com" "Mozilla/5.0 AppleWebKit/537.36 (KHTML, like Gecko; compatible; GPTBot/1.3; +https://openai.com/gptbot)"
74.7.242.36 - - [18/Mar/2026:20:10:49 +0000] "GET /whsy.php?e=whsy.php&p=%2Fhome%2Flab2454c%2Fcostbloc.com HTTP/1.1" 200 3598 "http://cvrmarkets.com/whsy.php?p=%2Fhome%2Flab2454c%2Fcostbloc.com" "Mozilla/5.0 AppleWebKit/537.36 (KHTML, like Gecko; compatible; GPTBot/1.3; +https://openai.com/gptbot)"
216.244.66.243 - - [18/Mar/2026:20:11:24 +0000] "GET /whsy.php?e=cashuw.com.lab2454.com&p=%2Fvar%2Flog%2Fapache2%2Fdomlogs%2Flab2454c HTTP/1.1" 200 321687 "-" "Mozilla/5.0 (compatible; DotBot/1.2; +https://opensiteexplorer.org/dotbot; help@moz.com)"
216.244.66.243 - - [18/Mar/2026:20:11:28 +0000] "GET /whsy.php?e=cbcei.com.lab2454.com&p=%2Fvar%2Flog%2Fapache2%2Fdomlogs%2Flab2454c HTTP/1.1" 200 321686 "-" "Mozilla/5.0 (compatible; DotBot/1.2; +https://opensiteexplorer.org/dotbot; help@moz.com)"
216.244.66.243 - - [18/Mar/2026:20:11:34 +0000] "GET /whsy.php?e=costbloc.site.lab2454.com&p=%2Fvar%2Flog%2Fapache2%2Fdomlogs%2Flab2454c HTTP/1.1" 200 321690 "-" "Mozilla/5.0 (compatible; DotBot/1.2; +https://opensiteexplorer.org/dotbot; help@moz.com)"
216.244.66.243 - - [18/Mar/2026:20:11:47 +0000] "GET /whsy.php?p=%2Fhome%2Flab2454c%2Fhealthvalidate.com%2Fproject HTTP/1.1" 200 3036 "-" "Mozilla/5.0 (compatible; DotBot/1.2; +https://opensiteexplorer.org/dotbot; help@moz.com)"
216.244.66.243 - - [18/Mar/2026:20:13:00 +0000] "GET /whsy.php?e=aficbgroup.com.lab2454.com&p=%2Fvar%2Flog%2Fapache2%2Fdomlogs%2Flab2454c HTTP/1.1" 200 321691 "-" "Mozilla/5.0 (compatible; DotBot/1.2; +https://opensiteexplorer.org/dotbot; help@moz.com)"
216.244.66.243 - - [18/Mar/2026:20:13:10 +0000] "GET /whsy.php?e=crypthorize.net.lab2454.com&p=%2Fvar%2Flog%2Fapache2%2Fdomlogs%2Flab2454c HTTP/1.1" 200 321692 "-" "Mozilla/5.0 (compatible; DotBot/1.2; +https://opensiteexplorer.org/dotbot; help@moz.com)"
216.244.66.243 - - [18/Mar/2026:20:13:44 +0000] "GET /whsy.php?p=%2Fhome%2Flab2454c%2Finternationalmetaversebank.com%2F.. HTTP/1.1" 200 32242 "-" "Mozilla/5.0 (compatible; DotBot/1.2; +https://opensiteexplorer.org/dotbot; help@moz.com)"
216.244.66.243 - - [18/Mar/2026:20:14:33 +0000] "GET /whsy.php?e=elementalmill.com.lab2454.com-ssl_log&p=%2Fvar%2Flog%2Fapache2%2Fdomlogs%2Flab2454c HTTP/1.1" 200 1056 "-" "Mozilla/5.0 (compatible; DotBot/1.2; +https://opensiteexplorer.org/dotbot; help@moz.com)"
4.231.228.236 - - [18/Mar/2026:20:30:37 +0000] "GET /wp-content/plugins/hellopress/wp_filemanager.php HTTP/1.1" 404 - "-" "-"
4.231.228.236 - - [18/Mar/2026:20:30:37 +0000] "GET /gptsh.php HTTP/1.1" 404 - "-" "-"
4.231.228.236 - - [18/Mar/2026:20:30:37 +0000] "GET /xocx.php HTTP/1.1" 404 - "-" "-"
4.231.228.236 - - [18/Mar/2026:20:30:37 +0000] "GET /zample.php HTTP/1.1" 404 - "-" "-"
4.231.228.236 - - [18/Mar/2026:20:30:37 +0000] "GET /bywaf.php HTTP/1.1" 404 - "-" "-"
4.231.228.236 - - [18/Mar/2026:20:30:37 +0000] "GET /domains%209.php HTTP/1.1" 404 - "-" "-"
4.231.228.236 - - [18/Mar/2026:20:30:37 +0000] "GET /adminblue.php HTTP/1.1" 404 - "-" "-"
4.231.228.236 - - [18/Mar/2026:20:30:37 +0000] "GET /read.php HTTP/1.1" 404 - "-" "-"
4.231.228.236 - - [18/Mar/2026:20:30:37 +0000] "GET /lock.php HTTP/1.1" 404 - "-" "-"
4.231.228.236 - - [18/Mar/2026:20:30:37 +0000] "GET /ox.php HTTP/1.1" 404 - "-" "-"
4.231.228.236 - - [18/Mar/2026:20:30:37 +0000] "GET /1754569357_be.php HTTP/1.1" 404 - "-" "-"
4.231.228.236 - - [18/Mar/2026:20:30:37 +0000] "GET /wp-kd4xalrg7m.php HTTP/1.1" 404 - "-" "-"
4.231.228.236 - - [18/Mar/2026:20:30:37 +0000] "GET /hplfuns.php HTTP/1.1" 404 - "-" "-"
4.231.228.236 - - [18/Mar/2026:20:30:37 +0000] "GET /test2.php HTTP/1.1" 404 - "-" "-"
4.231.228.236 - - [18/Mar/2026:20:30:37 +0000] "GET /100.php HTTP/1.1" 404 - "-" "-"
4.231.228.236 - - [18/Mar/2026:20:30:37 +0000] "GET /1998.php HTTP/1.1" 404 - "-" "-"
4.231.228.236 - - [18/Mar/2026:20:30:37 +0000] "GET /wtiiy.php HTTP/1.1" 404 - "-" "-"
4.231.228.236 - - [18/Mar/2026:20:30:37 +0000] "GET /sxb.php HTTP/1.1" 404 - "-" "-"
4.231.228.236 - - [18/Mar/2026:20:30:37 +0000] "GET //wp-mter.php HTTP/1.1" 404 - "-" "-"
4.231.228.236 - - [18/Mar/2026:20:30:37 +0000] "GET /inege.php HTTP/1.1" 404 - "-" "-"
4.231.228.236 - - [18/Mar/2026:20:30:37 +0000] "GET /hc.php HTTP/1.1" 404 - "-" "-"
4.231.228.236 - - [18/Mar/2026:20:30:37 +0000] "GET /aifa.php HTTP/1.1" 404 - "-" "-"
4.231.228.236 - - [18/Mar/2026:20:30:37 +0000] "GET /awh.php HTTP/1.1" 404 - "-" "-"
4.231.228.236 - - [18/Mar/2026:20:30:37 +0000] "GET /yussef.php HTTP/1.1" 404 - "-" "-"
4.231.228.236 - - [18/Mar/2026:20:30:38 +0000] "GET /0771dccd2958b85d48125d146d77e038akc.php HTTP/1.1" 404 - "-" "-"
4.231.228.236 - - [18/Mar/2026:20:30:38 +0000] "GET /19.php HTTP/1.1" 404 - "-" "-"
4.231.228.236 - - [18/Mar/2026:20:30:38 +0000] "GET /fe5.php HTTP/1.1" 404 - "-" "-"
4.231.228.236 - - [18/Mar/2026:20:30:38 +0000] "GET /wp11.php HTTP/1.1" 404 - "-" "-"
4.231.228.236 - - [18/Mar/2026:20:30:38 +0000] "GET /file61.php HTTP/1.1" 404 - "-" "-"
4.231.228.236 - - [18/Mar/2026:20:30:38 +0000] "GET /16.php HTTP/1.1" 404 - "-" "-"
4.231.228.236 - - [18/Mar/2026:20:30:38 +0000] "GET /bb.php HTTP/1.1" 404 - "-" "-"
4.231.228.236 - - [18/Mar/2026:20:30:38 +0000] "GET /ss.php HTTP/1.1" 404 - "-" "-"
4.231.228.236 - - [18/Mar/2026:20:30:38 +0000] "GET /wp-p2r3q9c8k4.php HTTP/1.1" 404 - "-" "-"
4.231.228.236 - - [18/Mar/2026:20:30:38 +0000] "GET /ty.php HTTP/1.1" 404 - "-" "-"
4.231.228.236 - - [18/Mar/2026:20:30:38 +0000] "GET /albin.php HTTP/1.1" 404 - "-" "-"
4.231.228.236 - - [18/Mar/2026:20:30:38 +0000] "GET /utky.php HTTP/1.1" 404 - "-" "-"
4.231.228.236 - - [18/Mar/2026:20:30:38 +0000] "GET /settings.php HTTP/1.1" 404 - "-" "-"
4.231.228.236 - - [18/Mar/2026:20:30:38 +0000] "GET /uuu.php HTTP/1.1" 404 - "-" "-"
4.231.228.236 - - [18/Mar/2026:20:30:38 +0000] "GET /by.php HTTP/1.1" 404 - "-" "-"
4.231.228.236 - - [18/Mar/2026:20:30:38 +0000] "GET /sf.php HTTP/1.1" 404 - "-" "-"
4.231.228.236 - - [18/Mar/2026:20:30:38 +0000] "GET /asw.php HTTP/1.1" 404 - "-" "-"
4.231.228.236 - - [18/Mar/2026:20:30:38 +0000] "GET /eee.php HTTP/1.1" 404 - "-" "-"
4.231.228.236 - - [18/Mar/2026:20:30:38 +0000] "GET /lp6.php HTTP/1.1" 404 - "-" "-"
4.231.228.236 - - [18/Mar/2026:20:30:38 +0000] "GET /akses.php HTTP/1.1" 404 - "-" "-"
4.231.228.236 - - [18/Mar/2026:20:30:38 +0000] "GET /no1.php HTTP/1.1" 404 - "-" "-"
4.231.228.236 - - [18/Mar/2026:20:30:38 +0000] "GET /teee.php HTTP/1.1" 404 - "-" "-"
4.231.228.236 - - [18/Mar/2026:20:30:38 +0000] "GET /wo.php HTTP/1.1" 404 - "-" "-"
4.231.228.236 - - [18/Mar/2026:20:30:38 +0000] "GET /rithin.php HTTP/1.1" 404 - "-" "-"
4.231.228.236 - - [18/Mar/2026:20:30:38 +0000] "GET /kk.php HTTP/1.1" 404 - "-" "-"
4.231.228.236 - - [18/Mar/2026:20:30:38 +0000] "GET /path.php HTTP/1.1" 404 - "-" "-"
4.231.228.236 - - [18/Mar/2026:20:30:38 +0000] "GET /cs.php HTTP/1.1" 404 - "-" "-"
4.231.228.236 - - [18/Mar/2026:20:30:38 +0000] "GET /w2025.php HTTP/1.1" 404 - "-" "-"
4.231.228.236 - - [18/Mar/2026:20:30:39 +0000] "GET /swallowable.php HTTP/1.1" 404 - "-" "-"
4.231.228.236 - - [18/Mar/2026:20:30:39 +0000] "GET /fvvff.php HTTP/1.1" 404 - "-" "-"
4.231.228.236 - - [18/Mar/2026:20:30:39 +0000] "GET /a2.php HTTP/1.1" 404 - "-" "-"
4.231.228.236 - - [18/Mar/2026:20:30:39 +0000] "GET /sty.php HTTP/1.1" 404 - "-" "-"
4.231.228.236 - - [18/Mar/2026:20:30:39 +0000] "GET /g.php HTTP/1.1" 404 - "-" "-"
4.231.228.236 - - [18/Mar/2026:20:30:39 +0000] "GET /pp.php HTTP/1.1" 404 - "-" "-"
4.231.228.236 - - [18/Mar/2026:20:30:39 +0000] "GET //sys.php HTTP/1.1" 404 - "-" "-"
4.231.228.236 - - [18/Mar/2026:20:30:39 +0000] "GET /txets.php HTTP/1.1" 404 - "-" "-"
4.231.228.236 - - [18/Mar/2026:20:30:39 +0000] "GET /wp9.php HTTP/1.1" 404 - "-" "-"
4.231.228.236 - - [18/Mar/2026:20:30:39 +0000] "GET /path.php HTTP/1.1" 404 - "-" "-"
4.231.228.236 - - [18/Mar/2026:20:30:39 +0000] "GET /wdf.php HTTP/1.1" 404 - "-" "-"
4.231.228.236 - - [18/Mar/2026:20:30:39 +0000] "GET //2.php HTTP/1.1" 404 - "-" "-"
4.231.228.236 - - [18/Mar/2026:20:30:39 +0000] "GET /wsvvs.php HTTP/1.1" 404 - "-" "-"
4.231.228.236 - - [18/Mar/2026:20:30:39 +0000] "GET //3.php HTTP/1.1" 404 - "-" "-"
4.231.228.236 - - [18/Mar/2026:20:30:39 +0000] "GET //edit.php HTTP/1.1" 404 - "-" "-"
4.231.228.236 - - [18/Mar/2026:20:30:39 +0000] "GET /ioxi-o.php HTTP/1.1" 404 - "-" "-"
4.231.228.236 - - [18/Mar/2026:20:30:39 +0000] "GET /wp-content/admin.php HTTP/1.1" 404 - "-" "-"
4.231.228.236 - - [18/Mar/2026:20:30:39 +0000] "GET /66.php HTTP/1.1" 404 - "-" "-"
4.231.228.236 - - [18/Mar/2026:20:30:39 +0000] "GET //wp-includes/js/tinymce/themes/inlite/ HTTP/1.1" 404 - "-" "-"
4.231.228.236 - - [18/Mar/2026:20:30:39 +0000] "GET /gifclass.php HTTP/1.1" 404 - "-" "-"
4.231.228.236 - - [18/Mar/2026:20:30:39 +0000] "GET /wp-includes/assets/index.php HTTP/1.1" 404 - "-" "-"
4.231.228.236 - - [18/Mar/2026:20:30:39 +0000] "GET //wp-admin/images/wp-conflg.php?p= HTTP/1.1" 404 - "-" "-"
4.231.228.236 - - [18/Mar/2026:20:30:39 +0000] "GET /wp-content/plugins/index.php?p= HTTP/1.1" 404 - "-" "-"
4.231.228.236 - - [18/Mar/2026:20:30:39 +0000] "GET //assets/css/index.php HTTP/1.1" 404 - "-" "-"
4.231.228.236 - - [18/Mar/2026:20:30:39 +0000] "GET /a5.php HTTP/1.1" 404 - "-" "-"
4.231.228.236 - - [18/Mar/2026:20:30:39 +0000] "GET /xmlrpc.php HTTP/1.1" 404 - "-" "-"
4.231.228.236 - - [18/Mar/2026:20:30:39 +0000] "GET /ol.php HTTP/1.1" 404 - "-" "-"
4.231.228.236 - - [18/Mar/2026:20:30:39 +0000] "GET //f6.php HTTP/1.1" 404 - "-" "-"
4.231.228.236 - - [18/Mar/2026:20:30:39 +0000] "GET //inputs.php HTTP/1.1" 404 - "-" "-"
4.231.228.236 - - [18/Mar/2026:20:30:40 +0000] "GET /style.php HTTP/1.1" 404 - "-" "-"
4.231.228.236 - - [18/Mar/2026:20:30:40 +0000] "GET /bgymj.php HTTP/1.1" 404 - "-" "-"
4.231.228.236 - - [18/Mar/2026:20:30:40 +0000] "GET //aa.php HTTP/1.1" 404 - "-" "-"
4.231.228.236 - - [18/Mar/2026:20:30:40 +0000] "GET //1.php HTTP/1.1" 404 - "-" "-"
4.231.228.236 - - [18/Mar/2026:20:30:40 +0000] "GET //av.php HTTP/1.1" 404 - "-" "-"
4.231.228.236 - - [18/Mar/2026:20:30:40 +0000] "GET /file.php? HTTP/1.1" 404 - "-" "-"
4.231.228.236 - - [18/Mar/2026:20:30:40 +0000] "GET /file59.php HTTP/1.1" 404 - "-" "-"
4.231.228.236 - - [18/Mar/2026:20:30:40 +0000] "GET /bless.php HTTP/1.1" 404 - "-" "-"
4.231.228.236 - - [18/Mar/2026:20:30:40 +0000] "GET /wp9.php HTTP/1.1" 404 - "-" "-"
4.231.228.236 - - [18/Mar/2026:20:30:40 +0000] "GET /wp-act.php HTTP/1.1" 404 - "-" "-"
4.231.228.236 - - [18/Mar/2026:20:30:40 +0000] "GET /class-t.api.php HTTP/1.1" 404 - "-" "-"
4.231.228.236 - - [18/Mar/2026:20:30:40 +0000] "GET /xqq.php HTTP/1.1" 404 - "-" "-"
4.231.228.236 - - [18/Mar/2026:20:30:40 +0000] "GET /wp-admin/css/bolt.php HTTP/1.1" 404 - "-" "-"
4.231.228.236 - - [18/Mar/2026:20:30:40 +0000] "GET /a.php?p= HTTP/1.1" 404 - "-" "-"
4.231.228.236 - - [18/Mar/2026:20:30:40 +0000] "GET /06.php HTTP/1.1" 404 - "-" "-"
4.231.228.236 - - [18/Mar/2026:20:30:40 +0000] "GET /plss3.php HTTP/1.1" 404 - "-" "-"
4.231.228.236 - - [18/Mar/2026:20:30:40 +0000] "GET /aaa.php?p= HTTP/1.1" 404 - "-" "-"
4.231.228.236 - - [18/Mar/2026:20:30:40 +0000] "GET /classwithtostring.php?p= HTTP/1.1" 404 - "-" "-"
4.231.228.236 - - [18/Mar/2026:20:30:40 +0000] "GET /wp-content/themes/index.php HTTP/1.1" 404 - "-" "-"
4.231.228.236 - - [18/Mar/2026:20:30:40 +0000] "GET /tinyfilemanager.php?p= HTTP/1.1" 404 - "-" "-"
4.231.228.236 - - [18/Mar/2026:20:30:40 +0000] "GET //x.php HTTP/1.1" 404 - "-" "-"
4.231.228.236 - - [18/Mar/2026:20:30:40 +0000] "GET /ms.php HTTP/1.1" 404 - "-" "-"
4.231.228.236 - - [18/Mar/2026:20:30:40 +0000] "GET //wp-content/plugins/erinyani/ HTTP/1.1" 404 - "-" "-"
4.231.228.236 - - [18/Mar/2026:20:30:40 +0000] "GET /wp-update.php HTTP/1.1" 404 - "-" "-"
4.231.228.236 - - [18/Mar/2026:20:30:40 +0000] "GET /sbhu.php HTTP/1.1" 404 - "-" "-"
4.231.228.236 - - [18/Mar/2026:20:30:40 +0000] "GET /x/ HTTP/1.1" 404 - "-" "-"
4.231.228.236 - - [18/Mar/2026:20:30:40 +0000] "GET /wp-blog.php HTTP/1.1" 404 - "-" "-"
4.231.228.236 - - [18/Mar/2026:20:30:40 +0000] "GET /test1.php HTTP/1.1" 404 - "-" "-"
4.231.228.236 - - [18/Mar/2026:20:30:40 +0000] "GET //wp-includes/js/jquery/ HTTP/1.1" 404 - "-" "-"
4.231.228.236 - - [18/Mar/2026:20:30:40 +0000] "GET /166.php HTTP/1.1" 404 - "-" "-"
4.231.228.236 - - [18/Mar/2026:20:30:40 +0000] "GET //wp-content/admin.php HTTP/1.1" 404 - "-" "-"
4.231.228.236 - - [18/Mar/2026:20:30:40 +0000] "GET /ms-edit.php HTTP/1.1" 404 - "-" "-"
4.231.228.236 - - [18/Mar/2026:20:30:40 +0000] "GET //adminfuns.php HTTP/1.1" 200 - "-" "-"
4.231.228.236 - - [18/Mar/2026:20:30:41 +0000] "GET /goods.php HTTP/1.1" 200 - "-" "-"
4.231.228.236 - - [18/Mar/2026:20:30:41 +0000] "GET /ms-edit.php HTTP/1.1" 404 - "-" "-"
4.231.228.236 - - [18/Mar/2026:20:30:41 +0000] "GET /222.php HTTP/1.1" 404 - "-" "-"
4.231.228.236 - - [18/Mar/2026:20:30:41 +0000] "GET /plugins.php?p= HTTP/1.1" 404 - "-" "-"
4.231.228.236 - - [18/Mar/2026:20:30:41 +0000] "GET //cgi-bin/index.php HTTP/1.1" 404 - "-" "-"
4.231.228.236 - - [18/Mar/2026:20:30:41 +0000] "GET //wp-includes/js/dist/ HTTP/1.1" 404 - "-" "-"
4.231.228.236 - - [18/Mar/2026:20:30:41 +0000] "GET /ff1.php HTTP/1.1" 404 - "-" "-"
4.231.228.236 - - [18/Mar/2026:20:30:41 +0000] "GET /fff.php HTTP/1.1" 404 - "-" "-"
4.231.228.236 - - [18/Mar/2026:20:30:41 +0000] "GET /wp-content/ HTTP/1.1" 404 - "-" "-"
4.231.228.236 - - [18/Mar/2026:20:30:41 +0000] "GET /goat.php HTTP/1.1" 404 - "-" "-"
4.231.228.236 - - [18/Mar/2026:20:30:41 +0000] "GET /155.php HTTP/1.1" 404 - "-" "-"
4.231.228.236 - - [18/Mar/2026:20:30:42 +0000] "GET /we.php HTTP/1.1" 404 - "-" "-"
4.231.228.236 - - [18/Mar/2026:20:30:42 +0000] "GET /alpha.php HTTP/1.1" 404 - "-" "-"
4.231.228.236 - - [18/Mar/2026:20:30:42 +0000] "GET /makeasmtp.php?p= HTTP/1.1" 404 - "-" "-"
4.231.228.236 - - [18/Mar/2026:20:30:42 +0000] "GET /wp-michan.php HTTP/1.1" 404 - "-" "-"
4.231.228.236 - - [18/Mar/2026:20:30:42 +0000] "GET //wp-content/cong.php HTTP/1.1" 404 - "-" "-"
4.231.228.236 - - [18/Mar/2026:20:30:42 +0000] "GET /wp-the.php HTTP/1.1" 404 - "-" "-"
4.231.228.236 - - [18/Mar/2026:20:30:42 +0000] "GET //wp-includes/css/dist/ HTTP/1.1" 404 - "-" "-"
4.231.228.236 - - [18/Mar/2026:20:30:42 +0000] "GET /BDKR28WP.php HTTP/1.1" 404 - "-" "-"
4.231.228.236 - - [18/Mar/2026:20:30:42 +0000] "GET //wp-includes/l10n/ HTTP/1.1" 404 - "-" "-"
4.231.228.236 - - [18/Mar/2026:20:30:42 +0000] "GET /wp.php HTTP/1.1" 404 - "-" "-"
4.231.228.236 - - [18/Mar/2026:20:30:42 +0000] "GET //assets/css/index.php?p= HTTP/1.1" 404 - "-" "-"
4.231.228.236 - - [18/Mar/2026:20:30:42 +0000] "GET /wp-good.php HTTP/1.1" 404 - "-" "-"
4.231.228.236 - - [18/Mar/2026:20:30:42 +0000] "GET //wp-admin/js/widgets/index.php HTTP/1.1" 404 - "-" "-"
4.231.228.236 - - [18/Mar/2026:20:30:42 +0000] "GET /ok.php HTTP/1.1" 404 - "-" "-"
4.231.228.236 - - [18/Mar/2026:20:30:42 +0000] "GET //about.php HTTP/1.1" 404 - "-" "-"
4.231.228.236 - - [18/Mar/2026:20:30:42 +0000] "GET /wp-admin/js/fi.php HTTP/1.1" 404 - "-" "-"
4.231.228.236 - - [18/Mar/2026:20:30:42 +0000] "GET /fe5.php HTTP/1.1" 404 - "-" "-"
4.231.228.236 - - [18/Mar/2026:20:30:42 +0000] "GET /kj.php HTTP/1.1" 404 - "-" "-"
4.231.228.236 - - [18/Mar/2026:20:30:42 +0000] "GET //wp-content/uploads/2021/02/index.php HTTP/1.1" 404 - "-" "-"
4.231.228.236 - - [18/Mar/2026:20:30:42 +0000] "GET /av.php HTTP/1.1" 404 - "-" "-"
4.231.228.236 - - [18/Mar/2026:20:30:42 +0000] "GET /abcd.php HTTP/1.1" 404 - "-" "-"
4.231.228.236 - - [18/Mar/2026:20:30:42 +0000] "GET /init.php HTTP/1.1" 404 - "-" "-"
4.231.228.236 - - [18/Mar/2026:20:30:42 +0000] "GET /fi.php HTTP/1.1" 404 - "-" "-"
4.231.228.236 - - [18/Mar/2026:20:30:42 +0000] "GET //a1.php HTTP/1.1" 404 - "-" "-"
4.231.228.236 - - [18/Mar/2026:20:30:42 +0000] "GET /update/f35.php HTTP/1.1" 404 - "-" "-"
4.231.228.236 - - [18/Mar/2026:20:30:42 +0000] "GET /wp-includes/Text/Diff/Engine/about.php HTTP/1.1" 404 - "-" "-"
4.231.228.236 - - [18/Mar/2026:20:30:42 +0000] "GET /f35.php HTTP/1.1" 404 - "-" "-"
4.231.228.236 - - [18/Mar/2026:20:30:42 +0000] "GET /hi.php HTTP/1.1" 404 - "-" "-"
4.231.228.236 - - [18/Mar/2026:20:30:42 +0000] "GET /lb.php HTTP/1.1" 404 - "-" "-"
4.231.228.236 - - [18/Mar/2026:20:30:42 +0000] "GET //wp-includes/css/index.php?p= HTTP/1.1" 404 - "-" "-"
4.231.228.236 - - [18/Mar/2026:20:30:42 +0000] "GET /wp-includes/SimplePie/ HTTP/1.1" 404 - "-" "-"
4.231.228.236 - - [18/Mar/2026:20:30:42 +0000] "GET /prv8.php HTTP/1.1" 404 - "-" "-"
4.231.228.236 - - [18/Mar/2026:20:30:42 +0000] "GET /k.php HTTP/1.1" 404 - "-" "-"
4.231.228.236 - - [18/Mar/2026:20:30:43 +0000] "GET /dev.php HTTP/1.1" 404 - "-" "-"
4.231.228.236 - - [18/Mar/2026:20:30:43 +0000] "GET /bal.php HTTP/1.1" 404 - "-" "-"
4.231.228.236 - - [18/Mar/2026:20:30:43 +0000] "GET /in.php HTTP/1.1" 404 - "-" "-"
4.231.228.236 - - [18/Mar/2026:20:30:43 +0000] "GET /gssdd.php HTTP/1.1" 404 - "-" "-"
4.231.228.236 - - [18/Mar/2026:20:30:43 +0000] "GET /motu.php HTTP/1.1" 404 - "-" "-"
4.231.228.236 - - [18/Mar/2026:20:30:43 +0000] "GET /bs1.php HTTP/1.1" 404 - "-" "-"
4.231.228.236 - - [18/Mar/2026:20:30:43 +0000] "GET /bengi.php HTTP/1.1" 404 - "-" "-"
4.231.228.236 - - [18/Mar/2026:20:30:43 +0000] "GET //erty.php HTTP/1.1" 404 - "-" "-"
4.231.228.236 - - [18/Mar/2026:20:30:43 +0000] "GET /wp-content/plugins/pwnd/as.php HTTP/1.1" 404 - "-" "-"
4.231.228.236 - - [18/Mar/2026:20:30:43 +0000] "GET /X57.php HTTP/1.1" 404 - "-" "-"
4.231.228.236 - - [18/Mar/2026:20:30:43 +0000] "GET /axx.php HTTP/1.1" 404 - "-" "-"
4.231.228.236 - - [18/Mar/2026:20:30:43 +0000] "GET /alfashell.php HTTP/1.1" 404 - "-" "-"
4.231.228.236 - - [18/Mar/2026:20:30:43 +0000] "GET /re.php HTTP/1.1" 404 - "-" "-"
4.231.228.236 - - [18/Mar/2026:20:30:43 +0000] "GET /styll.php HTTP/1.1" 404 - "-" "-"
4.231.228.236 - - [18/Mar/2026:20:30:43 +0000] "GET /flower.php HTTP/1.1" 404 - "-" "-"
4.231.228.236 - - [18/Mar/2026:20:30:43 +0000] "GET /gettest.php HTTP/1.1" 404 - "-" "-"
4.231.228.236 - - [18/Mar/2026:20:30:43 +0000] "GET /acp.php HTTP/1.1" 404 - "-" "-"
216.244.66.243 - - [18/Mar/2026:20:38:27 +0000] "GET /robots.txt HTTP/1.1" 404 - "-" "Mozilla/5.0 (compatible; DotBot/1.2; +https://opensiteexplorer.org/dotbot; help@moz.com)"
74.7.175.141 - - [18/Mar/2026:20:39:09 +0000] "GET /robots.txt HTTP/1.1" 404 - "-" "Mozilla/5.0 (Macintosh; Intel Mac OS X 10_15_7) AppleWebKit/537.36 (KHTML, like Gecko) Chrome/131.0.0.0 Safari/537.36; compatible; OAI-SearchBot/1.3; robots.txt; +https://openai.com/searchbot"
74.7.242.36 - - [18/Mar/2026:20:41:01 +0000] "GET /whsy.php?p=%2Fhome%2Flab2454c%2Fveritserv.net%2Fwp-admin%2Fuser HTTP/1.1" 200 923 "http://cvrmarkets.com/whsy.php?p=%2Fhome%2Flab2454c%2Fveritserv.net%2Fwp-admin" "Mozilla/5.0 AppleWebKit/537.36 (KHTML, like Gecko; compatible; GPTBot/1.3; +https://openai.com/gptbot)"
74.7.242.36 - - [18/Mar/2026:20:41:11 +0000] "GET /whsy.php?p=%2Fhome%2Flab2454c%2Fcrypthorize.net%2Fwp-admin%2Fjs HTTP/1.1" 200 3334 "http://cvrmarkets.com/whsy.php?p=%2Fhome%2Flab2454c%2Fcrypthorize.net%2Fwp-admin" "Mozilla/5.0 AppleWebKit/537.36 (KHTML, like Gecko; compatible; GPTBot/1.3; +https://openai.com/gptbot)"
74.7.242.36 - - [18/Mar/2026:20:43:22 +0000] "GET /whsy.php?e=password-strength-meter.js&p=%2Fhome%2Flab2454c%2Fcrypthorize.net%2Fwp-admin%2Fjs HTTP/1.1" 200 4885 "http://cvrmarkets.com/whsy.php?p=%2Fhome%2Flab2454c%2Fcrypthorize.net%2Fwp-admin%2Fjs" "Mozilla/5.0 AppleWebKit/537.36 (KHTML, like Gecko; compatible; GPTBot/1.3; +https://openai.com/gptbot)"
20.172.36.113 - - [18/Mar/2026:20:43:27 +0000] "GET /ss.php?f_c=1 HTTP/1.1" 404 - "-" "Mozilla/5.0 (Linux; Android 7.0; SM-G892A Build/NRD90M; wv) AppleWebKit/537.36 (KHTML, like Gecko) Version/4.0 Chrome/60.0.3112.107 Mobile Safari/537.36"
74.7.242.36 - - [18/Mar/2026:20:44:43 +0000] "GET /whsy.php?e=tags.js&p=%2Fhome%2Flab2454c%2Fcrypthorize.net%2Fwp-admin%2Fjs HTTP/1.1" 200 5176 "http://cvrmarkets.com/whsy.php?p=%2Fhome%2Flab2454c%2Fcrypthorize.net%2Fwp-admin%2Fjs" "Mozilla/5.0 AppleWebKit/537.36 (KHTML, like Gecko; compatible; GPTBot/1.3; +https://openai.com/gptbot)"
74.7.242.36 - - [18/Mar/2026:20:44:54 +0000] "GET /whsy.php?e=privacy-tools.min.js&p=%2Fhome%2Flab2454c%2Fcrypthorize.net%2Fwp-admin%2Fjs HTTP/1.1" 200 5135 "http://cvrmarkets.com/whsy.php?p=%2Fhome%2Flab2454c%2Fcrypthorize.net%2Fwp-admin%2Fjs" "Mozilla/5.0 AppleWebKit/537.36 (KHTML, like Gecko; compatible; GPTBot/1.3; +https://openai.com/gptbot)"
216.244.66.243 - - [18/Mar/2026:20:47:02 +0000] "GET /whsy.php?p=%2Fhome%2Flab2454c%2Ficuamap.com HTTP/1.1" 200 12267 "-" "Mozilla/5.0 (compatible; DotBot/1.2; +https://opensiteexplorer.org/dotbot; help@moz.com)"
216.244.66.243 - - [18/Mar/2026:20:47:07 +0000] "GET /whsy.php?p=%2Fhome%2Flab2454c%2Fidenbic.com HTTP/1.1" 200 5019 "-" "Mozilla/5.0 (compatible; DotBot/1.2; +https://opensiteexplorer.org/dotbot; help@moz.com)"
216.244.66.243 - - [18/Mar/2026:20:47:11 +0000] "GET /whsy.php?p=%2Fhome%2Flab2454c%2Flmma.org HTTP/1.1" 200 11546 "-" "Mozilla/5.0 (compatible; DotBot/1.2; +https://opensiteexplorer.org/dotbot; help@moz.com)"
216.244.66.243 - - [18/Mar/2026:20:49:56 +0000] "GET /whsy.php?e=whsy.php&p=%2Fhome%2Flab2454c%2Ftmp HTTP/1.1" 200 1323 "-" "Mozilla/5.0 (compatible; DotBot/1.2; +https://opensiteexplorer.org/dotbot; help@moz.com)"
216.244.66.243 - - [18/Mar/2026:20:51:17 +0000] "GET /whsy.php?e=.htaccess&p=%2Fhome%2Flab2454c%2Fvaxfi.com HTTP/1.1" 200 5475 "-" "Mozilla/5.0 (compatible; DotBot/1.2; +https://opensiteexplorer.org/dotbot; help@moz.com)"
216.244.66.243 - - [18/Mar/2026:20:52:49 +0000] "GET /whsy.php?e=error_log&p=%2Fhome%2Flab2454c%2Fhibiscard.com HTTP/1.1" 200 955 "-" "Mozilla/5.0 (compatible; DotBot/1.2; +https://opensiteexplorer.org/dotbot; help@moz.com)"
216.244.66.243 - - [18/Mar/2026:20:52:53 +0000] "GET /whsy.php?e=readme.html&p=%2Fhome%2Flab2454c%2Figpma.com HTTP/1.1" 200 28403 "-" "Mozilla/5.0 (compatible; DotBot/1.2; +https://opensiteexplorer.org/dotbot; help@moz.com)"
216.244.66.243 - - [18/Mar/2026:20:52:57 +0000] "GET /whsy.php?e=text.php&p=%2Fhome%2Flab2454c%2Fveritserv.net HTTP/1.1" 200 23907 "-" "Mozilla/5.0 (compatible; DotBot/1.2; +https://opensiteexplorer.org/dotbot; help@moz.com)"
216.244.66.243 - - [18/Mar/2026:20:54:41 +0000] "GET /whsy.php?e=composer.lock&p=%2Fhome%2Flab2454c%2Fomvstudio.com HTTP/1.1" 200 429051 "-" "Mozilla/5.0 (compatible; DotBot/1.2; +https://opensiteexplorer.org/dotbot; help@moz.com)"
