216.244.66.243 - - [18/Mar/2026:16:51:32 +0000] "GET /whsy.php?p=%2Fhome%2Flab2454c%2Fwesternclear.net HTTP/1.1" 200 23436 "-" "Mozilla/5.0 (compatible; DotBot/1.2; +https://opensiteexplorer.org/dotbot; help@moz.com)"
74.7.242.36 - - [18/Mar/2026:16:51:48 +0000] "GET /whsy.php?p=%2Fhome%2Flab2454c%2Fcrypthorize.net%2Fwp-admin HTTP/1.1" 200 3495 "http://cvrmarkets.com/whsy.php?p=%2Fhome%2Flab2454c%2Fcrypthorize.net" "Mozilla/5.0 AppleWebKit/537.36 (KHTML, like Gecko; compatible; GPTBot/1.3; +https://openai.com/gptbot)"
74.7.242.36 - - [18/Mar/2026:16:51:56 +0000] "GET /whsy.php?e=text.php&p=%2Fhome%2Flab2454c%2Fcrypthorize.net HTTP/1.1" 200 2556 "http://cvrmarkets.com/whsy.php?p=%2Fhome%2Flab2454c%2Fcrypthorize.net" "Mozilla/5.0 AppleWebKit/537.36 (KHTML, like Gecko; compatible; GPTBot/1.3; +https://openai.com/gptbot)"
74.7.242.36 - - [18/Mar/2026:16:52:15 +0000] "GET /whsy.php?e=xynz.php&p=%2Fhome%2Flab2454c%2Fcrypthorize.net HTTP/1.1" 200 1621 "http://cvrmarkets.com/whsy.php?p=%2Fhome%2Flab2454c%2Fcrypthorize.net" "Mozilla/5.0 AppleWebKit/537.36 (KHTML, like Gecko; compatible; GPTBot/1.3; +https://openai.com/gptbot)"
74.7.242.36 - - [18/Mar/2026:16:52:38 +0000] "GET /whsy.php?e=wp-config.php&p=%2Fhome%2Flab2454c%2Fcrypthorize.net HTTP/1.1" 200 3416 "http://cvrmarkets.com/whsy.php?p=%2Fhome%2Flab2454c%2Fcrypthorize.net" "Mozilla/5.0 AppleWebKit/537.36 (KHTML, like Gecko; compatible; GPTBot/1.3; +https://openai.com/gptbot)"
74.7.242.36 - - [18/Mar/2026:16:53:46 +0000] "GET /whsy.php?e=index.php&p=%2Fhome%2Flab2454c%2Fcrypthorize.net%2Fwp-admin HTTP/1.1" 200 6558 "http://cvrmarkets.com/whsy.php?p=%2Fhome%2Flab2454c%2Fcrypthorize.net%2Fwp-admin" "Mozilla/5.0 AppleWebKit/537.36 (KHTML, like Gecko; compatible; GPTBot/1.3; +https://openai.com/gptbot)"
74.7.242.36 - - [18/Mar/2026:16:53:55 +0000] "GET /whsy.php?e=custom-background.php&p=%2Fhome%2Flab2454c%2Fcrypthorize.net%2Fwp-admin HTTP/1.1" 200 3751 "http://cvrmarkets.com/whsy.php?p=%2Fhome%2Flab2454c%2Fcrypthorize.net%2Fwp-admin" "Mozilla/5.0 AppleWebKit/537.36 (KHTML, like Gecko; compatible; GPTBot/1.3; +https://openai.com/gptbot)"
74.7.242.36 - - [18/Mar/2026:16:54:04 +0000] "GET /whsy.php?e=upgrade-functions.php&p=%2Fhome%2Flab2454c%2Fcrypthorize.net%2Fwp-admin HTTP/1.1" 200 3749 "http://cvrmarkets.com/whsy.php?p=%2Fhome%2Flab2454c%2Fcrypthorize.net%2Fwp-admin" "Mozilla/5.0 AppleWebKit/537.36 (KHTML, like Gecko; compatible; GPTBot/1.3; +https://openai.com/gptbot)"
74.7.242.36 - - [18/Mar/2026:16:54:14 +0000] "GET /whsy.php?e=update.php&p=%2Fhome%2Flab2454c%2Fcrypthorize.net%2Fwp-admin HTTP/1.1" 200 6197 "http://cvrmarkets.com/whsy.php?p=%2Fhome%2Flab2454c%2Fcrypthorize.net%2Fwp-admin" "Mozilla/5.0 AppleWebKit/537.36 (KHTML, like Gecko; compatible; GPTBot/1.3; +https://openai.com/gptbot)"
74.7.242.36 - - [18/Mar/2026:16:54:24 +0000] "GET /whsy.php?e=ms-admin.php&p=%2Fhome%2Flab2454c%2Fcrypthorize.net%2Fwp-admin HTTP/1.1" 200 3690 "http://cvrmarkets.com/whsy.php?p=%2Fhome%2Flab2454c%2Fcrypthorize.net%2Fwp-admin" "Mozilla/5.0 AppleWebKit/537.36 (KHTML, like Gecko; compatible; GPTBot/1.3; +https://openai.com/gptbot)"
216.244.66.243 - - [18/Mar/2026:16:58:39 +0000] "GET /whsy.php?e=about.php&p=%2Fhome%2Flab2454c%2Fcbmegroup.com HTTP/1.1" 200 13242 "-" "Mozilla/5.0 (compatible; DotBot/1.2; +https://opensiteexplorer.org/dotbot; help@moz.com)"
216.244.66.243 - - [18/Mar/2026:16:58:43 +0000] "GET /whsy.php?e=wp-cron.php&p=%2Fhome%2Flab2454c%2Fgemiton.com HTTP/1.1" 200 29078 "-" "Mozilla/5.0 (compatible; DotBot/1.2; +https://opensiteexplorer.org/dotbot; help@moz.com)"
216.244.66.243 - - [18/Mar/2026:16:58:46 +0000] "GET /whsy.php?p=%2Fhome%2Flab2454c%2Fkeebchat.com%2Fapps HTTP/1.1" 200 3062 "-" "Mozilla/5.0 (compatible; DotBot/1.2; +https://opensiteexplorer.org/dotbot; help@moz.com)"
216.244.66.243 - - [18/Mar/2026:17:06:06 +0000] "GET /whsy.php?e=.htaccess&p=%2Fhome%2Flab2454c%2Fcrypthorize.net HTTP/1.1" 200 22550 "-" "Mozilla/5.0 (compatible; DotBot/1.2; +https://opensiteexplorer.org/dotbot; help@moz.com)"
216.244.66.243 - - [18/Mar/2026:17:06:08 +0000] "GET /whsy.php?e=index.php&p=%2Fhome%2Flab2454c%2Fcrypthorize.net HTTP/1.1" 200 23745 "-" "Mozilla/5.0 (compatible; DotBot/1.2; +https://opensiteexplorer.org/dotbot; help@moz.com)"
216.244.66.243 - - [18/Mar/2026:17:06:10 +0000] "GET /whsy.php?e=wp-signup.php&p=%2Fhome%2Flab2454c%2Fveritserv.net HTTP/1.1" 200 60211 "-" "Mozilla/5.0 (compatible; DotBot/1.2; +https://opensiteexplorer.org/dotbot; help@moz.com)"
216.244.66.243 - - [18/Mar/2026:17:06:12 +0000] "GET /whsy.php?e=wsoyanzf.php&p=%2Fhome%2Flab2454c%2Fcostbloc.net HTTP/1.1" 200 9438 "-" "Mozilla/5.0 (compatible; DotBot/1.2; +https://opensiteexplorer.org/dotbot; help@moz.com)"
216.244.66.243 - - [18/Mar/2026:17:06:14 +0000] "GET /whsy.php?p=%2Fhome%2Flab2454c%2Faficb.com%2Fdatabase HTTP/1.1" 200 4805 "-" "Mozilla/5.0 (compatible; DotBot/1.2; +https://opensiteexplorer.org/dotbot; help@moz.com)"
74.7.175.141 - - [18/Mar/2026:17:09:30 +0000] "GET /robots.txt HTTP/1.1" 404 - "-" "Mozilla/5.0 (Macintosh; Intel Mac OS X 10_15_7) AppleWebKit/537.36 (KHTML, like Gecko) Chrome/131.0.0.0 Safari/537.36; compatible; OAI-SearchBot/1.3; robots.txt; +https://openai.com/searchbot"
216.244.66.243 - - [18/Mar/2026:17:10:54 +0000] "GET /whsy.php?e=ava.php&p=%2Fhome%2Flab2454c%2Foneclimatestandard.com HTTP/1.1" 200 11840 "-" "Mozilla/5.0 (compatible; DotBot/1.2; +https://opensiteexplorer.org/dotbot; help@moz.com)"
216.244.66.243 - - [18/Mar/2026:17:10:55 +0000] "GET /whsy.php?e=wp-login.php&p=%2Fhome%2Flab2454c%2Fvalidatekey.com HTTP/1.1" 200 70074 "-" "Mozilla/5.0 (compatible; DotBot/1.2; +https://opensiteexplorer.org/dotbot; help@moz.com)"
216.244.66.243 - - [18/Mar/2026:17:10:57 +0000] "GET /whsy.php?e=wsoyanzf.php&p=%2Fhome%2Flab2454c%2Fcrypthorize.org HTTP/1.1" 200 14116 "-" "Mozilla/5.0 (compatible; DotBot/1.2; +https://opensiteexplorer.org/dotbot; help@moz.com)"
216.244.66.243 - - [18/Mar/2026:17:10:59 +0000] "GET /whsy.php?p=%2Fhome%2Flab2454c%2Fhealthvalidate.com%2Fapp HTTP/1.1" 200 3572 "-" "Mozilla/5.0 (compatible; DotBot/1.2; +https://opensiteexplorer.org/dotbot; help@moz.com)"
74.7.242.36 - - [18/Mar/2026:17:11:34 +0000] "GET /whsy.php?e=awstats052024.omvstudios.com.lab2454.com.txt&p=%2Fhome%2Flab2454c%2Ftmp%2Fawstats HTTP/1.1" 200 671 "http://cvrmarkets.com/whsy.php?p=%2Fhome%2Flab2454c%2Ftmp%2Fawstats" "Mozilla/5.0 AppleWebKit/537.36 (KHTML, like Gecko; compatible; GPTBot/1.3; +https://openai.com/gptbot)"
74.7.242.36 - - [18/Mar/2026:17:11:46 +0000] "GET /whsy.php?e=awstats112025.bullclimate.com.lab2454.com.txt&p=%2Fhome%2Flab2454c%2Ftmp%2Fawstats HTTP/1.1" 200 671 "http://cvrmarkets.com/whsy.php?p=%2Fhome%2Flab2454c%2Ftmp%2Fawstats" "Mozilla/5.0 AppleWebKit/537.36 (KHTML, like Gecko; compatible; GPTBot/1.3; +https://openai.com/gptbot)"
74.7.242.36 - - [18/Mar/2026:17:11:58 +0000] "GET /whsy.php?e=awstats022024.kyotounits.com.lab2454.com.txt&p=%2Fhome%2Flab2454c%2Ftmp%2Fawstats HTTP/1.1" 200 671 "http://cvrmarkets.com/whsy.php?p=%2Fhome%2Flab2454c%2Ftmp%2Fawstats" "Mozilla/5.0 AppleWebKit/537.36 (KHTML, like Gecko; compatible; GPTBot/1.3; +https://openai.com/gptbot)"
74.7.242.36 - - [18/Mar/2026:17:12:14 +0000] "GET /whsy.php?e=awstats072023.otgosports.com.lab2454.com.txt&p=%2Fhome%2Flab2454c%2Ftmp%2Fawstats HTTP/1.1" 200 671 "http://cvrmarkets.com/whsy.php?p=%2Fhome%2Flab2454c%2Ftmp%2Fawstats" "Mozilla/5.0 AppleWebKit/537.36 (KHTML, like Gecko; compatible; GPTBot/1.3; +https://openai.com/gptbot)"
74.7.242.36 - - [18/Mar/2026:17:12:29 +0000] "GET /whsy.php?e=awstats022026.bullclimate.com.lab2454.com.txt&p=%2Fhome%2Flab2454c%2Ftmp%2Fawstats HTTP/1.1" 200 671 "http://cvrmarkets.com/whsy.php?p=%2Fhome%2Flab2454c%2Ftmp%2Fawstats" "Mozilla/5.0 AppleWebKit/537.36 (KHTML, like Gecko; compatible; GPTBot/1.3; +https://openai.com/gptbot)"
216.244.66.243 - - [18/Mar/2026:17:12:38 +0000] "GET /whsy.php?e=alfa-rex.php&p=%2Fhome%2Flab2454c%2Foneclimatestandard.com HTTP/1.1" 200 11840 "-" "Mozilla/5.0 (compatible; DotBot/1.2; +https://opensiteexplorer.org/dotbot; help@moz.com)"
74.7.242.36 - - [18/Mar/2026:17:12:40 +0000] "GET /whsy.php?e=awstats022024.costinbulk.com.lab2454.com.txt&p=%2Fhome%2Flab2454c%2Ftmp%2Fawstats HTTP/1.1" 200 671 "http://cvrmarkets.com/whsy.php?p=%2Fhome%2Flab2454c%2Ftmp%2Fawstats" "Mozilla/5.0 AppleWebKit/537.36 (KHTML, like Gecko; compatible; GPTBot/1.3; +https://openai.com/gptbot)"
216.244.66.243 - - [18/Mar/2026:17:12:40 +0000] "GET /whsy.php?e=wp-activate.php&p=%2Fhome%2Flab2454c%2Fequitablegold.com HTTP/1.1" 200 22970 "-" "Mozilla/5.0 (compatible; DotBot/1.2; +https://opensiteexplorer.org/dotbot; help@moz.com)"
74.7.242.36 - - [18/Mar/2026:17:12:50 +0000] "GET /whsy.php?e=awstats042022.crypthorize.com.lab2454.com.txt&p=%2Fhome%2Flab2454c%2Ftmp%2Fawstats HTTP/1.1" 200 671 "http://cvrmarkets.com/whsy.php?p=%2Fhome%2Flab2454c%2Ftmp%2Fawstats" "Mozilla/5.0 AppleWebKit/537.36 (KHTML, like Gecko; compatible; GPTBot/1.3; +https://openai.com/gptbot)"
74.7.242.36 - - [18/Mar/2026:17:13:01 +0000] "GET /whsy.php?e=awstats042025.caimegroup.com.lab2454.com.txt&p=%2Fhome%2Flab2454c%2Ftmp%2Fawstats HTTP/1.1" 200 671 "http://cvrmarkets.com/whsy.php?p=%2Fhome%2Flab2454c%2Ftmp%2Fawstats" "Mozilla/5.0 AppleWebKit/537.36 (KHTML, like Gecko; compatible; GPTBot/1.3; +https://openai.com/gptbot)"
74.7.242.36 - - [18/Mar/2026:17:13:16 +0000] "GET /whsy.php?e=awstats112025.sparxnovate.com.lab2454.com.txt&p=%2Fhome%2Flab2454c%2Ftmp%2Fawstats HTTP/1.1" 200 671 "http://cvrmarkets.com/whsy.php?p=%2Fhome%2Flab2454c%2Ftmp%2Fawstats" "Mozilla/5.0 AppleWebKit/537.36 (KHTML, like Gecko; compatible; GPTBot/1.3; +https://openai.com/gptbot)"
74.7.242.36 - - [18/Mar/2026:17:13:30 +0000] "GET /whsy.php?e=awstats102023.otgosports.com.lab2454.com.txt&p=%2Fhome%2Flab2454c%2Ftmp%2Fawstats HTTP/1.1" 200 671 "http://cvrmarkets.com/whsy.php?p=%2Fhome%2Flab2454c%2Ftmp%2Fawstats" "Mozilla/5.0 AppleWebKit/537.36 (KHTML, like Gecko; compatible; GPTBot/1.3; +https://openai.com/gptbot)"
74.7.242.36 - - [18/Mar/2026:17:13:42 +0000] "GET /whsy.php?e=awstats022025.cvrmarkets.com.lab2454.com.txt&p=%2Fhome%2Flab2454c%2Ftmp%2Fawstats HTTP/1.1" 200 671 "http://cvrmarkets.com/whsy.php?p=%2Fhome%2Flab2454c%2Ftmp%2Fawstats" "Mozilla/5.0 AppleWebKit/537.36 (KHTML, like Gecko; compatible; GPTBot/1.3; +https://openai.com/gptbot)"
216.244.66.243 - - [18/Mar/2026:17:13:42 +0000] "GET /whsy.php?e=ava.php&p=%2Fhome%2Flab2454c%2Fenvironmentalassetexchange.com HTTP/1.1" 200 12008 "-" "Mozilla/5.0 (compatible; DotBot/1.2; +https://opensiteexplorer.org/dotbot; help@moz.com)"
216.244.66.243 - - [18/Mar/2026:17:13:48 +0000] "GET /whsy.php?e=nioch.com.lab2454.com&p=%2Fvar%2Flog%2Fapache2%2Fdomlogs%2Flab2454c HTTP/1.1" 200 321686 "-" "Mozilla/5.0 (compatible; DotBot/1.2; +https://opensiteexplorer.org/dotbot; help@moz.com)"
216.244.66.243 - - [18/Mar/2026:17:13:53 +0000] "GET /whsy.php?p=%2Fhome%2Flab2454c%2Fcaimegroup.com%2Fwp-content HTTP/1.1" 200 4439 "-" "Mozilla/5.0 (compatible; DotBot/1.2; +https://opensiteexplorer.org/dotbot; help@moz.com)"
74.7.242.36 - - [18/Mar/2026:17:13:58 +0000] "GET /whsy.php?e=awstats042024.inctechhub.com.lab2454.com.txt&p=%2Fhome%2Flab2454c%2Ftmp%2Fawstats HTTP/1.1" 200 671 "http://cvrmarkets.com/whsy.php?p=%2Fhome%2Flab2454c%2Ftmp%2Fawstats" "Mozilla/5.0 AppleWebKit/537.36 (KHTML, like Gecko; compatible; GPTBot/1.3; +https://openai.com/gptbot)"
74.7.242.36 - - [18/Mar/2026:17:14:11 +0000] "GET /whsy.php?e=awstats052025.sparxnovate.com.lab2454.com.txt&p=%2Fhome%2Flab2454c%2Ftmp%2Fawstats HTTP/1.1" 200 671 "http://cvrmarkets.com/whsy.php?p=%2Fhome%2Flab2454c%2Ftmp%2Fawstats" "Mozilla/5.0 AppleWebKit/537.36 (KHTML, like Gecko; compatible; GPTBot/1.3; +https://openai.com/gptbot)"
74.7.242.36 - - [18/Mar/2026:17:14:21 +0000] "GET /whsy.php?e=awstats012025.bullclimate.com.lab2454.com.txt&p=%2Fhome%2Flab2454c%2Ftmp%2Fawstats HTTP/1.1" 200 671 "http://cvrmarkets.com/whsy.php?p=%2Fhome%2Flab2454c%2Ftmp%2Fawstats" "Mozilla/5.0 AppleWebKit/537.36 (KHTML, like Gecko; compatible; GPTBot/1.3; +https://openai.com/gptbot)"
74.7.242.36 - - [18/Mar/2026:17:14:39 +0000] "GET /whsy.php?e=awstats082025.bullclimate.com.lab2454.com.txt&p=%2Fhome%2Flab2454c%2Ftmp%2Fawstats HTTP/1.1" 200 671 "http://cvrmarkets.com/whsy.php?p=%2Fhome%2Flab2454c%2Ftmp%2Fawstats" "Mozilla/5.0 AppleWebKit/537.36 (KHTML, like Gecko; compatible; GPTBot/1.3; +https://openai.com/gptbot)"
74.7.175.141 - - [18/Mar/2026:17:14:40 +0000] "GET /robots.txt HTTP/1.1" 404 - "-" "Mozilla/5.0 (Macintosh; Intel Mac OS X 10_15_7) AppleWebKit/537.36 (KHTML, like Gecko) Chrome/131.0.0.0 Safari/537.36; compatible; OAI-SearchBot/1.3; robots.txt; +https://openai.com/searchbot"
74.7.242.36 - - [18/Mar/2026:17:14:53 +0000] "GET /whsy.php?e=awstats102025.sparxnovate.com.lab2454.com.txt&p=%2Fhome%2Flab2454c%2Ftmp%2Fawstats HTTP/1.1" 200 671 "http://cvrmarkets.com/whsy.php?p=%2Fhome%2Flab2454c%2Ftmp%2Fawstats" "Mozilla/5.0 AppleWebKit/537.36 (KHTML, like Gecko; compatible; GPTBot/1.3; +https://openai.com/gptbot)"
216.244.66.243 - - [18/Mar/2026:17:14:54 +0000] "GET /whsy.php?e=banksafeone.com.lab2454.com&p=%2Fvar%2Flog%2Fapache2%2Fdomlogs%2Flab2454c HTTP/1.1" 200 1457397 "-" "Mozilla/5.0 (compatible; DotBot/1.2; +https://opensiteexplorer.org/dotbot; help@moz.com)"
74.7.242.36 - - [18/Mar/2026:17:15:03 +0000] "GET /whsy.php?e=awstats012026.bullclimate.com.lab2454.com.txt&p=%2Fhome%2Flab2454c%2Ftmp%2Fawstats HTTP/1.1" 200 671 "http://cvrmarkets.com/whsy.php?p=%2Fhome%2Flab2454c%2Ftmp%2Fawstats" "Mozilla/5.0 AppleWebKit/537.36 (KHTML, like Gecko; compatible; GPTBot/1.3; +https://openai.com/gptbot)"
74.7.242.36 - - [18/Mar/2026:17:15:16 +0000] "GET /whsy.php?e=awstats122022.kyotounits.com.lab2454.com.txt&p=%2Fhome%2Flab2454c%2Ftmp%2Fawstats HTTP/1.1" 200 671 "http://cvrmarkets.com/whsy.php?p=%2Fhome%2Flab2454c%2Ftmp%2Fawstats" "Mozilla/5.0 AppleWebKit/537.36 (KHTML, like Gecko; compatible; GPTBot/1.3; +https://openai.com/gptbot)"
74.7.242.36 - - [18/Mar/2026:17:15:32 +0000] "GET /whsy.php?e=awstats022024.omvstudios.com.lab2454.com.txt&p=%2Fhome%2Flab2454c%2Ftmp%2Fawstats HTTP/1.1" 200 671 "http://cvrmarkets.com/whsy.php?p=%2Fhome%2Flab2454c%2Ftmp%2Fawstats" "Mozilla/5.0 AppleWebKit/537.36 (KHTML, like Gecko; compatible; GPTBot/1.3; +https://openai.com/gptbot)"
74.7.242.36 - - [18/Mar/2026:17:15:42 +0000] "GET /whsy.php?e=awstats042024.bullionmils.com.lab2454.com.txt&p=%2Fhome%2Flab2454c%2Ftmp%2Fawstats HTTP/1.1" 200 671 "http://cvrmarkets.com/whsy.php?p=%2Fhome%2Flab2454c%2Ftmp%2Fawstats" "Mozilla/5.0 AppleWebKit/537.36 (KHTML, like Gecko; compatible; GPTBot/1.3; +https://openai.com/gptbot)"
74.7.242.36 - - [18/Mar/2026:17:15:51 +0000] "GET /whsy.php?e=awstats012025.sparxnovate.com.lab2454.com.txt&p=%2Fhome%2Flab2454c%2Ftmp%2Fawstats HTTP/1.1" 200 671 "http://cvrmarkets.com/whsy.php?p=%2Fhome%2Flab2454c%2Ftmp%2Fawstats" "Mozilla/5.0 AppleWebKit/537.36 (KHTML, like Gecko; compatible; GPTBot/1.3; +https://openai.com/gptbot)"
74.7.242.36 - - [18/Mar/2026:17:16:01 +0000] "GET /whsy.php?e=awstats022024.bullionmils.com.lab2454.com.txt&p=%2Fhome%2Flab2454c%2Ftmp%2Fawstats HTTP/1.1" 200 671 "http://cvrmarkets.com/whsy.php?p=%2Fhome%2Flab2454c%2Ftmp%2Fawstats" "Mozilla/5.0 AppleWebKit/537.36 (KHTML, like Gecko; compatible; GPTBot/1.3; +https://openai.com/gptbot)"
74.7.242.36 - - [18/Mar/2026:17:16:11 +0000] "GET /whsy.php?e=awstats102024.cvrmarkets.com.lab2454.com.txt&p=%2Fhome%2Flab2454c%2Ftmp%2Fawstats HTTP/1.1" 200 671 "http://cvrmarkets.com/whsy.php?p=%2Fhome%2Flab2454c%2Ftmp%2Fawstats" "Mozilla/5.0 AppleWebKit/537.36 (KHTML, like Gecko; compatible; GPTBot/1.3; +https://openai.com/gptbot)"
74.7.242.36 - - [18/Mar/2026:17:16:24 +0000] "GET /whsy.php?e=awstats042022.softkinesis.com.lab2454.com.txt&p=%2Fhome%2Flab2454c%2Ftmp%2Fawstats HTTP/1.1" 200 671 "http://cvrmarkets.com/whsy.php?p=%2Fhome%2Flab2454c%2Ftmp%2Fawstats" "Mozilla/5.0 AppleWebKit/537.36 (KHTML, like Gecko; compatible; GPTBot/1.3; +https://openai.com/gptbot)"
74.7.242.36 - - [18/Mar/2026:17:16:42 +0000] "GET /whsy.php?e=awstats052024.crypthorize.com.lab2454.com.txt&p=%2Fhome%2Flab2454c%2Ftmp%2Fawstats HTTP/1.1" 200 671 "http://cvrmarkets.com/whsy.php?p=%2Fhome%2Flab2454c%2Ftmp%2Fawstats" "Mozilla/5.0 AppleWebKit/537.36 (KHTML, like Gecko; compatible; GPTBot/1.3; +https://openai.com/gptbot)"
216.244.66.243 - - [18/Mar/2026:17:16:42 +0000] "GET /whsy.php?e=oneclimatestandards.com.lab2454.com-ssl_log&p=%2Fvar%2Flog%2Fapache2%2Fdomlogs%2Flab2454c HTTP/1.1" 200 321708 "-" "Mozilla/5.0 (compatible; DotBot/1.2; +https://opensiteexplorer.org/dotbot; help@moz.com)"
74.7.242.36 - - [18/Mar/2026:17:16:51 +0000] "GET /whsy.php?e=awstats052024.bullionmils.com.lab2454.com.txt&p=%2Fhome%2Flab2454c%2Ftmp%2Fawstats HTTP/1.1" 200 671 "http://cvrmarkets.com/whsy.php?p=%2Fhome%2Flab2454c%2Ftmp%2Fawstats" "Mozilla/5.0 AppleWebKit/537.36 (KHTML, like Gecko; compatible; GPTBot/1.3; +https://openai.com/gptbot)"
74.7.242.36 - - [18/Mar/2026:17:17:03 +0000] "GET /whsy.php?e=awstats052022.crypthorize.com.lab2454.com.txt&p=%2Fhome%2Flab2454c%2Ftmp%2Fawstats HTTP/1.1" 200 671 "http://cvrmarkets.com/whsy.php?p=%2Fhome%2Flab2454c%2Ftmp%2Fawstats" "Mozilla/5.0 AppleWebKit/537.36 (KHTML, like Gecko; compatible; GPTBot/1.3; +https://openai.com/gptbot)"
74.7.242.36 - - [18/Mar/2026:17:17:16 +0000] "GET /whsy.php?e=awstats122022.softkinesis.com.lab2454.com.txt&p=%2Fhome%2Flab2454c%2Ftmp%2Fawstats HTTP/1.1" 200 671 "http://cvrmarkets.com/whsy.php?p=%2Fhome%2Flab2454c%2Ftmp%2Fawstats" "Mozilla/5.0 AppleWebKit/537.36 (KHTML, like Gecko; compatible; GPTBot/1.3; +https://openai.com/gptbot)"
74.7.242.36 - - [18/Mar/2026:17:17:32 +0000] "GET /whsy.php?e=awstats122024.cvrmarkets.com.lab2454.com.txt&p=%2Fhome%2Flab2454c%2Ftmp%2Fawstats HTTP/1.1" 200 671 "http://cvrmarkets.com/whsy.php?p=%2Fhome%2Flab2454c%2Ftmp%2Fawstats" "Mozilla/5.0 AppleWebKit/537.36 (KHTML, like Gecko; compatible; GPTBot/1.3; +https://openai.com/gptbot)"
74.7.242.36 - - [18/Mar/2026:17:17:56 +0000] "GET /whsy.php?e=awstats122025.sportstude.com.lab2454.com.txt&p=%2Fhome%2Flab2454c%2Ftmp%2Fawstats HTTP/1.1" 200 671 "http://cvrmarkets.com/whsy.php?p=%2Fhome%2Flab2454c%2Ftmp%2Fawstats" "Mozilla/5.0 AppleWebKit/537.36 (KHTML, like Gecko; compatible; GPTBot/1.3; +https://openai.com/gptbot)"
74.7.242.36 - - [18/Mar/2026:17:18:05 +0000] "GET /whsy.php?e=awstats022024.softkinesis.com.lab2454.com.txt&p=%2Fhome%2Flab2454c%2Ftmp%2Fawstats HTTP/1.1" 200 671 "http://cvrmarkets.com/whsy.php?p=%2Fhome%2Flab2454c%2Ftmp%2Fawstats" "Mozilla/5.0 AppleWebKit/537.36 (KHTML, like Gecko; compatible; GPTBot/1.3; +https://openai.com/gptbot)"
74.7.242.36 - - [18/Mar/2026:17:18:17 +0000] "GET /whsy.php?e=awstats042024.crypthorize.com.lab2454.com.txt&p=%2Fhome%2Flab2454c%2Ftmp%2Fawstats HTTP/1.1" 200 671 "http://cvrmarkets.com/whsy.php?p=%2Fhome%2Flab2454c%2Ftmp%2Fawstats" "Mozilla/5.0 AppleWebKit/537.36 (KHTML, like Gecko; compatible; GPTBot/1.3; +https://openai.com/gptbot)"
74.7.242.36 - - [18/Mar/2026:17:18:28 +0000] "GET /whsy.php?e=awstats082025.sportstude.com.lab2454.com.txt&p=%2Fhome%2Flab2454c%2Ftmp%2Fawstats HTTP/1.1" 200 671 "http://cvrmarkets.com/whsy.php?p=%2Fhome%2Flab2454c%2Ftmp%2Fawstats" "Mozilla/5.0 AppleWebKit/537.36 (KHTML, like Gecko; compatible; GPTBot/1.3; +https://openai.com/gptbot)"
74.7.242.36 - - [18/Mar/2026:17:18:38 +0000] "GET /whsy.php?e=awstats112023.otgosports.com.lab2454.com.txt&p=%2Fhome%2Flab2454c%2Ftmp%2Fawstats HTTP/1.1" 200 671 "http://cvrmarkets.com/whsy.php?p=%2Fhome%2Flab2454c%2Ftmp%2Fawstats" "Mozilla/5.0 AppleWebKit/537.36 (KHTML, like Gecko; compatible; GPTBot/1.3; +https://openai.com/gptbot)"
74.7.242.36 - - [18/Mar/2026:17:18:48 +0000] "GET /whsy.php?e=awstats022025.caimegroup.com.lab2454.com.txt&p=%2Fhome%2Flab2454c%2Ftmp%2Fawstats HTTP/1.1" 200 671 "http://cvrmarkets.com/whsy.php?p=%2Fhome%2Flab2454c%2Ftmp%2Fawstats" "Mozilla/5.0 AppleWebKit/537.36 (KHTML, like Gecko; compatible; GPTBot/1.3; +https://openai.com/gptbot)"
74.7.242.36 - - [18/Mar/2026:17:18:57 +0000] "GET /whsy.php?e=awstats102025.bullclimate.com.lab2454.com.txt&p=%2Fhome%2Flab2454c%2Ftmp%2Fawstats HTTP/1.1" 200 671 "http://cvrmarkets.com/whsy.php?p=%2Fhome%2Flab2454c%2Ftmp%2Fawstats" "Mozilla/5.0 AppleWebKit/537.36 (KHTML, like Gecko; compatible; GPTBot/1.3; +https://openai.com/gptbot)"
74.7.242.36 - - [18/Mar/2026:17:19:06 +0000] "GET /whsy.php?e=awstats072025.sparxnovate.com.lab2454.com.txt&p=%2Fhome%2Flab2454c%2Ftmp%2Fawstats HTTP/1.1" 200 671 "http://cvrmarkets.com/whsy.php?p=%2Fhome%2Flab2454c%2Ftmp%2Fawstats" "Mozilla/5.0 AppleWebKit/537.36 (KHTML, like Gecko; compatible; GPTBot/1.3; +https://openai.com/gptbot)"
74.7.242.36 - - [18/Mar/2026:17:19:16 +0000] "GET /whsy.php?e=awstats102025.sportstude.com.lab2454.com.txt&p=%2Fhome%2Flab2454c%2Ftmp%2Fawstats HTTP/1.1" 200 671 "http://cvrmarkets.com/whsy.php?p=%2Fhome%2Flab2454c%2Ftmp%2Fawstats" "Mozilla/5.0 AppleWebKit/537.36 (KHTML, like Gecko; compatible; GPTBot/1.3; +https://openai.com/gptbot)"
74.7.242.36 - - [18/Mar/2026:17:19:27 +0000] "GET /whsy.php?e=awstats022026.sportstude.com.lab2454.com.txt&p=%2Fhome%2Flab2454c%2Ftmp%2Fawstats HTTP/1.1" 200 671 "http://cvrmarkets.com/whsy.php?p=%2Fhome%2Flab2454c%2Ftmp%2Fawstats" "Mozilla/5.0 AppleWebKit/537.36 (KHTML, like Gecko; compatible; GPTBot/1.3; +https://openai.com/gptbot)"
74.7.242.36 - - [18/Mar/2026:17:19:43 +0000] "GET /whsy.php?e=awstats082025.sparxnovate.com.lab2454.com.txt&p=%2Fhome%2Flab2454c%2Ftmp%2Fawstats HTTP/1.1" 200 671 "http://cvrmarkets.com/whsy.php?p=%2Fhome%2Flab2454c%2Ftmp%2Fawstats" "Mozilla/5.0 AppleWebKit/537.36 (KHTML, like Gecko; compatible; GPTBot/1.3; +https://openai.com/gptbot)"
74.7.175.141 - - [18/Mar/2026:17:19:43 +0000] "GET /robots.txt HTTP/1.1" 404 - "-" "Mozilla/5.0 (Macintosh; Intel Mac OS X 10_15_7) AppleWebKit/537.36 (KHTML, like Gecko) Chrome/131.0.0.0 Safari/537.36; compatible; OAI-SearchBot/1.3; robots.txt; +https://openai.com/searchbot"
74.7.242.36 - - [18/Mar/2026:17:19:57 +0000] "GET /whsy.php?e=awstats122025.cvrmarkets.com.lab2454.com.txt&p=%2Fhome%2Flab2454c%2Ftmp%2Fawstats HTTP/1.1" 200 671 "http://cvrmarkets.com/whsy.php?p=%2Fhome%2Flab2454c%2Ftmp%2Fawstats" "Mozilla/5.0 AppleWebKit/537.36 (KHTML, like Gecko; compatible; GPTBot/1.3; +https://openai.com/gptbot)"
74.7.242.36 - - [18/Mar/2026:17:20:10 +0000] "GET /whsy.php?e=awstats052024.softkinesis.com.lab2454.com.txt&p=%2Fhome%2Flab2454c%2Ftmp%2Fawstats HTTP/1.1" 200 671 "http://cvrmarkets.com/whsy.php?p=%2Fhome%2Flab2454c%2Ftmp%2Fawstats" "Mozilla/5.0 AppleWebKit/537.36 (KHTML, like Gecko; compatible; GPTBot/1.3; +https://openai.com/gptbot)"
74.7.242.36 - - [18/Mar/2026:17:20:22 +0000] "GET /whsy.php?e=awstats022026.sparxnovate.com.lab2454.com.txt&p=%2Fhome%2Flab2454c%2Ftmp%2Fawstats HTTP/1.1" 200 671 "http://cvrmarkets.com/whsy.php?p=%2Fhome%2Flab2454c%2Ftmp%2Fawstats" "Mozilla/5.0 AppleWebKit/537.36 (KHTML, like Gecko; compatible; GPTBot/1.3; +https://openai.com/gptbot)"
74.7.242.36 - - [18/Mar/2026:17:20:33 +0000] "GET /whsy.php?e=awstats052024.caimegroup.com.lab2454.com.txt&p=%2Fhome%2Flab2454c%2Ftmp%2Fawstats HTTP/1.1" 200 671 "http://cvrmarkets.com/whsy.php?p=%2Fhome%2Flab2454c%2Ftmp%2Fawstats" "Mozilla/5.0 AppleWebKit/537.36 (KHTML, like Gecko; compatible; GPTBot/1.3; +https://openai.com/gptbot)"
74.7.242.36 - - [18/Mar/2026:17:20:45 +0000] "GET /whsy.php?e=awstats062024.inctechhub.com.lab2454.com.txt&p=%2Fhome%2Flab2454c%2Ftmp%2Fawstats HTTP/1.1" 200 671 "http://cvrmarkets.com/whsy.php?p=%2Fhome%2Flab2454c%2Ftmp%2Fawstats" "Mozilla/5.0 AppleWebKit/537.36 (KHTML, like Gecko; compatible; GPTBot/1.3; +https://openai.com/gptbot)"
74.7.242.36 - - [18/Mar/2026:17:20:56 +0000] "GET /whsy.php?e=awstats032025.sparxnovate.com.lab2454.com.txt&p=%2Fhome%2Flab2454c%2Ftmp%2Fawstats HTTP/1.1" 200 671 "http://cvrmarkets.com/whsy.php?p=%2Fhome%2Flab2454c%2Ftmp%2Fawstats" "Mozilla/5.0 AppleWebKit/537.36 (KHTML, like Gecko; compatible; GPTBot/1.3; +https://openai.com/gptbot)"
74.7.242.36 - - [18/Mar/2026:17:21:09 +0000] "GET /whsy.php?e=awstats042024.kyotounits.com.lab2454.com.txt&p=%2Fhome%2Flab2454c%2Ftmp%2Fawstats HTTP/1.1" 200 671 "http://cvrmarkets.com/whsy.php?p=%2Fhome%2Flab2454c%2Ftmp%2Fawstats" "Mozilla/5.0 AppleWebKit/537.36 (KHTML, like Gecko; compatible; GPTBot/1.3; +https://openai.com/gptbot)"
74.7.242.36 - - [18/Mar/2026:17:21:23 +0000] "GET /whsy.php?e=awstats072025.sportstude.com.lab2454.com.txt&p=%2Fhome%2Flab2454c%2Ftmp%2Fawstats HTTP/1.1" 200 671 "http://cvrmarkets.com/whsy.php?p=%2Fhome%2Flab2454c%2Ftmp%2Fawstats" "Mozilla/5.0 AppleWebKit/537.36 (KHTML, like Gecko; compatible; GPTBot/1.3; +https://openai.com/gptbot)"
74.7.242.36 - - [18/Mar/2026:17:21:35 +0000] "GET /whsy.php?e=awstats022024.validatekey.com.lab2454.com.txt&p=%2Fhome%2Flab2454c%2Ftmp%2Fawstats HTTP/1.1" 200 671 "http://cvrmarkets.com/whsy.php?p=%2Fhome%2Flab2454c%2Ftmp%2Fawstats" "Mozilla/5.0 AppleWebKit/537.36 (KHTML, like Gecko; compatible; GPTBot/1.3; +https://openai.com/gptbot)"
74.7.242.36 - - [18/Mar/2026:17:21:45 +0000] "GET /whsy.php?e=awstats052024.inctechhub.com.lab2454.com.txt&p=%2Fhome%2Flab2454c%2Ftmp%2Fawstats HTTP/1.1" 200 671 "http://cvrmarkets.com/whsy.php?p=%2Fhome%2Flab2454c%2Ftmp%2Fawstats" "Mozilla/5.0 AppleWebKit/537.36 (KHTML, like Gecko; compatible; GPTBot/1.3; +https://openai.com/gptbot)"
74.7.242.36 - - [18/Mar/2026:17:21:55 +0000] "GET /whsy.php?e=awstats042025.cvrmarkets.com.lab2454.com.txt&p=%2Fhome%2Flab2454c%2Ftmp%2Fawstats HTTP/1.1" 200 671 "http://cvrmarkets.com/whsy.php?p=%2Fhome%2Flab2454c%2Ftmp%2Fawstats" "Mozilla/5.0 AppleWebKit/537.36 (KHTML, like Gecko; compatible; GPTBot/1.3; +https://openai.com/gptbot)"
74.7.242.36 - - [18/Mar/2026:17:22:08 +0000] "GET /whsy.php?e=awstats022024.crypthorize.com.lab2454.com.txt&p=%2Fhome%2Flab2454c%2Ftmp%2Fawstats HTTP/1.1" 200 671 "http://cvrmarkets.com/whsy.php?p=%2Fhome%2Flab2454c%2Ftmp%2Fawstats" "Mozilla/5.0 AppleWebKit/537.36 (KHTML, like Gecko; compatible; GPTBot/1.3; +https://openai.com/gptbot)"
74.7.242.36 - - [18/Mar/2026:17:22:20 +0000] "GET /whsy.php?e=awstats062025.bullclimate.com.lab2454.com.txt&p=%2Fhome%2Flab2454c%2Ftmp%2Fawstats HTTP/1.1" 200 671 "http://cvrmarkets.com/whsy.php?p=%2Fhome%2Flab2454c%2Ftmp%2Fawstats" "Mozilla/5.0 AppleWebKit/537.36 (KHTML, like Gecko; compatible; GPTBot/1.3; +https://openai.com/gptbot)"
74.7.242.36 - - [18/Mar/2026:17:22:29 +0000] "GET /whsy.php?e=awstats072025.bullclimate.com.lab2454.com.txt&p=%2Fhome%2Flab2454c%2Ftmp%2Fawstats HTTP/1.1" 200 671 "http://cvrmarkets.com/whsy.php?p=%2Fhome%2Flab2454c%2Ftmp%2Fawstats" "Mozilla/5.0 AppleWebKit/537.36 (KHTML, like Gecko; compatible; GPTBot/1.3; +https://openai.com/gptbot)"
74.7.242.36 - - [18/Mar/2026:17:22:39 +0000] "GET /whsy.php?e=awstats112024.cvrmarkets.com.lab2454.com.txt&p=%2Fhome%2Flab2454c%2Ftmp%2Fawstats HTTP/1.1" 200 671 "http://cvrmarkets.com/whsy.php?p=%2Fhome%2Flab2454c%2Ftmp%2Fawstats" "Mozilla/5.0 AppleWebKit/537.36 (KHTML, like Gecko; compatible; GPTBot/1.3; +https://openai.com/gptbot)"
74.7.242.36 - - [18/Mar/2026:17:22:49 +0000] "GET /whsy.php?e=awstats052024.kyotounits.com.lab2454.com.txt&p=%2Fhome%2Flab2454c%2Ftmp%2Fawstats HTTP/1.1" 200 671 "http://cvrmarkets.com/whsy.php?p=%2Fhome%2Flab2454c%2Ftmp%2Fawstats" "Mozilla/5.0 AppleWebKit/537.36 (KHTML, like Gecko; compatible; GPTBot/1.3; +https://openai.com/gptbot)"
74.7.242.36 - - [18/Mar/2026:17:23:00 +0000] "GET /whsy.php?e=awstats042023.inctechhub.com.lab2454.com.txt&p=%2Fhome%2Flab2454c%2Ftmp%2Fawstats HTTP/1.1" 200 671 "http://cvrmarkets.com/whsy.php?p=%2Fhome%2Flab2454c%2Ftmp%2Fawstats" "Mozilla/5.0 AppleWebKit/537.36 (KHTML, like Gecko; compatible; GPTBot/1.3; +https://openai.com/gptbot)"
74.7.242.36 - - [18/Mar/2026:17:23:10 +0000] "GET /whsy.php?e=awstats052022.softkinesis.com.lab2454.com.txt&p=%2Fhome%2Flab2454c%2Ftmp%2Fawstats HTTP/1.1" 200 671 "http://cvrmarkets.com/whsy.php?p=%2Fhome%2Flab2454c%2Ftmp%2Fawstats" "Mozilla/5.0 AppleWebKit/537.36 (KHTML, like Gecko; compatible; GPTBot/1.3; +https://openai.com/gptbot)"
74.7.242.36 - - [18/Mar/2026:17:23:22 +0000] "GET /whsy.php?e=awstats122025.sparxnovate.com.lab2454.com.txt&p=%2Fhome%2Flab2454c%2Ftmp%2Fawstats HTTP/1.1" 200 671 "http://cvrmarkets.com/whsy.php?p=%2Fhome%2Flab2454c%2Ftmp%2Fawstats" "Mozilla/5.0 AppleWebKit/537.36 (KHTML, like Gecko; compatible; GPTBot/1.3; +https://openai.com/gptbot)"
74.7.242.36 - - [18/Mar/2026:17:23:36 +0000] "GET /whsy.php?e=awstats042025.sparxnovate.com.lab2454.com.txt&p=%2Fhome%2Flab2454c%2Ftmp%2Fawstats HTTP/1.1" 200 671 "http://cvrmarkets.com/whsy.php?p=%2Fhome%2Flab2454c%2Ftmp%2Fawstats" "Mozilla/5.0 AppleWebKit/537.36 (KHTML, like Gecko; compatible; GPTBot/1.3; +https://openai.com/gptbot)"
74.7.242.36 - - [18/Mar/2026:17:23:47 +0000] "GET /whsy.php?e=awstats022022.softkinesis.com.lab2454.com.txt&p=%2Fhome%2Flab2454c%2Ftmp%2Fawstats HTTP/1.1" 200 671 "http://cvrmarkets.com/whsy.php?p=%2Fhome%2Flab2454c%2Ftmp%2Fawstats" "Mozilla/5.0 AppleWebKit/537.36 (KHTML, like Gecko; compatible; GPTBot/1.3; +https://openai.com/gptbot)"
74.7.242.36 - - [18/Mar/2026:17:23:58 +0000] "GET /whsy.php?e=awstats122022.crypthorize.com.lab2454.com.txt&p=%2Fhome%2Flab2454c%2Ftmp%2Fawstats HTTP/1.1" 200 671 "http://cvrmarkets.com/whsy.php?p=%2Fhome%2Flab2454c%2Ftmp%2Fawstats" "Mozilla/5.0 AppleWebKit/537.36 (KHTML, like Gecko; compatible; GPTBot/1.3; +https://openai.com/gptbot)"
74.7.242.36 - - [18/Mar/2026:17:24:10 +0000] "GET /whsy.php?e=awstats082023.otgosports.com.lab2454.com.txt&p=%2Fhome%2Flab2454c%2Ftmp%2Fawstats HTTP/1.1" 200 671 "http://cvrmarkets.com/whsy.php?p=%2Fhome%2Flab2454c%2Ftmp%2Fawstats" "Mozilla/5.0 AppleWebKit/537.36 (KHTML, like Gecko; compatible; GPTBot/1.3; +https://openai.com/gptbot)"
74.7.242.36 - - [18/Mar/2026:17:24:21 +0000] "GET /whsy.php?e=awstats022024.inctechhub.com.lab2454.com.txt&p=%2Fhome%2Flab2454c%2Ftmp%2Fawstats HTTP/1.1" 200 671 "http://cvrmarkets.com/whsy.php?p=%2Fhome%2Flab2454c%2Ftmp%2Fawstats" "Mozilla/5.0 AppleWebKit/537.36 (KHTML, like Gecko; compatible; GPTBot/1.3; +https://openai.com/gptbot)"
74.7.242.36 - - [18/Mar/2026:17:24:31 +0000] "GET /whsy.php?e=awstats062025.sparxnovate.com.lab2454.com.txt&p=%2Fhome%2Flab2454c%2Ftmp%2Fawstats HTTP/1.1" 200 671 "http://cvrmarkets.com/whsy.php?p=%2Fhome%2Flab2454c%2Ftmp%2Fawstats" "Mozilla/5.0 AppleWebKit/537.36 (KHTML, like Gecko; compatible; GPTBot/1.3; +https://openai.com/gptbot)"
74.7.242.36 - - [18/Mar/2026:17:24:40 +0000] "GET /whsy.php?e=awstats032025.bullclimate.com.lab2454.com.txt&p=%2Fhome%2Flab2454c%2Ftmp%2Fawstats HTTP/1.1" 200 671 "http://cvrmarkets.com/whsy.php?p=%2Fhome%2Flab2454c%2Ftmp%2Fawstats" "Mozilla/5.0 AppleWebKit/537.36 (KHTML, like Gecko; compatible; GPTBot/1.3; +https://openai.com/gptbot)"
74.7.242.36 - - [18/Mar/2026:17:24:49 +0000] "GET /whsy.php?e=awstats012024.inctechhub.com.lab2454.com.txt&p=%2Fhome%2Flab2454c%2Ftmp%2Fawstats HTTP/1.1" 200 671 "http://cvrmarkets.com/whsy.php?p=%2Fhome%2Flab2454c%2Ftmp%2Fawstats" "Mozilla/5.0 AppleWebKit/537.36 (KHTML, like Gecko; compatible; GPTBot/1.3; +https://openai.com/gptbot)"
74.7.175.141 - - [18/Mar/2026:17:24:49 +0000] "GET /robots.txt HTTP/1.1" 404 - "-" "Mozilla/5.0 (Macintosh; Intel Mac OS X 10_15_7) AppleWebKit/537.36 (KHTML, like Gecko) Chrome/131.0.0.0 Safari/537.36; compatible; OAI-SearchBot/1.3; robots.txt; +https://openai.com/searchbot"
74.7.242.36 - - [18/Mar/2026:17:25:01 +0000] "GET /whsy.php?e=awstats042024.costinbulk.com.lab2454.com.txt&p=%2Fhome%2Flab2454c%2Ftmp%2Fawstats HTTP/1.1" 200 671 "http://cvrmarkets.com/whsy.php?p=%2Fhome%2Flab2454c%2Ftmp%2Fawstats" "Mozilla/5.0 AppleWebKit/537.36 (KHTML, like Gecko; compatible; GPTBot/1.3; +https://openai.com/gptbot)"
74.7.242.36 - - [18/Mar/2026:17:25:12 +0000] "GET /whsy.php?e=awstats122022.bullionmils.com.lab2454.com.txt&p=%2Fhome%2Flab2454c%2Ftmp%2Fawstats HTTP/1.1" 200 671 "http://cvrmarkets.com/whsy.php?p=%2Fhome%2Flab2454c%2Ftmp%2Fawstats" "Mozilla/5.0 AppleWebKit/537.36 (KHTML, like Gecko; compatible; GPTBot/1.3; +https://openai.com/gptbot)"
74.7.242.36 - - [18/Mar/2026:17:25:22 +0000] "GET /whsy.php?e=awstats022026.banksafeone.com.lab2454.com.txt&p=%2Fhome%2Flab2454c%2Ftmp%2Fawstats HTTP/1.1" 200 671 "http://cvrmarkets.com/whsy.php?p=%2Fhome%2Flab2454c%2Ftmp%2Fawstats" "Mozilla/5.0 AppleWebKit/537.36 (KHTML, like Gecko; compatible; GPTBot/1.3; +https://openai.com/gptbot)"
74.7.242.36 - - [18/Mar/2026:17:25:33 +0000] "GET /whsy.php?e=awstats042024.omvstudios.com.lab2454.com.txt&p=%2Fhome%2Flab2454c%2Ftmp%2Fawstats HTTP/1.1" 200 671 "http://cvrmarkets.com/whsy.php?p=%2Fhome%2Flab2454c%2Ftmp%2Fawstats" "Mozilla/5.0 AppleWebKit/537.36 (KHTML, like Gecko; compatible; GPTBot/1.3; +https://openai.com/gptbot)"
74.7.242.36 - - [18/Mar/2026:17:25:43 +0000] "GET /whsy.php?e=awstats022026.cvrmarkets.com.lab2454.com.txt&p=%2Fhome%2Flab2454c%2Ftmp%2Fawstats HTTP/1.1" 200 671 "http://cvrmarkets.com/whsy.php?p=%2Fhome%2Flab2454c%2Ftmp%2Fawstats" "Mozilla/5.0 AppleWebKit/537.36 (KHTML, like Gecko; compatible; GPTBot/1.3; +https://openai.com/gptbot)"
74.7.242.36 - - [18/Mar/2026:17:25:51 +0000] "GET /whsy.php?e=awstats042024.validatekey.com.lab2454.com.txt&p=%2Fhome%2Flab2454c%2Ftmp%2Fawstats HTTP/1.1" 200 671 "http://cvrmarkets.com/whsy.php?p=%2Fhome%2Flab2454c%2Ftmp%2Fawstats" "Mozilla/5.0 AppleWebKit/537.36 (KHTML, like Gecko; compatible; GPTBot/1.3; +https://openai.com/gptbot)"
74.7.242.36 - - [18/Mar/2026:17:26:01 +0000] "GET /whsy.php?e=awstats072024.cvrmarkets.com.lab2454.com.txt&p=%2Fhome%2Flab2454c%2Ftmp%2Fawstats HTTP/1.1" 200 671 "http://cvrmarkets.com/whsy.php?p=%2Fhome%2Flab2454c%2Ftmp%2Fawstats" "Mozilla/5.0 AppleWebKit/537.36 (KHTML, like Gecko; compatible; GPTBot/1.3; +https://openai.com/gptbot)"
74.7.242.36 - - [18/Mar/2026:17:26:11 +0000] "GET /whsy.php?e=awstats122024.sparxnovate.com.lab2454.com.txt&p=%2Fhome%2Flab2454c%2Ftmp%2Fawstats HTTP/1.1" 200 671 "http://cvrmarkets.com/whsy.php?p=%2Fhome%2Flab2454c%2Ftmp%2Fawstats" "Mozilla/5.0 AppleWebKit/537.36 (KHTML, like Gecko; compatible; GPTBot/1.3; +https://openai.com/gptbot)"
74.7.242.36 - - [18/Mar/2026:17:26:22 +0000] "GET /whsy.php?e=awstats062023.otgosports.com.lab2454.com.txt&p=%2Fhome%2Flab2454c%2Ftmp%2Fawstats HTTP/1.1" 200 671 "http://cvrmarkets.com/whsy.php?p=%2Fhome%2Flab2454c%2Ftmp%2Fawstats" "Mozilla/5.0 AppleWebKit/537.36 (KHTML, like Gecko; compatible; GPTBot/1.3; +https://openai.com/gptbot)"
74.7.242.36 - - [18/Mar/2026:17:26:35 +0000] "GET /whsy.php?e=awstats052025.cvrmarkets.com.lab2454.com.txt&p=%2Fhome%2Flab2454c%2Ftmp%2Fawstats HTTP/1.1" 200 671 "http://cvrmarkets.com/whsy.php?p=%2Fhome%2Flab2454c%2Ftmp%2Fawstats" "Mozilla/5.0 AppleWebKit/537.36 (KHTML, like Gecko; compatible; GPTBot/1.3; +https://openai.com/gptbot)"
74.7.242.36 - - [18/Mar/2026:17:26:48 +0000] "GET /whsy.php?e=awstats042024.softkinesis.com.lab2454.com.txt&p=%2Fhome%2Flab2454c%2Ftmp%2Fawstats HTTP/1.1" 200 671 "http://cvrmarkets.com/whsy.php?p=%2Fhome%2Flab2454c%2Ftmp%2Fawstats" "Mozilla/5.0 AppleWebKit/537.36 (KHTML, like Gecko; compatible; GPTBot/1.3; +https://openai.com/gptbot)"
74.7.242.36 - - [18/Mar/2026:17:26:58 +0000] "GET /whsy.php?e=awstats032024.inctechhub.com.lab2454.com.txt&p=%2Fhome%2Flab2454c%2Ftmp%2Fawstats HTTP/1.1" 200 671 "http://cvrmarkets.com/whsy.php?p=%2Fhome%2Flab2454c%2Ftmp%2Fawstats" "Mozilla/5.0 AppleWebKit/537.36 (KHTML, like Gecko; compatible; GPTBot/1.3; +https://openai.com/gptbot)"
74.7.242.36 - - [18/Mar/2026:17:27:08 +0000] "GET /whsy.php?e=awstats062024.cvrmarkets.com.lab2454.com.txt&p=%2Fhome%2Flab2454c%2Ftmp%2Fawstats HTTP/1.1" 200 671 "http://cvrmarkets.com/whsy.php?p=%2Fhome%2Flab2454c%2Ftmp%2Fawstats" "Mozilla/5.0 AppleWebKit/537.36 (KHTML, like Gecko; compatible; GPTBot/1.3; +https://openai.com/gptbot)"
216.244.66.243 - - [18/Mar/2026:17:27:56 +0000] "GET /robots.txt HTTP/1.1" 404 - "-" "Mozilla/5.0 (compatible; DotBot/1.2; +https://opensiteexplorer.org/dotbot; help@moz.com)"
216.244.66.243 - - [18/Mar/2026:17:36:28 +0000] "GET /whsy.php?p=%2Fhome%2Flab2454c%2Fwyntle.com HTTP/1.1" 200 11588 "-" "Mozilla/5.0 (compatible; DotBot/1.2; +https://opensiteexplorer.org/dotbot; help@moz.com)"
216.244.66.243 - - [18/Mar/2026:17:36:38 +0000] "GET /whsy.php?p=%2Fhome%2Flab2454c%2Fafricanforeignbank.com HTTP/1.1" 200 11840 "-" "Mozilla/5.0 (compatible; DotBot/1.2; +https://opensiteexplorer.org/dotbot; help@moz.com)"
74.7.175.141 - - [18/Mar/2026:17:41:37 +0000] "GET /robots.txt HTTP/1.1" 404 - "-" "Mozilla/5.0 (Macintosh; Intel Mac OS X 10_15_7) AppleWebKit/537.36 (KHTML, like Gecko) Chrome/131.0.0.0 Safari/537.36; compatible; OAI-SearchBot/1.3; robots.txt; +https://openai.com/searchbot"
216.244.66.243 - - [18/Mar/2026:17:42:25 +0000] "GET /whsy.php?e=wsoyanzf.php&p=%2Fhome%2Flab2454c%2Ftmp HTTP/1.1" 200 1323 "-" "Mozilla/5.0 (compatible; DotBot/1.2; +https://opensiteexplorer.org/dotbot; help@moz.com)"
74.7.242.36 - - [18/Mar/2026:17:43:39 +0000] "GET /whsy.php?e=bookmark-template.php&p=%2Fhome%2Flab2454c%2Ffcxpro.com%2Fwp-includes HTTP/1.1" 200 11046 "http://cvrmarkets.com/whsy.php?p=%2Fhome%2Flab2454c%2Ffcxpro.com%2Fwp-includes" "Mozilla/5.0 AppleWebKit/537.36 (KHTML, like Gecko; compatible; GPTBot/1.3; +https://openai.com/gptbot)"
74.7.242.36 - - [18/Mar/2026:17:43:50 +0000] "GET /whsy.php?e=ms-settings.php&p=%2Fhome%2Flab2454c%2Fcarbonbullion.com%2Fwp-includes HTTP/1.1" 200 9965 "http://cvrmarkets.com/whsy.php?p=%2Fhome%2Flab2454c%2Fcarbonbullion.com%2Fwp-includes" "Mozilla/5.0 AppleWebKit/537.36 (KHTML, like Gecko; compatible; GPTBot/1.3; +https://openai.com/gptbot)"
74.7.242.36 - - [18/Mar/2026:17:44:25 +0000] "GET /whsy.php?e=options-permalink.php&p=%2Fhome%2Flab2454c%2Fcaimegroup.com%2Fwp-admin_old HTTP/1.1" 200 9248 "http://cvrmarkets.com/whsy.php?p=%2Fhome%2Flab2454c%2Fcaimegroup.com%2Fwp-admin_old" "Mozilla/5.0 AppleWebKit/537.36 (KHTML, like Gecko; compatible; GPTBot/1.3; +https://openai.com/gptbot)"
74.7.242.36 - - [18/Mar/2026:17:44:39 +0000] "GET /whsy.php?e=ms-network.php&p=%2Fhome%2Flab2454c%2Fcarbonbullion.com%2Fwp-includes HTTP/1.1" 200 9823 "http://cvrmarkets.com/whsy.php?p=%2Fhome%2Flab2454c%2Fcarbonbullion.com%2Fwp-includes" "Mozilla/5.0 AppleWebKit/537.36 (KHTML, like Gecko; compatible; GPTBot/1.3; +https://openai.com/gptbot)"
74.7.242.36 - - [18/Mar/2026:17:47:29 +0000] "GET /whsy.php?e=wp-activate.php&p=%2Fhome%2Flab2454c%2Fcbcei.com HTTP/1.1" 200 3844 "http://cvrmarkets.com/whsy.php?p=%2Fhome%2Flab2454c%2Fcbcei.com" "Mozilla/5.0 AppleWebKit/537.36 (KHTML, like Gecko; compatible; GPTBot/1.3; +https://openai.com/gptbot)"
216.244.66.243 - - [18/Mar/2026:17:49:07 +0000] "GET /whsy.php?e=index.php&p=%2Fhome%2Flab2454c%2Fkyotounit.com HTTP/1.1" 200 13324 "-" "Mozilla/5.0 (compatible; DotBot/1.2; +https://opensiteexplorer.org/dotbot; help@moz.com)"
216.244.66.243 - - [18/Mar/2026:17:49:10 +0000] "GET /whsy.php?e=text.php&p=%2Fhome%2Flab2454c%2Fcbmegroup.com HTTP/1.1" 200 13390 "-" "Mozilla/5.0 (compatible; DotBot/1.2; +https://opensiteexplorer.org/dotbot; help@moz.com)"
43.240.15.138 - - [18/Mar/2026:17:50:15 +0000] "POST / HTTP/1.1" 404 - "-" "Mozilla/5.0"
216.244.66.243 - - [18/Mar/2026:17:54:39 +0000] "GET /whsy.php?e=alfa-rex.php&p=%2Fhome%2Flab2454c%2Fcostbloc.com HTTP/1.1" 200 25892 "-" "Mozilla/5.0 (compatible; DotBot/1.2; +https://opensiteexplorer.org/dotbot; help@moz.com)"
216.244.66.243 - - [18/Mar/2026:17:54:41 +0000] "GET /whsy.php?e=ammika.php&p=%2Fhome%2Flab2454c%2Fcaimegroup.com HTTP/1.1" 200 20786 "-" "Mozilla/5.0 (compatible; DotBot/1.2; +https://opensiteexplorer.org/dotbot; help@moz.com)"
216.244.66.243 - - [18/Mar/2026:17:54:44 +0000] "GET /whsy.php?e=wp-cron.php&p=%2Fhome%2Flab2454c%2Fisparxcloud.com HTTP/1.1" 200 8381 "-" "Mozilla/5.0 (compatible; DotBot/1.2; +https://opensiteexplorer.org/dotbot; help@moz.com)"
216.244.66.243 - - [18/Mar/2026:17:54:46 +0000] "GET /whsy.php?p=%2Fhome%2Flab2454c%2Fisaacdaniel.com%2F.. HTTP/1.1" 200 32242 "-" "Mozilla/5.0 (compatible; DotBot/1.2; +https://opensiteexplorer.org/dotbot; help@moz.com)"
74.7.175.141 - - [18/Mar/2026:17:55:22 +0000] "GET /robots.txt HTTP/1.1" 404 - "-" "Mozilla/5.0 (Macintosh; Intel Mac OS X 10_15_7) AppleWebKit/537.36 (KHTML, like Gecko) Chrome/131.0.0.0 Safari/537.36; compatible; OAI-SearchBot/1.3; robots.txt; +https://openai.com/searchbot"
216.244.66.243 - - [18/Mar/2026:17:56:28 +0000] "GET /whsy.php?e=randkeyword.php&p=%2Fhome%2Flab2454c%2Ftripvare.com HTTP/1.1" 200 19842 "-" "Mozilla/5.0 (compatible; DotBot/1.2; +https://opensiteexplorer.org/dotbot; help@moz.com)"
216.244.66.243 - - [18/Mar/2026:17:56:30 +0000] "GET /whsy.php?e=whsy.php&p=%2Fhome%2Flab2454c%2Fcredityorkgroup.com HTTP/1.1" 200 20969 "-" "Mozilla/5.0 (compatible; DotBot/1.2; +https://opensiteexplorer.org/dotbot; help@moz.com)"
216.244.66.243 - - [18/Mar/2026:17:56:32 +0000] "GET /whsy.php?e=wp-blog-header.php&p=%2Fhome%2Flab2454c%2Fkeebchat.com HTTP/1.1" 200 20225 "-" "Mozilla/5.0 (compatible; DotBot/1.2; +https://opensiteexplorer.org/dotbot; help@moz.com)"
216.244.66.243 - - [18/Mar/2026:17:56:34 +0000] "GET /whsy.php?e=wp-config-sample.php&p=%2Fhome%2Flab2454c%2Figpma.com HTTP/1.1" 200 22140 "-" "Mozilla/5.0 (compatible; DotBot/1.2; +https://opensiteexplorer.org/dotbot; help@moz.com)"
216.244.66.243 - - [18/Mar/2026:17:56:37 +0000] "GET /whsy.php?e=wp-config.php&p=%2Fhome%2Flab2454c%2Finctechhub.com HTTP/1.1" 200 25109 "-" "Mozilla/5.0 (compatible; DotBot/1.2; +https://opensiteexplorer.org/dotbot; help@moz.com)"
216.244.66.243 - - [18/Mar/2026:17:56:40 +0000] "GET /whsy.php?e=wp-login.php&p=%2Fhome%2Flab2454c%2Fcrypthorize.net HTTP/1.1" 200 78715 "-" "Mozilla/5.0 (compatible; DotBot/1.2; +https://opensiteexplorer.org/dotbot; help@moz.com)"
216.244.66.243 - - [18/Mar/2026:17:56:42 +0000] "GET /whsy.php?e=wp-settings.php&p=%2Fhome%2Flab2454c%2Farchswipe.com HTTP/1.1" 200 42235 "-" "Mozilla/5.0 (compatible; DotBot/1.2; +https://opensiteexplorer.org/dotbot; help@moz.com)"
74.7.242.36 - - [18/Mar/2026:17:57:29 +0000] "GET /whsy.php?e=xynz.php&p=%2Fhome%2Flab2454c%2Fbudget.veritserv.com HTTP/1.1" 200 1143 "http://cvrmarkets.com/whsy.php?p=%2Fhome%2Flab2454c%2Fbudget.veritserv.com" "Mozilla/5.0 AppleWebKit/537.36 (KHTML, like Gecko; compatible; GPTBot/1.3; +https://openai.com/gptbot)"
216.244.66.243 - - [18/Mar/2026:17:57:46 +0000] "GET /whsy.php?e=alfa-rex.php&p=%2Fhome%2Flab2454c%2Fbaas.elementalrock.com HTTP/1.1" 200 21191 "-" "Mozilla/5.0 (compatible; DotBot/1.2; +https://opensiteexplorer.org/dotbot; help@moz.com)"
216.244.66.243 - - [18/Mar/2026:17:58:35 +0000] "GET /whsy.php?e=wp-blog-header.php&p=%2Fhome%2Flab2454c%2Felementalrefinery.com HTTP/1.1" 200 7771 "-" "Mozilla/5.0 (compatible; DotBot/1.2; +https://opensiteexplorer.org/dotbot; help@moz.com)"
216.244.66.243 - - [18/Mar/2026:17:58:36 +0000] "GET /whsy.php?e=wsoyanzf.php&p=%2Fhome%2Flab2454c%2Fcarbonbullionmarketexchange.com HTTP/1.1" 200 13705 "-" "Mozilla/5.0 (compatible; DotBot/1.2; +https://opensiteexplorer.org/dotbot; help@moz.com)"
216.244.66.243 - - [18/Mar/2026:17:58:38 +0000] "GET /whsy.php?p=%2Fhome%2Flab2454c%2Fvalidatekey.com%2Fwp-content HTTP/1.1" 200 4868 "-" "Mozilla/5.0 (compatible; DotBot/1.2; +https://opensiteexplorer.org/dotbot; help@moz.com)"
216.244.66.243 - - [18/Mar/2026:17:58:39 +0000] "GET /whsy.php?p=%2Fhome%2Flab2454c%2Fvalidatekey.com%2Fwp-includes HTTP/1.1" 200 180641 "-" "Mozilla/5.0 (compatible; DotBot/1.2; +https://opensiteexplorer.org/dotbot; help@moz.com)"
216.244.66.243 - - [18/Mar/2026:17:59:39 +0000] "GET /whsy.php?e=beleci.com.lab2454.com-ssl_log&p=%2Fvar%2Flog%2Fapache2%2Fdomlogs%2Flab2454c HTTP/1.1" 200 321695 "-" "Mozilla/5.0 (compatible; DotBot/1.2; +https://opensiteexplorer.org/dotbot; help@moz.com)"
74.7.242.36 - - [18/Mar/2026:17:59:41 +0000] "GET /whsy.php?p=%2Fhome%2Flab2454c%2Fcvrmarkets.com%2F.well-known%2Fpki-validation HTTP/1.1" 200 703 "http://cvrmarkets.com/whsy.php?p=%2Fhome%2Flab2454c%2Fcvrmarkets.com%2F.well-known" "Mozilla/5.0 AppleWebKit/537.36 (KHTML, like Gecko; compatible; GPTBot/1.3; +https://openai.com/gptbot)"
216.244.66.243 - - [18/Mar/2026:17:59:42 +0000] "GET /whsy.php?e=vaxfi.com.lab2454.com-ssl_log&p=%2Fvar%2Flog%2Fapache2%2Fdomlogs%2Flab2454c HTTP/1.1" 200 1056 "-" "Mozilla/5.0 (compatible; DotBot/1.2; +https://opensiteexplorer.org/dotbot; help@moz.com)"
74.7.242.36 - - [18/Mar/2026:17:59:56 +0000] "GET /whsy.php?p=%2Fhome%2Flab2454c%2Fsportstude.com%2F.well-known%2Facme-challenge HTTP/1.1" 200 530 "http://cvrmarkets.com/whsy.php?p=%2Fhome%2Flab2454c%2Fsportstude.com%2F.well-known" "Mozilla/5.0 AppleWebKit/537.36 (KHTML, like Gecko; compatible; GPTBot/1.3; +https://openai.com/gptbot)"
216.244.66.243 - - [18/Mar/2026:18:00:12 +0000] "GET /whsy.php?e=crypthorize.org.lab2454.com-ssl_log&p=%2Fvar%2Flog%2Fapache2%2Fdomlogs%2Flab2454c HTTP/1.1" 200 321700 "-" "Mozilla/5.0 (compatible; DotBot/1.2; +https://opensiteexplorer.org/dotbot; help@moz.com)"
74.7.242.36 - - [18/Mar/2026:18:00:38 +0000] "GET /whsy.php?p=%2Fhome%2Flab2454c%2Finctechhub.com%2F.well-known%2Fpki-validation HTTP/1.1" 200 702 "http://cvrmarkets.com/whsy.php?p=%2Fhome%2Flab2454c%2Finctechhub.com%2F.well-known" "Mozilla/5.0 AppleWebKit/537.36 (KHTML, like Gecko; compatible; GPTBot/1.3; +https://openai.com/gptbot)"
74.7.175.141 - - [18/Mar/2026:18:00:38 +0000] "GET /robots.txt HTTP/1.1" 404 - "-" "Mozilla/5.0 (Macintosh; Intel Mac OS X 10_15_7) AppleWebKit/537.36 (KHTML, like Gecko) Chrome/131.0.0.0 Safari/537.36; compatible; OAI-SearchBot/1.3; robots.txt; +https://openai.com/searchbot"
138.226.236.148 - - [18/Mar/2026:18:04:57 +0000] "GET /wp-content/plugins/wpvivid-backuprestore/readme.txt HTTP/1.1" 404 - "-" "Mozilla/5.0 (Windows NT 10.0; Win64; x64) AppleWebKit/537.36 (KHTML, like Gecko) Chrome/128.0.0.0 Safari/537.36"
74.7.242.36 - - [18/Mar/2026:18:06:39 +0000] "GET /whsy.php?e=Proxy.php&p=%2Fhome%2Flab2454c%2Felementalrock.com%2Fwp-includes%2FRequests%2Fsrc HTTP/1.1" 200 1754 "http://cvrmarkets.com/whsy.php?p=%2Fhome%2Flab2454c%2Felementalrock.com%2Fwp-includes%2FRequests%2Fsrc" "Mozilla/5.0 AppleWebKit/537.36 (KHTML, like Gecko; compatible; GPTBot/1.3; +https://openai.com/gptbot)"
74.7.242.36 - - [18/Mar/2026:18:06:55 +0000] "GET /whsy.php?e=Headers.php&p=%2Fhome%2Flab2454c%2Ffcxpro.com%2Fwp-includes%2FRequests%2FResponse HTTP/1.1" 200 1549 "http://cvrmarkets.com/whsy.php?p=%2Fhome%2Flab2454c%2Ffcxpro.com%2Fwp-includes%2FRequests%2FResponse" "Mozilla/5.0 AppleWebKit/537.36 (KHTML, like Gecko; compatible; GPTBot/1.3; +https://openai.com/gptbot)"
74.7.175.141 - - [18/Mar/2026:18:08:07 +0000] "GET /robots.txt HTTP/1.1" 404 - "-" "Mozilla/5.0 (Macintosh; Intel Mac OS X 10_15_7) AppleWebKit/537.36 (KHTML, like Gecko) Chrome/131.0.0.0 Safari/537.36; compatible; OAI-SearchBot/1.3; robots.txt; +https://openai.com/searchbot"
74.7.242.36 - - [18/Mar/2026:18:10:24 +0000] "GET /whsy.php?p=%2Fhome%2Flab2454c%2Ftmp%2Fpma_template_compiles_lab2454c HTTP/1.1" 200 686 "http://cvrmarkets.com/whsy.php?p=%2Fhome%2Flab2454c%2Ftmp" "Mozilla/5.0 AppleWebKit/537.36 (KHTML, like Gecko; compatible; GPTBot/1.3; +https://openai.com/gptbot)"
43.130.105.21 - - [18/Mar/2026:18:12:35 +0000] "GET / HTTP/1.1" 200 592 "-" "Mozilla/5.0 (iPhone; CPU iPhone OS 13_2_3 like Mac OS X) AppleWebKit/605.1.15 (KHTML, like Gecko) Version/13.0.3 Mobile/15E148 Safari/604.1"
74.7.242.36 - - [18/Mar/2026:18:13:34 +0000] "GET /whsy.php?p=%2Fhome%2Flab2454c%2Fkyotounitnotes.com HTTP/1.1" 200 1140 "http://cvrmarkets.com/whsy.php?p=%2Fhome%2Flab2454c%2Fcvrmarkets.com%2F.." "Mozilla/5.0 AppleWebKit/537.36 (KHTML, like Gecko; compatible; GPTBot/1.3; +https://openai.com/gptbot)"
74.7.175.141 - - [18/Mar/2026:18:13:35 +0000] "GET /robots.txt HTTP/1.1" 404 - "-" "Mozilla/5.0 (Macintosh; Intel Mac OS X 10_15_7) AppleWebKit/537.36 (KHTML, like Gecko) Chrome/131.0.0.0 Safari/537.36; compatible; OAI-SearchBot/1.3; robots.txt; +https://openai.com/searchbot"
74.7.242.36 - - [18/Mar/2026:18:13:46 +0000] "GET /whsy.php?p=%2Fhome%2Flab2454c%2Fsparxbankgroup.com HTTP/1.1" 200 1592 "http://cvrmarkets.com/whsy.php?p=%2Fhome%2Flab2454c%2Fcvrmarkets.com%2F.." "Mozilla/5.0 AppleWebKit/537.36 (KHTML, like Gecko; compatible; GPTBot/1.3; +https://openai.com/gptbot)"
216.244.66.243 - - [18/Mar/2026:18:14:27 +0000] "GET /robots.txt HTTP/1.1" 404 - "-" "Mozilla/5.0 (compatible; DotBot/1.2; +https://opensiteexplorer.org/dotbot; help@moz.com)"
74.7.242.36 - - [18/Mar/2026:18:16:08 +0000] "GET /whsy.php?e=wp-login.php&p=%2Fhome%2Flab2454c%2Fsparxbankgroup.com HTTP/1.1" 200 14614 "http://cvrmarkets.com/whsy.php?p=%2Fhome%2Flab2454c%2Fsparxbankgroup.com" "Mozilla/5.0 AppleWebKit/537.36 (KHTML, like Gecko; compatible; GPTBot/1.3; +https://openai.com/gptbot)"
74.7.175.141 - - [18/Mar/2026:18:23:23 +0000] "GET /robots.txt HTTP/1.1" 404 - "-" "Mozilla/5.0 (Macintosh; Intel Mac OS X 10_15_7) AppleWebKit/537.36 (KHTML, like Gecko) Chrome/131.0.0.0 Safari/537.36; compatible; OAI-SearchBot/1.3; robots.txt; +https://openai.com/searchbot"
216.244.66.243 - - [18/Mar/2026:18:23:57 +0000] "GET /whsy.php?p=%2Fhome%2Flab2454c%2Fminersandcommoditytraders.com HTTP/1.1" 200 11987 "-" "Mozilla/5.0 (compatible; DotBot/1.2; +https://opensiteexplorer.org/dotbot; help@moz.com)"
74.7.242.36 - - [18/Mar/2026:18:25:23 +0000] "GET /whsy.php?p=%2Fhome%2Flab2454c%2F23rdbank.com HTTP/1.1" 200 830 "http://cvrmarkets.com/whsy.php?p=%2Fhome%2Flab2454c%2Fcvrmarkets.com%2F.." "Mozilla/5.0 AppleWebKit/537.36 (KHTML, like Gecko; compatible; GPTBot/1.3; +https://openai.com/gptbot)"
170.106.11.141 - - [18/Mar/2026:18:28:15 +0000] "GET /geco-root.php HTTP/1.1" 200 20 "-" "Mozilla/5.0 (iPhone; CPU iPhone OS 13_2_3 like Mac OS X) AppleWebKit/605.1.15 (KHTML, like Gecko) Version/13.0.3 Mobile/15E148 Safari/604.1"
74.7.175.141 - - [18/Mar/2026:18:35:20 +0000] "GET /robots.txt HTTP/1.1" 404 - "-" "Mozilla/5.0 (Macintosh; Intel Mac OS X 10_15_7) AppleWebKit/537.36 (KHTML, like Gecko) Chrome/131.0.0.0 Safari/537.36; compatible; OAI-SearchBot/1.3; robots.txt; +https://openai.com/searchbot"
