74.7.227.41 - - [21/Mar/2026:06:23:24 +0000] "GET /whsy.php?p=%2Fhome%2Flab2454c%2F.composer%2Fcache%2Ffiles HTTP/1.1" 200 509 "http://cvrmarkets.com/whsy.php?p=%2Fhome%2Flab2454c%2F.composer%2Fcache" "Mozilla/5.0 AppleWebKit/537.36 (KHTML, like Gecko; compatible; GPTBot/1.3; +https://openai.com/gptbot)"
74.7.227.41 - - [21/Mar/2026:06:24:32 +0000] "GET /whsy.php?e=sparxnovate.net.lab2454.com-Feb-2026.gz&p=%2Fhome%2Flab2454c%2Flogs HTTP/1.1" 200 19624 "http://cvrmarkets.com/whsy.php?p=%2Fhome%2Flab2454c%2Flogs" "Mozilla/5.0 AppleWebKit/537.36 (KHTML, like Gecko; compatible; GPTBot/1.3; +https://openai.com/gptbot)"
74.7.227.41 - - [21/Mar/2026:06:25:17 +0000] "GET /whsy.php?e=wp-auth-check-rtl.min.css&p=%2Fhome%2Flab2454c%2Fisaaclondston.com%2Fwp-includes%2Fcss HTTP/1.1" 200 2559 "http://cvrmarkets.com/whsy.php?p=%2Fhome%2Flab2454c%2Fisaaclondston.com%2Fwp-includes%2Fcss" "Mozilla/5.0 AppleWebKit/537.36 (KHTML, like Gecko; compatible; GPTBot/1.3; +https://openai.com/gptbot)"
216.244.66.243 - - [21/Mar/2026:06:28:55 +0000] "GET /whsy.php?e=elementalrock.lab2454.com&p=%2Fvar%2Flog%2Fapache2%2Fdomlogs%2Flab2454c HTTP/1.1" 200 352746 "-" "Mozilla/5.0 (compatible; DotBot/1.2; +https://opensiteexplorer.org/dotbot; help@moz.com)"
216.244.66.243 - - [21/Mar/2026:06:29:01 +0000] "GET /whsy.php?e=imbtrust.lab2454.com-ssl_log&p=%2Fvar%2Flog%2Fapache2%2Fdomlogs%2Flab2454c HTTP/1.1" 200 321693 "-" "Mozilla/5.0 (compatible; DotBot/1.2; +https://opensiteexplorer.org/dotbot; help@moz.com)"
216.244.66.243 - - [21/Mar/2026:06:29:42 +0000] "GET /whsy.php?e=vaultchip.com.lab2454.com&p=%2Fvar%2Flog%2Fapache2%2Fdomlogs%2Flab2454c HTTP/1.1" 200 321690 "-" "Mozilla/5.0 (compatible; DotBot/1.2; +https://opensiteexplorer.org/dotbot; help@moz.com)"
216.244.66.243 - - [21/Mar/2026:06:30:15 +0000] "GET /whsy.php?e=ercabartercapital.com.lab2454.com-ssl_log&p=%2Fvar%2Flog%2Fapache2%2Fdomlogs%2Flab2454c HTTP/1.1" 200 321706 "-" "Mozilla/5.0 (compatible; DotBot/1.2; +https://opensiteexplorer.org/dotbot; help@moz.com)"
216.244.66.243 - - [21/Mar/2026:06:33:59 +0000] "GET /whsy.php?p=%2Fhome%2Flab2454c%2Fsparxbankgroup.com%2Fcgi-bin HTTP/1.1" 200 3711 "-" "Mozilla/5.0 (compatible; DotBot/1.2; +https://opensiteexplorer.org/dotbot; help@moz.com)"
216.244.66.243 - - [21/Mar/2026:06:35:46 +0000] "GET /whsy.php?p=%2Fhome%2Flab2454c%2Fcaimegroup.com%2F.. HTTP/1.1" 200 32242 "-" "Mozilla/5.0 (compatible; DotBot/1.2; +https://opensiteexplorer.org/dotbot; help@moz.com)"
216.244.66.243 - - [21/Mar/2026:06:37:40 +0000] "GET /whsy.php?p=%2Fhome%2Flab2454c%2Fomvstudio.com%2Fresources HTTP/1.1" 200 3361 "-" "Mozilla/5.0 (compatible; DotBot/1.2; +https://opensiteexplorer.org/dotbot; help@moz.com)"
216.244.66.243 - - [21/Mar/2026:06:46:20 +0000] "GET /whsy.php?p=%2Fhome%2Flab2454c%2Ftripvare.com%2Fdatabase HTTP/1.1" 200 4841 "-" "Mozilla/5.0 (compatible; DotBot/1.2; +https://opensiteexplorer.org/dotbot; help@moz.com)"
216.244.66.243 - - [21/Mar/2026:06:53:36 +0000] "GET /whsy.php?e=wp-cron.php&p=%2Fhome%2Flab2454c%2Fcostbloc.com HTTP/1.1" 200 29210 "-" "Mozilla/5.0 (compatible; DotBot/1.2; +https://opensiteexplorer.org/dotbot; help@moz.com)"
216.244.66.243 - - [21/Mar/2026:06:55:28 +0000] "GET /whsy.php?e=.htaccess&p=%2Fhome%2Flab2454c%2Fgemiton.com HTTP/1.1" 200 20519 "-" "Mozilla/5.0 (compatible; DotBot/1.2; +https://opensiteexplorer.org/dotbot; help@moz.com)"
216.244.66.243 - - [21/Mar/2026:06:55:52 +0000] "GET /whsy.php?e=htaccess.th&p=%2Fhome%2Flab2454c%2Fhealthvalidate.com HTTP/1.1" 200 21167 "-" "Mozilla/5.0 (compatible; DotBot/1.2; +https://opensiteexplorer.org/dotbot; help@moz.com)"
74.7.175.141 - - [21/Mar/2026:06:58:54 +0000] "GET /robots.txt HTTP/1.1" 404 - "-" "Mozilla/5.0 (Macintosh; Intel Mac OS X 10_15_7) AppleWebKit/537.36 (KHTML, like Gecko) Chrome/131.0.0.0 Safari/537.36; compatible; OAI-SearchBot/1.3; robots.txt; +https://openai.com/searchbot"
149.40.53.3 - - [21/Mar/2026:06:59:36 +0000] "GET / HTTP/1.1" 200 2994 "-" "Mozilla/5.0 (Windows NT 10.0; Win64; x64) AppleWebKit/537.36 (KHTML, like Gecko) Chrome/78.0.3904.108 Safari/537.36"
149.40.53.3 - - [21/Mar/2026:06:59:36 +0000] "GET / HTTP/1.1" 200 2994 "-" "Mozilla/5.0 (Windows NT 10.0; Win64; x64) AppleWebKit/537.36 (KHTML, like Gecko) Chrome/78.0.3904.108 Safari/537.36"
149.40.53.3 - - [21/Mar/2026:06:59:37 +0000] "GET /wp-includes/wlwmanifest.xml HTTP/1.1" 404 - "-" "Mozilla/5.0 (Windows NT 10.0; Win64; x64) AppleWebKit/537.36 (KHTML, like Gecko) Chrome/78.0.3904.108 Safari/537.36"
149.40.53.3 - - [21/Mar/2026:06:59:38 +0000] "GET /xmlrpc.php?rsd HTTP/1.1" 404 - "-" "Mozilla/5.0 (Windows NT 10.0; Win64; x64) AppleWebKit/537.36 (KHTML, like Gecko) Chrome/78.0.3904.108 Safari/537.36"
149.40.53.3 - - [21/Mar/2026:06:59:38 +0000] "GET / HTTP/1.1" 200 2994 "-" "Mozilla/5.0 (Windows NT 10.0; Win64; x64) AppleWebKit/537.36 (KHTML, like Gecko) Chrome/78.0.3904.108 Safari/537.36"
149.40.53.3 - - [21/Mar/2026:06:59:39 +0000] "GET /blog/wp-includes/wlwmanifest.xml HTTP/1.1" 404 - "-" "Mozilla/5.0 (Windows NT 10.0; Win64; x64) AppleWebKit/537.36 (KHTML, like Gecko) Chrome/78.0.3904.108 Safari/537.36"
149.40.53.3 - - [21/Mar/2026:06:59:40 +0000] "GET /web/wp-includes/wlwmanifest.xml HTTP/1.1" 404 - "-" "Mozilla/5.0 (Windows NT 10.0; Win64; x64) AppleWebKit/537.36 (KHTML, like Gecko) Chrome/78.0.3904.108 Safari/537.36"
149.40.53.3 - - [21/Mar/2026:06:59:41 +0000] "GET /wordpress/wp-includes/wlwmanifest.xml HTTP/1.1" 404 - "-" "Mozilla/5.0 (Windows NT 10.0; Win64; x64) AppleWebKit/537.36 (KHTML, like Gecko) Chrome/78.0.3904.108 Safari/537.36"
149.40.53.3 - - [21/Mar/2026:06:59:46 +0000] "GET /website/wp-includes/wlwmanifest.xml HTTP/1.1" 404 - "-" "Mozilla/5.0 (Windows NT 10.0; Win64; x64) AppleWebKit/537.36 (KHTML, like Gecko) Chrome/78.0.3904.108 Safari/537.36"
149.40.53.3 - - [21/Mar/2026:06:59:46 +0000] "GET /wp/wp-includes/wlwmanifest.xml HTTP/1.1" 404 - "-" "Mozilla/5.0 (Windows NT 10.0; Win64; x64) AppleWebKit/537.36 (KHTML, like Gecko) Chrome/78.0.3904.108 Safari/537.36"
149.40.53.3 - - [21/Mar/2026:06:59:48 +0000] "GET /news/wp-includes/wlwmanifest.xml HTTP/1.1" 404 - "-" "Mozilla/5.0 (Windows NT 10.0; Win64; x64) AppleWebKit/537.36 (KHTML, like Gecko) Chrome/78.0.3904.108 Safari/537.36"
149.40.53.3 - - [21/Mar/2026:06:59:48 +0000] "GET /2018/wp-includes/wlwmanifest.xml HTTP/1.1" 404 - "-" "Mozilla/5.0 (Windows NT 10.0; Win64; x64) AppleWebKit/537.36 (KHTML, like Gecko) Chrome/78.0.3904.108 Safari/537.36"
149.40.53.3 - - [21/Mar/2026:06:59:48 +0000] "GET /2019/wp-includes/wlwmanifest.xml HTTP/1.1" 404 - "-" "Mozilla/5.0 (Windows NT 10.0; Win64; x64) AppleWebKit/537.36 (KHTML, like Gecko) Chrome/78.0.3904.108 Safari/537.36"
149.40.53.3 - - [21/Mar/2026:06:59:49 +0000] "GET /shop/wp-includes/wlwmanifest.xml HTTP/1.1" 404 - "-" "Mozilla/5.0 (Windows NT 10.0; Win64; x64) AppleWebKit/537.36 (KHTML, like Gecko) Chrome/78.0.3904.108 Safari/537.36"
149.40.53.3 - - [21/Mar/2026:06:59:49 +0000] "GET /wp1/wp-includes/wlwmanifest.xml HTTP/1.1" 404 - "-" "Mozilla/5.0 (Windows NT 10.0; Win64; x64) AppleWebKit/537.36 (KHTML, like Gecko) Chrome/78.0.3904.108 Safari/537.36"
149.40.53.3 - - [21/Mar/2026:06:59:49 +0000] "GET /test/wp-includes/wlwmanifest.xml HTTP/1.1" 404 - "-" "Mozilla/5.0 (Windows NT 10.0; Win64; x64) AppleWebKit/537.36 (KHTML, like Gecko) Chrome/78.0.3904.108 Safari/537.36"
149.40.53.3 - - [21/Mar/2026:06:59:53 +0000] "GET /media/wp-includes/wlwmanifest.xml HTTP/1.1" 404 - "-" "Mozilla/5.0 (Windows NT 10.0; Win64; x64) AppleWebKit/537.36 (KHTML, like Gecko) Chrome/78.0.3904.108 Safari/537.36"
149.40.53.3 - - [21/Mar/2026:06:59:53 +0000] "GET /wp2/wp-includes/wlwmanifest.xml HTTP/1.1" 404 - "-" "Mozilla/5.0 (Windows NT 10.0; Win64; x64) AppleWebKit/537.36 (KHTML, like Gecko) Chrome/78.0.3904.108 Safari/537.36"
149.40.53.3 - - [21/Mar/2026:06:59:54 +0000] "GET /site/wp-includes/wlwmanifest.xml HTTP/1.1" 404 - "-" "Mozilla/5.0 (Windows NT 10.0; Win64; x64) AppleWebKit/537.36 (KHTML, like Gecko) Chrome/78.0.3904.108 Safari/537.36"
149.40.53.3 - - [21/Mar/2026:06:59:54 +0000] "GET /cms/wp-includes/wlwmanifest.xml HTTP/1.1" 404 - "-" "Mozilla/5.0 (Windows NT 10.0; Win64; x64) AppleWebKit/537.36 (KHTML, like Gecko) Chrome/78.0.3904.108 Safari/537.36"
149.40.53.3 - - [21/Mar/2026:06:59:56 +0000] "GET /sito/wp-includes/wlwmanifest.xml HTTP/1.1" 404 - "-" "Mozilla/5.0 (Windows NT 10.0; Win64; x64) AppleWebKit/537.36 (KHTML, like Gecko) Chrome/78.0.3904.108 Safari/537.36"
74.7.227.41 - - [21/Mar/2026:07:00:24 +0000] "GET /whsy.php?e=class-wp-widget-media-audio.php&p=%2Fhome%2Flab2454c%2Ffcxpro.com%2Fwp-includes%2Fwidgets HTTP/1.1" 200 3499 "http://cvrmarkets.com/whsy.php?p=%2Fhome%2Flab2454c%2Ffcxpro.com%2Fwp-includes%2Fwidgets" "Mozilla/5.0 AppleWebKit/537.36 (KHTML, like Gecko; compatible; GPTBot/1.3; +https://openai.com/gptbot)"
74.7.227.41 - - [21/Mar/2026:07:00:38 +0000] "GET /whsy.php?e=class-wp-widget-media-image.php&p=%2Fhome%2Flab2454c%2Ffcxpro.com%2Fwp-includes%2Fwidgets HTTP/1.1" 200 4722 "http://cvrmarkets.com/whsy.php?p=%2Fhome%2Flab2454c%2Ffcxpro.com%2Fwp-includes%2Fwidgets" "Mozilla/5.0 AppleWebKit/537.36 (KHTML, like Gecko; compatible; GPTBot/1.3; +https://openai.com/gptbot)"
38.143.59.232 - - [21/Mar/2026:07:03:36 +0000] "GET / HTTP/1.1" 200 2994 "-" "-"
74.7.175.141 - - [21/Mar/2026:07:05:35 +0000] "GET /robots.txt HTTP/1.1" 404 - "-" "Mozilla/5.0 (Macintosh; Intel Mac OS X 10_15_7) AppleWebKit/537.36 (KHTML, like Gecko) Chrome/131.0.0.0 Safari/537.36; compatible; OAI-SearchBot/1.3; robots.txt; +https://openai.com/searchbot"
216.244.66.243 - - [21/Mar/2026:07:06:54 +0000] "GET /robots.txt HTTP/1.1" 404 - "-" "Mozilla/5.0 (compatible; DotBot/1.2; +https://opensiteexplorer.org/dotbot; help@moz.com)"
74.7.227.41 - - [21/Mar/2026:07:07:26 +0000] "GET /whsy.php?e=.htaccess&p=%2Fhome%2Flab2454c%2Fworldcarboncapture.com HTTP/1.1" 200 1323 "http://cvrmarkets.com/whsy.php?p=%2Fhome%2Flab2454c%2Fworldcarboncapture.com" "Mozilla/5.0 AppleWebKit/537.36 (KHTML, like Gecko; compatible; GPTBot/1.3; +https://openai.com/gptbot)"
74.7.227.41 - - [21/Mar/2026:07:07:38 +0000] "GET /whsy.php?e=.htaccess&p=%2Fhome%2Flab2454c%2Foneclimatestandard.com HTTP/1.1" 200 1323 "http://cvrmarkets.com/whsy.php?p=%2Fhome%2Flab2454c%2Foneclimatestandard.com" "Mozilla/5.0 AppleWebKit/537.36 (KHTML, like Gecko; compatible; GPTBot/1.3; +https://openai.com/gptbot)"
74.7.227.41 - - [21/Mar/2026:07:08:02 +0000] "GET /whsy.php?e=.htaccess&p=%2Fhome%2Flab2454c%2Fclimatefinancebank.com HTTP/1.1" 200 1472 "http://cvrmarkets.com/whsy.php?p=%2Fhome%2Flab2454c%2Fclimatefinancebank.com" "Mozilla/5.0 AppleWebKit/537.36 (KHTML, like Gecko; compatible; GPTBot/1.3; +https://openai.com/gptbot)"
216.244.66.243 - - [21/Mar/2026:07:13:19 +0000] "GET /whsy.php?e=crediteen.com.lab2454.com&p=%2Fvar%2Flog%2Fapache2%2Fdomlogs%2Flab2454c HTTP/1.1" 200 540064 "-" "Mozilla/5.0 (compatible; DotBot/1.2; +https://opensiteexplorer.org/dotbot; help@moz.com)"
216.244.66.243 - - [21/Mar/2026:07:14:01 +0000] "GET /whsy.php?e=gemsaq.com.lab2454.com-ssl_log&p=%2Fvar%2Flog%2Fapache2%2Fdomlogs%2Flab2454c HTTP/1.1" 200 321695 "-" "Mozilla/5.0 (compatible; DotBot/1.2; +https://opensiteexplorer.org/dotbot; help@moz.com)"
74.7.175.141 - - [21/Mar/2026:07:14:26 +0000] "GET /robots.txt HTTP/1.1" 404 - "-" "Mozilla/5.0 (Macintosh; Intel Mac OS X 10_15_7) AppleWebKit/537.36 (KHTML, like Gecko) Chrome/131.0.0.0 Safari/537.36; compatible; OAI-SearchBot/1.3; robots.txt; +https://openai.com/searchbot"
216.244.66.243 - - [21/Mar/2026:07:14:35 +0000] "GET /whsy.php?e=nioch.com.lab2454.com-ssl_log&p=%2Fvar%2Flog%2Fapache2%2Fdomlogs%2Flab2454c HTTP/1.1" 200 321694 "-" "Mozilla/5.0 (compatible; DotBot/1.2; +https://opensiteexplorer.org/dotbot; help@moz.com)"
216.244.66.243 - - [21/Mar/2026:07:15:13 +0000] "GET /whsy.php?e=intermetaversebank.com.lab2454.com&p=%2Fvar%2Flog%2Fapache2%2Fdomlogs%2Flab2454c HTTP/1.1" 200 321699 "-" "Mozilla/5.0 (compatible; DotBot/1.2; +https://opensiteexplorer.org/dotbot; help@moz.com)"
74.7.227.41 - - [21/Mar/2026:07:16:02 +0000] "GET /whsy.php?e=awstats042024.transferwit.elementalrock.com.txt&p=%2Fhome%2Flab2454c%2Ftmp%2Fawstats HTTP/1.1" 200 671 "http://cvrmarkets.com/whsy.php?p=%2Fhome%2Flab2454c%2Ftmp%2Fawstats" "Mozilla/5.0 AppleWebKit/537.36 (KHTML, like Gecko; compatible; GPTBot/1.3; +https://openai.com/gptbot)"
74.7.227.41 - - [21/Mar/2026:07:16:39 +0000] "GET /whsy.php?e=awstats072022.transferwit.elementalrock.com.txt&p=%2Fhome%2Flab2454c%2Ftmp%2Fawstats HTTP/1.1" 200 671 "http://cvrmarkets.com/whsy.php?p=%2Fhome%2Flab2454c%2Ftmp%2Fawstats" "Mozilla/5.0 AppleWebKit/537.36 (KHTML, like Gecko; compatible; GPTBot/1.3; +https://openai.com/gptbot)"
74.7.227.41 - - [21/Mar/2026:07:16:47 +0000] "GET /whsy.php?e=awstats022024.transferwit.elementalrock.com.txt&p=%2Fhome%2Flab2454c%2Ftmp%2Fawstats HTTP/1.1" 200 671 "http://cvrmarkets.com/whsy.php?p=%2Fhome%2Flab2454c%2Ftmp%2Fawstats" "Mozilla/5.0 AppleWebKit/537.36 (KHTML, like Gecko; compatible; GPTBot/1.3; +https://openai.com/gptbot)"
74.7.227.41 - - [21/Mar/2026:07:16:58 +0000] "GET /whsy.php?e=awstats032024.transferwit.elementalrock.com.txt&p=%2Fhome%2Flab2454c%2Ftmp%2Fawstats HTTP/1.1" 200 671 "http://cvrmarkets.com/whsy.php?p=%2Fhome%2Flab2454c%2Ftmp%2Fawstats" "Mozilla/5.0 AppleWebKit/537.36 (KHTML, like Gecko; compatible; GPTBot/1.3; +https://openai.com/gptbot)"
74.7.227.41 - - [21/Mar/2026:07:17:10 +0000] "GET /whsy.php?e=awstats122023.transferwit.elementalrock.com.txt&p=%2Fhome%2Flab2454c%2Ftmp%2Fawstats HTTP/1.1" 200 671 "http://cvrmarkets.com/whsy.php?p=%2Fhome%2Flab2454c%2Ftmp%2Fawstats" "Mozilla/5.0 AppleWebKit/537.36 (KHTML, like Gecko; compatible; GPTBot/1.3; +https://openai.com/gptbot)"
74.7.227.41 - - [21/Mar/2026:07:17:37 +0000] "GET /whsy.php?e=awstats082022.transferwit.elementalrock.com.txt&p=%2Fhome%2Flab2454c%2Ftmp%2Fawstats HTTP/1.1" 200 671 "http://cvrmarkets.com/whsy.php?p=%2Fhome%2Flab2454c%2Ftmp%2Fawstats" "Mozilla/5.0 AppleWebKit/537.36 (KHTML, like Gecko; compatible; GPTBot/1.3; +https://openai.com/gptbot)"
74.7.227.41 - - [21/Mar/2026:07:18:01 +0000] "GET /whsy.php?e=awstats112022.transferwit.elementalrock.com.txt&p=%2Fhome%2Flab2454c%2Ftmp%2Fawstats HTTP/1.1" 200 671 "http://cvrmarkets.com/whsy.php?p=%2Fhome%2Flab2454c%2Ftmp%2Fawstats" "Mozilla/5.0 AppleWebKit/537.36 (KHTML, like Gecko; compatible; GPTBot/1.3; +https://openai.com/gptbot)"
74.7.227.41 - - [21/Mar/2026:07:18:22 +0000] "GET /whsy.php?e=awstats052023.transferwit.elementalrock.com.txt&p=%2Fhome%2Flab2454c%2Ftmp%2Fawstats HTTP/1.1" 200 671 "http://cvrmarkets.com/whsy.php?p=%2Fhome%2Flab2454c%2Ftmp%2Fawstats" "Mozilla/5.0 AppleWebKit/537.36 (KHTML, like Gecko; compatible; GPTBot/1.3; +https://openai.com/gptbot)"
74.7.227.41 - - [21/Mar/2026:07:18:51 +0000] "GET /whsy.php?e=awstats052022.transferwit.elementalrock.com.txt&p=%2Fhome%2Flab2454c%2Ftmp%2Fawstats HTTP/1.1" 200 671 "http://cvrmarkets.com/whsy.php?p=%2Fhome%2Flab2454c%2Ftmp%2Fawstats" "Mozilla/5.0 AppleWebKit/537.36 (KHTML, like Gecko; compatible; GPTBot/1.3; +https://openai.com/gptbot)"
74.7.227.41 - - [21/Mar/2026:07:19:11 +0000] "GET /whsy.php?e=awstats012022.transferwit.elementalrock.com.txt&p=%2Fhome%2Flab2454c%2Ftmp%2Fawstats HTTP/1.1" 200 671 "http://cvrmarkets.com/whsy.php?p=%2Fhome%2Flab2454c%2Ftmp%2Fawstats" "Mozilla/5.0 AppleWebKit/537.36 (KHTML, like Gecko; compatible; GPTBot/1.3; +https://openai.com/gptbot)"
74.7.227.41 - - [21/Mar/2026:07:19:41 +0000] "GET /whsy.php?e=awstats122021.transferwit.elementalrock.com.txt&p=%2Fhome%2Flab2454c%2Ftmp%2Fawstats HTTP/1.1" 200 671 "http://cvrmarkets.com/whsy.php?p=%2Fhome%2Flab2454c%2Ftmp%2Fawstats" "Mozilla/5.0 AppleWebKit/537.36 (KHTML, like Gecko; compatible; GPTBot/1.3; +https://openai.com/gptbot)"
74.7.175.141 - - [21/Mar/2026:07:19:54 +0000] "GET /robots.txt HTTP/1.1" 404 - "-" "Mozilla/5.0 (Macintosh; Intel Mac OS X 10_15_7) AppleWebKit/537.36 (KHTML, like Gecko) Chrome/131.0.0.0 Safari/537.36; compatible; OAI-SearchBot/1.3; robots.txt; +https://openai.com/searchbot"
74.7.227.41 - - [21/Mar/2026:07:20:47 +0000] "GET /whsy.php?e=awstats092022.transferwit.elementalrock.com.txt&p=%2Fhome%2Flab2454c%2Ftmp%2Fawstats HTTP/1.1" 200 671 "http://cvrmarkets.com/whsy.php?p=%2Fhome%2Flab2454c%2Ftmp%2Fawstats" "Mozilla/5.0 AppleWebKit/537.36 (KHTML, like Gecko; compatible; GPTBot/1.3; +https://openai.com/gptbot)"
74.7.227.41 - - [21/Mar/2026:07:21:23 +0000] "GET /whsy.php?e=awstats042022.transferwit.elementalrock.com.txt&p=%2Fhome%2Flab2454c%2Ftmp%2Fawstats HTTP/1.1" 200 671 "http://cvrmarkets.com/whsy.php?p=%2Fhome%2Flab2454c%2Ftmp%2Fawstats" "Mozilla/5.0 AppleWebKit/537.36 (KHTML, like Gecko; compatible; GPTBot/1.3; +https://openai.com/gptbot)"
74.7.227.41 - - [21/Mar/2026:07:21:34 +0000] "GET /whsy.php?e=awstats112023.transferwit.elementalrock.com.txt&p=%2Fhome%2Flab2454c%2Ftmp%2Fawstats HTTP/1.1" 200 671 "http://cvrmarkets.com/whsy.php?p=%2Fhome%2Flab2454c%2Ftmp%2Fawstats" "Mozilla/5.0 AppleWebKit/537.36 (KHTML, like Gecko; compatible; GPTBot/1.3; +https://openai.com/gptbot)"
74.7.227.41 - - [21/Mar/2026:07:22:13 +0000] "GET /whsy.php?e=awstats062023.transferwit.elementalrock.com.txt&p=%2Fhome%2Flab2454c%2Ftmp%2Fawstats HTTP/1.1" 200 671 "http://cvrmarkets.com/whsy.php?p=%2Fhome%2Flab2454c%2Ftmp%2Fawstats" "Mozilla/5.0 AppleWebKit/537.36 (KHTML, like Gecko; compatible; GPTBot/1.3; +https://openai.com/gptbot)"
74.7.227.41 - - [21/Mar/2026:07:23:00 +0000] "GET /whsy.php?e=awstats122022.transferwit.elementalrock.com.txt&p=%2Fhome%2Flab2454c%2Ftmp%2Fawstats HTTP/1.1" 200 671 "http://cvrmarkets.com/whsy.php?p=%2Fhome%2Flab2454c%2Ftmp%2Fawstats" "Mozilla/5.0 AppleWebKit/537.36 (KHTML, like Gecko; compatible; GPTBot/1.3; +https://openai.com/gptbot)"
74.7.227.41 - - [21/Mar/2026:07:23:34 +0000] "GET /whsy.php?e=awstats032022.transferwit.elementalrock.com.txt&p=%2Fhome%2Flab2454c%2Ftmp%2Fawstats HTTP/1.1" 200 671 "http://cvrmarkets.com/whsy.php?p=%2Fhome%2Flab2454c%2Ftmp%2Fawstats" "Mozilla/5.0 AppleWebKit/537.36 (KHTML, like Gecko; compatible; GPTBot/1.3; +https://openai.com/gptbot)"
74.7.227.41 - - [21/Mar/2026:07:23:49 +0000] "GET /whsy.php?e=awstats102023.transferwit.elementalrock.com.txt&p=%2Fhome%2Flab2454c%2Ftmp%2Fawstats HTTP/1.1" 200 671 "http://cvrmarkets.com/whsy.php?p=%2Fhome%2Flab2454c%2Ftmp%2Fawstats" "Mozilla/5.0 AppleWebKit/537.36 (KHTML, like Gecko; compatible; GPTBot/1.3; +https://openai.com/gptbot)"
74.7.227.41 - - [21/Mar/2026:07:24:01 +0000] "GET /whsy.php?e=awstats112021.transferwit.elementalrock.com.txt&p=%2Fhome%2Flab2454c%2Ftmp%2Fawstats HTTP/1.1" 200 671 "http://cvrmarkets.com/whsy.php?p=%2Fhome%2Flab2454c%2Ftmp%2Fawstats" "Mozilla/5.0 AppleWebKit/537.36 (KHTML, like Gecko; compatible; GPTBot/1.3; +https://openai.com/gptbot)"
74.7.227.41 - - [21/Mar/2026:07:24:12 +0000] "GET /whsy.php?e=awstats082023.transferwit.elementalrock.com.txt&p=%2Fhome%2Flab2454c%2Ftmp%2Fawstats HTTP/1.1" 200 671 "http://cvrmarkets.com/whsy.php?p=%2Fhome%2Flab2454c%2Ftmp%2Fawstats" "Mozilla/5.0 AppleWebKit/537.36 (KHTML, like Gecko; compatible; GPTBot/1.3; +https://openai.com/gptbot)"
74.7.227.41 - - [21/Mar/2026:07:24:24 +0000] "GET /whsy.php?e=awstats062024.transferwit.elementalrock.com.txt&p=%2Fhome%2Flab2454c%2Ftmp%2Fawstats HTTP/1.1" 200 671 "http://cvrmarkets.com/whsy.php?p=%2Fhome%2Flab2454c%2Ftmp%2Fawstats" "Mozilla/5.0 AppleWebKit/537.36 (KHTML, like Gecko; compatible; GPTBot/1.3; +https://openai.com/gptbot)"
74.7.227.41 - - [21/Mar/2026:07:24:43 +0000] "GET /whsy.php?e=awstats102022.transferwit.elementalrock.com.txt&p=%2Fhome%2Flab2454c%2Ftmp%2Fawstats HTTP/1.1" 200 671 "http://cvrmarkets.com/whsy.php?p=%2Fhome%2Flab2454c%2Ftmp%2Fawstats" "Mozilla/5.0 AppleWebKit/537.36 (KHTML, like Gecko; compatible; GPTBot/1.3; +https://openai.com/gptbot)"
74.7.227.41 - - [21/Mar/2026:07:24:54 +0000] "GET /whsy.php?e=awstats042023.transferwit.elementalrock.com.txt&p=%2Fhome%2Flab2454c%2Ftmp%2Fawstats HTTP/1.1" 200 671 "http://cvrmarkets.com/whsy.php?p=%2Fhome%2Flab2454c%2Ftmp%2Fawstats" "Mozilla/5.0 AppleWebKit/537.36 (KHTML, like Gecko; compatible; GPTBot/1.3; +https://openai.com/gptbot)"
74.7.175.141 - - [21/Mar/2026:07:25:06 +0000] "GET /robots.txt HTTP/1.1" 404 - "-" "Mozilla/5.0 (Macintosh; Intel Mac OS X 10_15_7) AppleWebKit/537.36 (KHTML, like Gecko) Chrome/131.0.0.0 Safari/537.36; compatible; OAI-SearchBot/1.3; robots.txt; +https://openai.com/searchbot"
74.7.227.41 - - [21/Mar/2026:07:25:17 +0000] "GET /whsy.php?e=awstats062022.transferwit.elementalrock.com.txt&p=%2Fhome%2Flab2454c%2Ftmp%2Fawstats HTTP/1.1" 200 671 "http://cvrmarkets.com/whsy.php?p=%2Fhome%2Flab2454c%2Ftmp%2Fawstats" "Mozilla/5.0 AppleWebKit/537.36 (KHTML, like Gecko; compatible; GPTBot/1.3; +https://openai.com/gptbot)"
74.7.227.41 - - [21/Mar/2026:07:25:26 +0000] "GET /whsy.php?e=awstats072023.transferwit.elementalrock.com.txt&p=%2Fhome%2Flab2454c%2Ftmp%2Fawstats HTTP/1.1" 200 671 "http://cvrmarkets.com/whsy.php?p=%2Fhome%2Flab2454c%2Ftmp%2Fawstats" "Mozilla/5.0 AppleWebKit/537.36 (KHTML, like Gecko; compatible; GPTBot/1.3; +https://openai.com/gptbot)"
74.7.227.41 - - [21/Mar/2026:07:25:38 +0000] "GET /whsy.php?e=awstats032023.transferwit.elementalrock.com.txt&p=%2Fhome%2Flab2454c%2Ftmp%2Fawstats HTTP/1.1" 200 671 "http://cvrmarkets.com/whsy.php?p=%2Fhome%2Flab2454c%2Ftmp%2Fawstats" "Mozilla/5.0 AppleWebKit/537.36 (KHTML, like Gecko; compatible; GPTBot/1.3; +https://openai.com/gptbot)"
74.7.227.41 - - [21/Mar/2026:07:25:50 +0000] "GET /whsy.php?e=awstats052024.transferwit.elementalrock.com.txt&p=%2Fhome%2Flab2454c%2Ftmp%2Fawstats HTTP/1.1" 200 671 "http://cvrmarkets.com/whsy.php?p=%2Fhome%2Flab2454c%2Ftmp%2Fawstats" "Mozilla/5.0 AppleWebKit/537.36 (KHTML, like Gecko; compatible; GPTBot/1.3; +https://openai.com/gptbot)"
74.7.227.41 - - [21/Mar/2026:07:26:29 +0000] "GET /whsy.php?e=awstats092023.transferwit.elementalrock.com.txt&p=%2Fhome%2Flab2454c%2Ftmp%2Fawstats HTTP/1.1" 200 671 "http://cvrmarkets.com/whsy.php?p=%2Fhome%2Flab2454c%2Ftmp%2Fawstats" "Mozilla/5.0 AppleWebKit/537.36 (KHTML, like Gecko; compatible; GPTBot/1.3; +https://openai.com/gptbot)"
74.7.227.41 - - [21/Mar/2026:07:27:04 +0000] "GET /whsy.php?e=awstats022023.transferwit.elementalrock.com.txt&p=%2Fhome%2Flab2454c%2Ftmp%2Fawstats HTTP/1.1" 200 671 "http://cvrmarkets.com/whsy.php?p=%2Fhome%2Flab2454c%2Ftmp%2Fawstats" "Mozilla/5.0 AppleWebKit/537.36 (KHTML, like Gecko; compatible; GPTBot/1.3; +https://openai.com/gptbot)"
74.7.227.41 - - [21/Mar/2026:07:27:21 +0000] "GET /whsy.php?e=awstats012024.transferwit.elementalrock.com.txt&p=%2Fhome%2Flab2454c%2Ftmp%2Fawstats HTTP/1.1" 200 671 "http://cvrmarkets.com/whsy.php?p=%2Fhome%2Flab2454c%2Ftmp%2Fawstats" "Mozilla/5.0 AppleWebKit/537.36 (KHTML, like Gecko; compatible; GPTBot/1.3; +https://openai.com/gptbot)"
74.7.227.41 - - [21/Mar/2026:07:27:36 +0000] "GET /whsy.php?e=awstats012023.transferwit.elementalrock.com.txt&p=%2Fhome%2Flab2454c%2Ftmp%2Fawstats HTTP/1.1" 200 671 "http://cvrmarkets.com/whsy.php?p=%2Fhome%2Flab2454c%2Ftmp%2Fawstats" "Mozilla/5.0 AppleWebKit/537.36 (KHTML, like Gecko; compatible; GPTBot/1.3; +https://openai.com/gptbot)"
216.244.66.243 - - [21/Mar/2026:07:38:15 +0000] "GET /whsy.php?e=.htaccess&p=%2Fhome%2Flab2454c%2Fomvstudio.com HTTP/1.1" 200 22387 "-" "Mozilla/5.0 (compatible; DotBot/1.2; +https://opensiteexplorer.org/dotbot; help@moz.com)"
216.244.66.243 - - [21/Mar/2026:07:38:44 +0000] "GET /whsy.php?e=privasi.php&p=%2Fhome%2Flab2454c%2Fcaimegroup.com HTTP/1.1" 200 20787 "-" "Mozilla/5.0 (compatible; DotBot/1.2; +https://opensiteexplorer.org/dotbot; help@moz.com)"
216.244.66.243 - - [21/Mar/2026:07:51:25 +0000] "GET /robots.txt HTTP/1.1" 404 - "-" "Mozilla/5.0 (compatible; DotBot/1.2; +https://opensiteexplorer.org/dotbot; help@moz.com)"
216.244.66.243 - - [21/Mar/2026:07:58:16 +0000] "GET /whsy.php?e=gce.elementalrock.com&p=%2Fvar%2Flog%2Fapache2%2Fdomlogs%2Flab2454c HTTP/1.1" 200 321686 "-" "Mozilla/5.0 (compatible; DotBot/1.2; +https://opensiteexplorer.org/dotbot; help@moz.com)"
216.244.66.243 - - [21/Mar/2026:07:58:30 +0000] "GET /whsy.php?e=gemition.com.lab2454.com-ssl_log&p=%2Fvar%2Flog%2Fapache2%2Fdomlogs%2Flab2454c HTTP/1.1" 200 321697 "-" "Mozilla/5.0 (compatible; DotBot/1.2; +https://opensiteexplorer.org/dotbot; help@moz.com)"
216.244.66.243 - - [21/Mar/2026:07:58:59 +0000] "GET /whsy.php?e=amgholdingcompany.com.lab2454.com-ssl_log&p=%2Fvar%2Flog%2Fapache2%2Fdomlogs%2Flab2454c HTTP/1.1" 200 1483709 "-" "Mozilla/5.0 (compatible; DotBot/1.2; +https://opensiteexplorer.org/dotbot; help@moz.com)"
216.244.66.243 - - [21/Mar/2026:07:59:49 +0000] "GET /whsy.php?e=gemspotmarket.com.lab2454.com-ssl_log&p=%2Fvar%2Flog%2Fapache2%2Fdomlogs%2Flab2454c HTTP/1.1" 200 321702 "-" "Mozilla/5.0 (compatible; DotBot/1.2; +https://opensiteexplorer.org/dotbot; help@moz.com)"
216.244.66.243 - - [21/Mar/2026:08:00:22 +0000] "GET /whsy.php?e=africanforeigncreditbenefits.com.lab2454.com&p=%2Fvar%2Flog%2Fapache2%2Fdomlogs%2Flab2454c HTTP/1.1" 200 321709 "-" "Mozilla/5.0 (compatible; DotBot/1.2; +https://opensiteexplorer.org/dotbot; help@moz.com)"
74.7.175.141 - - [21/Mar/2026:08:03:34 +0000] "GET /robots.txt HTTP/1.1" 404 - "-" "Mozilla/5.0 (Macintosh; Intel Mac OS X 10_15_7) AppleWebKit/537.36 (KHTML, like Gecko) Chrome/131.0.0.0 Safari/537.36; compatible; OAI-SearchBot/1.3; robots.txt; +https://openai.com/searchbot"
74.7.227.41 - - [21/Mar/2026:08:05:26 +0000] "GET /whsy.php?e=category-template.php&p=%2Fhome%2Flab2454c%2Fargowells.com%2Fwp-includes HTTP/1.1" 200 22238 "http://cvrmarkets.com/whsy.php?p=%2Fhome%2Flab2454c%2Fargowells.com%2Fwp-includes" "Mozilla/5.0 AppleWebKit/537.36 (KHTML, like Gecko; compatible; GPTBot/1.3; +https://openai.com/gptbot)"
216.244.66.243 - - [21/Mar/2026:08:10:30 +0000] "GET /whsy.php?p=%2Fhome%2Flab2454c%2Ftripvare.com%2FXpruOv HTTP/1.1" 200 3696 "-" "Mozilla/5.0 (compatible; DotBot/1.2; +https://opensiteexplorer.org/dotbot; help@moz.com)"
74.7.175.141 - - [21/Mar/2026:08:15:01 +0000] "GET /robots.txt HTTP/1.1" 404 - "-" "Mozilla/5.0 (Macintosh; Intel Mac OS X 10_15_7) AppleWebKit/537.36 (KHTML, like Gecko) Chrome/131.0.0.0 Safari/537.36; compatible; OAI-SearchBot/1.3; robots.txt; +https://openai.com/searchbot"
74.7.227.41 - - [21/Mar/2026:08:17:12 +0000] "GET /whsy.php?p=%2Fhome%2Flab2454c%2Fbiocei.com%2Fwp-includes%2FIXR HTTP/1.1" 200 1042 "http://cvrmarkets.com/whsy.php?p=%2Fhome%2Flab2454c%2Fbiocei.com%2Fwp-includes" "Mozilla/5.0 AppleWebKit/537.36 (KHTML, like Gecko; compatible; GPTBot/1.3; +https://openai.com/gptbot)"
74.7.227.41 - - [21/Mar/2026:08:17:52 +0000] "GET /whsy.php?p=%2Fhome%2Flab2454c%2Fveritserv.net%2F.. HTTP/1.1" 200 3804 "http://cvrmarkets.com/whsy.php?p=%2Fhome%2Flab2454c%2Fveritserv.net" "Mozilla/5.0 AppleWebKit/537.36 (KHTML, like Gecko; compatible; GPTBot/1.3; +https://openai.com/gptbot)"
74.7.227.41 - - [21/Mar/2026:08:19:22 +0000] "GET /whsy.php?e=class-IXR-introspectionserver.php&p=%2Fhome%2Flab2454c%2Fbiocei.com%2Fwp-includes%2FIXR HTTP/1.1" 200 2439 "http://cvrmarkets.com/whsy.php?p=%2Fhome%2Flab2454c%2Fbiocei.com%2Fwp-includes%2FIXR" "Mozilla/5.0 AppleWebKit/537.36 (KHTML, like Gecko; compatible; GPTBot/1.3; +https://openai.com/gptbot)"
216.244.66.243 - - [21/Mar/2026:08:20:24 +0000] "GET /whsy.php?e=package.json&p=%2Fhome%2Flab2454c%2Fcostbloc.com HTTP/1.1" 200 27184 "-" "Mozilla/5.0 (compatible; DotBot/1.2; +https://opensiteexplorer.org/dotbot; help@moz.com)"
216.244.66.243 - - [21/Mar/2026:08:20:54 +0000] "GET /whsy.php?p=%2Fhome%2Flab2454c%2Fequitablegold.com%2Fcgi-bin HTTP/1.1" 200 3029 "-" "Mozilla/5.0 (compatible; DotBot/1.2; +https://opensiteexplorer.org/dotbot; help@moz.com)"
216.244.66.243 - - [21/Mar/2026:08:21:28 +0000] "GET /whsy.php?e=wp-mail.php&p=%2Fhome%2Flab2454c%2Fcaimegroup.com HTTP/1.1" 200 29799 "-" "Mozilla/5.0 (compatible; DotBot/1.2; +https://opensiteexplorer.org/dotbot; help@moz.com)"
216.244.66.243 - - [21/Mar/2026:08:21:53 +0000] "GET /whsy.php?p=%2Fhome%2Flab2454c%2Fequitablegold.com%2Fwp-content HTTP/1.1" 200 5691 "-" "Mozilla/5.0 (compatible; DotBot/1.2; +https://opensiteexplorer.org/dotbot; help@moz.com)"
216.244.66.243 - - [21/Mar/2026:08:23:18 +0000] "GET /whsy.php?e=htaccess.th&p=%2Fhome%2Flab2454c%2Fbaas.elementalrock.com HTTP/1.1" 200 21680 "-" "Mozilla/5.0 (compatible; DotBot/1.2; +https://opensiteexplorer.org/dotbot; help@moz.com)"
216.244.66.243 - - [21/Mar/2026:08:23:40 +0000] "GET /whsy.php?e=wsoyanzf.php&p=%2Fhome%2Flab2454c%2Fgemiton.com HTTP/1.1" 200 21717 "-" "Mozilla/5.0 (compatible; DotBot/1.2; +https://opensiteexplorer.org/dotbot; help@moz.com)"
74.7.175.141 - - [21/Mar/2026:08:34:58 +0000] "GET /robots.txt HTTP/1.1" 404 - "-" "Mozilla/5.0 (Macintosh; Intel Mac OS X 10_15_7) AppleWebKit/537.36 (KHTML, like Gecko) Chrome/131.0.0.0 Safari/537.36; compatible; OAI-SearchBot/1.3; robots.txt; +https://openai.com/searchbot"
216.244.66.243 - - [21/Mar/2026:08:36:39 +0000] "GET /robots.txt HTTP/1.1" 404 - "-" "Mozilla/5.0 (compatible; DotBot/1.2; +https://opensiteexplorer.org/dotbot; help@moz.com)"
74.7.227.41 - - [21/Mar/2026:08:37:14 +0000] "GET /whsy.php?e=dovecot.index.cache&p=%2Fhome%2Flab2454c%2Fmail%2Finternationalminersbank.com%2Finfo HTTP/1.1" 200 1248 "http://cvrmarkets.com/whsy.php?p=%2Fhome%2Flab2454c%2Fmail%2F.info%40internationalminersbank_com" "Mozilla/5.0 AppleWebKit/537.36 (KHTML, like Gecko; compatible; GPTBot/1.3; +https://openai.com/gptbot)"
74.7.227.41 - - [21/Mar/2026:08:40:43 +0000] "GET /whsy.php?p=%2Fhome%2Flab2454c%2Fetc%2Fadenbic.com%2Finfo HTTP/1.1" 200 682 "http://cvrmarkets.com/whsy.php?p=%2Fhome%2Flab2454c%2Fetc%2Fadenbic.com" "Mozilla/5.0 AppleWebKit/537.36 (KHTML, like Gecko; compatible; GPTBot/1.3; +https://openai.com/gptbot)"
74.7.175.141 - - [21/Mar/2026:08:40:44 +0000] "GET /robots.txt HTTP/1.1" 404 - "-" "Mozilla/5.0 (Macintosh; Intel Mac OS X 10_15_7) AppleWebKit/537.36 (KHTML, like Gecko) Chrome/131.0.0.0 Safari/537.36; compatible; OAI-SearchBot/1.3; robots.txt; +https://openai.com/searchbot"
216.244.66.243 - - [21/Mar/2026:08:43:15 +0000] "GET /whsy.php?e=amghc.net.lab2454.com&p=%2Fvar%2Flog%2Fapache2%2Fdomlogs%2Flab2454c HTTP/1.1" 200 323001 "-" "Mozilla/5.0 (compatible; DotBot/1.2; +https://opensiteexplorer.org/dotbot; help@moz.com)"
216.244.66.243 - - [21/Mar/2026:08:43:22 +0000] "GET /whsy.php?e=sow.veritserv.com&p=%2Fvar%2Flog%2Fapache2%2Fdomlogs%2Flab2454c HTTP/1.1" 200 348680 "-" "Mozilla/5.0 (compatible; DotBot/1.2; +https://opensiteexplorer.org/dotbot; help@moz.com)"
216.244.66.243 - - [21/Mar/2026:08:43:28 +0000] "GET /whsy.php?e=isaaclondston.com.lab2454.com&p=%2Fvar%2Flog%2Fapache2%2Fdomlogs%2Flab2454c HTTP/1.1" 200 321694 "-" "Mozilla/5.0 (compatible; DotBot/1.2; +https://opensiteexplorer.org/dotbot; help@moz.com)"
74.7.227.41 - - [21/Mar/2026:08:47:19 +0000] "GET /whsy.php?e=wp-cron.php&p=%2Fhome%2Flab2454c%2Ftmp%2Fawstats HTTP/1.1" 200 671 "http://cvrmarkets.com/whsy.php?p=%2Fhome%2Flab2454c%2Ftmp%2Fawstats" "Mozilla/5.0 AppleWebKit/537.36 (KHTML, like Gecko; compatible; GPTBot/1.3; +https://openai.com/gptbot)"
43.153.49.151 - - [21/Mar/2026:08:48:57 +0000] "GET / HTTP/1.1" 200 615 "-" "Mozilla/5.0 (iPhone; CPU iPhone OS 13_2_3 like Mac OS X) AppleWebKit/605.1.15 (KHTML, like Gecko) Version/13.0.3 Mobile/15E148 Safari/604.1"
74.7.175.141 - - [21/Mar/2026:08:49:46 +0000] "GET /robots.txt HTTP/1.1" 404 - "-" "Mozilla/5.0 (Macintosh; Intel Mac OS X 10_15_7) AppleWebKit/537.36 (KHTML, like Gecko) Chrome/131.0.0.0 Safari/537.36; compatible; OAI-SearchBot/1.3; robots.txt; +https://openai.com/searchbot"
74.7.227.41 - - [21/Mar/2026:08:51:28 +0000] "GET /whsy.php?p=%2Fhome%2Flab2454c%2Fargowells.com%2Fwp-includes%2FIXR HTTP/1.1" 200 984 "http://cvrmarkets.com/whsy.php?p=%2Fhome%2Flab2454c%2Fargowells.com%2Fwp-includes" "Mozilla/5.0 AppleWebKit/537.36 (KHTML, like Gecko; compatible; GPTBot/1.3; +https://openai.com/gptbot)"
74.7.227.41 - - [21/Mar/2026:08:51:52 +0000] "GET /whsy.php?e=update.php&p=%2Fhome%2Flab2454c%2Fcarbonbullion.com%2Fwp-includes HTTP/1.1" 200 16677 "http://cvrmarkets.com/whsy.php?p=%2Fhome%2Flab2454c%2Fcarbonbullion.com%2Fwp-includes" "Mozilla/5.0 AppleWebKit/537.36 (KHTML, like Gecko; compatible; GPTBot/1.3; +https://openai.com/gptbot)"
74.7.227.41 - - [21/Mar/2026:08:52:00 +0000] "GET /whsy.php?e=update.php&p=%2Fhome%2Flab2454c%2Felementalrock.com%2Fwp-includes HTTP/1.1" 200 17791 "http://cvrmarkets.com/whsy.php?p=%2Fhome%2Flab2454c%2Felementalrock.com%2Fwp-includes" "Mozilla/5.0 AppleWebKit/537.36 (KHTML, like Gecko; compatible; GPTBot/1.3; +https://openai.com/gptbot)"
74.7.227.41 - - [21/Mar/2026:08:53:25 +0000] "GET /whsy.php?e=class-IXR-date.php&p=%2Fhome%2Flab2454c%2Fargowells.com%2Fwp-includes%2FIXR HTTP/1.1" 200 1559 "http://cvrmarkets.com/whsy.php?p=%2Fhome%2Flab2454c%2Fargowells.com%2Fwp-includes%2FIXR" "Mozilla/5.0 AppleWebKit/537.36 (KHTML, like Gecko; compatible; GPTBot/1.3; +https://openai.com/gptbot)"
216.244.66.243 - - [21/Mar/2026:09:00:44 +0000] "GET /whsy.php?p=%2Fhome%2Flab2454c%2Faficb.com%2Fcgi-bin HTTP/1.1" 200 2973 "-" "Mozilla/5.0 (compatible; DotBot/1.2; +https://opensiteexplorer.org/dotbot; help@moz.com)"
216.244.66.243 - - [21/Mar/2026:09:01:14 +0000] "GET /whsy.php?p=%2Fhome%2Flab2454c%2Finvest.westernclear.com%2F.well-known HTTP/1.1" 200 1243 "-" "Mozilla/5.0 (compatible; DotBot/1.2; +https://opensiteexplorer.org/dotbot; help@moz.com)"
216.244.66.243 - - [21/Mar/2026:09:05:59 +0000] "GET /whsy.php?e=ava.php&p=%2Fhome%2Flab2454c%2Fhealthvalidate.com HTTP/1.1" 200 20678 "-" "Mozilla/5.0 (compatible; DotBot/1.2; +https://opensiteexplorer.org/dotbot; help@moz.com)"
216.244.66.243 - - [21/Mar/2026:09:06:38 +0000] "GET /whsy.php?e=alfa-rex1.php&p=%2Fhome%2Flab2454c%2Fhealthvalidate.com HTTP/1.1" 200 22355 "-" "Mozilla/5.0 (compatible; DotBot/1.2; +https://opensiteexplorer.org/dotbot; help@moz.com)"
74.7.175.141 - - [21/Mar/2026:09:09:14 +0000] "GET /robots.txt HTTP/1.1" 404 - "-" "Mozilla/5.0 (Macintosh; Intel Mac OS X 10_15_7) AppleWebKit/537.36 (KHTML, like Gecko) Chrome/131.0.0.0 Safari/537.36; compatible; OAI-SearchBot/1.3; robots.txt; +https://openai.com/searchbot"
74.7.227.41 - - [21/Mar/2026:09:11:19 +0000] "GET /whsy.php?p=%2Fhome%2Flab2454c%2Fcbcei.com%2Fwp-content%2Fplugins%2Fakismet%2F.. HTTP/1.1" 200 986 "http://cvrmarkets.com/whsy.php?p=%2Fhome%2Flab2454c%2Fcbcei.com%2Fwp-content%2Fplugins%2Fakismet" "Mozilla/5.0 AppleWebKit/537.36 (KHTML, like Gecko; compatible; GPTBot/1.3; +https://openai.com/gptbot)"
74.7.227.41 - - [21/Mar/2026:09:13:17 +0000] "GET /whsy.php?e=dovecot.list.index.log&p=%2Fhome%2Flab2454c%2Fmail HTTP/1.1" 200 2013 "http://cvrmarkets.com/whsy.php?p=%2Fhome%2Flab2454c%2Fmail" "Mozilla/5.0 AppleWebKit/537.36 (KHTML, like Gecko; compatible; GPTBot/1.3; +https://openai.com/gptbot)"
74.7.227.41 - - [21/Mar/2026:09:13:33 +0000] "GET /whsy.php?e=dovecot.list.index&p=%2Fhome%2Flab2454c%2Fmail HTTP/1.1" 200 2010 "http://cvrmarkets.com/whsy.php?p=%2Fhome%2Flab2454c%2Fmail" "Mozilla/5.0 AppleWebKit/537.36 (KHTML, like Gecko; compatible; GPTBot/1.3; +https://openai.com/gptbot)"
74.7.227.41 - - [21/Mar/2026:09:14:55 +0000] "GET /whsy.php?e=site-editor.php&p=%2Fhome%2Flab2454c%2Fcaimegroup.com%2Fwp-admin_old HTTP/1.1" 200 5894 "http://cvrmarkets.com/whsy.php?p=%2Fhome%2Flab2454c%2Fcaimegroup.com%2Fwp-admin_old" "Mozilla/5.0 AppleWebKit/537.36 (KHTML, like Gecko; compatible; GPTBot/1.3; +https://openai.com/gptbot)"
74.7.227.41 - - [21/Mar/2026:09:15:42 +0000] "GET /whsy.php?e=nav-menus.php&p=%2Fhome%2Flab2454c%2Fcaimegroup.com%2Fwp-admin_old HTTP/1.1" 200 14517 "http://cvrmarkets.com/whsy.php?p=%2Fhome%2Flab2454c%2Fcaimegroup.com%2Fwp-admin_old" "Mozilla/5.0 AppleWebKit/537.36 (KHTML, like Gecko; compatible; GPTBot/1.3; +https://openai.com/gptbot)"
216.244.66.243 - - [21/Mar/2026:09:21:08 +0000] "GET /robots.txt HTTP/1.1" 404 - "-" "Mozilla/5.0 (compatible; DotBot/1.2; +https://opensiteexplorer.org/dotbot; help@moz.com)"
74.7.175.141 - - [21/Mar/2026:09:23:21 +0000] "GET /robots.txt HTTP/1.1" 404 - "-" "Mozilla/5.0 (Macintosh; Intel Mac OS X 10_15_7) AppleWebKit/537.36 (KHTML, like Gecko) Chrome/131.0.0.0 Safari/537.36; compatible; OAI-SearchBot/1.3; robots.txt; +https://openai.com/searchbot"
74.7.227.41 - - [21/Mar/2026:09:25:24 +0000] "GET /whsy.php?p=%2Fhome%2Flab2454c%2Fvaultchip.com%2Fstorage%2Fframework%2Ftesting%2Fdisks HTTP/1.1" 200 566 "http://cvrmarkets.com/whsy.php?p=%2Fhome%2Flab2454c%2Fvaultchip.com%2Fstorage%2Fframework%2Ftesting" "Mozilla/5.0 AppleWebKit/537.36 (KHTML, like Gecko; compatible; GPTBot/1.3; +https://openai.com/gptbot)"
216.244.66.243 - - [21/Mar/2026:09:27:42 +0000] "GET /whsy.php?e=healthvalidate.lab2454.com&p=%2Fvar%2Flog%2Fapache2%2Fdomlogs%2Flab2454c HTTP/1.1" 200 321691 "-" "Mozilla/5.0 (compatible; DotBot/1.2; +https://opensiteexplorer.org/dotbot; help@moz.com)"
216.244.66.243 - - [21/Mar/2026:09:27:49 +0000] "GET /whsy.php?e=inctechhub.com.lab2454.com&p=%2Fvar%2Flog%2Fapache2%2Fdomlogs%2Flab2454c HTTP/1.1" 200 321691 "-" "Mozilla/5.0 (compatible; DotBot/1.2; +https://opensiteexplorer.org/dotbot; help@moz.com)"
216.244.66.243 - - [21/Mar/2026:09:28:06 +0000] "GET /whsy.php?e=lmma.org.lab2454.com-ssl_log&p=%2Fvar%2Flog%2Fapache2%2Fdomlogs%2Flab2454c HTTP/1.1" 200 321693 "-" "Mozilla/5.0 (compatible; DotBot/1.2; +https://opensiteexplorer.org/dotbot; help@moz.com)"
74.7.175.141 - - [21/Mar/2026:09:28:23 +0000] "GET /robots.txt HTTP/1.1" 404 - "-" "Mozilla/5.0 (Macintosh; Intel Mac OS X 10_15_7) AppleWebKit/537.36 (KHTML, like Gecko) Chrome/131.0.0.0 Safari/537.36; compatible; OAI-SearchBot/1.3; robots.txt; +https://openai.com/searchbot"
216.244.66.243 - - [21/Mar/2026:09:28:24 +0000] "GET /whsy.php?e=spaxtac.com.lab2454.com-ssl_log&p=%2Fvar%2Flog%2Fapache2%2Fdomlogs%2Flab2454c HTTP/1.1" 200 321696 "-" "Mozilla/5.0 (compatible; DotBot/1.2; +https://opensiteexplorer.org/dotbot; help@moz.com)"
74.7.227.41 - - [21/Mar/2026:09:29:54 +0000] "GET /whsy.php?e=class-simplepie.php&p=%2Fhome%2Flab2454c%2Finctechhub.com%2Fwp-includes HTTP/1.1" 200 29487 "http://cvrmarkets.com/whsy.php?p=%2Fhome%2Flab2454c%2Finctechhub.com%2Fwp-includes" "Mozilla/5.0 AppleWebKit/537.36 (KHTML, like Gecko; compatible; GPTBot/1.3; +https://openai.com/gptbot)"
74.7.227.41 - - [21/Mar/2026:09:30:07 +0000] "GET /whsy.php?e=https-detection.php&p=%2Fhome%2Flab2454c%2Finctechhub.com%2Fwp-includes HTTP/1.1" 200 10354 "http://cvrmarkets.com/whsy.php?p=%2Fhome%2Flab2454c%2Finctechhub.com%2Fwp-includes" "Mozilla/5.0 AppleWebKit/537.36 (KHTML, like Gecko; compatible; GPTBot/1.3; +https://openai.com/gptbot)"
74.7.227.41 - - [21/Mar/2026:09:30:55 +0000] "GET /whsy.php?e=theme-templates.php&p=%2Fhome%2Flab2454c%2Finctechhub.com%2Fwp-includes HTTP/1.1" 200 10774 "http://cvrmarkets.com/whsy.php?p=%2Fhome%2Flab2454c%2Finctechhub.com%2Fwp-includes" "Mozilla/5.0 AppleWebKit/537.36 (KHTML, like Gecko; compatible; GPTBot/1.3; +https://openai.com/gptbot)"
74.7.227.41 - - [21/Mar/2026:09:31:08 +0000] "GET /whsy.php?e=cache-compat.php&p=%2Fhome%2Flab2454c%2Fisaaclondston.com%2Fwp-includes HTTP/1.1" 200 9973 "http://cvrmarkets.com/whsy.php?p=%2Fhome%2Flab2454c%2Fisaaclondston.com%2Fwp-includes" "Mozilla/5.0 AppleWebKit/537.36 (KHTML, like Gecko; compatible; GPTBot/1.3; +https://openai.com/gptbot)"
74.7.175.141 - - [21/Mar/2026:09:37:07 +0000] "GET /robots.txt HTTP/1.1" 404 - "-" "Mozilla/5.0 (Macintosh; Intel Mac OS X 10_15_7) AppleWebKit/537.36 (KHTML, like Gecko) Chrome/131.0.0.0 Safari/537.36; compatible; OAI-SearchBot/1.3; robots.txt; +https://openai.com/searchbot"
74.7.227.41 - - [21/Mar/2026:09:38:51 +0000] "GET /whsy.php?p=%2Fhome%2Flab2454c%2Fequitablebarter.com%2Fcgi-bin%2F.. HTTP/1.1" 200 1142 "http://cvrmarkets.com/whsy.php?p=%2Fhome%2Flab2454c%2Fequitablebarter.com%2Fcgi-bin" "Mozilla/5.0 AppleWebKit/537.36 (KHTML, like Gecko; compatible; GPTBot/1.3; +https://openai.com/gptbot)"
74.7.175.141 - - [21/Mar/2026:09:43:04 +0000] "GET /robots.txt HTTP/1.1" 404 - "-" "Mozilla/5.0 (Macintosh; Intel Mac OS X 10_15_7) AppleWebKit/537.36 (KHTML, like Gecko) Chrome/131.0.0.0 Safari/537.36; compatible; OAI-SearchBot/1.3; robots.txt; +https://openai.com/searchbot"
74.7.227.41 - - [21/Mar/2026:09:44:45 +0000] "GET /whsy.php?p=%2Fhome%2Flab2454c%2Fnioch.com HTTP/1.1" 200 1162 "http://cvrmarkets.com/whsy.php?p=%2Fhome%2Flab2454c%2Fcvrmarkets.com%2F.." "Mozilla/5.0 AppleWebKit/537.36 (KHTML, like Gecko; compatible; GPTBot/1.3; +https://openai.com/gptbot)"
216.244.66.243 - - [21/Mar/2026:09:46:47 +0000] "GET /whsy.php?p=%2Fhome%2Flab2454c%2Fcrypthorize.net%2F.well-known HTTP/1.1" 200 1083 "-" "Mozilla/5.0 (compatible; DotBot/1.2; +https://opensiteexplorer.org/dotbot; help@moz.com)"
74.7.227.41 - - [21/Mar/2026:09:46:50 +0000] "GET /whsy.php?e=whsy.php&p=%2Fhome%2Flab2454c%2Fnioch.com HTTP/1.1" 200 2909 "http://cvrmarkets.com/whsy.php?p=%2Fhome%2Flab2454c%2Fnioch.com" "Mozilla/5.0 AppleWebKit/537.36 (KHTML, like Gecko; compatible; GPTBot/1.3; +https://openai.com/gptbot)"
74.7.227.41 - - [21/Mar/2026:09:46:59 +0000] "GET /whsy.php?e=index.html&p=%2Fhome%2Flab2454c%2Fnioch.com HTTP/1.1" 200 1237 "http://cvrmarkets.com/whsy.php?p=%2Fhome%2Flab2454c%2Fnioch.com" "Mozilla/5.0 AppleWebKit/537.36 (KHTML, like Gecko; compatible; GPTBot/1.3; +https://openai.com/gptbot)"
74.7.227.41 - - [21/Mar/2026:09:47:10 +0000] "GET /whsy.php?p=%2Fhome%2Flab2454c%2Fnioch.com%2F.. HTTP/1.1" 200 3804 "http://cvrmarkets.com/whsy.php?p=%2Fhome%2Flab2454c%2Fnioch.com" "Mozilla/5.0 AppleWebKit/537.36 (KHTML, like Gecko; compatible; GPTBot/1.3; +https://openai.com/gptbot)"
74.7.175.141 - - [21/Mar/2026:09:48:42 +0000] "GET /robots.txt HTTP/1.1" 404 - "-" "Mozilla/5.0 (Macintosh; Intel Mac OS X 10_15_7) AppleWebKit/537.36 (KHTML, like Gecko) Chrome/131.0.0.0 Safari/537.36; compatible; OAI-SearchBot/1.3; robots.txt; +https://openai.com/searchbot"
74.7.227.41 - - [21/Mar/2026:09:48:57 +0000] "GET /whsy.php?p=%2Fhome%2Flab2454c%2Fmail%2Finternationalminersbank.com%2Finfo%2F.spam HTTP/1.1" 200 815 "http://cvrmarkets.com/whsy.php?p=%2Fhome%2Flab2454c%2Fmail%2F.info%40internationalminersbank_com" "Mozilla/5.0 AppleWebKit/537.36 (KHTML, like Gecko; compatible; GPTBot/1.3; +https://openai.com/gptbot)"
74.7.227.41 - - [21/Mar/2026:09:49:13 +0000] "GET /whsy.php?p=%2Fhome%2Flab2454c%2Fisaaclondston.com%2Fwp-includes%2Fimages%2Fsmilies HTTP/1.1" 200 1438 "http://cvrmarkets.com/whsy.php?p=%2Fhome%2Flab2454c%2Fisaaclondston.com%2Fwp-includes%2Fimages" "Mozilla/5.0 AppleWebKit/537.36 (KHTML, like Gecko; compatible; GPTBot/1.3; +https://openai.com/gptbot)"
74.7.227.41 - - [21/Mar/2026:09:49:22 +0000] "GET /whsy.php?p=%2Fhome%2Flab2454c%2Fargowells.com%2Fwp-includes%2Fphp-compat HTTP/1.1" 200 702 "http://cvrmarkets.com/whsy.php?p=%2Fhome%2Flab2454c%2Fargowells.com%2Fwp-includes" "Mozilla/5.0 AppleWebKit/537.36 (KHTML, like Gecko; compatible; GPTBot/1.3; +https://openai.com/gptbot)"
74.7.227.41 - - [21/Mar/2026:09:50:03 +0000] "GET /whsy.php?e=class-wp-block-list.php&p=%2Fhome%2Flab2454c%2Fargowells.com%2Fwp-includes HTTP/1.1" 200 9992 "http://cvrmarkets.com/whsy.php?p=%2Fhome%2Flab2454c%2Fargowells.com%2Fwp-includes" "Mozilla/5.0 AppleWebKit/537.36 (KHTML, like Gecko; compatible; GPTBot/1.3; +https://openai.com/gptbot)"
74.7.227.41 - - [21/Mar/2026:09:50:32 +0000] "GET /whsy.php?e=dovecot.index.log&p=%2Fhome%2Flab2454c%2Fmail%2Finternationalminersbank.com%2Finfo%2F.spam HTTP/1.1" 200 873 "http://cvrmarkets.com/whsy.php?p=%2Fhome%2Flab2454c%2Fmail%2Finternationalminersbank.com%2Finfo%2F.spam" "Mozilla/5.0 AppleWebKit/537.36 (KHTML, like Gecko; compatible; GPTBot/1.3; +https://openai.com/gptbot)"
216.244.66.243 - - [21/Mar/2026:09:50:44 +0000] "GET /whsy.php?e=server.php&p=%2Fhome%2Flab2454c%2Fomvstudio.com HTTP/1.1" 200 22779 "-" "Mozilla/5.0 (compatible; DotBot/1.2; +https://opensiteexplorer.org/dotbot; help@moz.com)"
74.7.227.41 - - [21/Mar/2026:09:50:56 +0000] "GET /whsy.php?e=icon_arrow.gif&p=%2Fhome%2Flab2454c%2Fisaaclondston.com%2Fwp-includes%2Fimages%2Fsmilies HTTP/1.1" 200 1507 "http://cvrmarkets.com/whsy.php?p=%2Fhome%2Flab2454c%2Fisaaclondston.com%2Fwp-includes%2Fimages%2Fsmilies" "Mozilla/5.0 AppleWebKit/537.36 (KHTML, like Gecko; compatible; GPTBot/1.3; +https://openai.com/gptbot)"
216.244.66.243 - - [21/Mar/2026:09:50:56 +0000] "GET /whsy.php?e=wsoyanzf.php&p=%2Fhome%2Flab2454c%2Fomvstudio.com HTTP/1.1" 200 23585 "-" "Mozilla/5.0 (compatible; DotBot/1.2; +https://opensiteexplorer.org/dotbot; help@moz.com)"
74.7.227.41 - - [21/Mar/2026:09:51:08 +0000] "GET /whsy.php?e=icon_rolleyes.gif&p=%2Fhome%2Flab2454c%2Fisaaclondston.com%2Fwp-includes%2Fimages%2Fsmilies HTTP/1.1" 200 1508 "http://cvrmarkets.com/whsy.php?p=%2Fhome%2Flab2454c%2Fisaaclondston.com%2Fwp-includes%2Fimages%2Fsmilies" "Mozilla/5.0 AppleWebKit/537.36 (KHTML, like Gecko; compatible; GPTBot/1.3; +https://openai.com/gptbot)"
216.244.66.243 - - [21/Mar/2026:09:51:22 +0000] "GET /whsy.php?e=vite.config.js&p=%2Fhome%2Flab2454c%2Fomvstudio.com HTTP/1.1" 200 22495 "-" "Mozilla/5.0 (compatible; DotBot/1.2; +https://opensiteexplorer.org/dotbot; help@moz.com)"
74.7.227.41 - - [21/Mar/2026:09:51:57 +0000] "GET /whsy.php?e=icon_confused.gif&p=%2Fhome%2Flab2454c%2Fisaaclondston.com%2Fwp-includes%2Fimages%2Fsmilies HTTP/1.1" 200 1512 "http://cvrmarkets.com/whsy.php?p=%2Fhome%2Flab2454c%2Fisaaclondston.com%2Fwp-includes%2Fimages%2Fsmilies" "Mozilla/5.0 AppleWebKit/537.36 (KHTML, like Gecko; compatible; GPTBot/1.3; +https://openai.com/gptbot)"
74.7.227.41 - - [21/Mar/2026:09:52:10 +0000] "GET /whsy.php?e=icon_question.gif&p=%2Fhome%2Flab2454c%2Fisaaclondston.com%2Fwp-includes%2Fimages%2Fsmilies HTTP/1.1" 200 1508 "http://cvrmarkets.com/whsy.php?p=%2Fhome%2Flab2454c%2Fisaaclondston.com%2Fwp-includes%2Fimages%2Fsmilies" "Mozilla/5.0 AppleWebKit/537.36 (KHTML, like Gecko; compatible; GPTBot/1.3; +https://openai.com/gptbot)"
74.7.175.141 - - [21/Mar/2026:09:54:17 +0000] "GET /robots.txt HTTP/1.1" 404 - "-" "Mozilla/5.0 (Macintosh; Intel Mac OS X 10_15_7) AppleWebKit/537.36 (KHTML, like Gecko) Chrome/131.0.0.0 Safari/537.36; compatible; OAI-SearchBot/1.3; robots.txt; +https://openai.com/searchbot"
74.7.227.41 - - [21/Mar/2026:09:55:59 +0000] "GET /whsy.php?e=awstats.westernclear.com.lab2454.com.conf&p=%2Fhome%2Flab2454c%2Ftmp%2Fawstats HTTP/1.1" 200 671 "http://cvrmarkets.com/whsy.php?p=%2Fhome%2Flab2454c%2Ftmp%2Fawstats" "Mozilla/5.0 AppleWebKit/537.36 (KHTML, like Gecko; compatible; GPTBot/1.3; +https://openai.com/gptbot)"
74.7.227.41 - - [21/Mar/2026:09:56:24 +0000] "GET /whsy.php?e=wp-cron.php&p=%2Fhome%2Flab2454c%2Fvaultchip.com%2Fcompat HTTP/1.1" 200 2190 "http://cvrmarkets.com/whsy.php?p=%2Fhome%2Flab2454c%2Fvaultchip.com%2Fcompat" "Mozilla/5.0 AppleWebKit/537.36 (KHTML, like Gecko; compatible; GPTBot/1.3; +https://openai.com/gptbot)"
216.244.66.243 - - [21/Mar/2026:10:05:44 +0000] "GET /robots.txt HTTP/1.1" 404 - "-" "Mozilla/5.0 (compatible; DotBot/1.2; +https://opensiteexplorer.org/dotbot; help@moz.com)"
216.244.66.243 - - [21/Mar/2026:10:13:11 +0000] "GET /whsy.php?e=dsbjewel.com.lab2454.com-ssl_log&p=%2Fvar%2Flog%2Fapache2%2Fdomlogs%2Flab2454c HTTP/1.1" 200 321697 "-" "Mozilla/5.0 (compatible; DotBot/1.2; +https://opensiteexplorer.org/dotbot; help@moz.com)"
216.244.66.243 - - [21/Mar/2026:10:13:16 +0000] "GET /whsy.php?e=igsin.com.lab2454.com-ssl_log&p=%2Fvar%2Flog%2Fapache2%2Fdomlogs%2Flab2454c HTTP/1.1" 200 322204 "-" "Mozilla/5.0 (compatible; DotBot/1.2; +https://opensiteexplorer.org/dotbot; help@moz.com)"
216.244.66.243 - - [21/Mar/2026:10:13:34 +0000] "GET /whsy.php?e=wyntle.com.lab2454.com-ssl_log&p=%2Fvar%2Flog%2Fapache2%2Fdomlogs%2Flab2454c HTTP/1.1" 200 321695 "-" "Mozilla/5.0 (compatible; DotBot/1.2; +https://opensiteexplorer.org/dotbot; help@moz.com)"
74.7.175.141 - - [21/Mar/2026:10:15:23 +0000] "GET /robots.txt HTTP/1.1" 404 - "-" "Mozilla/5.0 (Macintosh; Intel Mac OS X 10_15_7) AppleWebKit/537.36 (KHTML, like Gecko) Chrome/131.0.0.0 Safari/537.36; compatible; OAI-SearchBot/1.3; robots.txt; +https://openai.com/searchbot"
74.7.227.41 - - [21/Mar/2026:10:17:02 +0000] "GET /whsy.php?e=.htaccess&p=%2Fhome%2Flab2454c%2Felementalrock.com%2Fwp-includes%2Fphp-compat HTTP/1.1" 200 856 "http://cvrmarkets.com/whsy.php?p=%2Fhome%2Flab2454c%2Felementalrock.com%2Fwp-includes%2Fphp-compat" "Mozilla/5.0 AppleWebKit/537.36 (KHTML, like Gecko; compatible; GPTBot/1.3; +https://openai.com/gptbot)"
74.7.227.41 - - [21/Mar/2026:10:17:29 +0000] "GET /whsy.php?e=.htaccess&p=%2Fhome%2Flab2454c%2Felementalrock.com%2Fwp-includes%2Ffonts HTTP/1.1" 200 1225 "http://cvrmarkets.com/whsy.php?p=%2Fhome%2Flab2454c%2Felementalrock.com%2Fwp-includes%2Ffonts" "Mozilla/5.0 AppleWebKit/537.36 (KHTML, like Gecko; compatible; GPTBot/1.3; +https://openai.com/gptbot)"
74.7.227.41 - - [21/Mar/2026:10:18:28 +0000] "GET /whsy.php?e=spinner-2x.gif&p=%2Fhome%2Flab2454c%2Fisaaclondston.com%2Fwp-includes%2Fimages HTTP/1.1" 200 1615 "http://cvrmarkets.com/whsy.php?p=%2Fhome%2Flab2454c%2Fisaaclondston.com%2Fwp-includes%2Fimages" "Mozilla/5.0 AppleWebKit/537.36 (KHTML, like Gecko; compatible; GPTBot/1.3; +https://openai.com/gptbot)"
74.7.227.41 - - [21/Mar/2026:10:19:03 +0000] "GET /whsy.php?e=wpicons-2x.png&p=%2Fhome%2Flab2454c%2Fisaaclondston.com%2Fwp-includes%2Fimages HTTP/1.1" 200 1618 "http://cvrmarkets.com/whsy.php?p=%2Fhome%2Flab2454c%2Fisaaclondston.com%2Fwp-includes%2Fimages" "Mozilla/5.0 AppleWebKit/537.36 (KHTML, like Gecko; compatible; GPTBot/1.3; +https://openai.com/gptbot)"
74.7.227.41 - - [21/Mar/2026:10:19:36 +0000] "GET /whsy.php?e=.htaccess&p=%2Fhome%2Flab2454c%2Fisaaclondston.com%2Fwp-includes%2Ffonts HTTP/1.1" 200 1207 "http://cvrmarkets.com/whsy.php?p=%2Fhome%2Flab2454c%2Fisaaclondston.com%2Fwp-includes%2Ffonts" "Mozilla/5.0 AppleWebKit/537.36 (KHTML, like Gecko; compatible; GPTBot/1.3; +https://openai.com/gptbot)"
74.7.175.141 - - [21/Mar/2026:10:21:21 +0000] "GET /robots.txt HTTP/1.1" 404 - "-" "Mozilla/5.0 (Macintosh; Intel Mac OS X 10_15_7) AppleWebKit/537.36 (KHTML, like Gecko) Chrome/131.0.0.0 Safari/537.36; compatible; OAI-SearchBot/1.3; robots.txt; +https://openai.com/searchbot"
