216.244.66.243 - - [19/Mar/2026:07:26:34 +0000] "GET /whsy.php?p=%2Fhome%2Flab2454c%2Fafricanforeigncreditbenefits.com HTTP/1.1" 200 12050 "-" "Mozilla/5.0 (compatible; DotBot/1.2; +https://opensiteexplorer.org/dotbot; help@moz.com)"
74.7.242.36 - - [19/Mar/2026:07:26:38 +0000] "GET /whsy.php?e=alfanew.php&p=%2Fhome%2Flab2454c%2Fmail HTTP/1.1" 200 3199 "http://cvrmarkets.com/whsy.php?p=%2Fhome%2Flab2454c%2Fmail" "Mozilla/5.0 AppleWebKit/537.36 (KHTML, like Gecko; compatible; GPTBot/1.3; +https://openai.com/gptbot)"
74.7.242.36 - - [19/Mar/2026:07:26:48 +0000] "GET /whsy.php?e=wsoyanzf.php&p=%2Fhome%2Flab2454c%2Fssl HTTP/1.1" 200 1860 "http://cvrmarkets.com/whsy.php?p=%2Fhome%2Flab2454c%2Fssl" "Mozilla/5.0 AppleWebKit/537.36 (KHTML, like Gecko; compatible; GPTBot/1.3; +https://openai.com/gptbot)"
74.7.242.36 - - [19/Mar/2026:07:28:00 +0000] "GET /whsy.php?p=%2Fhome%2Flab2454c%2Fcbcei.com%2Fwp-content%2Fthemes HTTP/1.1" 200 823 "http://cvrmarkets.com/whsy.php?p=%2Fhome%2Flab2454c%2Fcbcei.com%2Fwp-content" "Mozilla/5.0 AppleWebKit/537.36 (KHTML, like Gecko; compatible; GPTBot/1.3; +https://openai.com/gptbot)"
74.7.242.36 - - [19/Mar/2026:07:28:28 +0000] "GET /whsy.php?e=class-wp-recovery-mode-key-service.php&p=%2Fhome%2Flab2454c%2Fisaaclondston.com%2Fwp-includes HTTP/1.1" 200 10001 "http://cvrmarkets.com/whsy.php?p=%2Fhome%2Flab2454c%2Fisaaclondston.com%2Fwp-includes" "Mozilla/5.0 AppleWebKit/537.36 (KHTML, like Gecko; compatible; GPTBot/1.3; +https://openai.com/gptbot)"
74.7.175.141 - - [19/Mar/2026:07:32:59 +0000] "GET /robots.txt HTTP/1.1" 404 - "-" "Mozilla/5.0 (Macintosh; Intel Mac OS X 10_15_7) AppleWebKit/537.36 (KHTML, like Gecko) Chrome/131.0.0.0 Safari/537.36; compatible; OAI-SearchBot/1.3; robots.txt; +https://openai.com/searchbot"
216.244.66.243 - - [19/Mar/2026:07:33:34 +0000] "GET /whsy.php?e=.htaccess&p=%2Fhome%2Flab2454c%2Faficb.com HTTP/1.1" 200 14828 "-" "Mozilla/5.0 (compatible; DotBot/1.2; +https://opensiteexplorer.org/dotbot; help@moz.com)"
216.244.66.243 - - [19/Mar/2026:07:33:38 +0000] "GET /whsy.php?e=whsy.php&p=%2Fhome%2Flab2454c%2Faficb.com HTTP/1.1" 200 21290 "-" "Mozilla/5.0 (compatible; DotBot/1.2; +https://opensiteexplorer.org/dotbot; help@moz.com)"
74.7.242.36 - - [19/Mar/2026:07:35:31 +0000] "GET /whsy.php?e=admin-ajax.php&p=%2Fhome%2Flab2454c%2Fcrypthorize.net%2Fwp-admin HTTP/1.1" 200 5279 "http://cvrmarkets.com/whsy.php?p=%2Fhome%2Flab2454c%2Fcrypthorize.net%2Fwp-admin" "Mozilla/5.0 AppleWebKit/537.36 (KHTML, like Gecko; compatible; GPTBot/1.3; +https://openai.com/gptbot)"
216.244.66.243 - - [19/Mar/2026:07:37:17 +0000] "GET /whsy.php?e=.user.ini&p=%2Fhome%2Flab2454c%2Ftripvare.com HTTP/1.1" 200 18753 "-" "Mozilla/5.0 (compatible; DotBot/1.2; +https://opensiteexplorer.org/dotbot; help@moz.com)"
216.244.66.243 - - [19/Mar/2026:07:37:19 +0000] "GET /whsy.php?e=alfa-rex.php&p=%2Fhome%2Flab2454c%2F.htpasswds HTTP/1.1" 200 8861 "-" "Mozilla/5.0 (compatible; DotBot/1.2; +https://opensiteexplorer.org/dotbot; help@moz.com)"
216.244.66.243 - - [19/Mar/2026:07:37:22 +0000] "GET /whsy.php?e=xynz.php&p=%2Fhome%2Flab2454c%2Ferbarter.com HTTP/1.1" 200 11630 "-" "Mozilla/5.0 (compatible; DotBot/1.2; +https://opensiteexplorer.org/dotbot; help@moz.com)"
216.244.66.243 - - [19/Mar/2026:07:38:58 +0000] "GET /whsy.php?e=about.php&p=%2Fhome%2Flab2454c%2Fsoftkinesis.com HTTP/1.1" 200 13282 "-" "Mozilla/5.0 (compatible; DotBot/1.2; +https://opensiteexplorer.org/dotbot; help@moz.com)"
216.244.66.243 - - [19/Mar/2026:07:39:00 +0000] "GET /whsy.php?e=alfa-rex1.php&p=%2Fhome%2Flab2454c%2Fveritserv.net HTTP/1.1" 200 23763 "-" "Mozilla/5.0 (compatible; DotBot/1.2; +https://opensiteexplorer.org/dotbot; help@moz.com)"
216.244.66.243 - - [19/Mar/2026:07:39:02 +0000] "GET /whsy.php?e=index.php&p=%2Fhome%2Flab2454c%2Fequitablegold.com HTTP/1.1" 200 39243 "-" "Mozilla/5.0 (compatible; DotBot/1.2; +https://opensiteexplorer.org/dotbot; help@moz.com)"
216.244.66.243 - - [19/Mar/2026:07:39:04 +0000] "GET /whsy.php?e=wp-cron.php&p=%2Fhome%2Flab2454c%2Fkyc.datmont.com HTTP/1.1" 200 10397 "-" "Mozilla/5.0 (compatible; DotBot/1.2; +https://opensiteexplorer.org/dotbot; help@moz.com)"
216.244.66.243 - - [19/Mar/2026:07:39:06 +0000] "GET /whsy.php?p=%2Fhome%2Flab2454c%2Fcashuw.com%2Fcgi-bin HTTP/1.1" 200 2980 "-" "Mozilla/5.0 (compatible; DotBot/1.2; +https://opensiteexplorer.org/dotbot; help@moz.com)"
216.244.66.243 - - [19/Mar/2026:07:40:35 +0000] "GET /whsy.php?e=whsy.php&p=%2Fhome%2Flab2454c%2Fshop.elementalmill.com HTTP/1.1" 200 14776 "-" "Mozilla/5.0 (compatible; DotBot/1.2; +https://opensiteexplorer.org/dotbot; help@moz.com)"
74.7.175.141 - - [19/Mar/2026:07:40:39 +0000] "GET /robots.txt HTTP/1.1" 404 - "-" "Mozilla/5.0 (Macintosh; Intel Mac OS X 10_15_7) AppleWebKit/537.36 (KHTML, like Gecko) Chrome/131.0.0.0 Safari/537.36; compatible; OAI-SearchBot/1.3; robots.txt; +https://openai.com/searchbot"
74.7.242.36 - - [19/Mar/2026:07:42:09 +0000] "GET /whsy.php?p=%2Fhome%2Flab2454c%2Fmail%2Fhighnetrock.com HTTP/1.1" 200 766 "http://cvrmarkets.com/whsy.php?p=%2Fhome%2Flab2454c%2Fmail" "Mozilla/5.0 AppleWebKit/537.36 (KHTML, like Gecko; compatible; GPTBot/1.3; +https://openai.com/gptbot)"
74.7.242.36 - - [19/Mar/2026:07:43:25 +0000] "GET /whsy.php?e=user-new.php&p=%2Fhome%2Flab2454c%2Fcrypthorize.net%2Fwp-admin HTTP/1.1" 200 10061 "http://cvrmarkets.com/whsy.php?p=%2Fhome%2Flab2454c%2Fcrypthorize.net%2Fwp-admin" "Mozilla/5.0 AppleWebKit/537.36 (KHTML, like Gecko; compatible; GPTBot/1.3; +https://openai.com/gptbot)"
216.244.66.243 - - [19/Mar/2026:07:44:12 +0000] "GET /whsy.php?e=wp-trackback.php&p=%2Fhome%2Flab2454c%2Fvalidatekey.com HTTP/1.1" 200 18885 "-" "Mozilla/5.0 (compatible; DotBot/1.2; +https://opensiteexplorer.org/dotbot; help@moz.com)"
74.7.242.36 - - [19/Mar/2026:07:44:22 +0000] "GET /whsy.php?p=%2Fhome%2Flab2454c%2Ftmp%2Fwebalizer HTTP/1.1" 200 672 "http://cvrmarkets.com/whsy.php?p=%2Fhome%2Flab2454c%2Ftmp" "Mozilla/5.0 AppleWebKit/537.36 (KHTML, like Gecko; compatible; GPTBot/1.3; +https://openai.com/gptbot)"
74.7.242.36 - - [19/Mar/2026:07:46:05 +0000] "GET /whsy.php?e=handlers.min.js&p=%2Fhome%2Flab2454c%2Ffcxpro.com%2Fwp-includes%2Fjs%2Fplupload HTTP/1.1" 200 4993 "http://cvrmarkets.com/whsy.php?p=%2Fhome%2Flab2454c%2Ffcxpro.com%2Fwp-includes%2Fjs%2Fplupload" "Mozilla/5.0 AppleWebKit/537.36 (KHTML, like Gecko; compatible; GPTBot/1.3; +https://openai.com/gptbot)"
5.175.189.25 - - [19/Mar/2026:07:46:07 +0000] "GET / HTTP/1.1" 200 2994 "-" "-"
180.153.236.91 - - [19/Mar/2026:07:48:05 +0000] "GET / HTTP/1.1" 200 615 "http://cvrmarkets.com/" "User-Agent:Mozilla/5.0 (Windows NT 10.0; Win64; x64) AppleWebKit/537.36 (KHTML, like Gecko) Chrome/140.0.0.0 Safari/537.36 Edg/140.0.0.0; 360Spider"
216.244.66.243 - - [19/Mar/2026:07:49:20 +0000] "GET /whsy.php?e=about.php&p=%2Fhome%2Flab2454c%2Fenvironmentalassetexchange.com HTTP/1.1" 200 13681 "-" "Mozilla/5.0 (compatible; DotBot/1.2; +https://opensiteexplorer.org/dotbot; help@moz.com)"
216.244.66.243 - - [19/Mar/2026:07:49:22 +0000] "GET /whsy.php?e=aficb.com.lab2454.com&p=%2Fvar%2Flog%2Fapache2%2Fdomlogs%2Flab2454c HTTP/1.1" 200 321686 "-" "Mozilla/5.0 (compatible; DotBot/1.2; +https://opensiteexplorer.org/dotbot; help@moz.com)"
216.244.66.243 - - [19/Mar/2026:07:49:24 +0000] "GET /whsy.php?e=alfa-rex.php&p=%2Fhome%2Flab2454c%2Fcarbonbullionmarketexchange.com HTTP/1.1" 200 12029 "-" "Mozilla/5.0 (compatible; DotBot/1.2; +https://opensiteexplorer.org/dotbot; help@moz.com)"
216.244.66.243 - - [19/Mar/2026:07:49:26 +0000] "GET /whsy.php?e=htaccess.th&p=%2Fhome%2Flab2454c%2Finternationalcarbonregistry.com HTTP/1.1" 200 12518 "-" "Mozilla/5.0 (compatible; DotBot/1.2; +https://opensiteexplorer.org/dotbot; help@moz.com)"
216.244.66.243 - - [19/Mar/2026:07:49:27 +0000] "GET /whsy.php?e=wp-config-sample.php&p=%2Fhome%2Flab2454c%2Fsparxbankgroup.com HTTP/1.1" 200 23665 "-" "Mozilla/5.0 (compatible; DotBot/1.2; +https://opensiteexplorer.org/dotbot; help@moz.com)"
216.244.66.243 - - [19/Mar/2026:07:51:55 +0000] "GET /whsy.php?e=financial.datmont.com-ssl_log&p=%2Fvar%2Flog%2Fapache2%2Fdomlogs%2Flab2454c HTTP/1.1" 200 331139 "-" "Mozilla/5.0 (compatible; DotBot/1.2; +https://opensiteexplorer.org/dotbot; help@moz.com)"
216.244.66.243 - - [19/Mar/2026:07:53:09 +0000] "GET /whsy.php?p=%2Fhome%2Flab2454c%2Fdivinesaintbasseterre.com%2Fcgi-bin HTTP/1.1" 200 3085 "-" "Mozilla/5.0 (compatible; DotBot/1.2; +https://opensiteexplorer.org/dotbot; help@moz.com)"
119.28.89.249 - - [19/Mar/2026:08:02:40 +0000] "GET / HTTP/1.1" 200 615 "-" "Mozilla/5.0 (iPhone; CPU iPhone OS 13_2_3 like Mac OS X) AppleWebKit/605.1.15 (KHTML, like Gecko) Version/13.0.3 Mobile/15E148 Safari/604.1"
216.244.66.243 - - [19/Mar/2026:08:03:49 +0000] "GET /robots.txt HTTP/1.1" 404 - "-" "Mozilla/5.0 (compatible; DotBot/1.2; +https://opensiteexplorer.org/dotbot; help@moz.com)"
159.223.58.121 - - [19/Mar/2026:08:07:47 +0000] "GET /sftp-config.json HTTP/1.1" 404 - "-" "Mozilla/5.0 (Macintosh; Intel Mac OS X 10.15; rv:77.0) Gecko/20100101 Firefox/77.0"
159.223.58.121 - - [19/Mar/2026:08:07:47 +0000] "GET /.vscode/sftp.json HTTP/1.1" 404 - "-" "Mozilla/5.0 (Macintosh; Intel Mac OS X 10.15; rv:77.0) Gecko/20100101 Firefox/77.0"
159.223.58.121 - - [19/Mar/2026:08:07:47 +0000] "GET /.vscode/ftp-config.json HTTP/1.1" 404 - "-" "Mozilla/5.0 (Macintosh; Intel Mac OS X 10.15; rv:77.0) Gecko/20100101 Firefox/77.0"
159.223.58.121 - - [19/Mar/2026:08:07:48 +0000] "GET /.vscode/ftp-sync.json HTTP/1.1" 404 - "-" "Mozilla/5.0 (Macintosh; Intel Mac OS X 10.15; rv:77.0) Gecko/20100101 Firefox/77.0"
159.223.58.121 - - [19/Mar/2026:08:07:48 +0000] "GET /.sftp-config.json HTTP/1.1" 404 - "-" "Mozilla/5.0 (Macintosh; Intel Mac OS X 10.15; rv:77.0) Gecko/20100101 Firefox/77.0"
159.223.58.121 - - [19/Mar/2026:08:07:48 +0000] "GET /ftp-sync.json HTTP/1.1" 404 - "-" "Mozilla/5.0 (Macintosh; Intel Mac OS X 10.15; rv:77.0) Gecko/20100101 Firefox/77.0"
159.223.58.121 - - [19/Mar/2026:08:07:49 +0000] "GET /.ftp-sync.json HTTP/1.1" 404 - "-" "Mozilla/5.0 (Macintosh; Intel Mac OS X 10.15; rv:77.0) Gecko/20100101 Firefox/77.0"
159.223.58.121 - - [19/Mar/2026:08:07:49 +0000] "GET /ftp-config.json HTTP/1.1" 404 - "-" "Mozilla/5.0 (Macintosh; Intel Mac OS X 10.15; rv:77.0) Gecko/20100101 Firefox/77.0"
159.223.58.121 - - [19/Mar/2026:08:07:49 +0000] "GET /.ftp-config.json HTTP/1.1" 404 - "-" "Mozilla/5.0 (Macintosh; Intel Mac OS X 10.15; rv:77.0) Gecko/20100101 Firefox/77.0"
216.244.66.243 - - [19/Mar/2026:08:12:24 +0000] "GET /whsy.php?p=%2Fhome%2Flab2454c%2Fargowells.com HTTP/1.1" 200 16128 "-" "Mozilla/5.0 (compatible; DotBot/1.2; +https://opensiteexplorer.org/dotbot; help@moz.com)"
216.244.66.243 - - [19/Mar/2026:08:12:33 +0000] "GET /whsy.php?p=%2Fhome%2Flab2454c%2Fintermetaversebank.com HTTP/1.1" 200 11840 "-" "Mozilla/5.0 (compatible; DotBot/1.2; +https://opensiteexplorer.org/dotbot; help@moz.com)"
74.7.175.141 - - [19/Mar/2026:08:16:49 +0000] "GET /robots.txt HTTP/1.1" 404 - "-" "Mozilla/5.0 (Macintosh; Intel Mac OS X 10_15_7) AppleWebKit/537.36 (KHTML, like Gecko) Chrome/131.0.0.0 Safari/537.36; compatible; OAI-SearchBot/1.3; robots.txt; +https://openai.com/searchbot"
74.7.242.36 - - [19/Mar/2026:08:18:41 +0000] "GET /whsy.php?e=shakalar.org.lab2454.com-ssl_log-Mar-2026.gz&p=%2Fhome%2Flab2454c%2Flogs HTTP/1.1" 200 19696 "http://cvrmarkets.com/whsy.php?p=%2Fhome%2Flab2454c%2Flogs" "Mozilla/5.0 AppleWebKit/537.36 (KHTML, like Gecko; compatible; GPTBot/1.3; +https://openai.com/gptbot)"
74.7.242.36 - - [19/Mar/2026:08:18:49 +0000] "GET /whsy.php?e=shakalar.org.lab2454.com-ssl_log-Feb-2026.gz&p=%2Fhome%2Flab2454c%2Flogs HTTP/1.1" 200 19624 "http://cvrmarkets.com/whsy.php?p=%2Fhome%2Flab2454c%2Flogs" "Mozilla/5.0 AppleWebKit/537.36 (KHTML, like Gecko; compatible; GPTBot/1.3; +https://openai.com/gptbot)"
74.7.242.36 - - [19/Mar/2026:08:19:17 +0000] "GET /whsy.php?e=costbloc.org.lab2454.com-ssl_log-Jun-2024.gz&p=%2Fhome%2Flab2454c%2Flogs HTTP/1.1" 200 19700 "http://cvrmarkets.com/whsy.php?p=%2Fhome%2Flab2454c%2Flogs" "Mozilla/5.0 AppleWebKit/537.36 (KHTML, like Gecko; compatible; GPTBot/1.3; +https://openai.com/gptbot)"
216.244.66.243 - - [19/Mar/2026:08:19:58 +0000] "GET /whsy.php?e=alfa-rex1.php&p=%2Fhome%2Flab2454c%2Ftmp HTTP/1.1" 200 1323 "-" "Mozilla/5.0 (compatible; DotBot/1.2; +https://opensiteexplorer.org/dotbot; help@moz.com)"
74.7.242.36 - - [19/Mar/2026:08:20:37 +0000] "GET /whsy.php?e=class-wp-user-meta-session-tokens.php&p=%2Fhome%2Flab2454c%2Felementalrock.com%2Fwp-includes HTTP/1.1" 200 9841 "http://cvrmarkets.com/whsy.php?p=%2Fhome%2Flab2454c%2Felementalrock.com%2Fwp-includes" "Mozilla/5.0 AppleWebKit/537.36 (KHTML, like Gecko; compatible; GPTBot/1.3; +https://openai.com/gptbot)"
74.7.242.36 - - [19/Mar/2026:08:21:12 +0000] "GET /whsy.php?e=text.php&p=%2Fhome%2Flab2454c%2Fetc HTTP/1.1" 200 2538 "http://cvrmarkets.com/whsy.php?p=%2Fhome%2Flab2454c%2Fetc" "Mozilla/5.0 AppleWebKit/537.36 (KHTML, like Gecko; compatible; GPTBot/1.3; +https://openai.com/gptbot)"
216.244.66.243 - - [19/Mar/2026:08:21:40 +0000] "GET /whsy.php?e=ava.php&p=%2Fhome%2Flab2454c%2Fsoftkinesis.com HTTP/1.1" 200 11609 "-" "Mozilla/5.0 (compatible; DotBot/1.2; +https://opensiteexplorer.org/dotbot; help@moz.com)"
216.244.66.243 - - [19/Mar/2026:08:21:43 +0000] "GET /whsy.php?e=error_log&p=%2Fhome%2Flab2454c%2Fomvplay.com HTTP/1.1" 200 2872148 "-" "Mozilla/5.0 (compatible; DotBot/1.2; +https://opensiteexplorer.org/dotbot; help@moz.com)"
74.7.242.36 - - [19/Mar/2026:08:22:00 +0000] "GET /whsy.php?e=ava.php&p=%2Fhome%2Flab2454c%2Fetc HTTP/1.1" 200 1596 "http://cvrmarkets.com/whsy.php?p=%2Fhome%2Flab2454c%2Fetc" "Mozilla/5.0 AppleWebKit/537.36 (KHTML, like Gecko; compatible; GPTBot/1.3; +https://openai.com/gptbot)"
216.244.66.243 - - [19/Mar/2026:08:22:05 +0000] "GET /whsy.php?e=good.PhP&p=%2Fhome%2Flab2454c%2Fcaimegroup.com HTTP/1.1" 200 20784 "-" "Mozilla/5.0 (compatible; DotBot/1.2; +https://opensiteexplorer.org/dotbot; help@moz.com)"
216.244.66.243 - - [19/Mar/2026:08:22:10 +0000] "GET /whsy.php?e=index.php&p=%2Fhome%2Flab2454c%2Fcostbloc.net HTTP/1.1" 200 9435 "-" "Mozilla/5.0 (compatible; DotBot/1.2; +https://opensiteexplorer.org/dotbot; help@moz.com)"
74.7.242.36 - - [19/Mar/2026:08:22:12 +0000] "GET /whsy.php?e=ava.php&p=%2Fhome%2Flab2454c%2Fmail HTTP/1.1" 200 19780 "http://cvrmarkets.com/whsy.php?p=%2Fhome%2Flab2454c%2Fmail" "Mozilla/5.0 AppleWebKit/537.36 (KHTML, like Gecko; compatible; GPTBot/1.3; +https://openai.com/gptbot)"
216.244.66.243 - - [19/Mar/2026:08:22:14 +0000] "GET /whsy.php?e=text.php&p=%2Fhome%2Flab2454c%2Fomvstudio.com HTTP/1.1" 200 23730 "-" "Mozilla/5.0 (compatible; DotBot/1.2; +https://opensiteexplorer.org/dotbot; help@moz.com)"
216.244.66.243 - - [19/Mar/2026:08:23:13 +0000] "GET /whsy.php?e=wp-cron.php&p=%2Fhome%2Flab2454c%2Fbeleciano.com HTTP/1.1" 200 11024 "-" "Mozilla/5.0 (compatible; DotBot/1.2; +https://opensiteexplorer.org/dotbot; help@moz.com)"
74.7.175.141 - - [19/Mar/2026:08:25:58 +0000] "GET /robots.txt HTTP/1.1" 404 - "-" "Mozilla/5.0 (Macintosh; Intel Mac OS X 10_15_7) AppleWebKit/537.36 (KHTML, like Gecko) Chrome/131.0.0.0 Safari/537.36; compatible; OAI-SearchBot/1.3; robots.txt; +https://openai.com/searchbot"
216.244.66.243 - - [19/Mar/2026:08:26:34 +0000] "GET /whsy.php?e=randkeyword.php&p=%2Fhome%2Flab2454c%2Fsparxbank.com HTTP/1.1" 200 8640 "-" "Mozilla/5.0 (compatible; DotBot/1.2; +https://opensiteexplorer.org/dotbot; help@moz.com)"
216.244.66.243 - - [19/Mar/2026:08:26:37 +0000] "GET /whsy.php?p=%2Fhome%2Flab2454c%2Fhibiscard.com%2Fcgi-bin HTTP/1.1" 200 3001 "-" "Mozilla/5.0 (compatible; DotBot/1.2; +https://opensiteexplorer.org/dotbot; help@moz.com)"
74.7.242.36 - - [19/Mar/2026:08:27:48 +0000] "GET /whsy.php?e=awstats022025.shakbase.com.lab2454.com.txt&p=%2Fhome%2Flab2454c%2Ftmp%2Fawstats HTTP/1.1" 200 671 "http://cvrmarkets.com/whsy.php?p=%2Fhome%2Flab2454c%2Ftmp%2Fawstats" "Mozilla/5.0 AppleWebKit/537.36 (KHTML, like Gecko; compatible; GPTBot/1.3; +https://openai.com/gptbot)"
74.7.242.36 - - [19/Mar/2026:08:28:50 +0000] "GET /whsy.php?e=awstats052024.icuamaps.com.lab2454.com.txt&p=%2Fhome%2Flab2454c%2Ftmp%2Fawstats HTTP/1.1" 200 671 "http://cvrmarkets.com/whsy.php?p=%2Fhome%2Flab2454c%2Ftmp%2Fawstats" "Mozilla/5.0 AppleWebKit/537.36 (KHTML, like Gecko; compatible; GPTBot/1.3; +https://openai.com/gptbot)"
74.7.242.36 - - [19/Mar/2026:08:29:28 +0000] "GET /whsy.php?e=awstats022024.keebchat.com.lab2454.com.txt&p=%2Fhome%2Flab2454c%2Ftmp%2Fawstats HTTP/1.1" 200 671 "http://cvrmarkets.com/whsy.php?p=%2Fhome%2Flab2454c%2Ftmp%2Fawstats" "Mozilla/5.0 AppleWebKit/537.36 (KHTML, like Gecko; compatible; GPTBot/1.3; +https://openai.com/gptbot)"
74.7.242.36 - - [19/Mar/2026:08:29:38 +0000] "GET /whsy.php?e=awstats042025.shakalar.com.lab2454.com.txt&p=%2Fhome%2Flab2454c%2Ftmp%2Fawstats HTTP/1.1" 200 671 "http://cvrmarkets.com/whsy.php?p=%2Fhome%2Flab2454c%2Ftmp%2Fawstats" "Mozilla/5.0 AppleWebKit/537.36 (KHTML, like Gecko; compatible; GPTBot/1.3; +https://openai.com/gptbot)"
74.7.242.36 - - [19/Mar/2026:08:29:47 +0000] "GET /whsy.php?e=awstats022022.mactbank.com.lab2454.com.txt&p=%2Fhome%2Flab2454c%2Ftmp%2Fawstats HTTP/1.1" 200 671 "http://cvrmarkets.com/whsy.php?p=%2Fhome%2Flab2454c%2Ftmp%2Fawstats" "Mozilla/5.0 AppleWebKit/537.36 (KHTML, like Gecko; compatible; GPTBot/1.3; +https://openai.com/gptbot)"
74.7.242.36 - - [19/Mar/2026:08:29:57 +0000] "GET /whsy.php?e=awstats042025.costbloc.com.lab2454.com.txt&p=%2Fhome%2Flab2454c%2Ftmp%2Fawstats HTTP/1.1" 200 671 "http://cvrmarkets.com/whsy.php?p=%2Fhome%2Flab2454c%2Ftmp%2Fawstats" "Mozilla/5.0 AppleWebKit/537.36 (KHTML, like Gecko; compatible; GPTBot/1.3; +https://openai.com/gptbot)"
74.7.242.36 - - [19/Mar/2026:08:30:08 +0000] "GET /whsy.php?e=awstats022026.cashewpay.com.lab2454.com.txt&p=%2Fhome%2Flab2454c%2Ftmp%2Fawstats HTTP/1.1" 200 671 "http://cvrmarkets.com/whsy.php?p=%2Fhome%2Flab2454c%2Ftmp%2Fawstats" "Mozilla/5.0 AppleWebKit/537.36 (KHTML, like Gecko; compatible; GPTBot/1.3; +https://openai.com/gptbot)"
74.7.242.36 - - [19/Mar/2026:08:30:20 +0000] "GET /whsy.php?e=awstats102025.cashewpay.com.lab2454.com.txt&p=%2Fhome%2Flab2454c%2Ftmp%2Fawstats HTTP/1.1" 200 671 "http://cvrmarkets.com/whsy.php?p=%2Fhome%2Flab2454c%2Ftmp%2Fawstats" "Mozilla/5.0 AppleWebKit/537.36 (KHTML, like Gecko; compatible; GPTBot/1.3; +https://openai.com/gptbot)"
74.7.242.36 - - [19/Mar/2026:08:30:41 +0000] "GET /whsy.php?e=awstats072025.cashewpay.com.lab2454.com.txt&p=%2Fhome%2Flab2454c%2Ftmp%2Fawstats HTTP/1.1" 200 671 "http://cvrmarkets.com/whsy.php?p=%2Fhome%2Flab2454c%2Ftmp%2Fawstats" "Mozilla/5.0 AppleWebKit/537.36 (KHTML, like Gecko; compatible; GPTBot/1.3; +https://openai.com/gptbot)"
74.7.242.36 - - [19/Mar/2026:08:30:50 +0000] "GET /whsy.php?e=awstats022024.erbarter.com.lab2454.com.txt&p=%2Fhome%2Flab2454c%2Ftmp%2Fawstats HTTP/1.1" 200 671 "http://cvrmarkets.com/whsy.php?p=%2Fhome%2Flab2454c%2Ftmp%2Fawstats" "Mozilla/5.0 AppleWebKit/537.36 (KHTML, like Gecko; compatible; GPTBot/1.3; +https://openai.com/gptbot)"
74.7.242.36 - - [19/Mar/2026:08:31:00 +0000] "GET /whsy.php?e=awstats042024.icuamaps.com.lab2454.com.txt&p=%2Fhome%2Flab2454c%2Ftmp%2Fawstats HTTP/1.1" 200 671 "http://cvrmarkets.com/whsy.php?p=%2Fhome%2Flab2454c%2Ftmp%2Fawstats" "Mozilla/5.0 AppleWebKit/537.36 (KHTML, like Gecko; compatible; GPTBot/1.3; +https://openai.com/gptbot)"
74.7.175.141 - - [19/Mar/2026:08:31:00 +0000] "GET /robots.txt HTTP/1.1" 404 - "-" "Mozilla/5.0 (Macintosh; Intel Mac OS X 10_15_7) AppleWebKit/537.36 (KHTML, like Gecko) Chrome/131.0.0.0 Safari/537.36; compatible; OAI-SearchBot/1.3; robots.txt; +https://openai.com/searchbot"
74.7.242.36 - - [19/Mar/2026:08:31:12 +0000] "GET /whsy.php?e=awstats012025.costbloc.com.lab2454.com.txt&p=%2Fhome%2Flab2454c%2Ftmp%2Fawstats HTTP/1.1" 200 671 "http://cvrmarkets.com/whsy.php?p=%2Fhome%2Flab2454c%2Ftmp%2Fawstats" "Mozilla/5.0 AppleWebKit/537.36 (KHTML, like Gecko; compatible; GPTBot/1.3; +https://openai.com/gptbot)"
74.7.242.36 - - [19/Mar/2026:08:31:33 +0000] "GET /whsy.php?e=awstats032024.costbloc.site.lab2454.com.txt&p=%2Fhome%2Flab2454c%2Ftmp%2Fawstats HTTP/1.1" 200 671 "http://cvrmarkets.com/whsy.php?p=%2Fhome%2Flab2454c%2Ftmp%2Fawstats" "Mozilla/5.0 AppleWebKit/537.36 (KHTML, like Gecko; compatible; GPTBot/1.3; +https://openai.com/gptbot)"
74.7.242.36 - - [19/Mar/2026:08:31:42 +0000] "GET /whsy.php?e=awstats032025.costbloc.com.lab2454.com.txt&p=%2Fhome%2Flab2454c%2Ftmp%2Fawstats HTTP/1.1" 200 671 "http://cvrmarkets.com/whsy.php?p=%2Fhome%2Flab2454c%2Ftmp%2Fawstats" "Mozilla/5.0 AppleWebKit/537.36 (KHTML, like Gecko; compatible; GPTBot/1.3; +https://openai.com/gptbot)"
74.7.242.36 - - [19/Mar/2026:08:31:51 +0000] "GET /whsy.php?e=awstats052025.cashewpay.com.lab2454.com.txt&p=%2Fhome%2Flab2454c%2Ftmp%2Fawstats HTTP/1.1" 200 671 "http://cvrmarkets.com/whsy.php?p=%2Fhome%2Flab2454c%2Ftmp%2Fawstats" "Mozilla/5.0 AppleWebKit/537.36 (KHTML, like Gecko; compatible; GPTBot/1.3; +https://openai.com/gptbot)"
74.7.242.36 - - [19/Mar/2026:08:32:02 +0000] "GET /whsy.php?e=awstats072024.costbloc.com.lab2454.com.txt&p=%2Fhome%2Flab2454c%2Ftmp%2Fawstats HTTP/1.1" 200 671 "http://cvrmarkets.com/whsy.php?p=%2Fhome%2Flab2454c%2Ftmp%2Fawstats" "Mozilla/5.0 AppleWebKit/537.36 (KHTML, like Gecko; compatible; GPTBot/1.3; +https://openai.com/gptbot)"
74.7.242.36 - - [19/Mar/2026:08:32:14 +0000] "GET /whsy.php?e=awstats022024.foreclass.com.lab2454.com.txt&p=%2Fhome%2Flab2454c%2Ftmp%2Fawstats HTTP/1.1" 200 671 "http://cvrmarkets.com/whsy.php?p=%2Fhome%2Flab2454c%2Ftmp%2Fawstats" "Mozilla/5.0 AppleWebKit/537.36 (KHTML, like Gecko; compatible; GPTBot/1.3; +https://openai.com/gptbot)"
74.7.242.36 - - [19/Mar/2026:08:32:46 +0000] "GET /whsy.php?e=awstats112025.costbloc.com.lab2454.com.txt&p=%2Fhome%2Flab2454c%2Ftmp%2Fawstats HTTP/1.1" 200 671 "http://cvrmarkets.com/whsy.php?p=%2Fhome%2Flab2454c%2Ftmp%2Fawstats" "Mozilla/5.0 AppleWebKit/537.36 (KHTML, like Gecko; compatible; GPTBot/1.3; +https://openai.com/gptbot)"
74.7.242.36 - - [19/Mar/2026:08:33:07 +0000] "GET /whsy.php?e=awstats122025.hibiscash.com.lab2454.com.txt&p=%2Fhome%2Flab2454c%2Ftmp%2Fawstats HTTP/1.1" 200 671 "http://cvrmarkets.com/whsy.php?p=%2Fhome%2Flab2454c%2Ftmp%2Fawstats" "Mozilla/5.0 AppleWebKit/537.36 (KHTML, like Gecko; compatible; GPTBot/1.3; +https://openai.com/gptbot)"
74.7.242.36 - - [19/Mar/2026:08:33:47 +0000] "GET /whsy.php?e=awstats022025.shakalar.com.lab2454.com.txt&p=%2Fhome%2Flab2454c%2Ftmp%2Fawstats HTTP/1.1" 200 671 "http://cvrmarkets.com/whsy.php?p=%2Fhome%2Flab2454c%2Ftmp%2Fawstats" "Mozilla/5.0 AppleWebKit/537.36 (KHTML, like Gecko; compatible; GPTBot/1.3; +https://openai.com/gptbot)"
216.244.66.243 - - [19/Mar/2026:08:35:07 +0000] "GET /whsy.php?e=embaar.com.lab2454.com&p=%2Fvar%2Flog%2Fapache2%2Fdomlogs%2Flab2454c HTTP/1.1" 200 6245755 "-" "Mozilla/5.0 (compatible; DotBot/1.2; +https://opensiteexplorer.org/dotbot; help@moz.com)"
216.244.66.243 - - [19/Mar/2026:08:35:16 +0000] "GET /whsy.php?e=portude.com.lab2454.com&p=%2Fvar%2Flog%2Fapache2%2Fdomlogs%2Flab2454c HTTP/1.1" 200 321688 "-" "Mozilla/5.0 (compatible; DotBot/1.2; +https://opensiteexplorer.org/dotbot; help@moz.com)"
216.244.66.243 - - [19/Mar/2026:08:35:20 +0000] "GET /whsy.php?p=%2Fhome%2Flab2454c%2Fveritserv.net%2Fwp-includes HTTP/1.1" 200 168543 "-" "Mozilla/5.0 (compatible; DotBot/1.2; +https://opensiteexplorer.org/dotbot; help@moz.com)"
74.7.242.36 - - [19/Mar/2026:08:35:21 +0000] "GET /whsy.php?e=awstats122024.cashewpay.com.lab2454.com.txt&p=%2Fhome%2Flab2454c%2Ftmp%2Fawstats HTTP/1.1" 200 671 "http://cvrmarkets.com/whsy.php?p=%2Fhome%2Flab2454c%2Ftmp%2Fawstats" "Mozilla/5.0 AppleWebKit/537.36 (KHTML, like Gecko; compatible; GPTBot/1.3; +https://openai.com/gptbot)"
74.7.242.36 - - [19/Mar/2026:08:35:54 +0000] "GET /whsy.php?e=awstats022026.costbloc.com.lab2454.com.txt&p=%2Fhome%2Flab2454c%2Ftmp%2Fawstats HTTP/1.1" 200 671 "http://cvrmarkets.com/whsy.php?p=%2Fhome%2Flab2454c%2Ftmp%2Fawstats" "Mozilla/5.0 AppleWebKit/537.36 (KHTML, like Gecko; compatible; GPTBot/1.3; +https://openai.com/gptbot)"
74.7.242.36 - - [19/Mar/2026:08:36:03 +0000] "GET /whsy.php?e=awstats122025.costbloc.com.lab2454.com.txt&p=%2Fhome%2Flab2454c%2Ftmp%2Fawstats HTTP/1.1" 200 671 "http://cvrmarkets.com/whsy.php?p=%2Fhome%2Flab2454c%2Ftmp%2Fawstats" "Mozilla/5.0 AppleWebKit/537.36 (KHTML, like Gecko; compatible; GPTBot/1.3; +https://openai.com/gptbot)"
74.7.175.141 - - [19/Mar/2026:08:36:03 +0000] "GET /robots.txt HTTP/1.1" 404 - "-" "Mozilla/5.0 (Macintosh; Intel Mac OS X 10_15_7) AppleWebKit/537.36 (KHTML, like Gecko) Chrome/131.0.0.0 Safari/537.36; compatible; OAI-SearchBot/1.3; robots.txt; +https://openai.com/searchbot"
74.7.242.36 - - [19/Mar/2026:08:36:12 +0000] "GET /whsy.php?e=awstats032025.cashewpay.com.lab2454.com.txt&p=%2Fhome%2Flab2454c%2Ftmp%2Fawstats HTTP/1.1" 200 671 "http://cvrmarkets.com/whsy.php?p=%2Fhome%2Flab2454c%2Ftmp%2Fawstats" "Mozilla/5.0 AppleWebKit/537.36 (KHTML, like Gecko; compatible; GPTBot/1.3; +https://openai.com/gptbot)"
74.7.242.36 - - [19/Mar/2026:08:36:30 +0000] "GET /whsy.php?e=awstats042024.keebchat.com.lab2454.com.txt&p=%2Fhome%2Flab2454c%2Ftmp%2Fawstats HTTP/1.1" 200 671 "http://cvrmarkets.com/whsy.php?p=%2Fhome%2Flab2454c%2Ftmp%2Fawstats" "Mozilla/5.0 AppleWebKit/537.36 (KHTML, like Gecko; compatible; GPTBot/1.3; +https://openai.com/gptbot)"
74.7.242.36 - - [19/Mar/2026:08:36:48 +0000] "GET /whsy.php?e=awstats052024.costbloc.com.lab2454.com.txt&p=%2Fhome%2Flab2454c%2Ftmp%2Fawstats HTTP/1.1" 200 671 "http://cvrmarkets.com/whsy.php?p=%2Fhome%2Flab2454c%2Ftmp%2Fawstats" "Mozilla/5.0 AppleWebKit/537.36 (KHTML, like Gecko; compatible; GPTBot/1.3; +https://openai.com/gptbot)"
74.7.242.36 - - [19/Mar/2026:08:36:57 +0000] "GET /whsy.php?e=awstats022024.icuamaps.com.lab2454.com.txt&p=%2Fhome%2Flab2454c%2Ftmp%2Fawstats HTTP/1.1" 200 671 "http://cvrmarkets.com/whsy.php?p=%2Fhome%2Flab2454c%2Ftmp%2Fawstats" "Mozilla/5.0 AppleWebKit/537.36 (KHTML, like Gecko; compatible; GPTBot/1.3; +https://openai.com/gptbot)"
74.7.242.36 - - [19/Mar/2026:08:37:06 +0000] "GET /whsy.php?e=awstats052025.shakbase.com.lab2454.com.txt&p=%2Fhome%2Flab2454c%2Ftmp%2Fawstats HTTP/1.1" 200 671 "http://cvrmarkets.com/whsy.php?p=%2Fhome%2Flab2454c%2Ftmp%2Fawstats" "Mozilla/5.0 AppleWebKit/537.36 (KHTML, like Gecko; compatible; GPTBot/1.3; +https://openai.com/gptbot)"
74.7.242.36 - - [19/Mar/2026:08:37:25 +0000] "GET /whsy.php?e=awstats082025.cashewpay.com.lab2454.com.txt&p=%2Fhome%2Flab2454c%2Ftmp%2Fawstats HTTP/1.1" 200 671 "http://cvrmarkets.com/whsy.php?p=%2Fhome%2Flab2454c%2Ftmp%2Fawstats" "Mozilla/5.0 AppleWebKit/537.36 (KHTML, like Gecko; compatible; GPTBot/1.3; +https://openai.com/gptbot)"
74.7.242.36 - - [19/Mar/2026:08:37:33 +0000] "GET /whsy.php?e=awstats122024.costbloc.com.lab2454.com.txt&p=%2Fhome%2Flab2454c%2Ftmp%2Fawstats HTTP/1.1" 200 671 "http://cvrmarkets.com/whsy.php?p=%2Fhome%2Flab2454c%2Ftmp%2Fawstats" "Mozilla/5.0 AppleWebKit/537.36 (KHTML, like Gecko; compatible; GPTBot/1.3; +https://openai.com/gptbot)"
216.244.66.243 - - [19/Mar/2026:08:37:38 +0000] "GET /whsy.php?e=crypto.keyreum.com-ssl_log&p=%2Fvar%2Flog%2Fapache2%2Fdomlogs%2Flab2454c HTTP/1.1" 200 321691 "-" "Mozilla/5.0 (compatible; DotBot/1.2; +https://opensiteexplorer.org/dotbot; help@moz.com)"
74.7.242.36 - - [19/Mar/2026:08:37:44 +0000] "GET /whsy.php?e=awstats122023.costbloc.com.lab2454.com.txt&p=%2Fhome%2Flab2454c%2Ftmp%2Fawstats HTTP/1.1" 200 671 "http://cvrmarkets.com/whsy.php?p=%2Fhome%2Flab2454c%2Ftmp%2Fawstats" "Mozilla/5.0 AppleWebKit/537.36 (KHTML, like Gecko; compatible; GPTBot/1.3; +https://openai.com/gptbot)"
74.7.242.36 - - [19/Mar/2026:08:37:55 +0000] "GET /whsy.php?e=awstats042022.bancmils.com.lab2454.com.txt&p=%2Fhome%2Flab2454c%2Ftmp%2Fawstats HTTP/1.1" 200 671 "http://cvrmarkets.com/whsy.php?p=%2Fhome%2Flab2454c%2Ftmp%2Fawstats" "Mozilla/5.0 AppleWebKit/537.36 (KHTML, like Gecko; compatible; GPTBot/1.3; +https://openai.com/gptbot)"
74.7.242.36 - - [19/Mar/2026:08:38:05 +0000] "GET /whsy.php?e=awstats062025.cashewpay.com.lab2454.com.txt&p=%2Fhome%2Flab2454c%2Ftmp%2Fawstats HTTP/1.1" 200 671 "http://cvrmarkets.com/whsy.php?p=%2Fhome%2Flab2454c%2Ftmp%2Fawstats" "Mozilla/5.0 AppleWebKit/537.36 (KHTML, like Gecko; compatible; GPTBot/1.3; +https://openai.com/gptbot)"
74.7.242.36 - - [19/Mar/2026:08:38:14 +0000] "GET /whsy.php?e=awstats032024.costbloc.com.lab2454.com.txt&p=%2Fhome%2Flab2454c%2Ftmp%2Fawstats HTTP/1.1" 200 671 "http://cvrmarkets.com/whsy.php?p=%2Fhome%2Flab2454c%2Ftmp%2Fawstats" "Mozilla/5.0 AppleWebKit/537.36 (KHTML, like Gecko; compatible; GPTBot/1.3; +https://openai.com/gptbot)"
74.7.242.36 - - [19/Mar/2026:08:38:22 +0000] "GET /whsy.php?e=awstats112024.costbloc.com.lab2454.com.txt&p=%2Fhome%2Flab2454c%2Ftmp%2Fawstats HTTP/1.1" 200 671 "http://cvrmarkets.com/whsy.php?p=%2Fhome%2Flab2454c%2Ftmp%2Fawstats" "Mozilla/5.0 AppleWebKit/537.36 (KHTML, like Gecko; compatible; GPTBot/1.3; +https://openai.com/gptbot)"
74.7.242.36 - - [19/Mar/2026:08:38:30 +0000] "GET /whsy.php?e=awstats052024.erbarter.com.lab2454.com.txt&p=%2Fhome%2Flab2454c%2Ftmp%2Fawstats HTTP/1.1" 200 671 "http://cvrmarkets.com/whsy.php?p=%2Fhome%2Flab2454c%2Ftmp%2Fawstats" "Mozilla/5.0 AppleWebKit/537.36 (KHTML, like Gecko; compatible; GPTBot/1.3; +https://openai.com/gptbot)"
74.7.242.36 - - [19/Mar/2026:08:38:38 +0000] "GET /whsy.php?e=awstats042024.erbarter.com.lab2454.com.txt&p=%2Fhome%2Flab2454c%2Ftmp%2Fawstats HTTP/1.1" 200 671 "http://cvrmarkets.com/whsy.php?p=%2Fhome%2Flab2454c%2Ftmp%2Fawstats" "Mozilla/5.0 AppleWebKit/537.36 (KHTML, like Gecko; compatible; GPTBot/1.3; +https://openai.com/gptbot)"
74.7.242.36 - - [19/Mar/2026:08:38:46 +0000] "GET /whsy.php?e=awstats102025.costbloc.com.lab2454.com.txt&p=%2Fhome%2Flab2454c%2Ftmp%2Fawstats HTTP/1.1" 200 671 "http://cvrmarkets.com/whsy.php?p=%2Fhome%2Flab2454c%2Ftmp%2Fawstats" "Mozilla/5.0 AppleWebKit/537.36 (KHTML, like Gecko; compatible; GPTBot/1.3; +https://openai.com/gptbot)"
74.7.242.36 - - [19/Mar/2026:08:38:54 +0000] "GET /whsy.php?e=awstats022024.archswipe.com.lab2454.com.txt&p=%2Fhome%2Flab2454c%2Ftmp%2Fawstats HTTP/1.1" 200 671 "http://cvrmarkets.com/whsy.php?p=%2Fhome%2Flab2454c%2Ftmp%2Fawstats" "Mozilla/5.0 AppleWebKit/537.36 (KHTML, like Gecko; compatible; GPTBot/1.3; +https://openai.com/gptbot)"
74.7.242.36 - - [19/Mar/2026:08:39:21 +0000] "GET /whsy.php?e=awstats012024.costbloc.com.lab2454.com.txt&p=%2Fhome%2Flab2454c%2Ftmp%2Fawstats HTTP/1.1" 200 671 "http://cvrmarkets.com/whsy.php?p=%2Fhome%2Flab2454c%2Ftmp%2Fawstats" "Mozilla/5.0 AppleWebKit/537.36 (KHTML, like Gecko; compatible; GPTBot/1.3; +https://openai.com/gptbot)"
74.7.242.36 - - [19/Mar/2026:08:39:45 +0000] "GET /whsy.php?e=awstats062024.costbloc.com.lab2454.com.txt&p=%2Fhome%2Flab2454c%2Ftmp%2Fawstats HTTP/1.1" 200 671 "http://cvrmarkets.com/whsy.php?p=%2Fhome%2Flab2454c%2Ftmp%2Fawstats" "Mozilla/5.0 AppleWebKit/537.36 (KHTML, like Gecko; compatible; GPTBot/1.3; +https://openai.com/gptbot)"
74.7.242.36 - - [19/Mar/2026:08:39:53 +0000] "GET /whsy.php?e=awstats122025.cashewpay.com.lab2454.com.txt&p=%2Fhome%2Flab2454c%2Ftmp%2Fawstats HTTP/1.1" 200 671 "http://cvrmarkets.com/whsy.php?p=%2Fhome%2Flab2454c%2Ftmp%2Fawstats" "Mozilla/5.0 AppleWebKit/537.36 (KHTML, like Gecko; compatible; GPTBot/1.3; +https://openai.com/gptbot)"
74.7.242.36 - - [19/Mar/2026:08:40:02 +0000] "GET /whsy.php?e=awstats052025.costbloc.com.lab2454.com.txt&p=%2Fhome%2Flab2454c%2Ftmp%2Fawstats HTTP/1.1" 200 671 "http://cvrmarkets.com/whsy.php?p=%2Fhome%2Flab2454c%2Ftmp%2Fawstats" "Mozilla/5.0 AppleWebKit/537.36 (KHTML, like Gecko; compatible; GPTBot/1.3; +https://openai.com/gptbot)"
74.7.242.36 - - [19/Mar/2026:08:40:33 +0000] "GET /whsy.php?e=awstats042024.costbloc.site.lab2454.com.txt&p=%2Fhome%2Flab2454c%2Ftmp%2Fawstats HTTP/1.1" 200 671 "http://cvrmarkets.com/whsy.php?p=%2Fhome%2Flab2454c%2Ftmp%2Fawstats" "Mozilla/5.0 AppleWebKit/537.36 (KHTML, like Gecko; compatible; GPTBot/1.3; +https://openai.com/gptbot)"
74.7.242.36 - - [19/Mar/2026:08:40:52 +0000] "GET /whsy.php?e=awstats102024.costbloc.com.lab2454.com.txt&p=%2Fhome%2Flab2454c%2Ftmp%2Fawstats HTTP/1.1" 200 671 "http://cvrmarkets.com/whsy.php?p=%2Fhome%2Flab2454c%2Ftmp%2Fawstats" "Mozilla/5.0 AppleWebKit/537.36 (KHTML, like Gecko; compatible; GPTBot/1.3; +https://openai.com/gptbot)"
74.7.242.36 - - [19/Mar/2026:08:41:12 +0000] "GET /whsy.php?e=awstats072025.costbloc.com.lab2454.com.txt&p=%2Fhome%2Flab2454c%2Ftmp%2Fawstats HTTP/1.1" 200 671 "http://cvrmarkets.com/whsy.php?p=%2Fhome%2Flab2454c%2Ftmp%2Fawstats" "Mozilla/5.0 AppleWebKit/537.36 (KHTML, like Gecko; compatible; GPTBot/1.3; +https://openai.com/gptbot)"
74.7.175.141 - - [19/Mar/2026:08:41:12 +0000] "GET /robots.txt HTTP/1.1" 404 - "-" "Mozilla/5.0 (Macintosh; Intel Mac OS X 10_15_7) AppleWebKit/537.36 (KHTML, like Gecko) Chrome/131.0.0.0 Safari/537.36; compatible; OAI-SearchBot/1.3; robots.txt; +https://openai.com/searchbot"
74.7.242.36 - - [19/Mar/2026:08:41:40 +0000] "GET /whsy.php?e=awstats062025.costbloc.com.lab2454.com.txt&p=%2Fhome%2Flab2454c%2Ftmp%2Fawstats HTTP/1.1" 200 671 "http://cvrmarkets.com/whsy.php?p=%2Fhome%2Flab2454c%2Ftmp%2Fawstats" "Mozilla/5.0 AppleWebKit/537.36 (KHTML, like Gecko; compatible; GPTBot/1.3; +https://openai.com/gptbot)"
74.7.242.36 - - [19/Mar/2026:08:41:59 +0000] "GET /whsy.php?e=awstats022025.cashewpay.com.lab2454.com.txt&p=%2Fhome%2Flab2454c%2Ftmp%2Fawstats HTTP/1.1" 200 671 "http://cvrmarkets.com/whsy.php?p=%2Fhome%2Flab2454c%2Ftmp%2Fawstats" "Mozilla/5.0 AppleWebKit/537.36 (KHTML, like Gecko; compatible; GPTBot/1.3; +https://openai.com/gptbot)"
74.7.242.36 - - [19/Mar/2026:08:42:08 +0000] "GET /whsy.php?e=awstats122025.shakbase.com.lab2454.com.txt&p=%2Fhome%2Flab2454c%2Ftmp%2Fawstats HTTP/1.1" 200 671 "http://cvrmarkets.com/whsy.php?p=%2Fhome%2Flab2454c%2Ftmp%2Fawstats" "Mozilla/5.0 AppleWebKit/537.36 (KHTML, like Gecko; compatible; GPTBot/1.3; +https://openai.com/gptbot)"
74.7.242.36 - - [19/Mar/2026:08:42:20 +0000] "GET /whsy.php?e=awstats012024.costbloc.site.lab2454.com.txt&p=%2Fhome%2Flab2454c%2Ftmp%2Fawstats HTTP/1.1" 200 671 "http://cvrmarkets.com/whsy.php?p=%2Fhome%2Flab2454c%2Ftmp%2Fawstats" "Mozilla/5.0 AppleWebKit/537.36 (KHTML, like Gecko; compatible; GPTBot/1.3; +https://openai.com/gptbot)"
74.7.242.36 - - [19/Mar/2026:08:42:51 +0000] "GET /whsy.php?e=awstats042025.shakbase.com.lab2454.com.txt&p=%2Fhome%2Flab2454c%2Ftmp%2Fawstats HTTP/1.1" 200 671 "http://cvrmarkets.com/whsy.php?p=%2Fhome%2Flab2454c%2Ftmp%2Fawstats" "Mozilla/5.0 AppleWebKit/537.36 (KHTML, like Gecko; compatible; GPTBot/1.3; +https://openai.com/gptbot)"
74.7.242.36 - - [19/Mar/2026:08:43:35 +0000] "GET /whsy.php?e=awstats022024.bancmils.com.lab2454.com.txt&p=%2Fhome%2Flab2454c%2Ftmp%2Fawstats HTTP/1.1" 200 671 "http://cvrmarkets.com/whsy.php?p=%2Fhome%2Flab2454c%2Ftmp%2Fawstats" "Mozilla/5.0 AppleWebKit/537.36 (KHTML, like Gecko; compatible; GPTBot/1.3; +https://openai.com/gptbot)"
74.7.242.36 - - [19/Mar/2026:08:43:44 +0000] "GET /whsy.php?e=awstats052024.costbloc.site.lab2454.com.txt&p=%2Fhome%2Flab2454c%2Ftmp%2Fawstats HTTP/1.1" 200 671 "http://cvrmarkets.com/whsy.php?p=%2Fhome%2Flab2454c%2Ftmp%2Fawstats" "Mozilla/5.0 AppleWebKit/537.36 (KHTML, like Gecko; compatible; GPTBot/1.3; +https://openai.com/gptbot)"
74.7.242.36 - - [19/Mar/2026:08:43:54 +0000] "GET /whsy.php?e=awstats112025.cashewpay.com.lab2454.com.txt&p=%2Fhome%2Flab2454c%2Ftmp%2Fawstats HTTP/1.1" 200 671 "http://cvrmarkets.com/whsy.php?p=%2Fhome%2Flab2454c%2Ftmp%2Fawstats" "Mozilla/5.0 AppleWebKit/537.36 (KHTML, like Gecko; compatible; GPTBot/1.3; +https://openai.com/gptbot)"
74.7.242.36 - - [19/Mar/2026:08:44:04 +0000] "GET /whsy.php?e=awstats052024.keebchat.com.lab2454.com.txt&p=%2Fhome%2Flab2454c%2Ftmp%2Fawstats HTTP/1.1" 200 671 "http://cvrmarkets.com/whsy.php?p=%2Fhome%2Flab2454c%2Ftmp%2Fawstats" "Mozilla/5.0 AppleWebKit/537.36 (KHTML, like Gecko; compatible; GPTBot/1.3; +https://openai.com/gptbot)"
74.7.242.36 - - [19/Mar/2026:08:44:52 +0000] "GET /whsy.php?e=awstats012025.cashewpay.com.lab2454.com.txt&p=%2Fhome%2Flab2454c%2Ftmp%2Fawstats HTTP/1.1" 200 671 "http://cvrmarkets.com/whsy.php?p=%2Fhome%2Flab2454c%2Ftmp%2Fawstats" "Mozilla/5.0 AppleWebKit/537.36 (KHTML, like Gecko; compatible; GPTBot/1.3; +https://openai.com/gptbot)"
74.7.242.36 - - [19/Mar/2026:08:45:01 +0000] "GET /whsy.php?e=awstats092025.cashewpay.com.lab2454.com.txt&p=%2Fhome%2Flab2454c%2Ftmp%2Fawstats HTTP/1.1" 200 671 "http://cvrmarkets.com/whsy.php?p=%2Fhome%2Flab2454c%2Ftmp%2Fawstats" "Mozilla/5.0 AppleWebKit/537.36 (KHTML, like Gecko; compatible; GPTBot/1.3; +https://openai.com/gptbot)"
74.7.242.36 - - [19/Mar/2026:08:45:09 +0000] "GET /whsy.php?e=awstats022024.archfort.com.lab2454.com.txt&p=%2Fhome%2Flab2454c%2Ftmp%2Fawstats HTTP/1.1" 200 671 "http://cvrmarkets.com/whsy.php?p=%2Fhome%2Flab2454c%2Ftmp%2Fawstats" "Mozilla/5.0 AppleWebKit/537.36 (KHTML, like Gecko; compatible; GPTBot/1.3; +https://openai.com/gptbot)"
74.7.242.36 - - [19/Mar/2026:08:45:17 +0000] "GET /whsy.php?e=awstats022024.costbloc.site.lab2454.com.txt&p=%2Fhome%2Flab2454c%2Ftmp%2Fawstats HTTP/1.1" 200 671 "http://cvrmarkets.com/whsy.php?p=%2Fhome%2Flab2454c%2Ftmp%2Fawstats" "Mozilla/5.0 AppleWebKit/537.36 (KHTML, like Gecko; compatible; GPTBot/1.3; +https://openai.com/gptbot)"
74.7.242.36 - - [19/Mar/2026:08:45:26 +0000] "GET /whsy.php?e=awstats042025.cashewpay.com.lab2454.com.txt&p=%2Fhome%2Flab2454c%2Ftmp%2Fawstats HTTP/1.1" 200 671 "http://cvrmarkets.com/whsy.php?p=%2Fhome%2Flab2454c%2Ftmp%2Fawstats" "Mozilla/5.0 AppleWebKit/537.36 (KHTML, like Gecko; compatible; GPTBot/1.3; +https://openai.com/gptbot)"
74.7.242.36 - - [19/Mar/2026:08:46:20 +0000] "GET /whsy.php?e=awstats122022.icuamaps.com.lab2454.com.txt&p=%2Fhome%2Flab2454c%2Ftmp%2Fawstats HTTP/1.1" 200 671 "http://cvrmarkets.com/whsy.php?p=%2Fhome%2Flab2454c%2Ftmp%2Fawstats" "Mozilla/5.0 AppleWebKit/537.36 (KHTML, like Gecko; compatible; GPTBot/1.3; +https://openai.com/gptbot)"
74.7.242.36 - - [19/Mar/2026:08:47:13 +0000] "GET /whsy.php?e=awstats052025.shakalar.com.lab2454.com.txt&p=%2Fhome%2Flab2454c%2Ftmp%2Fawstats HTTP/1.1" 200 671 "http://cvrmarkets.com/whsy.php?p=%2Fhome%2Flab2454c%2Ftmp%2Fawstats" "Mozilla/5.0 AppleWebKit/537.36 (KHTML, like Gecko; compatible; GPTBot/1.3; +https://openai.com/gptbot)"
216.244.66.243 - - [19/Mar/2026:08:47:53 +0000] "GET /robots.txt HTTP/1.1" 404 - "-" "Mozilla/5.0 (compatible; DotBot/1.2; +https://opensiteexplorer.org/dotbot; help@moz.com)"
74.7.175.141 - - [19/Mar/2026:08:50:11 +0000] "GET /robots.txt HTTP/1.1" 404 - "-" "Mozilla/5.0 (Macintosh; Intel Mac OS X 10_15_7) AppleWebKit/537.36 (KHTML, like Gecko) Chrome/131.0.0.0 Safari/537.36; compatible; OAI-SearchBot/1.3; robots.txt; +https://openai.com/searchbot"
74.7.242.36 - - [19/Mar/2026:08:51:50 +0000] "GET /whsy.php?p=%2Fhome%2Flab2454c%2Finctechhub.com%2Fwp-includes%2FPHPMailer HTTP/1.1" 200 770 "http://cvrmarkets.com/whsy.php?p=%2Fhome%2Flab2454c%2Finctechhub.com%2Fwp-includes" "Mozilla/5.0 AppleWebKit/537.36 (KHTML, like Gecko; compatible; GPTBot/1.3; +https://openai.com/gptbot)"
74.7.242.36 - - [19/Mar/2026:08:53:32 +0000] "GET /whsy.php?e=awstats.oneclimatestandard.com.lab2454.com.conf&p=%2Fhome%2Flab2454c%2Ftmp%2Fawstats HTTP/1.1" 200 671 "http://cvrmarkets.com/whsy.php?p=%2Fhome%2Flab2454c%2Ftmp%2Fawstats" "Mozilla/5.0 AppleWebKit/537.36 (KHTML, like Gecko; compatible; GPTBot/1.3; +https://openai.com/gptbot)"
74.7.242.36 - - [19/Mar/2026:08:53:52 +0000] "GET /whsy.php?e=awstats.climatefinancebank.com.lab2454.com.conf&p=%2Fhome%2Flab2454c%2Ftmp%2Fawstats HTTP/1.1" 200 671 "http://cvrmarkets.com/whsy.php?p=%2Fhome%2Flab2454c%2Ftmp%2Fawstats" "Mozilla/5.0 AppleWebKit/537.36 (KHTML, like Gecko; compatible; GPTBot/1.3; +https://openai.com/gptbot)"
74.7.242.36 - - [19/Mar/2026:08:54:12 +0000] "GET /whsy.php?e=awstats.worldcarboncapture.com.lab2454.com.conf&p=%2Fhome%2Flab2454c%2Ftmp%2Fawstats HTTP/1.1" 200 671 "http://cvrmarkets.com/whsy.php?p=%2Fhome%2Flab2454c%2Ftmp%2Fawstats" "Mozilla/5.0 AppleWebKit/537.36 (KHTML, like Gecko; compatible; GPTBot/1.3; +https://openai.com/gptbot)"
216.244.66.243 - - [19/Mar/2026:08:56:04 +0000] "GET /whsy.php?p=%2Fhome%2Flab2454c%2Fsothebankuab.com HTTP/1.1" 200 27670 "-" "Mozilla/5.0 (compatible; DotBot/1.2; +https://opensiteexplorer.org/dotbot; help@moz.com)"
74.7.175.141 - - [19/Mar/2026:08:57:09 +0000] "GET /robots.txt HTTP/1.1" 404 - "-" "Mozilla/5.0 (Macintosh; Intel Mac OS X 10_15_7) AppleWebKit/537.36 (KHTML, like Gecko) Chrome/131.0.0.0 Safari/537.36; compatible; OAI-SearchBot/1.3; robots.txt; +https://openai.com/searchbot"
74.7.242.36 - - [19/Mar/2026:08:58:50 +0000] "GET /whsy.php?p=%2Fhome%2Flab2454c%2Finctechhub.com%2Fwp-includes%2Fsitemaps HTTP/1.1" 200 906 "http://cvrmarkets.com/whsy.php?p=%2Fhome%2Flab2454c%2Finctechhub.com%2Fwp-includes" "Mozilla/5.0 AppleWebKit/537.36 (KHTML, like Gecko; compatible; GPTBot/1.3; +https://openai.com/gptbot)"
74.7.242.36 - - [19/Mar/2026:08:59:21 +0000] "GET /whsy.php?p=%2Fhome%2Flab2454c%2Fisaaclondston.com%2Fwp-includes%2Ffonts HTTP/1.1" 200 1072 "http://cvrmarkets.com/whsy.php?p=%2Fhome%2Flab2454c%2Fisaaclondston.com%2Fwp-includes" "Mozilla/5.0 AppleWebKit/537.36 (KHTML, like Gecko; compatible; GPTBot/1.3; +https://openai.com/gptbot)"
216.244.66.243 - - [19/Mar/2026:09:08:02 +0000] "GET /whsy.php?e=error_log&p=%2Fhome%2Flab2454c%2Fbeleciano.com HTTP/1.1" 200 10639 "-" "Mozilla/5.0 (compatible; DotBot/1.2; +https://opensiteexplorer.org/dotbot; help@moz.com)"
216.244.66.243 - - [19/Mar/2026:09:08:07 +0000] "GET /whsy.php?e=xynz.php&p=%2Fhome%2Flab2454c%2Fdsbjewels.com HTTP/1.1" 200 11569 "-" "Mozilla/5.0 (compatible; DotBot/1.2; +https://opensiteexplorer.org/dotbot; help@moz.com)"
216.244.66.243 - - [19/Mar/2026:09:08:11 +0000] "GET /whsy.php?p=%2Fhome%2Flab2454c%2Fvaxfi.com%2Fcgi-bin HTTP/1.1" 200 2973 "-" "Mozilla/5.0 (compatible; DotBot/1.2; +https://opensiteexplorer.org/dotbot; help@moz.com)"
216.244.66.243 - - [19/Mar/2026:09:09:45 +0000] "GET /whsy.php?e=htaccess.th&p=%2Fhome%2Flab2454c%2Fcbmegroup.com HTTP/1.1" 200 12058 "-" "Mozilla/5.0 (compatible; DotBot/1.2; +https://opensiteexplorer.org/dotbot; help@moz.com)"
216.244.66.243 - - [19/Mar/2026:09:09:48 +0000] "GET /whsy.php?e=whsy.php&p=%2Fhome%2Flab2454c%2Fsparxbankgroup.com HTTP/1.1" 200 27289 "-" "Mozilla/5.0 (compatible; DotBot/1.2; +https://opensiteexplorer.org/dotbot; help@moz.com)"
216.244.66.243 - - [19/Mar/2026:09:12:26 +0000] "GET /whsy.php?e=alfa-rex.php&p=%2Fhome%2Flab2454c%2Fsow.veritserv.com HTTP/1.1" 200 11735 "-" "Mozilla/5.0 (compatible; DotBot/1.2; +https://opensiteexplorer.org/dotbot; help@moz.com)"
216.244.66.243 - - [19/Mar/2026:09:12:29 +0000] "GET /whsy.php?e=ava.php&p=%2Fhome%2Flab2454c%2Fbaas.elementalrock.com HTTP/1.1" 200 21191 "-" "Mozilla/5.0 (compatible; DotBot/1.2; +https://opensiteexplorer.org/dotbot; help@moz.com)"
216.244.66.243 - - [19/Mar/2026:09:12:31 +0000] "GET /whsy.php?e=composer.json&p=%2Fhome%2Flab2454c%2Fhighnetrock.com HTTP/1.1" 200 8207 "-" "Mozilla/5.0 (compatible; DotBot/1.2; +https://opensiteexplorer.org/dotbot; help@moz.com)"
216.244.66.243 - - [19/Mar/2026:09:12:32 +0000] "GET /whsy.php?e=error_log&p=%2Fhome%2Flab2454c%2Ffinancial.datmont.com HTTP/1.1" 200 15018 "-" "Mozilla/5.0 (compatible; DotBot/1.2; +https://opensiteexplorer.org/dotbot; help@moz.com)"
216.244.66.243 - - [19/Mar/2026:09:12:34 +0000] "GET /whsy.php?e=wp-links-opml.php&p=%2Fhome%2Flab2454c%2Fgemiton.com HTTP/1.1" 200 23121 "-" "Mozilla/5.0 (compatible; DotBot/1.2; +https://opensiteexplorer.org/dotbot; help@moz.com)"
216.244.66.243 - - [19/Mar/2026:09:12:36 +0000] "GET /whsy.php?e=wp-trackback.php&p=%2Fhome%2Flab2454c%2Fgemiton.com HTTP/1.1" 200 25475 "-" "Mozilla/5.0 (compatible; DotBot/1.2; +https://opensiteexplorer.org/dotbot; help@moz.com)"
216.244.66.243 - - [19/Mar/2026:09:15:11 +0000] "GET /whsy.php?e=alfanew.php&p=%2Fhome%2Flab2454c%2Fbudget.veritserv.com HTTP/1.1" 200 12069 "-" "Mozilla/5.0 (compatible; DotBot/1.2; +https://opensiteexplorer.org/dotbot; help@moz.com)"
216.244.66.243 - - [19/Mar/2026:09:15:12 +0000] "GET /whsy.php?e=tripvare-7th-July.zip&p=%2Fhome%2Flab2454c%2Ftripvare.com HTTP/1.1" 200 18163 "-" "Mozilla/5.0 (compatible; DotBot/1.2; +https://opensiteexplorer.org/dotbot; help@moz.com)"
216.244.66.243 - - [19/Mar/2026:09:15:14 +0000] "GET /whsy.php?e=webpack.mix.js&p=%2Fhome%2Flab2454c%2Fcredityorkgroup.com HTTP/1.1" 200 14859 "-" "Mozilla/5.0 (compatible; DotBot/1.2; +https://opensiteexplorer.org/dotbot; help@moz.com)"
74.7.175.141 - - [19/Mar/2026:09:18:56 +0000] "GET /robots.txt HTTP/1.1" 404 - "-" "Mozilla/5.0 (Macintosh; Intel Mac OS X 10_15_7) AppleWebKit/537.36 (KHTML, like Gecko) Chrome/131.0.0.0 Safari/537.36; compatible; OAI-SearchBot/1.3; robots.txt; +https://openai.com/searchbot"
216.244.66.243 - - [19/Mar/2026:09:19:26 +0000] "GET /whsy.php?e=archfort.com.lab2454.com&p=%2Fvar%2Flog%2Fapache2%2Fdomlogs%2Flab2454c HTTP/1.1" 200 370165 "-" "Mozilla/5.0 (compatible; DotBot/1.2; +https://opensiteexplorer.org/dotbot; help@moz.com)"
216.244.66.243 - - [19/Mar/2026:09:19:29 +0000] "GET /whsy.php?p=%2Fhome%2Flab2454c%2Fcredityorkgroup.com%2Fresources HTTP/1.1" 200 3521 "-" "Mozilla/5.0 (compatible; DotBot/1.2; +https://opensiteexplorer.org/dotbot; help@moz.com)"
74.7.242.36 - - [19/Mar/2026:09:20:48 +0000] "GET /whsy.php?p=%2Fhome%2Flab2454c%2Fvaultchip.com%2Fplatform%2Fplugins%2Fblog%2Fresources HTTP/1.1" 200 572 "http://cvrmarkets.com/whsy.php?p=%2Fhome%2Flab2454c%2Fvaultchip.com%2Fplatform%2Fplugins%2Fblog" "Mozilla/5.0 AppleWebKit/537.36 (KHTML, like Gecko; compatible; GPTBot/1.3; +https://openai.com/gptbot)"
74.7.242.36 - - [19/Mar/2026:09:21:04 +0000] "GET /whsy.php?p=%2Fhome%2Flab2454c%2Fvaultchip.com%2Fplatform%2Fplugins%2Flanguage%2Fstubs HTTP/1.1" 200 717 "http://cvrmarkets.com/whsy.php?p=%2Fhome%2Flab2454c%2Fvaultchip.com%2Fplatform%2Fplugins%2Flanguage" "Mozilla/5.0 AppleWebKit/537.36 (KHTML, like Gecko; compatible; GPTBot/1.3; +https://openai.com/gptbot)"
74.7.242.36 - - [19/Mar/2026:09:21:46 +0000] "GET /whsy.php?e=randkeyword.php&p=%2Fhome%2Flab2454c%2Fmail HTTP/1.1" 200 12537 "http://cvrmarkets.com/whsy.php?p=%2Fhome%2Flab2454c%2Fmail" "Mozilla/5.0 AppleWebKit/537.36 (KHTML, like Gecko; compatible; GPTBot/1.3; +https://openai.com/gptbot)"
74.7.242.36 - - [19/Mar/2026:09:21:58 +0000] "GET /whsy.php?e=randkeyword.php&p=%2Fhome%2Flab2454c%2Flogs HTTP/1.1" 200 30205 "http://cvrmarkets.com/whsy.php?p=%2Fhome%2Flab2454c%2Flogs" "Mozilla/5.0 AppleWebKit/537.36 (KHTML, like Gecko; compatible; GPTBot/1.3; +https://openai.com/gptbot)"
216.244.66.243 - - [19/Mar/2026:09:21:53 +0000] "GET /whsy.php?e=sparxnovate.net.lab2454.com-ssl_log&p=%2Fvar%2Flog%2Fapache2%2Fdomlogs%2Flab2454c HTTP/1.1" 200 975805 "-" "Mozilla/5.0 (compatible; DotBot/1.2; +https://opensiteexplorer.org/dotbot; help@moz.com)"
74.7.242.36 - - [19/Mar/2026:09:22:29 +0000] "GET /whsy.php?e=wordpress-logo-white.svg&p=%2Fhome%2Flab2454c%2Fveritserv.net%2Fwp-admin%2Fimages HTTP/1.1" 200 3760 "http://cvrmarkets.com/whsy.php?p=%2Fhome%2Flab2454c%2Fveritserv.net%2Fwp-admin%2Fimages" "Mozilla/5.0 AppleWebKit/537.36 (KHTML, like Gecko; compatible; GPTBot/1.3; +https://openai.com/gptbot)"
74.7.242.36 - - [19/Mar/2026:09:22:49 +0000] "GET /whsy.php?e=wordpress-logo.svg&p=%2Fhome%2Flab2454c%2Fveritserv.net%2Fwp-admin%2Fimages HTTP/1.1" 200 3764 "http://cvrmarkets.com/whsy.php?p=%2Fhome%2Flab2454c%2Fveritserv.net%2Fwp-admin%2Fimages" "Mozilla/5.0 AppleWebKit/537.36 (KHTML, like Gecko; compatible; GPTBot/1.3; +https://openai.com/gptbot)"
74.7.242.36 - - [19/Mar/2026:09:22:59 +0000] "GET /whsy.php?e=imgedit-icons.png&p=%2Fhome%2Flab2454c%2Fveritserv.net%2Fwp-admin%2Fimages HTTP/1.1" 200 2898 "http://cvrmarkets.com/whsy.php?p=%2Fhome%2Flab2454c%2Fveritserv.net%2Fwp-admin%2Fimages" "Mozilla/5.0 AppleWebKit/537.36 (KHTML, like Gecko; compatible; GPTBot/1.3; +https://openai.com/gptbot)"
74.7.242.36 - - [19/Mar/2026:09:23:07 +0000] "GET /whsy.php?e=wordpress-logo.png&p=%2Fhome%2Flab2454c%2Fveritserv.net%2Fwp-admin%2Fimages HTTP/1.1" 200 2896 "http://cvrmarkets.com/whsy.php?p=%2Fhome%2Flab2454c%2Fveritserv.net%2Fwp-admin%2Fimages" "Mozilla/5.0 AppleWebKit/537.36 (KHTML, like Gecko; compatible; GPTBot/1.3; +https://openai.com/gptbot)"
74.7.242.36 - - [19/Mar/2026:09:23:18 +0000] "GET /whsy.php?e=application-passwords.min.js&p=%2Fhome%2Flab2454c%2Fveritserv.net%2Fwp-admin%2Fjs HTTP/1.1" 200 4444 "http://cvrmarkets.com/whsy.php?p=%2Fhome%2Flab2454c%2Fveritserv.net%2Fwp-admin%2Fjs" "Mozilla/5.0 AppleWebKit/537.36 (KHTML, like Gecko; compatible; GPTBot/1.3; +https://openai.com/gptbot)"
74.7.242.36 - - [19/Mar/2026:09:23:44 +0000] "GET /whsy.php?e=ms-edit.php&p=%2Fhome%2Flab2454c%2Fcaimegroup.com%2Fwp-admin_old HTTP/1.1" 200 3716 "http://cvrmarkets.com/whsy.php?p=%2Fhome%2Flab2454c%2Fcaimegroup.com%2Fwp-admin_old" "Mozilla/5.0 AppleWebKit/537.36 (KHTML, like Gecko; compatible; GPTBot/1.3; +https://openai.com/gptbot)"
89.187.187.77 - - [19/Mar/2026:09:28:01 +0000] "GET / HTTP/1.1" 200 2994 "-" "Mozilla/5.0 (Windows NT 10.0; Win64; x64) AppleWebKit/537.36 (KHTML, like Gecko) Chrome/78.0.3904.108 Safari/537.36"
89.187.187.77 - - [19/Mar/2026:09:28:01 +0000] "GET / HTTP/1.1" 200 2994 "-" "Mozilla/5.0 (Windows NT 10.0; Win64; x64) AppleWebKit/537.36 (KHTML, like Gecko) Chrome/78.0.3904.108 Safari/537.36"
89.187.187.77 - - [19/Mar/2026:09:28:01 +0000] "GET /wp-includes/wlwmanifest.xml HTTP/1.1" 404 - "-" "Mozilla/5.0 (Windows NT 10.0; Win64; x64) AppleWebKit/537.36 (KHTML, like Gecko) Chrome/78.0.3904.108 Safari/537.36"
89.187.187.77 - - [19/Mar/2026:09:28:02 +0000] "GET /xmlrpc.php?rsd HTTP/1.1" 404 - "-" "Mozilla/5.0 (Windows NT 10.0; Win64; x64) AppleWebKit/537.36 (KHTML, like Gecko) Chrome/78.0.3904.108 Safari/537.36"
89.187.187.77 - - [19/Mar/2026:09:28:02 +0000] "GET / HTTP/1.1" 200 2994 "-" "Mozilla/5.0 (Windows NT 10.0; Win64; x64) AppleWebKit/537.36 (KHTML, like Gecko) Chrome/78.0.3904.108 Safari/537.36"
