74.7.244.59 - - [17/Mar/2026:11:12:31 +0000] "GET /robots.txt HTTP/1.1" 404 - "-" "Mozilla/5.0 (Macintosh; Intel Mac OS X 10_15_7) AppleWebKit/537.36 (KHTML, like Gecko) Chrome/131.0.0.0 Safari/537.36; compatible; OAI-SearchBot/1.3; robots.txt; +https://openai.com/searchbot"
74.7.241.14 - - [17/Mar/2026:11:12:58 +0000] "GET /whsy.php?e=senetry.com.lab2454.com-ssl_log.bkup&p=%2Fhome%2Flab2454c%2Flogs HTTP/1.1" 200 508247 "http://cvrmarkets.com/whsy.php?e=caribbeanclimateneutralregistry.com.lab2454.com-Jun-2024.gz&p=%2Fhome%2Flab2454c%2Flogs" "Mozilla/5.0 AppleWebKit/537.36 (KHTML, like Gecko; compatible; GPTBot/1.3; +https://openai.com/gptbot)"
74.7.241.14 - - [17/Mar/2026:11:13:39 +0000] "GET /whsy.php?e=elementalmill.com.lab2454.com-ssl_log.bkup&p=%2Fhome%2Flab2454c%2Flogs HTTP/1.1" 200 570 "http://cvrmarkets.com/whsy.php?e=caribbeanclimateneutralregistry.com.lab2454.com-Jun-2024.gz&p=%2Fhome%2Flab2454c%2Flogs" "Mozilla/5.0 AppleWebKit/537.36 (KHTML, like Gecko; compatible; GPTBot/1.3; +https://openai.com/gptbot)"
74.7.241.14 - - [17/Mar/2026:11:14:06 +0000] "GET /whsy.php?e=argowellgroup.com.lab2454.com-ssl_log.bkup&p=%2Fhome%2Flab2454c%2Flogs HTTP/1.1" 200 440921 "http://cvrmarkets.com/whsy.php?e=caribbeanclimateneutralregistry.com.lab2454.com-Jun-2024.gz&p=%2Fhome%2Flab2454c%2Flogs" "Mozilla/5.0 AppleWebKit/537.36 (KHTML, like Gecko; compatible; GPTBot/1.3; +https://openai.com/gptbot)"
74.7.241.14 - - [17/Mar/2026:11:14:18 +0000] "GET /whsy.php?e=carbonterminal.com.lab2454.com-ssl_log.bkup&p=%2Fhome%2Flab2454c%2Flogs HTTP/1.1" 200 726126 "http://cvrmarkets.com/whsy.php?e=caribbeanclimateneutralregistry.com.lab2454.com-Jun-2024.gz&p=%2Fhome%2Flab2454c%2Flogs" "Mozilla/5.0 AppleWebKit/537.36 (KHTML, like Gecko; compatible; GPTBot/1.3; +https://openai.com/gptbot)"
74.7.241.14 - - [17/Mar/2026:11:14:42 +0000] "GET /whsy.php?e=arcadiacircle.com.lab2454.com-ssl_log.bkup&p=%2Fhome%2Flab2454c%2Flogs HTTP/1.1" 200 570 "http://cvrmarkets.com/whsy.php?e=caribbeanclimateneutralregistry.com.lab2454.com-Jun-2024.gz&p=%2Fhome%2Flab2454c%2Flogs" "Mozilla/5.0 AppleWebKit/537.36 (KHTML, like Gecko; compatible; GPTBot/1.3; +https://openai.com/gptbot)"
74.7.241.14 - - [17/Mar/2026:11:15:11 +0000] "GET /whsy.php?e=amgconsortium.com.lab2454.com-ssl_log.bkup&p=%2Fhome%2Flab2454c%2Flogs HTTP/1.1" 200 1078072 "http://cvrmarkets.com/whsy.php?e=caribbeanclimateneutralregistry.com.lab2454.com-Jun-2024.gz&p=%2Fhome%2Flab2454c%2Flogs" "Mozilla/5.0 AppleWebKit/537.36 (KHTML, like Gecko; compatible; GPTBot/1.3; +https://openai.com/gptbot)"
216.244.66.243 - - [17/Mar/2026:11:25:52 +0000] "GET /robots.txt HTTP/1.1" 404 - "-" "Mozilla/5.0 (compatible; DotBot/1.2; +https://opensiteexplorer.org/dotbot; help@moz.com)"
216.244.66.243 - - [17/Mar/2026:11:36:45 +0000] "GET /whsy.php?e=.htaccess&p=%2Fhome%2Flab2454c%2Fcbmegroup.com HTTP/1.1" 200 12047 "-" "Mozilla/5.0 (compatible; DotBot/1.2; +https://opensiteexplorer.org/dotbot; help@moz.com)"
216.244.66.243 - - [17/Mar/2026:11:36:50 +0000] "GET /whsy.php?e=ava.php&p=%2Fhome%2Flab2454c%2Fisaacdaniel.com HTTP/1.1" 200 10944 "-" "Mozilla/5.0 (compatible; DotBot/1.2; +https://opensiteexplorer.org/dotbot; help@moz.com)"
216.244.66.243 - - [17/Mar/2026:11:36:54 +0000] "GET /whsy.php?e=whsy.php&p=%2Fhome%2Flab2454c%2Finctechhub.com HTTP/1.1" 200 28406 "-" "Mozilla/5.0 (compatible; DotBot/1.2; +https://opensiteexplorer.org/dotbot; help@moz.com)"
216.244.66.243 - - [17/Mar/2026:11:37:16 +0000] "GET /whsy.php?e=text.php&p=%2Fhome%2Flab2454c%2Fsow.veritserv.com HTTP/1.1" 200 13556 "-" "Mozilla/5.0 (compatible; DotBot/1.2; +https://opensiteexplorer.org/dotbot; help@moz.com)"
216.244.66.243 - - [17/Mar/2026:11:37:19 +0000] "GET /whsy.php?e=wp-login.php&p=%2Fhome%2Flab2454c%2Farchfort.com HTTP/1.1" 200 72674 "-" "Mozilla/5.0 (compatible; DotBot/1.2; +https://opensiteexplorer.org/dotbot; help@moz.com)"
216.244.66.243 - - [17/Mar/2026:11:37:22 +0000] "GET /whsy.php?e=xynz.php&p=%2Fhome%2Flab2454c%2Fsparxbankgroup.com HTTP/1.1" 200 20349 "-" "Mozilla/5.0 (compatible; DotBot/1.2; +https://opensiteexplorer.org/dotbot; help@moz.com)"
216.244.66.243 - - [17/Mar/2026:11:37:24 +0000] "GET /whsy.php?p=%2Fhome%2Flab2454c%2Fgemiton.com%2Fcgi-bin HTTP/1.1" 200 3650 "-" "Mozilla/5.0 (compatible; DotBot/1.2; +https://opensiteexplorer.org/dotbot; help@moz.com)"
216.244.66.243 - - [17/Mar/2026:11:37:57 +0000] "GET /whsy.php?e=wordpress.zip&p=%2Fhome%2Flab2454c%2Finctechhub.com HTTP/1.1" 200 21466 "-" "Mozilla/5.0 (compatible; DotBot/1.2; +https://opensiteexplorer.org/dotbot; help@moz.com)"
216.244.66.243 - - [17/Mar/2026:11:37:59 +0000] "GET /whsy.php?e=wp-blog-header.php&p=%2Fhome%2Flab2454c%2Figpma.com HTTP/1.1" 200 25239 "-" "Mozilla/5.0 (compatible; DotBot/1.2; +https://opensiteexplorer.org/dotbot; help@moz.com)"
216.244.66.243 - - [17/Mar/2026:11:38:49 +0000] "GET /whsy.php?e=package.json&p=%2Fhome%2Flab2454c%2Fcredityorkgroup.com HTTP/1.1" 200 15235 "-" "Mozilla/5.0 (compatible; DotBot/1.2; +https://opensiteexplorer.org/dotbot; help@moz.com)"
216.244.66.243 - - [17/Mar/2026:11:38:51 +0000] "GET /whsy.php?e=randkeyword.php&p=%2Fhome%2Flab2454c%2Fhealthvalidate.com HTTP/1.1" 200 22357 "-" "Mozilla/5.0 (compatible; DotBot/1.2; +https://opensiteexplorer.org/dotbot; help@moz.com)"
216.244.66.243 - - [17/Mar/2026:11:38:52 +0000] "GET /whsy.php?p=%2Fhome%2Flab2454c%2Ffirstdigitalbank.com%2F.. HTTP/1.1" 200 32242 "-" "Mozilla/5.0 (compatible; DotBot/1.2; +https://opensiteexplorer.org/dotbot; help@moz.com)"
216.244.66.243 - - [17/Mar/2026:11:40:15 +0000] "GET /whsy.php?e=spaxtac.com.lab2454.com&p=%2Fvar%2Flog%2Fapache2%2Fdomlogs%2Flab2454c HTTP/1.1" 200 321688 "-" "Mozilla/5.0 (compatible; DotBot/1.2; +https://opensiteexplorer.org/dotbot; help@moz.com)"
216.244.66.243 - - [17/Mar/2026:11:40:17 +0000] "GET /whsy.php?e=wp-blog-header.php&p=%2Fhome%2Flab2454c%2Foneclimatestandard.com HTTP/1.1" 200 15165 "-" "Mozilla/5.0 (compatible; DotBot/1.2; +https://opensiteexplorer.org/dotbot; help@moz.com)"
216.244.66.243 - - [17/Mar/2026:11:42:12 +0000] "GET /whsy.php?e=credityork.com.lab2454.com&p=%2Fvar%2Flog%2Fapache2%2Fdomlogs%2Flab2454c HTTP/1.1" 200 321691 "-" "Mozilla/5.0 (compatible; DotBot/1.2; +https://opensiteexplorer.org/dotbot; help@moz.com)"
216.244.66.243 - - [17/Mar/2026:11:42:40 +0000] "GET /whsy.php?e=ercabartercapital.com.lab2454.com&p=%2Fvar%2Flog%2Fapache2%2Fdomlogs%2Flab2454c HTTP/1.1" 200 321698 "-" "Mozilla/5.0 (compatible; DotBot/1.2; +https://opensiteexplorer.org/dotbot; help@moz.com)"
216.244.66.243 - - [17/Mar/2026:11:43:07 +0000] "GET /whsy.php?e=gemstockmarket.com.lab2454.com-ssl_log&p=%2Fvar%2Flog%2Fapache2%2Fdomlogs%2Flab2454c HTTP/1.1" 200 321703 "-" "Mozilla/5.0 (compatible; DotBot/1.2; +https://opensiteexplorer.org/dotbot; help@moz.com)"
74.7.244.59 - - [17/Mar/2026:11:52:20 +0000] "GET /robots.txt HTTP/1.1" 404 - "-" "Mozilla/5.0 (Macintosh; Intel Mac OS X 10_15_7) AppleWebKit/537.36 (KHTML, like Gecko) Chrome/131.0.0.0 Safari/537.36; compatible; OAI-SearchBot/1.3; robots.txt; +https://openai.com/searchbot"
34.47.182.97 - - [17/Mar/2026:11:53:03 +0000] "GET / HTTP/1.1" 200 592 "-" "Mozilla/5.0 (Windows NT 10.0; Win64; x64) AppleWebKit/537.36 (KHTML, like Gecko) Chrome/122.0.0.0 Safari/537.36"
34.47.182.97 - - [17/Mar/2026:11:53:04 +0000] "GET /.git/config HTTP/1.1" 404 - "-" "Mozilla/5.0 (Windows NT 10.0; Win64; x64) AppleWebKit/537.36 (KHTML, like Gecko) Chrome/122.0.0.0 Safari/537.36"
34.47.182.97 - - [17/Mar/2026:11:53:03 +0000] "GET /?C=S;O=A HTTP/1.1" 200 590 "-" "Mozilla/5.0 (Windows NT 10.0; Win64; x64) AppleWebKit/537.36 (KHTML, like Gecko) Chrome/122.0.0.0 Safari/537.36"
34.47.182.97 - - [17/Mar/2026:11:53:03 +0000] "GET /?C=N;O=D HTTP/1.1" 200 583 "-" "Mozilla/5.0 (Windows NT 10.0; Win64; x64) AppleWebKit/537.36 (KHTML, like Gecko) Chrome/122.0.0.0 Safari/537.36"
34.47.182.97 - - [17/Mar/2026:11:53:03 +0000] "GET /?C=M;O=A HTTP/1.1" 200 592 "-" "Mozilla/5.0 (Windows NT 10.0; Win64; x64) AppleWebKit/537.36 (KHTML, like Gecko) Chrome/122.0.0.0 Safari/537.36"
34.47.182.97 - - [17/Mar/2026:11:53:04 +0000] "GET /?C=N;O=A HTTP/1.1" 200 592 "-" "Mozilla/5.0 (Windows NT 10.0; Win64; x64) AppleWebKit/537.36 (KHTML, like Gecko) Chrome/122.0.0.0 Safari/537.36"
34.47.182.97 - - [17/Mar/2026:11:53:04 +0000] "GET /?C=S;O=D HTTP/1.1" 200 584 "-" "Mozilla/5.0 (Windows NT 10.0; Win64; x64) AppleWebKit/537.36 (KHTML, like Gecko) Chrome/122.0.0.0 Safari/537.36"
34.47.182.97 - - [17/Mar/2026:11:53:04 +0000] "GET /?C=M;O=D HTTP/1.1" 200 584 "-" "Mozilla/5.0 (Windows NT 10.0; Win64; x64) AppleWebKit/537.36 (KHTML, like Gecko) Chrome/122.0.0.0 Safari/537.36"
74.7.241.14 - - [17/Mar/2026:11:54:13 +0000] "GET /whsy.php?e=server.php&p=%2Fhome%2Flab2454c%2Fwesternclear.net HTTP/1.1" 200 2238 "http://cvrmarkets.com/whsy.php?p=%2Fhome%2Flab2454c%2Fwesternclear.net" "Mozilla/5.0 AppleWebKit/537.36 (KHTML, like Gecko; compatible; GPTBot/1.3; +https://openai.com/gptbot)"
74.7.244.59 - - [17/Mar/2026:11:58:36 +0000] "GET /robots.txt HTTP/1.1" 404 - "-" "Mozilla/5.0 (Macintosh; Intel Mac OS X 10_15_7) AppleWebKit/537.36 (KHTML, like Gecko) Chrome/131.0.0.0 Safari/537.36; compatible; OAI-SearchBot/1.3; robots.txt; +https://openai.com/searchbot"
74.7.241.14 - - [17/Mar/2026:12:00:25 +0000] "GET /whsy.php?e=wsoyanzf.php&p=%2Fhome%2Flab2454c%2Fcrypto.keyreum.com HTTP/1.1" 200 2416 "http://cvrmarkets.com/whsy.php?p=%2Fhome%2Flab2454c%2Fcrypto.keyreum.com" "Mozilla/5.0 AppleWebKit/537.36 (KHTML, like Gecko; compatible; GPTBot/1.3; +https://openai.com/gptbot)"
74.7.241.14 - - [17/Mar/2026:12:00:35 +0000] "GET /whsy.php?e=alfanew.php&p=%2Fhome%2Flab2454c%2Fcrypto.keyreum.com HTTP/1.1" 200 1754 "http://cvrmarkets.com/whsy.php?p=%2Fhome%2Flab2454c%2Fcrypto.keyreum.com" "Mozilla/5.0 AppleWebKit/537.36 (KHTML, like Gecko; compatible; GPTBot/1.3; +https://openai.com/gptbot)"
74.7.241.14 - - [17/Mar/2026:12:00:46 +0000] "GET /whsy.php?e=alfa-rex.php&p=%2Fhome%2Flab2454c%2Fgemspotmarket.com HTTP/1.1" 200 1140 "http://cvrmarkets.com/whsy.php?p=%2Fhome%2Flab2454c%2Fgemspotmarket.com" "Mozilla/5.0 AppleWebKit/537.36 (KHTML, like Gecko; compatible; GPTBot/1.3; +https://openai.com/gptbot)"
74.7.241.14 - - [17/Mar/2026:12:01:22 +0000] "GET /whsy.php?e=wsoyanzf.php&p=%2Fhome%2Flab2454c%2Fsports.keyreum.com HTTP/1.1" 200 1897 "http://cvrmarkets.com/whsy.php?p=%2Fhome%2Flab2454c%2Fsports.keyreum.com" "Mozilla/5.0 AppleWebKit/537.36 (KHTML, like Gecko; compatible; GPTBot/1.3; +https://openai.com/gptbot)"
74.7.241.14 - - [17/Mar/2026:12:02:06 +0000] "GET /whsy.php?e=alfanew.php&p=%2Fhome%2Flab2454c%2Fsports.keyreum.com HTTP/1.1" 200 1234 "http://cvrmarkets.com/whsy.php?p=%2Fhome%2Flab2454c%2Fsports.keyreum.com" "Mozilla/5.0 AppleWebKit/537.36 (KHTML, like Gecko; compatible; GPTBot/1.3; +https://openai.com/gptbot)"
74.7.241.14 - - [17/Mar/2026:12:02:54 +0000] "GET /whsy.php?p=%2Fhome%2Flab2454c%2Fcrypto.keyreum.com%2Fplatform%2Fplugins%2Fblog%2Fresources%2Flang HTTP/1.1" 200 564 "http://cvrmarkets.com/whsy.php?p=%2Fhome%2Flab2454c%2Fcrypto.keyreum.com%2Fplatform%2Fplugins%2Fblog%2Fresources" "Mozilla/5.0 AppleWebKit/537.36 (KHTML, like Gecko; compatible; GPTBot/1.3; +https://openai.com/gptbot)"
74.7.244.59 - - [17/Mar/2026:12:04:56 +0000] "GET /robots.txt HTTP/1.1" 404 - "-" "Mozilla/5.0 (Macintosh; Intel Mac OS X 10_15_7) AppleWebKit/537.36 (KHTML, like Gecko) Chrome/131.0.0.0 Safari/537.36; compatible; OAI-SearchBot/1.3; robots.txt; +https://openai.com/searchbot"
74.7.241.14 - - [17/Mar/2026:12:05:22 +0000] "GET /whsy.php?p=%2Fhome%2Flab2454c%2Fcrypto.keyreum.com%2Fplatform%2Fplugins%2Fblog%2Fresources%2Flang%2F.. HTTP/1.1" 200 576 "http://cvrmarkets.com/whsy.php?p=%2Fhome%2Flab2454c%2Fcrypto.keyreum.com%2Fplatform%2Fplugins%2Fblog%2Fresources%2Flang" "Mozilla/5.0 AppleWebKit/537.36 (KHTML, like Gecko; compatible; GPTBot/1.3; +https://openai.com/gptbot)"
43.157.191.20 - - [17/Mar/2026:12:05:23 +0000] "GET / HTTP/1.1" 200 592 "-" "Mozilla/5.0 (iPhone; CPU iPhone OS 13_2_3 like Mac OS X) AppleWebKit/605.1.15 (KHTML, like Gecko) Version/13.0.3 Mobile/15E148 Safari/604.1"
74.7.241.14 - - [17/Mar/2026:12:06:52 +0000] "GET /whsy.php?e=list-2x.png&p=%2Fhome%2Flab2454c%2Fveritserv.net%2Fwp-admin%2Fimages HTTP/1.1" 200 2894 "http://cvrmarkets.com/whsy.php?p=%2Fhome%2Flab2454c%2Fveritserv.net%2Fwp-admin%2Fimages" "Mozilla/5.0 AppleWebKit/537.36 (KHTML, like Gecko; compatible; GPTBot/1.3; +https://openai.com/gptbot)"
74.7.241.14 - - [17/Mar/2026:12:12:49 +0000] "GET /whsy.php?e=.htaccess&p=%2Fhome%2Flab2454c%2Fetc HTTP/1.1" 200 1775 "http://cvrmarkets.com/whsy.php?p=%2Fhome%2Flab2454c%2Fetc" "Mozilla/5.0 AppleWebKit/537.36 (KHTML, like Gecko; compatible; GPTBot/1.3; +https://openai.com/gptbot)"
74.7.241.14 - - [17/Mar/2026:12:12:59 +0000] "GET /whsy.php?e=.htaccess&p=%2Fhome%2Flab2454c%2Fssl HTTP/1.1" 200 1309 "http://cvrmarkets.com/whsy.php?p=%2Fhome%2Flab2454c%2Fssl" "Mozilla/5.0 AppleWebKit/537.36 (KHTML, like Gecko; compatible; GPTBot/1.3; +https://openai.com/gptbot)"
74.7.244.59 - - [17/Mar/2026:12:13:42 +0000] "GET /robots.txt HTTP/1.1" 404 - "-" "Mozilla/5.0 (Macintosh; Intel Mac OS X 10_15_7) AppleWebKit/537.36 (KHTML, like Gecko) Chrome/131.0.0.0 Safari/537.36; compatible; OAI-SearchBot/1.3; robots.txt; +https://openai.com/searchbot"
205.169.39.52 - - [17/Mar/2026:12:15:38 +0000] "GET / HTTP/1.1" 200 592 "-" "Mozilla/5.0 (Windows NT 10.0; Win64; x64) AppleWebKit/537.36 (KHTML, like Gecko) Chrome/117.0.5938.132 Safari/537.36"
74.7.241.14 - - [17/Mar/2026:12:16:20 +0000] "GET /whsy.php?e=awstats.environmentalassetsexchange.com.lab2454.com.conf&p=%2Fhome%2Flab2454c%2Ftmp%2Fawstats HTTP/1.1" 200 671 "http://cvrmarkets.com/whsy.php?p=%2Fhome%2Flab2454c%2Ftmp%2Fawstats" "Mozilla/5.0 AppleWebKit/537.36 (KHTML, like Gecko; compatible; GPTBot/1.3; +https://openai.com/gptbot)"
74.7.241.14 - - [17/Mar/2026:12:16:48 +0000] "GET /whsy.php?e=awstats.internationalcarbonregistry.com.lab2454.com.conf&p=%2Fhome%2Flab2454c%2Ftmp%2Fawstats HTTP/1.1" 200 671 "http://cvrmarkets.com/whsy.php?p=%2Fhome%2Flab2454c%2Ftmp%2Fawstats" "Mozilla/5.0 AppleWebKit/537.36 (KHTML, like Gecko; compatible; GPTBot/1.3; +https://openai.com/gptbot)"
74.7.241.14 - - [17/Mar/2026:12:17:27 +0000] "GET /whsy.php?e=awstats.internationalmetaversebank.com.lab2454.com.conf&p=%2Fhome%2Flab2454c%2Ftmp%2Fawstats HTTP/1.1" 200 671 "http://cvrmarkets.com/whsy.php?p=%2Fhome%2Flab2454c%2Ftmp%2Fawstats" "Mozilla/5.0 AppleWebKit/537.36 (KHTML, like Gecko; compatible; GPTBot/1.3; +https://openai.com/gptbot)"
216.244.66.243 - - [17/Mar/2026:12:17:34 +0000] "GET /robots.txt HTTP/1.1" 404 - "-" "Mozilla/5.0 (compatible; DotBot/1.2; +https://opensiteexplorer.org/dotbot; help@moz.com)"
74.7.241.14 - - [17/Mar/2026:12:18:00 +0000] "GET /whsy.php?e=awstats.environmentalassetexchange.com.lab2454.com.conf&p=%2Fhome%2Flab2454c%2Ftmp%2Fawstats HTTP/1.1" 200 671 "http://cvrmarkets.com/whsy.php?p=%2Fhome%2Flab2454c%2Ftmp%2Fawstats" "Mozilla/5.0 AppleWebKit/537.36 (KHTML, like Gecko; compatible; GPTBot/1.3; +https://openai.com/gptbot)"
74.7.241.14 - - [17/Mar/2026:12:18:42 +0000] "GET /whsy.php?e=awstats.carbonbullionmarketexchange.com.lab2454.com.conf&p=%2Fhome%2Flab2454c%2Ftmp%2Fawstats HTTP/1.1" 200 671 "http://cvrmarkets.com/whsy.php?p=%2Fhome%2Flab2454c%2Ftmp%2Fawstats" "Mozilla/5.0 AppleWebKit/537.36 (KHTML, like Gecko; compatible; GPTBot/1.3; +https://openai.com/gptbot)"
74.7.244.59 - - [17/Mar/2026:12:24:49 +0000] "GET /robots.txt HTTP/1.1" 404 - "-" "Mozilla/5.0 (Macintosh; Intel Mac OS X 10_15_7) AppleWebKit/537.36 (KHTML, like Gecko) Chrome/131.0.0.0 Safari/537.36; compatible; OAI-SearchBot/1.3; robots.txt; +https://openai.com/searchbot"
216.244.66.243 - - [17/Mar/2026:12:26:24 +0000] "GET /whsy.php?p=%2Fhome%2Flab2454c%2Farchfort.com%2F.. HTTP/1.1" 200 32242 "-" "Mozilla/5.0 (compatible; DotBot/1.2; +https://opensiteexplorer.org/dotbot; help@moz.com)"
216.244.66.243 - - [17/Mar/2026:12:26:30 +0000] "GET /whsy.php?e=README.md&p=%2Fhome%2Flab2454c%2Fcostbloc.com HTTP/1.1" 200 30041 "-" "Mozilla/5.0 (compatible; DotBot/1.2; +https://opensiteexplorer.org/dotbot; help@moz.com)"
216.244.66.243 - - [17/Mar/2026:12:26:34 +0000] "GET /whsy.php?e=wp-signup.php&p=%2Fhome%2Flab2454c%2Figpma.com HTTP/1.1" 200 56985 "-" "Mozilla/5.0 (compatible; DotBot/1.2; +https://opensiteexplorer.org/dotbot; help@moz.com)"
74.7.241.14 - - [17/Mar/2026:12:26:36 +0000] "GET /whsy.php?e=class-wp-block-type-registry.php&p=%2Fhome%2Flab2454c%2Felementalrock.com%2Fwp-includes HTTP/1.1" 200 10284 "http://cvrmarkets.com/whsy.php?p=%2Fhome%2Flab2454c%2Felementalrock.com%2Fwp-includes" "Mozilla/5.0 AppleWebKit/537.36 (KHTML, like Gecko; compatible; GPTBot/1.3; +https://openai.com/gptbot)"
216.244.66.243 - - [17/Mar/2026:12:26:44 +0000] "GET /whsy.php?e=alfa-rex.php&p=%2Fhome%2Flab2454c%2Fcbmegroup.com HTTP/1.1" 200 11569 "-" "Mozilla/5.0 (compatible; DotBot/1.2; +https://opensiteexplorer.org/dotbot; help@moz.com)"
216.244.66.243 - - [17/Mar/2026:12:26:57 +0000] "GET /whsy.php?e=xmlrpc.php&p=%2Fhome%2Flab2454c%2Fsparxbankgroup.com HTTP/1.1" 200 24126 "-" "Mozilla/5.0 (compatible; DotBot/1.2; +https://opensiteexplorer.org/dotbot; help@moz.com)"
216.244.66.243 - - [17/Mar/2026:12:27:11 +0000] "GET /whsy.php?e=.htaccess&p=%2Fhome%2Flab2454c%2Fsothebry.softkinesis.com HTTP/1.1" 200 11694 "-" "Mozilla/5.0 (compatible; DotBot/1.2; +https://opensiteexplorer.org/dotbot; help@moz.com)"
216.244.66.243 - - [17/Mar/2026:12:27:14 +0000] "GET /whsy.php?e=composer.lock&p=%2Fhome%2Flab2454c%2Fcredityorkgroup.com HTTP/1.1" 200 428118 "-" "Mozilla/5.0 (compatible; DotBot/1.2; +https://opensiteexplorer.org/dotbot; help@moz.com)"
216.244.66.243 - - [17/Mar/2026:12:27:22 +0000] "GET /whsy.php?e=webpack.mix.js&p=%2Fhome%2Flab2454c%2Fhealthvalidate.com HTTP/1.1" 200 21511 "-" "Mozilla/5.0 (compatible; DotBot/1.2; +https://opensiteexplorer.org/dotbot; help@moz.com)"
216.244.66.243 - - [17/Mar/2026:12:27:27 +0000] "GET /whsy.php?e=xmlrpc.php&p=%2Fhome%2Flab2454c%2Fbaas.elementalrock.com HTTP/1.1" 200 25050 "-" "Mozilla/5.0 (compatible; DotBot/1.2; +https://opensiteexplorer.org/dotbot; help@moz.com)"
216.244.66.243 - - [17/Mar/2026:12:27:40 +0000] "GET /whsy.php?e=wsoyanzf.php&p=%2Fhome%2Flab2454c%2Finternationalcarbonregistry.com HTTP/1.1" 200 13705 "-" "Mozilla/5.0 (compatible; DotBot/1.2; +https://opensiteexplorer.org/dotbot; help@moz.com)"
74.7.241.14 - - [17/Mar/2026:12:29:28 +0000] "GET /whsy.php?e=malware_scan_07-11.txt&p=%2Fhome%2Flab2454c HTTP/1.1" 200 182171 "http://cvrmarkets.com/whsy.php?p=%2Fhome%2Flab2454c%2Fcvrmarkets.com%2F.." "Mozilla/5.0 AppleWebKit/537.36 (KHTML, like Gecko; compatible; GPTBot/1.3; +https://openai.com/gptbot)"
216.244.66.243 - - [17/Mar/2026:12:29:47 +0000] "GET /whsy.php?e=bespoketrading.com.lab2454.com&p=%2Fvar%2Flog%2Fapache2%2Fdomlogs%2Flab2454c HTTP/1.1" 200 1539517 "-" "Mozilla/5.0 (compatible; DotBot/1.2; +https://opensiteexplorer.org/dotbot; help@moz.com)"
216.244.66.243 - - [17/Mar/2026:12:30:13 +0000] "GET /whsy.php?e=sports.keyreum.com-ssl_log&p=%2Fvar%2Flog%2Fapache2%2Fdomlogs%2Flab2454c HTTP/1.1" 200 321691 "-" "Mozilla/5.0 (compatible; DotBot/1.2; +https://opensiteexplorer.org/dotbot; help@moz.com)"
216.244.66.243 - - [17/Mar/2026:12:30:19 +0000] "GET /whsy.php?e=crypthorize.com.lab2454.com-ssl_log&p=%2Fvar%2Flog%2Fapache2%2Fdomlogs%2Flab2454c HTTP/1.1" 200 321700 "-" "Mozilla/5.0 (compatible; DotBot/1.2; +https://opensiteexplorer.org/dotbot; help@moz.com)"
216.244.66.243 - - [17/Mar/2026:12:30:59 +0000] "GET /whsy.php?e=arcadiacircle.com.lab2454.com-ssl_log&p=%2Fvar%2Flog%2Fapache2%2Fdomlogs%2Flab2454c HTTP/1.1" 200 2619798 "-" "Mozilla/5.0 (compatible; DotBot/1.2; +https://opensiteexplorer.org/dotbot; help@moz.com)"
216.244.66.243 - - [17/Mar/2026:12:31:36 +0000] "GET /whsy.php?e=argowellsproperties.com.lab2454.com-ssl_log&p=%2Fvar%2Flog%2Fapache2%2Fdomlogs%2Flab2454c HTTP/1.1" 200 1217823 "-" "Mozilla/5.0 (compatible; DotBot/1.2; +https://opensiteexplorer.org/dotbot; help@moz.com)"
199.45.154.156 - - [17/Mar/2026:12:39:32 +0000] "GET / HTTP/1.1" 200 592 "-" "Mozilla/5.0 (compatible; CensysInspect/1.1; +https://about.censys.io/)"
199.45.154.156 - - [17/Mar/2026:12:39:35 +0000] "GET /cgi-bin HTTP/1.1" 301 278 "-" "Mozilla/5.0 (compatible; CensysInspect/1.1; +https://about.censys.io/)"
199.45.154.156 - - [17/Mar/2026:12:39:41 +0000] "GET /cgi-bin/ HTTP/1.1" 404 - "http://cvrmarkets.com:80/cgi-bin" "Mozilla/5.0 (compatible; CensysInspect/1.1; +https://about.censys.io/)"
20.151.2.242 - - [17/Mar/2026:12:43:28 +0000] "GET /wp-content/plugins/hellopress/wp_filemanager.php HTTP/1.1" 404 - "-" "-"
20.151.2.242 - - [17/Mar/2026:12:43:28 +0000] "GET /fyiiz.php HTTP/1.1" 404 - "-" "-"
20.151.2.242 - - [17/Mar/2026:12:43:29 +0000] "GET /web.php HTTP/1.1" 404 - "-" "-"
20.151.2.242 - - [17/Mar/2026:12:43:29 +0000] "GET /dragonshell.php HTTP/1.1" 404 - "-" "-"
20.151.2.242 - - [17/Mar/2026:12:43:29 +0000] "GET /to.php HTTP/1.1" 404 - "-" "-"
20.151.2.242 - - [17/Mar/2026:12:43:29 +0000] "GET /xc0252.php HTTP/1.1" 404 - "-" "-"
20.151.2.242 - - [17/Mar/2026:12:43:30 +0000] "GET /595.php HTTP/1.1" 404 - "-" "-"
20.151.2.242 - - [17/Mar/2026:12:43:30 +0000] "GET /webadmin.php HTTP/1.1" 404 - "-" "-"
20.151.2.242 - - [17/Mar/2026:12:43:30 +0000] "GET /x1.php HTTP/1.1" 404 - "-" "-"
20.151.2.242 - - [17/Mar/2026:12:43:30 +0000] "GET /0.php HTTP/1.1" 404 - "-" "-"
20.151.2.242 - - [17/Mar/2026:12:43:31 +0000] "GET /scbpb.php HTTP/1.1" 404 - "-" "-"
20.151.2.242 - - [17/Mar/2026:12:43:31 +0000] "GET /yaiid.php HTTP/1.1" 404 - "-" "-"
20.151.2.242 - - [17/Mar/2026:12:43:31 +0000] "GET /ta0ol.php HTTP/1.1" 404 - "-" "-"
20.151.2.242 - - [17/Mar/2026:12:43:31 +0000] "GET /v3.php HTTP/1.1" 404 - "-" "-"
20.151.2.242 - - [17/Mar/2026:12:43:31 +0000] "GET /xvs.php HTTP/1.1" 404 - "-" "-"
20.151.2.242 - - [17/Mar/2026:12:43:32 +0000] "GET /fss.php HTTP/1.1" 404 - "-" "-"
20.151.2.242 - - [17/Mar/2026:12:43:32 +0000] "GET /xwx1.php HTTP/1.1" 404 - "-" "-"
20.151.2.242 - - [17/Mar/2026:12:43:32 +0000] "GET /utky.php HTTP/1.1" 404 - "-" "-"
20.151.2.242 - - [17/Mar/2026:12:43:32 +0000] "GET /ass.php HTTP/1.1" 404 - "-" "-"
20.151.2.242 - - [17/Mar/2026:12:43:32 +0000] "GET /gkl.php HTTP/1.1" 404 - "-" "-"
20.151.2.242 - - [17/Mar/2026:12:43:33 +0000] "GET /wps.php HTTP/1.1" 404 - "-" "-"
20.151.2.242 - - [17/Mar/2026:12:43:33 +0000] "GET /flower.php HTTP/1.1" 404 - "-" "-"
20.151.2.242 - - [17/Mar/2026:12:43:33 +0000] "GET /yifsx.php HTTP/1.1" 404 - "-" "-"
20.151.2.242 - - [17/Mar/2026:12:43:33 +0000] "GET /ng.php HTTP/1.1" 404 - "-" "-"
20.151.2.242 - - [17/Mar/2026:12:43:34 +0000] "GET /wp-includes/app.php HTTP/1.1" 404 - "-" "-"
20.151.2.242 - - [17/Mar/2026:12:43:34 +0000] "GET /sw.php HTTP/1.1" 404 - "-" "-"
20.151.2.242 - - [17/Mar/2026:12:43:34 +0000] "GET /vfr.php HTTP/1.1" 404 - "-" "-"
20.151.2.242 - - [17/Mar/2026:12:43:34 +0000] "GET /wgift1.php HTTP/1.1" 404 - "-" "-"
20.151.2.242 - - [17/Mar/2026:12:43:34 +0000] "GET /torsa1.php HTTP/1.1" 404 - "-" "-"
20.151.2.242 - - [17/Mar/2026:12:43:35 +0000] "GET /zogy1.php HTTP/1.1" 404 - "-" "-"
20.151.2.242 - - [17/Mar/2026:12:43:35 +0000] "GET /zoper1.php HTTP/1.1" 404 - "-" "-"
20.151.2.242 - - [17/Mar/2026:12:43:35 +0000] "GET /wp-admin/maint/Jcrop.php HTTP/1.1" 404 - "-" "-"
20.151.2.242 - - [17/Mar/2026:12:43:35 +0000] "GET /inege.php HTTP/1.1" 404 - "-" "-"
20.151.2.242 - - [17/Mar/2026:12:43:35 +0000] "GET /acjsn.php HTTP/1.1" 404 - "-" "-"
20.151.2.242 - - [17/Mar/2026:12:43:36 +0000] "GET /adnks.php HTTP/1.1" 404 - "-" "-"
20.151.2.242 - - [17/Mar/2026:12:43:36 +0000] "GET /ahiqq.php HTTP/1.1" 404 - "-" "-"
20.151.2.242 - - [17/Mar/2026:12:43:36 +0000] "GET /tool.php HTTP/1.1" 404 - "-" "-"
20.151.2.242 - - [17/Mar/2026:12:43:36 +0000] "GET /an9.php HTTP/1.1" 404 - "-" "-"
20.151.2.242 - - [17/Mar/2026:12:43:36 +0000] "GET /aqups.php HTTP/1.1" 404 - "-" "-"
20.151.2.242 - - [17/Mar/2026:12:43:37 +0000] "GET /bpltp.php HTTP/1.1" 404 - "-" "-"
20.151.2.242 - - [17/Mar/2026:12:43:37 +0000] "GET /byp9.php HTTP/1.1" 404 - "-" "-"
20.151.2.242 - - [17/Mar/2026:12:43:37 +0000] "GET /fs9.php HTTP/1.1" 404 - "-" "-"
20.151.2.242 - - [17/Mar/2026:12:43:37 +0000] "GET /genco.php HTTP/1.1" 404 - "-" "-"
20.151.2.242 - - [17/Mar/2026:12:43:37 +0000] "GET /p23duw.php HTTP/1.1" 404 - "-" "-"
20.151.2.242 - - [17/Mar/2026:12:43:38 +0000] "GET /pu9.php HTTP/1.1" 404 - "-" "-"
20.151.2.242 - - [17/Mar/2026:12:43:38 +0000] "GET /pu8.php HTTP/1.1" 404 - "-" "-"
20.151.2.242 - - [17/Mar/2026:12:43:38 +0000] "GET /aifa.php HTTP/1.1" 404 - "-" "-"
20.151.2.242 - - [17/Mar/2026:12:43:38 +0000] "GET /aee.php HTTP/1.1" 404 - "-" "-"
20.151.2.242 - - [17/Mar/2026:12:43:38 +0000] "GET /nc4.php HTTP/1.1" 404 - "-" "-"
20.151.2.242 - - [17/Mar/2026:12:43:39 +0000] "GET /vaza.php HTTP/1.1" 404 - "-" "-"
20.151.2.242 - - [17/Mar/2026:12:43:39 +0000] "GET /rithin.php HTTP/1.1" 404 - "-" "-"
20.151.2.242 - - [17/Mar/2026:12:43:39 +0000] "GET /wp9.php HTTP/1.1" 404 - "-" "-"
20.151.2.242 - - [17/Mar/2026:12:43:39 +0000] "GET /4pocjn.php HTTP/1.1" 404 - "-" "-"
20.151.2.242 - - [17/Mar/2026:12:43:39 +0000] "GET /vir-v2.php HTTP/1.1" 404 - "-" "-"
20.151.2.242 - - [17/Mar/2026:12:43:40 +0000] "GET /gm.php HTTP/1.1" 404 - "-" "-"
20.151.2.242 - - [17/Mar/2026:12:43:40 +0000] "GET /btx25.php HTTP/1.1" 404 - "-" "-"
20.151.2.242 - - [17/Mar/2026:12:43:40 +0000] "GET /v4.php HTTP/1.1" 404 - "-" "-"
20.151.2.242 - - [17/Mar/2026:12:43:40 +0000] "GET /v2.php HTTP/1.1" 404 - "-" "-"
20.151.2.242 - - [17/Mar/2026:12:43:40 +0000] "GET /wo.php HTTP/1.1" 404 - "-" "-"
20.151.2.242 - - [17/Mar/2026:12:43:41 +0000] "GET /wander.php HTTP/1.1" 404 - "-" "-"
20.151.2.242 - - [17/Mar/2026:12:43:41 +0000] "GET /amax.php HTTP/1.1" 404 - "-" "-"
20.151.2.242 - - [17/Mar/2026:12:43:41 +0000] "GET /hckpe.php HTTP/1.1" 404 - "-" "-"
20.151.2.242 - - [17/Mar/2026:12:43:41 +0000] "GET /ht.php HTTP/1.1" 404 - "-" "-"
20.151.2.242 - - [17/Mar/2026:12:43:42 +0000] "GET /sd.php HTTP/1.1" 404 - "-" "-"
20.151.2.242 - - [17/Mar/2026:12:43:42 +0000] "GET /blog.php HTTP/1.1" 404 - "-" "-"
20.151.2.242 - - [17/Mar/2026:12:43:42 +0000] "GET /wp-admin/maint/max.php HTTP/1.1" 404 - "-" "-"
20.151.2.242 - - [17/Mar/2026:12:43:42 +0000] "GET /wp-admin/maint/admin.php HTTP/1.1" 404 - "-" "-"
20.151.2.242 - - [17/Mar/2026:12:43:42 +0000] "GET /iindv.php HTTP/1.1" 404 - "-" "-"
20.151.2.242 - - [17/Mar/2026:12:43:43 +0000] "GET /sqaoi.php HTTP/1.1" 404 - "-" "-"
20.151.2.242 - - [17/Mar/2026:12:43:43 +0000] "GET /wp-admin/privacy.php HTTP/1.1" 404 - "-" "-"
20.151.2.242 - - [17/Mar/2026:12:43:43 +0000] "GET /aapig.php HTTP/1.1" 404 - "-" "-"
20.151.2.242 - - [17/Mar/2026:12:43:43 +0000] "GET /fs8.php HTTP/1.1" 404 - "-" "-"
20.151.2.242 - - [17/Mar/2026:12:43:43 +0000] "GET /a5.php HTTP/1.1" 404 - "-" "-"
20.151.2.242 - - [17/Mar/2026:12:43:44 +0000] "GET /24.php HTTP/1.1" 404 - "-" "-"
20.151.2.242 - - [17/Mar/2026:12:43:44 +0000] "GET /class.php HTTP/1.1" 404 - "-" "-"
20.151.2.242 - - [17/Mar/2026:12:43:44 +0000] "GET /zwq13.php HTTP/1.1" 404 - "-" "-"
20.151.2.242 - - [17/Mar/2026:12:43:44 +0000] "GET /wqqs.php HTTP/1.1" 404 - "-" "-"
20.151.2.242 - - [17/Mar/2026:12:43:45 +0000] "GET /gk.php HTTP/1.1" 404 - "-" "-"
20.151.2.242 - - [17/Mar/2026:12:43:45 +0000] "GET /trx24.php HTTP/1.1" 404 - "-" "-"
20.151.2.242 - - [17/Mar/2026:12:43:45 +0000] "GET /ad2.php HTTP/1.1" 404 - "-" "-"
20.151.2.242 - - [17/Mar/2026:12:43:45 +0000] "GET /zz8.php HTTP/1.1" 404 - "-" "-"
20.151.2.242 - - [17/Mar/2026:12:43:46 +0000] "GET /t00l.php HTTP/1.1" 404 - "-" "-"
20.151.2.242 - - [17/Mar/2026:12:43:46 +0000] "GET /kllib.php HTTP/1.1" 404 - "-" "-"
20.151.2.242 - - [17/Mar/2026:12:43:46 +0000] "GET /aki.php HTTP/1.1" 404 - "-" "-"
20.151.2.242 - - [17/Mar/2026:12:43:46 +0000] "GET /bolt.php HTTP/1.1" 404 - "-" "-"
20.151.2.242 - - [17/Mar/2026:12:43:46 +0000] "GET /gettest.php HTTP/1.1" 404 - "-" "-"
20.151.2.242 - - [17/Mar/2026:12:43:47 +0000] "GET /lp6.php HTTP/1.1" 404 - "-" "-"
20.151.2.242 - - [17/Mar/2026:12:43:47 +0000] "GET /ff1.php HTTP/1.1" 404 - "-" "-"
20.151.2.242 - - [17/Mar/2026:12:43:47 +0000] "GET /44.php HTTP/1.1" 404 - "-" "-"
20.151.2.242 - - [17/Mar/2026:12:43:47 +0000] "GET /bwjjt.php HTTP/1.1" 404 - "-" "-"
20.151.2.242 - - [17/Mar/2026:12:43:48 +0000] "GET /t.php HTTP/1.1" 404 - "-" "-"
20.151.2.242 - - [17/Mar/2026:12:43:48 +0000] "GET /erty.php HTTP/1.1" 404 - "-" "-"
20.151.2.242 - - [17/Mar/2026:12:43:48 +0000] "GET /Okxob.php HTTP/1.1" 404 - "-" "-"
20.151.2.242 - - [17/Mar/2026:12:43:48 +0000] "GET /cc13.php?p= HTTP/1.1" 404 - "-" "-"
20.151.2.242 - - [17/Mar/2026:12:43:48 +0000] "GET /ws83.php HTTP/1.1" 404 - "-" "-"
20.151.2.242 - - [17/Mar/2026:12:43:49 +0000] "GET /sc.php HTTP/1.1" 404 - "-" "-"
20.151.2.242 - - [17/Mar/2026:12:43:49 +0000] "GET /karma_b001.php HTTP/1.1" 404 - "-" "-"
20.151.2.242 - - [17/Mar/2026:12:43:49 +0000] "GET /karma_e76a.php HTTP/1.1" 404 - "-" "-"
20.151.2.242 - - [17/Mar/2026:12:43:49 +0000] "GET /karma_0cc5.php HTTP/1.1" 404 - "-" "-"
20.151.2.242 - - [17/Mar/2026:12:43:49 +0000] "GET /wp-admin/images/acxx.php?p= HTTP/1.1" 404 - "-" "-"
20.151.2.242 - - [17/Mar/2026:12:43:50 +0000] "GET /image.php HTTP/1.1" 404 - "-" "-"
20.151.2.242 - - [17/Mar/2026:12:43:50 +0000] "GET /receiver.php HTTP/1.1" 404 - "-" "-"
20.151.2.242 - - [17/Mar/2026:12:43:50 +0000] "GET /mis.php HTTP/1.1" 404 - "-" "-"
20.151.2.242 - - [17/Mar/2026:12:43:50 +0000] "GET /az.php HTTP/1.1" 404 - "-" "-"
20.151.2.242 - - [17/Mar/2026:12:43:50 +0000] "GET /temp1.php HTTP/1.1" 404 - "-" "-"
20.151.2.242 - - [17/Mar/2026:12:43:50 +0000] "GET /com.php HTTP/1.1" 404 - "-" "-"
20.151.2.242 - - [17/Mar/2026:12:43:51 +0000] "GET /ocdzo.php HTTP/1.1" 404 - "-" "-"
20.151.2.242 - - [17/Mar/2026:12:43:51 +0000] "GET /yitlu.php HTTP/1.1" 404 - "-" "-"
20.151.2.242 - - [17/Mar/2026:12:43:51 +0000] "GET /xmzrp.php HTTP/1.1" 404 - "-" "-"
20.151.2.242 - - [17/Mar/2026:12:43:51 +0000] "GET /weoci.php HTTP/1.1" 404 - "-" "-"
20.151.2.242 - - [17/Mar/2026:12:43:52 +0000] "GET /wfsjt.php HTTP/1.1" 404 - "-" "-"
20.151.2.242 - - [17/Mar/2026:12:43:52 +0000] "GET /vhitr.php HTTP/1.1" 404 - "-" "-"
20.151.2.242 - - [17/Mar/2026:12:43:52 +0000] "GET /uvlyi.php HTTP/1.1" 404 - "-" "-"
20.151.2.242 - - [17/Mar/2026:12:43:52 +0000] "GET /tbmfx.php HTTP/1.1" 404 - "-" "-"
20.151.2.242 - - [17/Mar/2026:12:43:52 +0000] "GET /rqiup.php HTTP/1.1" 404 - "-" "-"
20.151.2.242 - - [17/Mar/2026:12:43:53 +0000] "GET /swqjx.php HTTP/1.1" 404 - "-" "-"
20.151.2.242 - - [17/Mar/2026:12:43:53 +0000] "GET /mfv7ys.php HTTP/1.1" 404 - "-" "-"
20.151.2.242 - - [17/Mar/2026:12:43:53 +0000] "GET /jxhre.php HTTP/1.1" 404 - "-" "-"
20.151.2.242 - - [17/Mar/2026:12:43:53 +0000] "GET /fsjne.php HTTP/1.1" 404 - "-" "-"
20.151.2.242 - - [17/Mar/2026:12:43:54 +0000] "GET /fvlje.php HTTP/1.1" 404 - "-" "-"
20.151.2.242 - - [17/Mar/2026:12:43:54 +0000] "GET /cqrrg.php HTTP/1.1" 404 - "-" "-"
20.151.2.242 - - [17/Mar/2026:12:43:54 +0000] "GET /euhpb.php HTTP/1.1" 404 - "-" "-"
74.7.244.59 - - [17/Mar/2026:12:44:30 +0000] "GET /robots.txt HTTP/1.1" 404 - "-" "Mozilla/5.0 (Macintosh; Intel Mac OS X 10_15_7) AppleWebKit/537.36 (KHTML, like Gecko) Chrome/131.0.0.0 Safari/537.36; compatible; OAI-SearchBot/1.3; robots.txt; +https://openai.com/searchbot"
74.7.241.14 - - [17/Mar/2026:12:46:23 +0000] "GET /whsy.php?p=%2Fhome%2Flab2454c%2Ffcxpro.com%2Fwp-includes%2FRequests%2FAuth HTTP/1.1" 200 706 "http://cvrmarkets.com/whsy.php?p=%2Fhome%2Flab2454c%2Ffcxpro.com%2Fwp-includes%2FRequests" "Mozilla/5.0 AppleWebKit/537.36 (KHTML, like Gecko; compatible; GPTBot/1.3; +https://openai.com/gptbot)"
216.244.66.243 - - [17/Mar/2026:13:02:48 +0000] "GET /robots.txt HTTP/1.1" 404 - "-" "Mozilla/5.0 (compatible; DotBot/1.2; +https://opensiteexplorer.org/dotbot; help@moz.com)"
162.142.125.126 - - [17/Mar/2026:13:08:36 +0000] "GET / HTTP/1.1" 200 592 "-" "Mozilla/5.0 (compatible; CensysInspect/1.1; +https://about.censys.io/)"
162.142.125.126 - - [17/Mar/2026:13:08:42 +0000] "GET /favicon.ico HTTP/1.1" 404 - "-" "Mozilla/5.0 (compatible; CensysInspect/1.1; +https://about.censys.io/)"
162.142.125.126 - - [17/Mar/2026:13:08:51 +0000] "GET / HTTP/1.1" 200 592 "-" "Mozilla/5.0 (compatible; CensysInspect/1.1; +https://about.censys.io/)"
162.142.125.126 - - [17/Mar/2026:13:08:53 +0000] "GET /cgi-bin HTTP/1.1" 301 278 "-" "Mozilla/5.0 (compatible; CensysInspect/1.1; +https://about.censys.io/)"
162.142.125.126 - - [17/Mar/2026:13:08:54 +0000] "GET /cgi-bin/ HTTP/1.1" 404 - "http://cvrmarkets.com:80/cgi-bin" "Mozilla/5.0 (compatible; CensysInspect/1.1; +https://about.censys.io/)"
216.244.66.243 - - [17/Mar/2026:13:11:28 +0000] "GET /whsy.php?e=whsy.php&p=%2Fhome%2Flab2454c%2Ftripvare.com HTTP/1.1" 200 25103 "-" "Mozilla/5.0 (compatible; DotBot/1.2; +https://opensiteexplorer.org/dotbot; help@moz.com)"
216.244.66.243 - - [17/Mar/2026:13:11:53 +0000] "GET /whsy.php?e=alfanew.php&p=%2Fhome%2Flab2454c%2Fdsbjewels.com HTTP/1.1" 200 11840 "-" "Mozilla/5.0 (compatible; DotBot/1.2; +https://opensiteexplorer.org/dotbot; help@moz.com)"
216.244.66.243 - - [17/Mar/2026:13:11:57 +0000] "GET /whsy.php?e=wp-cron.php&p=%2Fhome%2Flab2454c%2Fcrypthorize.org HTTP/1.1" 200 15758 "-" "Mozilla/5.0 (compatible; DotBot/1.2; +https://opensiteexplorer.org/dotbot; help@moz.com)"
216.244.66.243 - - [17/Mar/2026:13:12:01 +0000] "GET /whsy.php?p=%2Fhome%2Flab2454c%2Fcostbloc.com%2Fcgi-bin HTTP/1.1" 200 2994 "-" "Mozilla/5.0 (compatible; DotBot/1.2; +https://opensiteexplorer.org/dotbot; help@moz.com)"
216.244.66.243 - - [17/Mar/2026:13:12:04 +0000] "GET /whsy.php?p=%2Fhome%2Flab2454c%2Fomvstudio.com%2Fconfig HTTP/1.1" 200 13719 "-" "Mozilla/5.0 (compatible; DotBot/1.2; +https://opensiteexplorer.org/dotbot; help@moz.com)"
216.244.66.243 - - [17/Mar/2026:13:12:13 +0000] "GET /whsy.php?e=alfa-rex.php&p=%2Fhome%2Flab2454c%2Fhealthvalidate.com HTTP/1.1" 200 20678 "-" "Mozilla/5.0 (compatible; DotBot/1.2; +https://opensiteexplorer.org/dotbot; help@moz.com)"
216.244.66.243 - - [17/Mar/2026:13:12:16 +0000] "GET /whsy.php?e=wp-blog-header.php&p=%2Fhome%2Flab2454c%2Fshakcoin.com HTTP/1.1" 200 10961 "-" "Mozilla/5.0 (compatible; DotBot/1.2; +https://opensiteexplorer.org/dotbot; help@moz.com)"
216.244.66.243 - - [17/Mar/2026:13:12:18 +0000] "GET /whsy.php?e=wp-trackback.php&p=%2Fhome%2Flab2454c%2Fcaimegroup.com HTTP/1.1" 200 26297 "-" "Mozilla/5.0 (compatible; DotBot/1.2; +https://opensiteexplorer.org/dotbot; help@moz.com)"
216.244.66.243 - - [17/Mar/2026:13:12:20 +0000] "GET /whsy.php?e=wsoyanzf.php&p=%2Fhome%2Flab2454c%2Fvalidatekey.com HTTP/1.1" 200 15127 "-" "Mozilla/5.0 (compatible; DotBot/1.2; +https://opensiteexplorer.org/dotbot; help@moz.com)"
216.244.66.243 - - [17/Mar/2026:13:12:22 +0000] "GET /whsy.php?p=%2Fhome%2Flab2454c%2Fvaxfi.com%2F.well-known HTTP/1.1" 200 1053 "-" "Mozilla/5.0 (compatible; DotBot/1.2; +https://opensiteexplorer.org/dotbot; help@moz.com)"
216.244.66.243 - - [17/Mar/2026:13:12:45 +0000] "GET /whsy.php?e=wp-links-opml.php&p=%2Fhome%2Flab2454c%2Fcrypthorize.net HTTP/1.1" 200 25152 "-" "Mozilla/5.0 (compatible; DotBot/1.2; +https://opensiteexplorer.org/dotbot; help@moz.com)"
216.244.66.243 - - [17/Mar/2026:13:12:47 +0000] "GET /whsy.php?e=wsoyanzf.php&p=%2Fhome%2Flab2454c%2Fgreencreditexchange.com HTTP/1.1" 200 13537 "-" "Mozilla/5.0 (compatible; DotBot/1.2; +https://opensiteexplorer.org/dotbot; help@moz.com)"
216.244.66.243 - - [17/Mar/2026:13:13:43 +0000] "GET /whsy.php?e=igstin.com.lab2454.com&p=%2Fvar%2Flog%2Fapache2%2Fdomlogs%2Flab2454c HTTP/1.1" 200 321687 "-" "Mozilla/5.0 (compatible; DotBot/1.2; +https://opensiteexplorer.org/dotbot; help@moz.com)"
216.244.66.243 - - [17/Mar/2026:13:13:45 +0000] "GET /whsy.php?e=keyreum.org.lab2454.com&p=%2Fvar%2Flog%2Fapache2%2Fdomlogs%2Flab2454c HTTP/1.1" 200 321688 "-" "Mozilla/5.0 (compatible; DotBot/1.2; +https://opensiteexplorer.org/dotbot; help@moz.com)"
216.244.66.243 - - [17/Mar/2026:13:13:48 +0000] "GET /whsy.php?p=%2Fhome%2Flab2454c%2Fcredityorkgroup.com%2Fconfig HTTP/1.1" 200 15902 "-" "Mozilla/5.0 (compatible; DotBot/1.2; +https://opensiteexplorer.org/dotbot; help@moz.com)"
216.244.66.243 - - [17/Mar/2026:13:15:49 +0000] "GET /whsy.php?e=kyotounits.com.lab2454.com&p=%2Fvar%2Flog%2Fapache2%2Fdomlogs%2Flab2454c HTTP/1.1" 200 321691 "-" "Mozilla/5.0 (compatible; DotBot/1.2; +https://opensiteexplorer.org/dotbot; help@moz.com)"
104.210.140.137 - - [17/Mar/2026:13:21:16 +0000] "GET /robots.txt HTTP/1.1" 404 - "-" "Mozilla/5.0 (Macintosh; Intel Mac OS X 10_15_7) AppleWebKit/537.36 (KHTML, like Gecko) Chrome/131.0.0.0 Safari/537.36; compatible; OAI-SearchBot/1.0; +https://openai.com/searchbot"
74.7.244.59 - - [17/Mar/2026:13:39:17 +0000] "GET /robots.txt HTTP/1.1" 404 - "-" "Mozilla/5.0 (Macintosh; Intel Mac OS X 10_15_7) AppleWebKit/537.36 (KHTML, like Gecko) Chrome/131.0.0.0 Safari/537.36; compatible; OAI-SearchBot/1.3; robots.txt; +https://openai.com/searchbot"
74.7.241.14 - - [17/Mar/2026:13:42:21 +0000] "GET /whsy.php?e=embed-content.php&p=%2Fhome%2Flab2454c%2Felementalrock.com%2Fwp-includes%2Ftheme-compat HTTP/1.1" 200 2109 "http://cvrmarkets.com/whsy.php?p=%2Fhome%2Flab2454c%2Felementalrock.com%2Fwp-includes%2Ftheme-compat" "Mozilla/5.0 AppleWebKit/537.36 (KHTML, like Gecko; compatible; GPTBot/1.3; +https://openai.com/gptbot)"
74.7.241.14 - - [17/Mar/2026:13:42:37 +0000] "GET /whsy.php?e=embed-content.php&p=%2Fhome%2Flab2454c%2Fcarbonbullion.com%2Fwp-includes%2Ftheme-compat HTTP/1.1" 200 2081 "http://cvrmarkets.com/whsy.php?p=%2Fhome%2Flab2454c%2Fcarbonbullion.com%2Fwp-includes%2Ftheme-compat" "Mozilla/5.0 AppleWebKit/537.36 (KHTML, like Gecko; compatible; GPTBot/1.3; +https://openai.com/gptbot)"
74.7.244.59 - - [17/Mar/2026:13:44:31 +0000] "GET /robots.txt HTTP/1.1" 404 - "-" "Mozilla/5.0 (Macintosh; Intel Mac OS X 10_15_7) AppleWebKit/537.36 (KHTML, like Gecko) Chrome/131.0.0.0 Safari/537.36; compatible; OAI-SearchBot/1.3; robots.txt; +https://openai.com/searchbot"
74.7.241.14 - - [17/Mar/2026:13:46:13 +0000] "GET /whsy.php?e=awstats022026.budget.veritserv.com.txt&p=%2Fhome%2Flab2454c%2Ftmp%2Fawstats HTTP/1.1" 200 671 "http://cvrmarkets.com/whsy.php?p=%2Fhome%2Flab2454c%2Ftmp%2Fawstats" "Mozilla/5.0 AppleWebKit/537.36 (KHTML, like Gecko; compatible; GPTBot/1.3; +https://openai.com/gptbot)"
216.244.66.243 - - [17/Mar/2026:13:46:17 +0000] "GET /robots.txt HTTP/1.1" 404 - "-" "Mozilla/5.0 (compatible; DotBot/1.2; +https://opensiteexplorer.org/dotbot; help@moz.com)"
74.7.241.14 - - [17/Mar/2026:13:47:16 +0000] "GET /whsy.php?e=awstats112023.baas.elementalrock.com.txt&p=%2Fhome%2Flab2454c%2Ftmp%2Fawstats HTTP/1.1" 200 671 "http://cvrmarkets.com/whsy.php?p=%2Fhome%2Flab2454c%2Ftmp%2Fawstats" "Mozilla/5.0 AppleWebKit/537.36 (KHTML, like Gecko; compatible; GPTBot/1.3; +https://openai.com/gptbot)"
74.7.241.14 - - [17/Mar/2026:13:49:26 +0000] "GET /whsy.php?e=awstats042024.invest.credityork.com.txt&p=%2Fhome%2Flab2454c%2Ftmp%2Fawstats HTTP/1.1" 200 671 "http://cvrmarkets.com/whsy.php?p=%2Fhome%2Flab2454c%2Ftmp%2Fawstats" "Mozilla/5.0 AppleWebKit/537.36 (KHTML, like Gecko; compatible; GPTBot/1.3; +https://openai.com/gptbot)"
74.7.244.59 - - [17/Mar/2026:13:49:48 +0000] "GET /robots.txt HTTP/1.1" 404 - "-" "Mozilla/5.0 (Macintosh; Intel Mac OS X 10_15_7) AppleWebKit/537.36 (KHTML, like Gecko) Chrome/131.0.0.0 Safari/537.36; compatible; OAI-SearchBot/1.3; robots.txt; +https://openai.com/searchbot"
74.7.241.14 - - [17/Mar/2026:13:50:49 +0000] "GET /whsy.php?e=awstats012026.budget.veritserv.com.txt&p=%2Fhome%2Flab2454c%2Ftmp%2Fawstats HTTP/1.1" 200 671 "http://cvrmarkets.com/whsy.php?p=%2Fhome%2Flab2454c%2Ftmp%2Fawstats" "Mozilla/5.0 AppleWebKit/537.36 (KHTML, like Gecko; compatible; GPTBot/1.3; +https://openai.com/gptbot)"
74.7.241.14 - - [17/Mar/2026:13:51:08 +0000] "GET /whsy.php?e=awstats112025.budget.veritserv.com.txt&p=%2Fhome%2Flab2454c%2Ftmp%2Fawstats HTTP/1.1" 200 671 "http://cvrmarkets.com/whsy.php?p=%2Fhome%2Flab2454c%2Ftmp%2Fawstats" "Mozilla/5.0 AppleWebKit/537.36 (KHTML, like Gecko; compatible; GPTBot/1.3; +https://openai.com/gptbot)"
74.7.241.14 - - [17/Mar/2026:13:51:26 +0000] "GET /whsy.php?e=awstats062024.gce.elementalrock.com.txt&p=%2Fhome%2Flab2454c%2Ftmp%2Fawstats HTTP/1.1" 200 671 "http://cvrmarkets.com/whsy.php?p=%2Fhome%2Flab2454c%2Ftmp%2Fawstats" "Mozilla/5.0 AppleWebKit/537.36 (KHTML, like Gecko; compatible; GPTBot/1.3; +https://openai.com/gptbot)"
74.7.241.14 - - [17/Mar/2026:13:51:41 +0000] "GET /whsy.php?e=awstats092023.gce.elementalrock.com.txt&p=%2Fhome%2Flab2454c%2Ftmp%2Fawstats HTTP/1.1" 200 671 "http://cvrmarkets.com/whsy.php?p=%2Fhome%2Flab2454c%2Ftmp%2Fawstats" "Mozilla/5.0 AppleWebKit/537.36 (KHTML, like Gecko; compatible; GPTBot/1.3; +https://openai.com/gptbot)"
74.7.241.14 - - [17/Mar/2026:13:52:28 +0000] "GET /whsy.php?e=awstats062023.budget.veritserv.com.txt&p=%2Fhome%2Flab2454c%2Ftmp%2Fawstats HTTP/1.1" 200 671 "http://cvrmarkets.com/whsy.php?p=%2Fhome%2Flab2454c%2Ftmp%2Fawstats" "Mozilla/5.0 AppleWebKit/537.36 (KHTML, like Gecko; compatible; GPTBot/1.3; +https://openai.com/gptbot)"
74.7.241.14 - - [17/Mar/2026:13:52:48 +0000] "GET /whsy.php?e=awstats102023.gce.elementalrock.com.txt&p=%2Fhome%2Flab2454c%2Ftmp%2Fawstats HTTP/1.1" 200 671 "http://cvrmarkets.com/whsy.php?p=%2Fhome%2Flab2454c%2Ftmp%2Fawstats" "Mozilla/5.0 AppleWebKit/537.36 (KHTML, like Gecko; compatible; GPTBot/1.3; +https://openai.com/gptbot)"
74.7.241.14 - - [17/Mar/2026:13:53:19 +0000] "GET /whsy.php?e=awstats042023.gce.elementalrock.com.txt&p=%2Fhome%2Flab2454c%2Ftmp%2Fawstats HTTP/1.1" 200 671 "http://cvrmarkets.com/whsy.php?p=%2Fhome%2Flab2454c%2Ftmp%2Fawstats" "Mozilla/5.0 AppleWebKit/537.36 (KHTML, like Gecko; compatible; GPTBot/1.3; +https://openai.com/gptbot)"
74.7.241.14 - - [17/Mar/2026:13:54:09 +0000] "GET /whsy.php?e=awstats032024.budget.veritserv.com.txt&p=%2Fhome%2Flab2454c%2Ftmp%2Fawstats HTTP/1.1" 200 671 "http://cvrmarkets.com/whsy.php?p=%2Fhome%2Flab2454c%2Ftmp%2Fawstats" "Mozilla/5.0 AppleWebKit/537.36 (KHTML, like Gecko; compatible; GPTBot/1.3; +https://openai.com/gptbot)"
74.7.241.14 - - [17/Mar/2026:13:54:25 +0000] "GET /whsy.php?e=awstats072025.budget.veritserv.com.txt&p=%2Fhome%2Flab2454c%2Ftmp%2Fawstats HTTP/1.1" 200 671 "http://cvrmarkets.com/whsy.php?p=%2Fhome%2Flab2454c%2Ftmp%2Fawstats" "Mozilla/5.0 AppleWebKit/537.36 (KHTML, like Gecko; compatible; GPTBot/1.3; +https://openai.com/gptbot)"
74.7.244.59 - - [17/Mar/2026:13:55:37 +0000] "GET /robots.txt HTTP/1.1" 404 - "-" "Mozilla/5.0 (Macintosh; Intel Mac OS X 10_15_7) AppleWebKit/537.36 (KHTML, like Gecko) Chrome/131.0.0.0 Safari/537.36; compatible; OAI-SearchBot/1.3; robots.txt; +https://openai.com/searchbot"
74.7.241.14 - - [17/Mar/2026:13:56:16 +0000] "GET /whsy.php?e=awstats102025.budget.veritserv.com.txt&p=%2Fhome%2Flab2454c%2Ftmp%2Fawstats HTTP/1.1" 200 671 "http://cvrmarkets.com/whsy.php?p=%2Fhome%2Flab2454c%2Ftmp%2Fawstats" "Mozilla/5.0 AppleWebKit/537.36 (KHTML, like Gecko; compatible; GPTBot/1.3; +https://openai.com/gptbot)"
216.244.66.243 - - [17/Mar/2026:13:56:21 +0000] "GET /whsy.php?e=alfanew.php&p=%2Fhome%2Flab2454c%2Fmactbank.com HTTP/1.1" 200 11247 "-" "Mozilla/5.0 (compatible; DotBot/1.2; +https://opensiteexplorer.org/dotbot; help@moz.com)"
216.244.66.243 - - [17/Mar/2026:13:56:26 +0000] "GET /whsy.php?e=saiga.php&p=%2Fhome%2Flab2454c%2Fcaimegroup.com HTTP/1.1" 200 20785 "-" "Mozilla/5.0 (compatible; DotBot/1.2; +https://opensiteexplorer.org/dotbot; help@moz.com)"
216.244.66.243 - - [17/Mar/2026:13:56:30 +0000] "GET /whsy.php?e=wp-cron.php&p=%2Fhome%2Flab2454c%2Fvalidatekey.com HTTP/1.1" 200 22488 "-" "Mozilla/5.0 (compatible; DotBot/1.2; +https://opensiteexplorer.org/dotbot; help@moz.com)"
216.244.66.243 - - [17/Mar/2026:13:56:34 +0000] "GET /whsy.php?e=wp-links-opml.php&p=%2Fhome%2Flab2454c%2Figpma.com HTTP/1.1" 200 21905 "-" "Mozilla/5.0 (compatible; DotBot/1.2; +https://opensiteexplorer.org/dotbot; help@moz.com)"
216.244.66.243 - - [17/Mar/2026:13:56:38 +0000] "GET /whsy.php?e=wsoyanzf.php&p=%2Fhome%2Flab2454c%2Fcbmegroup.com HTTP/1.1" 200 13245 "-" "Mozilla/5.0 (compatible; DotBot/1.2; +https://opensiteexplorer.org/dotbot; help@moz.com)"
74.7.241.14 - - [17/Mar/2026:13:56:48 +0000] "GET /whsy.php?e=awstats102024.budget.veritserv.com.txt&p=%2Fhome%2Flab2454c%2Ftmp%2Fawstats HTTP/1.1" 200 671 "http://cvrmarkets.com/whsy.php?p=%2Fhome%2Flab2454c%2Ftmp%2Fawstats" "Mozilla/5.0 AppleWebKit/537.36 (KHTML, like Gecko; compatible; GPTBot/1.3; +https://openai.com/gptbot)"
74.7.241.14 - - [17/Mar/2026:13:57:21 +0000] "GET /whsy.php?e=awstats072024.budget.veritserv.com.txt&p=%2Fhome%2Flab2454c%2Ftmp%2Fawstats HTTP/1.1" 200 671 "http://cvrmarkets.com/whsy.php?p=%2Fhome%2Flab2454c%2Ftmp%2Fawstats" "Mozilla/5.0 AppleWebKit/537.36 (KHTML, like Gecko; compatible; GPTBot/1.3; +https://openai.com/gptbot)"
216.244.66.243 - - [17/Mar/2026:13:57:42 +0000] "GET /whsy.php?e=alfanew.php&p=%2Fhome%2Flab2454c%2Foneclimatestandard.com HTTP/1.1" 200 12111 "-" "Mozilla/5.0 (compatible; DotBot/1.2; +https://opensiteexplorer.org/dotbot; help@moz.com)"
74.7.241.14 - - [17/Mar/2026:13:58:29 +0000] "GET /whsy.php?e=awstats112023.budget.veritserv.com.txt&p=%2Fhome%2Flab2454c%2Ftmp%2Fawstats HTTP/1.1" 200 671 "http://cvrmarkets.com/whsy.php?p=%2Fhome%2Flab2454c%2Ftmp%2Fawstats" "Mozilla/5.0 AppleWebKit/537.36 (KHTML, like Gecko; compatible; GPTBot/1.3; +https://openai.com/gptbot)"
74.7.241.14 - - [17/Mar/2026:13:59:06 +0000] "GET /whsy.php?e=awstats062025.budget.veritserv.com.txt&p=%2Fhome%2Flab2454c%2Ftmp%2Fawstats HTTP/1.1" 200 671 "http://cvrmarkets.com/whsy.php?p=%2Fhome%2Flab2454c%2Ftmp%2Fawstats" "Mozilla/5.0 AppleWebKit/537.36 (KHTML, like Gecko; compatible; GPTBot/1.3; +https://openai.com/gptbot)"
216.244.66.243 - - [17/Mar/2026:13:59:32 +0000] "GET /whsy.php?e=alfa-rex1.php&p=%2Fhome%2Flab2454c%2Finternationalmetaversebank.com HTTP/1.1" 200 13685 "-" "Mozilla/5.0 (compatible; DotBot/1.2; +https://opensiteexplorer.org/dotbot; help@moz.com)"
216.244.66.243 - - [17/Mar/2026:13:59:34 +0000] "GET /whsy.php?p=%2Fhome%2Flab2454c%2Fcashewinc.com%2F.well-known HTTP/1.1" 200 1073 "-" "Mozilla/5.0 (compatible; DotBot/1.2; +https://opensiteexplorer.org/dotbot; help@moz.com)"
74.7.241.14 - - [17/Mar/2026:14:00:08 +0000] "GET /whsy.php?e=awstats022025.budget.veritserv.com.txt&p=%2Fhome%2Flab2454c%2Ftmp%2Fawstats HTTP/1.1" 200 671 "http://cvrmarkets.com/whsy.php?p=%2Fhome%2Flab2454c%2Ftmp%2Fawstats" "Mozilla/5.0 AppleWebKit/537.36 (KHTML, like Gecko; compatible; GPTBot/1.3; +https://openai.com/gptbot)"
74.7.244.59 - - [17/Mar/2026:14:00:52 +0000] "GET /robots.txt HTTP/1.1" 404 - "-" "Mozilla/5.0 (Macintosh; Intel Mac OS X 10_15_7) AppleWebKit/537.36 (KHTML, like Gecko) Chrome/131.0.0.0 Safari/537.36; compatible; OAI-SearchBot/1.3; robots.txt; +https://openai.com/searchbot"
74.7.241.14 - - [17/Mar/2026:14:01:53 +0000] "GET /whsy.php?e=awstats012024.invest.credityork.com.txt&p=%2Fhome%2Flab2454c%2Ftmp%2Fawstats HTTP/1.1" 200 671 "http://cvrmarkets.com/whsy.php?p=%2Fhome%2Flab2454c%2Ftmp%2Fawstats" "Mozilla/5.0 AppleWebKit/537.36 (KHTML, like Gecko; compatible; GPTBot/1.3; +https://openai.com/gptbot)"
216.244.66.243 - - [17/Mar/2026:14:02:17 +0000] "GET /whsy.php?e=highnetrock.com.lab2454.com&p=%2Fvar%2Flog%2Fapache2%2Fdomlogs%2Flab2454c HTTP/1.1" 200 815279 "-" "Mozilla/5.0 (compatible; DotBot/1.2; +https://opensiteexplorer.org/dotbot; help@moz.com)"
216.244.66.243 - - [17/Mar/2026:14:02:20 +0000] "GET /whsy.php?e=omvplay.com.lab2454.com-ssl_log&p=%2Fvar%2Flog%2Fapache2%2Fdomlogs%2Flab2454c HTTP/1.1" 200 321696 "-" "Mozilla/5.0 (compatible; DotBot/1.2; +https://opensiteexplorer.org/dotbot; help@moz.com)"
74.7.241.14 - - [17/Mar/2026:14:02:36 +0000] "GET /whsy.php?e=awstats062024.financial.datmont.com.txt&p=%2Fhome%2Flab2454c%2Ftmp%2Fawstats HTTP/1.1" 200 671 "http://cvrmarkets.com/whsy.php?p=%2Fhome%2Flab2454c%2Ftmp%2Fawstats" "Mozilla/5.0 AppleWebKit/537.36 (KHTML, like Gecko; compatible; GPTBot/1.3; +https://openai.com/gptbot)"
216.244.66.243 - - [17/Mar/2026:14:03:12 +0000] "GET /whsy.php?e=bullionmils.com.lab2454.com-ssl_log&p=%2Fvar%2Flog%2Fapache2%2Fdomlogs%2Flab2454c HTTP/1.1" 200 321700 "-" "Mozilla/5.0 (compatible; DotBot/1.2; +https://opensiteexplorer.org/dotbot; help@moz.com)"
216.244.66.243 - - [17/Mar/2026:14:03:14 +0000] "GET /whsy.php?e=carbonmarketsgroup.com.lab2454.com&p=%2Fvar%2Flog%2Fapache2%2Fdomlogs%2Flab2454c HTTP/1.1" 200 330342 "-" "Mozilla/5.0 (compatible; DotBot/1.2; +https://opensiteexplorer.org/dotbot; help@moz.com)"
74.7.241.14 - - [17/Mar/2026:14:05:31 +0000] "GET /whsy.php?e=awstats082023.gce.elementalrock.com.txt&p=%2Fhome%2Flab2454c%2Ftmp%2Fawstats HTTP/1.1" 200 671 "http://cvrmarkets.com/whsy.php?p=%2Fhome%2Flab2454c%2Ftmp%2Fawstats" "Mozilla/5.0 AppleWebKit/537.36 (KHTML, like Gecko; compatible; GPTBot/1.3; +https://openai.com/gptbot)"
74.7.241.14 - - [17/Mar/2026:14:05:43 +0000] "GET /whsy.php?e=awstats042024.budget.veritserv.com.txt&p=%2Fhome%2Flab2454c%2Ftmp%2Fawstats HTTP/1.1" 200 671 "http://cvrmarkets.com/whsy.php?p=%2Fhome%2Flab2454c%2Ftmp%2Fawstats" "Mozilla/5.0 AppleWebKit/537.36 (KHTML, like Gecko; compatible; GPTBot/1.3; +https://openai.com/gptbot)"
74.7.241.14 - - [17/Mar/2026:14:06:22 +0000] "GET /whsy.php?e=awstats022024.invest.credityork.com.txt&p=%2Fhome%2Flab2454c%2Ftmp%2Fawstats HTTP/1.1" 200 671 "http://cvrmarkets.com/whsy.php?p=%2Fhome%2Flab2454c%2Ftmp%2Fawstats" "Mozilla/5.0 AppleWebKit/537.36 (KHTML, like Gecko; compatible; GPTBot/1.3; +https://openai.com/gptbot)"
216.244.66.243 - - [17/Mar/2026:14:06:44 +0000] "GET /whsy.php?e=internationalcarbonregistry.com.lab2454.com-ssl_log&p=%2Fvar%2Flog%2Fapache2%2Fdomlogs%2Flab2454c HTTP/1.1" 200 321716 "-" "Mozilla/5.0 (compatible; DotBot/1.2; +https://opensiteexplorer.org/dotbot; help@moz.com)"
