51.79.137.237 - - [19/Mar/2026:13:57:34 +0000] "GET /test/wp-includes/wlwmanifest.xml HTTP/1.1" 404 - "-" "Mozilla/5.0 (Windows NT 10.0; Win64; x64) AppleWebKit/537.36 (KHTML, like Gecko) Chrome/79.0 Safari/537.36"
51.79.137.237 - - [19/Mar/2026:13:57:34 +0000] "GET /cms/wp-includes/wlwmanifest.xml HTTP/1.1" 404 - "-" "Mozilla/5.0 (Windows NT 10.0; Win64; x64) AppleWebKit/537.36 (KHTML, like Gecko) Chrome/79.0 Safari/537.36"
51.79.137.237 - - [19/Mar/2026:13:57:34 +0000] "GET /wp2/wp-includes/wlwmanifest.xml HTTP/1.1" 404 - "-" "Mozilla/5.0 (Windows NT 10.0; Win64; x64) AppleWebKit/537.36 (KHTML, like Gecko) Chrome/79.0 Safari/537.36"
51.79.137.237 - - [19/Mar/2026:13:57:35 +0000] "GET /sito/wp-includes/wlwmanifest.xml HTTP/1.1" 404 - "-" "Mozilla/5.0 (Windows NT 10.0; Win64; x64) AppleWebKit/537.36 (KHTML, like Gecko) Chrome/79.0 Safari/537.36"
51.79.137.237 - - [19/Mar/2026:13:57:35 +0000] "GET /site/wp-includes/wlwmanifest.xml HTTP/1.1" 404 - "-" "Mozilla/5.0 (Windows NT 10.0; Win64; x64) AppleWebKit/537.36 (KHTML, like Gecko) Chrome/79.0 Safari/537.36"
51.79.137.237 - - [19/Mar/2026:13:57:35 +0000] "GET /cms/wp-includes/wlwmanifest.xml HTTP/1.1" 404 - "-" "Mozilla/5.0 (Windows NT 10.0; Win64; x64) AppleWebKit/537.36 (KHTML, like Gecko) Chrome/79.0 Safari/537.36"
51.79.137.237 - - [19/Mar/2026:13:57:35 +0000] "GET /sito/wp-includes/wlwmanifest.xml HTTP/1.1" 404 - "-" "Mozilla/5.0 (Windows NT 10.0; Win64; x64) AppleWebKit/537.36 (KHTML, like Gecko) Chrome/79.0 Safari/537.36"
74.7.175.141 - - [19/Mar/2026:14:00:10 +0000] "GET /robots.txt HTTP/1.1" 404 - "-" "Mozilla/5.0 (Macintosh; Intel Mac OS X 10_15_7) AppleWebKit/537.36 (KHTML, like Gecko) Chrome/131.0.0.0 Safari/537.36; compatible; OAI-SearchBot/1.3; robots.txt; +https://openai.com/searchbot"
74.7.242.36 - - [19/Mar/2026:14:03:04 +0000] "GET /whsy.php?e=kyc.datmont.com-ssl_log-Jan-2024.gz&p=%2Fhome%2Flab2454c%2Flogs HTTP/1.1" 200 19695 "http://cvrmarkets.com/whsy.php?p=%2Fhome%2Flab2454c%2Flogs" "Mozilla/5.0 AppleWebKit/537.36 (KHTML, like Gecko; compatible; GPTBot/1.3; +https://openai.com/gptbot)"
74.7.175.141 - - [19/Mar/2026:14:07:32 +0000] "GET /robots.txt HTTP/1.1" 404 - "-" "Mozilla/5.0 (Macintosh; Intel Mac OS X 10_15_7) AppleWebKit/537.36 (KHTML, like Gecko) Chrome/131.0.0.0 Safari/537.36; compatible; OAI-SearchBot/1.3; robots.txt; +https://openai.com/searchbot"
74.7.242.36 - - [19/Mar/2026:14:09:59 +0000] "GET /whsy.php?e=class-wp-feed-cache-transient.php&p=%2Fhome%2Flab2454c%2Fisaaclondston.com%2Fwp-includes HTTP/1.1" 200 9418 "http://cvrmarkets.com/whsy.php?p=%2Fhome%2Flab2454c%2Fisaaclondston.com%2Fwp-includes" "Mozilla/5.0 AppleWebKit/537.36 (KHTML, like Gecko; compatible; GPTBot/1.3; +https://openai.com/gptbot)"
74.7.242.36 - - [19/Mar/2026:14:10:17 +0000] "GET /whsy.php?e=class-wp-feed-cache-transient.php&p=%2Fhome%2Flab2454c%2Felementalrock.com%2Fwp-includes HTTP/1.1" 200 10055 "http://cvrmarkets.com/whsy.php?p=%2Fhome%2Flab2454c%2Felementalrock.com%2Fwp-includes" "Mozilla/5.0 AppleWebKit/537.36 (KHTML, like Gecko; compatible; GPTBot/1.3; +https://openai.com/gptbot)"
150.136.253.162 - - [19/Mar/2026:14:12:56 +0000] "GET / HTTP/1.1" 200 615 "-" "Mozilla/5.0 (Android 13; Mobile; rv:117.0) Gecko/117.0 Firefox/117.0"
150.136.253.162 - - [19/Mar/2026:14:12:56 +0000] "GET / HTTP/1.1" 200 615 "-" "Go-http-client/1.1"
150.136.253.162 - - [19/Mar/2026:14:12:56 +0000] "GET /wp-login.php HTTP/1.1" 404 - "-" "Mozilla/5.0 (iPad; CPU OS 17_4 like Mac OS X) AppleWebKit/605.1.15 Mobile/15E148"
150.136.253.162 - - [19/Mar/2026:14:12:56 +0000] "GET /wp-admin/ HTTP/1.1" 404 - "-" "Mozilla/5.0 (iPhone; CPU iPhone OS 17_4_1 like Mac OS X) AppleWebKit/605.1.15 Mobile/15E148"
150.136.253.162 - - [19/Mar/2026:14:12:57 +0000] "GET /administrator/ HTTP/1.1" 404 - "-" "Mozilla/5.0 (X11; Linux x86_64) Gecko/20100101 Firefox/117.0"
150.136.253.162 - - [19/Mar/2026:14:12:57 +0000] "GET /user/login HTTP/1.1" 404 - "-" "Mozilla/5.0 (iPad; CPU OS 17_4 like Mac OS X) AppleWebKit/605.1.15 Mobile/15E148"
150.136.253.162 - - [19/Mar/2026:14:12:57 +0000] "GET /admin HTTP/1.1" 404 - "-" "Mozilla/5.0 (Android 13; Mobile; rv:117.0) Gecko/117.0 Firefox/117.0"
150.136.253.162 - - [19/Mar/2026:14:12:57 +0000] "GET /login HTTP/1.1" 404 - "-" "Mozilla/5.0 (Windows NT 10.0; Win64; x64) AppleWebKit/537.36 Chrome/116.0 Safari/537.36"
150.136.253.162 - - [19/Mar/2026:14:12:57 +0000] "GET /register HTTP/1.1" 404 - "-" "Mozilla/5.0 (Windows NT 10.0; Win64; x64) AppleWebKit/537.36 Chrome/116.0 Safari/537.36"
150.136.253.162 - - [19/Mar/2026:14:12:58 +0000] "GET /admin HTTP/1.1" 404 - "-" "Mozilla/5.0 (iPad; CPU OS 17_4 like Mac OS X) AppleWebKit/605.1.15 Mobile/15E148"
150.136.253.162 - - [19/Mar/2026:14:12:58 +0000] "GET /login HTTP/1.1" 404 - "-" "Mozilla/5.0 (Macintosh; Intel Mac OS X 13_5_1) AppleWebKit/605.1.15 Safari/605.1.15"
45.134.79.89 - - [19/Mar/2026:14:32:23 +0000] "GET / HTTP/1.1" 200 2994 "-" "-"
45.134.79.89 - - [19/Mar/2026:14:32:23 +0000] "GET /wordpress HTTP/1.1" 404 - "-" "-"
45.134.79.89 - - [19/Mar/2026:14:32:23 +0000] "GET /wp-admin/setup-config.php HTTP/1.1" 404 - "-" "-"
45.134.79.89 - - [19/Mar/2026:14:32:23 +0000] "GET /wp-admin/install.php HTTP/1.1" 404 - "-" "-"
45.134.79.89 - - [19/Mar/2026:14:32:23 +0000] "GET /wp HTTP/1.1" 404 - "-" "-"
45.134.79.89 - - [19/Mar/2026:14:32:24 +0000] "GET /blog HTTP/1.1" 404 - "-" "-"
45.134.79.89 - - [19/Mar/2026:14:32:24 +0000] "GET /new HTTP/1.1" 404 - "-" "-"
45.134.79.89 - - [19/Mar/2026:14:32:24 +0000] "GET /old HTTP/1.1" 404 - "-" "-"
45.134.79.89 - - [19/Mar/2026:14:32:24 +0000] "GET /newsite HTTP/1.1" 404 - "-" "-"
45.134.79.89 - - [19/Mar/2026:14:32:24 +0000] "GET /test HTTP/1.1" 404 - "-" "-"
45.134.79.89 - - [19/Mar/2026:14:32:24 +0000] "GET /main HTTP/1.1" 404 - "-" "-"
45.134.79.89 - - [19/Mar/2026:14:32:24 +0000] "GET /testing HTTP/1.1" 404 - "-" "-"
45.134.79.89 - - [19/Mar/2026:14:32:24 +0000] "GET /site HTTP/1.1" 404 - "-" "-"
45.134.79.89 - - [19/Mar/2026:14:32:24 +0000] "GET /backup HTTP/1.1" 404 - "-" "-"
45.134.79.89 - - [19/Mar/2026:14:32:25 +0000] "GET /demo HTTP/1.1" 404 - "-" "-"
45.134.79.89 - - [19/Mar/2026:14:32:25 +0000] "GET /home HTTP/1.1" 404 - "-" "-"
45.134.79.89 - - [19/Mar/2026:14:32:25 +0000] "GET /tmp HTTP/1.1" 404 - "-" "-"
45.134.79.89 - - [19/Mar/2026:14:32:25 +0000] "GET /dev HTTP/1.1" 404 - "-" "-"
45.134.79.89 - - [19/Mar/2026:14:32:25 +0000] "GET /cms HTTP/1.1" 404 - "-" "-"
45.134.79.89 - - [19/Mar/2026:14:32:25 +0000] "GET /portal HTTP/1.1" 404 - "-" "-"
45.134.79.89 - - [19/Mar/2026:14:32:25 +0000] "GET /web HTTP/1.1" 404 - "-" "-"
74.7.175.141 - - [19/Mar/2026:14:32:52 +0000] "GET /robots.txt HTTP/1.1" 404 - "-" "Mozilla/5.0 (Macintosh; Intel Mac OS X 10_15_7) AppleWebKit/537.36 (KHTML, like Gecko) Chrome/131.0.0.0 Safari/537.36; compatible; OAI-SearchBot/1.3; robots.txt; +https://openai.com/searchbot"
74.7.242.36 - - [19/Mar/2026:14:35:32 +0000] "GET /whsy.php?e=xynz.php&p=%2Fhome%2Flab2454c%2Fbeleci.com HTTP/1.1" 200 1135 "http://cvrmarkets.com/whsy.php?p=%2Fhome%2Flab2454c%2Fbeleci.com" "Mozilla/5.0 AppleWebKit/537.36 (KHTML, like Gecko; compatible; GPTBot/1.3; +https://openai.com/gptbot)"
74.7.242.36 - - [19/Mar/2026:14:36:00 +0000] "GET /whsy.php?e=text.php&p=%2Fhome%2Flab2454c%2Fgemsaq.com HTTP/1.1" 200 2070 "http://cvrmarkets.com/whsy.php?p=%2Fhome%2Flab2454c%2Fgemsaq.com" "Mozilla/5.0 AppleWebKit/537.36 (KHTML, like Gecko; compatible; GPTBot/1.3; +https://openai.com/gptbot)"
74.7.175.141 - - [19/Mar/2026:14:38:30 +0000] "GET /robots.txt HTTP/1.1" 404 - "-" "Mozilla/5.0 (Macintosh; Intel Mac OS X 10_15_7) AppleWebKit/537.36 (KHTML, like Gecko) Chrome/131.0.0.0 Safari/537.36; compatible; OAI-SearchBot/1.3; robots.txt; +https://openai.com/searchbot"
74.7.242.36 - - [19/Mar/2026:14:40:19 +0000] "GET /whsy.php?e=Crypto.php&p=%2Fhome%2Flab2454c%2Felementalrock.com%2Fwp-includes%2Fsodium_compat%2Fsrc HTTP/1.1" 200 7590 "http://cvrmarkets.com/whsy.php?p=%2Fhome%2Flab2454c%2Felementalrock.com%2Fwp-includes%2Fsodium_compat%2Fsrc" "Mozilla/5.0 AppleWebKit/537.36 (KHTML, like Gecko; compatible; GPTBot/1.3; +https://openai.com/gptbot)"
74.7.242.36 - - [19/Mar/2026:14:41:08 +0000] "GET /whsy.php?e=Crypto.php&p=%2Fhome%2Flab2454c%2Fcarbonbullion.com%2Fwp-includes%2Fsodium_compat%2Fsrc HTTP/1.1" 200 7563 "http://cvrmarkets.com/whsy.php?p=%2Fhome%2Flab2454c%2Fcarbonbullion.com%2Fwp-includes%2Fsodium_compat%2Fsrc" "Mozilla/5.0 AppleWebKit/537.36 (KHTML, like Gecko; compatible; GPTBot/1.3; +https://openai.com/gptbot)"
74.7.242.36 - - [19/Mar/2026:14:42:07 +0000] "GET /whsy.php?e=wp-blog-header.php&p=%2Fhome%2Flab2454c%2Flordritzy.com%2Fcgi-bin HTTP/1.1" 200 2144 "http://cvrmarkets.com/whsy.php?p=%2Fhome%2Flab2454c%2Flordritzy.com%2Fcgi-bin" "Mozilla/5.0 AppleWebKit/537.36 (KHTML, like Gecko; compatible; GPTBot/1.3; +https://openai.com/gptbot)"
216.244.66.243 - - [19/Mar/2026:14:48:59 +0000] "GET /robots.txt HTTP/1.1" 404 - "-" "Mozilla/5.0 (compatible; DotBot/1.2; +https://opensiteexplorer.org/dotbot; help@moz.com)"
74.7.175.141 - - [19/Mar/2026:14:49:53 +0000] "GET /robots.txt HTTP/1.1" 404 - "-" "Mozilla/5.0 (Macintosh; Intel Mac OS X 10_15_7) AppleWebKit/537.36 (KHTML, like Gecko) Chrome/131.0.0.0 Safari/537.36; compatible; OAI-SearchBot/1.3; robots.txt; +https://openai.com/searchbot"
74.7.242.36 - - [19/Mar/2026:14:52:30 +0000] "GET /whsy.php?e=media-models.min.js&p=%2Fhome%2Flab2454c%2Ffcxpro.com%2Fwp-includes%2Fjs HTTP/1.1" 200 7948 "http://cvrmarkets.com/whsy.php?p=%2Fhome%2Flab2454c%2Ffcxpro.com%2Fwp-includes%2Fjs" "Mozilla/5.0 AppleWebKit/537.36 (KHTML, like Gecko; compatible; GPTBot/1.3; +https://openai.com/gptbot)"
216.244.66.243 - - [19/Mar/2026:14:53:46 +0000] "GET /whsy.php?e=caribbeanclimateneutralregistry.com.lab2454.com-ssl_log&p=%2Fvar%2Flog%2Fapache2%2Fdomlogs%2Flab2454c HTTP/1.1" 200 321720 "-" "Mozilla/5.0 (compatible; DotBot/1.2; +https://opensiteexplorer.org/dotbot; help@moz.com)"
43.165.67.57 - - [19/Mar/2026:14:56:54 +0000] "GET / HTTP/1.1" 200 615 "-" "Mozilla/5.0 (iPhone; CPU iPhone OS 13_2_3 like Mac OS X) AppleWebKit/605.1.15 (KHTML, like Gecko) Version/13.0.3 Mobile/15E148 Safari/604.1"
74.7.175.141 - - [19/Mar/2026:14:59:00 +0000] "GET /robots.txt HTTP/1.1" 404 - "-" "Mozilla/5.0 (Macintosh; Intel Mac OS X 10_15_7) AppleWebKit/537.36 (KHTML, like Gecko) Chrome/131.0.0.0 Safari/537.36; compatible; OAI-SearchBot/1.3; robots.txt; +https://openai.com/searchbot"
74.7.242.36 - - [19/Mar/2026:15:01:31 +0000] "GET /whsy.php?e=index.php&p=%2Fhome%2Flab2454c%2Fkyotounitnotes.com HTTP/1.1" 200 1882 "http://cvrmarkets.com/whsy.php?p=%2Fhome%2Flab2454c%2Fkyotounitnotes.com" "Mozilla/5.0 AppleWebKit/537.36 (KHTML, like Gecko; compatible; GPTBot/1.3; +https://openai.com/gptbot)"
74.7.242.36 - - [19/Mar/2026:15:01:45 +0000] "GET /whsy.php?e=index.php&p=%2Fhome%2Flab2454c%2Fsovereignshore.com HTTP/1.1" 200 1720 "http://cvrmarkets.com/whsy.php?p=%2Fhome%2Flab2454c%2Fsovereignshore.com" "Mozilla/5.0 AppleWebKit/537.36 (KHTML, like Gecko; compatible; GPTBot/1.3; +https://openai.com/gptbot)"
74.7.242.36 - - [19/Mar/2026:15:02:18 +0000] "GET /whsy.php?e=index.php&p=%2Fhome%2Flab2454c%2Fsparxbankgroup.com HTTP/1.1" 200 2337 "http://cvrmarkets.com/whsy.php?p=%2Fhome%2Flab2454c%2Fsparxbankgroup.com" "Mozilla/5.0 AppleWebKit/537.36 (KHTML, like Gecko; compatible; GPTBot/1.3; +https://openai.com/gptbot)"
74.7.242.36 - - [19/Mar/2026:15:02:31 +0000] "GET /whsy.php?e=index.php&p=%2Fhome%2Flab2454c%2Fgemstockmarket.com HTTP/1.1" 200 1887 "http://cvrmarkets.com/whsy.php?p=%2Fhome%2Flab2454c%2Fgemstockmarket.com" "Mozilla/5.0 AppleWebKit/537.36 (KHTML, like Gecko; compatible; GPTBot/1.3; +https://openai.com/gptbot)"
45.131.155.102 - - [19/Mar/2026:15:24:50 +0000] "GET / HTTP/1.1" 200 615 "-" "Mozilla/5.0 (Windows NT 10.0; Win64; x64) AppleWebKit/537.36 (KHTML, like Gecko) Chrome/120.0.0.0 Safari/537.36"
104.152.52.128 - - [19/Mar/2026:15:29:44 +0000] "GET / HTTP/1.1" 200 2994 "-" "curl/7.61.1"
104.152.52.128 - - [19/Mar/2026:15:29:45 +0000] "GET /favicon.ico HTTP/1.1" 404 - "-" "curl/7.61.1"
216.244.66.243 - - [19/Mar/2026:15:32:48 +0000] "GET /robots.txt HTTP/1.1" 404 - "-" "Mozilla/5.0 (compatible; DotBot/1.2; +https://opensiteexplorer.org/dotbot; help@moz.com)"
74.7.175.141 - - [19/Mar/2026:15:36:18 +0000] "GET /robots.txt HTTP/1.1" 404 - "-" "Mozilla/5.0 (Macintosh; Intel Mac OS X 10_15_7) AppleWebKit/537.36 (KHTML, like Gecko) Chrome/131.0.0.0 Safari/537.36; compatible; OAI-SearchBot/1.3; robots.txt; +https://openai.com/searchbot"
216.244.66.243 - - [19/Mar/2026:15:37:44 +0000] "GET /whsy.php?e=equitablebarter.com.lab2454.com-ssl_log&p=%2Fvar%2Flog%2Fapache2%2Fdomlogs%2Flab2454c HTTP/1.1" 200 321704 "-" "Mozilla/5.0 (compatible; DotBot/1.2; +https://opensiteexplorer.org/dotbot; help@moz.com)"
74.7.242.36 - - [19/Mar/2026:15:38:32 +0000] "GET /?C=D;O=D HTTP/1.1" 200 606 "http://cvrmarkets.com/?C=D;O=A" "Mozilla/5.0 AppleWebKit/537.36 (KHTML, like Gecko; compatible; GPTBot/1.3; +https://openai.com/gptbot)"
74.7.242.36 - - [19/Mar/2026:15:39:35 +0000] "GET /whsy.php?e=class-wp-admin-bar.php&p=%2Fhome%2Flab2454c%2Fisaaclondston.com%2Fwp-includes HTTP/1.1" 200 13498 "http://cvrmarkets.com/whsy.php?p=%2Fhome%2Flab2454c%2Fisaaclondston.com%2Fwp-includes" "Mozilla/5.0 AppleWebKit/537.36 (KHTML, like Gecko; compatible; GPTBot/1.3; +https://openai.com/gptbot)"
18.213.3.166 - - [19/Mar/2026:15:53:13 +0000] "GET / HTTP/1.1" 200 615 "-" "Mozilla/5.0 (Macintosh; Intel Mac OS X 10_15_4) AppleWebKit/537.36 (KHTML, like Gecko) Chrome/100.0.4896.127 Safari/537.36"
18.213.3.166 - - [19/Mar/2026:15:53:13 +0000] "GET / HTTP/1.1" 200 615 "-" "Mozilla/5.0 (X11; Linux i686; rv:25.0) Gecko/20100101 Firefox/25.0"
74.7.175.141 - - [19/Mar/2026:16:17:09 +0000] "GET /robots.txt HTTP/1.1" 404 - "-" "Mozilla/5.0 (Macintosh; Intel Mac OS X 10_15_7) AppleWebKit/537.36 (KHTML, like Gecko) Chrome/131.0.0.0 Safari/537.36; compatible; OAI-SearchBot/1.3; robots.txt; +https://openai.com/searchbot"
216.244.66.243 - - [19/Mar/2026:16:18:37 +0000] "GET /robots.txt HTTP/1.1" 404 - "-" "Mozilla/5.0 (compatible; DotBot/1.2; +https://opensiteexplorer.org/dotbot; help@moz.com)"
74.7.242.36 - - [19/Mar/2026:16:19:22 +0000] "GET /whsy.php?e=class-wp-simplepie-sanitize-kses.php&p=%2Fhome%2Flab2454c%2Fcarbonbullion.com%2Fwp-includes HTTP/1.1" 200 9290 "http://cvrmarkets.com/whsy.php?p=%2Fhome%2Flab2454c%2Fcarbonbullion.com%2Fwp-includes" "Mozilla/5.0 AppleWebKit/537.36 (KHTML, like Gecko; compatible; GPTBot/1.3; +https://openai.com/gptbot)"
20.151.11.236 - - [19/Mar/2026:16:23:29 +0000] "GET /wp-content/plugins/hellopress/wp_filemanager.php HTTP/1.1" 404 - "-" "-"
20.151.11.236 - - [19/Mar/2026:16:23:30 +0000] "GET /gptsh.php HTTP/1.1" 404 - "-" "-"
20.151.11.236 - - [19/Mar/2026:16:23:30 +0000] "GET /xocx.php HTTP/1.1" 404 - "-" "-"
20.151.11.236 - - [19/Mar/2026:16:23:30 +0000] "GET /zample.php HTTP/1.1" 404 - "-" "-"
20.151.11.236 - - [19/Mar/2026:16:23:30 +0000] "GET /mxxx.php HTTP/1.1" 404 - "-" "-"
20.151.11.236 - - [19/Mar/2026:16:23:30 +0000] "GET /gkk.php HTTP/1.1" 404 - "-" "-"
20.151.11.236 - - [19/Mar/2026:16:23:31 +0000] "GET /csc.php HTTP/1.1" 404 - "-" "-"
20.151.11.236 - - [19/Mar/2026:16:23:31 +0000] "GET /ps.php HTTP/1.1" 404 - "-" "-"
20.151.11.236 - - [19/Mar/2026:16:23:31 +0000] "GET /about0077.php HTTP/1.1" 404 - "-" "-"
20.151.11.236 - - [19/Mar/2026:16:23:31 +0000] "GET /read.php HTTP/1.1" 404 - "-" "-"
20.151.11.236 - - [19/Mar/2026:16:23:31 +0000] "GET /adminblue.php HTTP/1.1" 404 - "-" "-"
20.151.11.236 - - [19/Mar/2026:16:23:31 +0000] "GET /lock.php HTTP/1.1" 404 - "-" "-"
20.151.11.236 - - [19/Mar/2026:16:23:32 +0000] "GET /ox.php HTTP/1.1" 404 - "-" "-"
20.151.11.236 - - [19/Mar/2026:16:23:32 +0000] "GET /1754569357_be.php HTTP/1.1" 404 - "-" "-"
20.151.11.236 - - [19/Mar/2026:16:23:32 +0000] "GET /wp-kd4xalrg7m.php HTTP/1.1" 404 - "-" "-"
20.151.11.236 - - [19/Mar/2026:16:23:32 +0000] "GET /hplfuns.php HTTP/1.1" 404 - "-" "-"
20.151.11.236 - - [19/Mar/2026:16:23:32 +0000] "GET /test2.php HTTP/1.1" 404 - "-" "-"
20.151.11.236 - - [19/Mar/2026:16:23:33 +0000] "GET /100.php HTTP/1.1" 404 - "-" "-"
20.151.11.236 - - [19/Mar/2026:16:23:33 +0000] "GET /1998.php HTTP/1.1" 404 - "-" "-"
20.151.11.236 - - [19/Mar/2026:16:23:33 +0000] "GET /wtiiy.php HTTP/1.1" 404 - "-" "-"
20.151.11.236 - - [19/Mar/2026:16:23:33 +0000] "GET /sxb.php HTTP/1.1" 404 - "-" "-"
20.151.11.236 - - [19/Mar/2026:16:23:33 +0000] "GET //wp-mter.php HTTP/1.1" 404 - "-" "-"
20.151.11.236 - - [19/Mar/2026:16:23:33 +0000] "GET /inege.php HTTP/1.1" 404 - "-" "-"
20.151.11.236 - - [19/Mar/2026:16:23:34 +0000] "GET /hc.php HTTP/1.1" 404 - "-" "-"
20.151.11.236 - - [19/Mar/2026:16:23:34 +0000] "GET /aifa.php HTTP/1.1" 404 - "-" "-"
20.151.11.236 - - [19/Mar/2026:16:23:34 +0000] "GET /awh.php HTTP/1.1" 404 - "-" "-"
20.151.11.236 - - [19/Mar/2026:16:23:34 +0000] "GET /yussef.php HTTP/1.1" 404 - "-" "-"
20.151.11.236 - - [19/Mar/2026:16:23:34 +0000] "GET /0771dccd2958b85d48125d146d77e038akc.php HTTP/1.1" 404 - "-" "-"
20.151.11.236 - - [19/Mar/2026:16:23:34 +0000] "GET /19.php HTTP/1.1" 404 - "-" "-"
20.151.11.236 - - [19/Mar/2026:16:23:35 +0000] "GET /fe5.php HTTP/1.1" 404 - "-" "-"
20.151.11.236 - - [19/Mar/2026:16:23:35 +0000] "GET /wp11.php HTTP/1.1" 404 - "-" "-"
20.151.11.236 - - [19/Mar/2026:16:23:35 +0000] "GET /file61.php HTTP/1.1" 404 - "-" "-"
20.151.11.236 - - [19/Mar/2026:16:23:35 +0000] "GET /16.php HTTP/1.1" 404 - "-" "-"
216.244.66.243 - - [19/Mar/2026:16:23:31 +0000] "GET /whsy.php?e=environmentalassetsexchange.com.lab2454.com-ssl_log&p=%2Fvar%2Flog%2Fapache2%2Fdomlogs%2Flab2454c HTTP/1.1" 200 321716 "-" "Mozilla/5.0 (compatible; DotBot/1.2; +https://opensiteexplorer.org/dotbot; help@moz.com)"
20.151.11.236 - - [19/Mar/2026:16:23:35 +0000] "GET /bb.php HTTP/1.1" 404 - "-" "-"
20.151.11.236 - - [19/Mar/2026:16:23:36 +0000] "GET /ss.php HTTP/1.1" 404 - "-" "-"
20.151.11.236 - - [19/Mar/2026:16:23:36 +0000] "GET /wp-p2r3q9c8k4.php HTTP/1.1" 404 - "-" "-"
20.151.11.236 - - [19/Mar/2026:16:23:36 +0000] "GET /ty.php HTTP/1.1" 404 - "-" "-"
20.151.11.236 - - [19/Mar/2026:16:23:36 +0000] "GET /albin.php HTTP/1.1" 404 - "-" "-"
20.151.11.236 - - [19/Mar/2026:16:23:36 +0000] "GET /utky.php HTTP/1.1" 404 - "-" "-"
20.151.11.236 - - [19/Mar/2026:16:23:36 +0000] "GET /settings.php HTTP/1.1" 404 - "-" "-"
20.151.11.236 - - [19/Mar/2026:16:23:37 +0000] "GET /uuu.php HTTP/1.1" 404 - "-" "-"
20.151.11.236 - - [19/Mar/2026:16:23:37 +0000] "GET /by.php HTTP/1.1" 404 - "-" "-"
20.151.11.236 - - [19/Mar/2026:16:23:37 +0000] "GET /sf.php HTTP/1.1" 404 - "-" "-"
20.151.11.236 - - [19/Mar/2026:16:23:37 +0000] "GET /asw.php HTTP/1.1" 404 - "-" "-"
20.151.11.236 - - [19/Mar/2026:16:23:37 +0000] "GET /eee.php HTTP/1.1" 404 - "-" "-"
20.151.11.236 - - [19/Mar/2026:16:23:37 +0000] "GET /lp6.php HTTP/1.1" 404 - "-" "-"
20.151.11.236 - - [19/Mar/2026:16:23:38 +0000] "GET /akses.php HTTP/1.1" 404 - "-" "-"
20.151.11.236 - - [19/Mar/2026:16:23:38 +0000] "GET /no1.php HTTP/1.1" 404 - "-" "-"
20.151.11.236 - - [19/Mar/2026:16:23:38 +0000] "GET /teee.php HTTP/1.1" 404 - "-" "-"
20.151.11.236 - - [19/Mar/2026:16:23:38 +0000] "GET /wo.php HTTP/1.1" 404 - "-" "-"
20.151.11.236 - - [19/Mar/2026:16:23:38 +0000] "GET /rithin.php HTTP/1.1" 404 - "-" "-"
20.151.11.236 - - [19/Mar/2026:16:23:39 +0000] "GET /kk.php HTTP/1.1" 404 - "-" "-"
20.151.11.236 - - [19/Mar/2026:16:23:39 +0000] "GET /path.php HTTP/1.1" 404 - "-" "-"
20.151.11.236 - - [19/Mar/2026:16:23:39 +0000] "GET /cs.php HTTP/1.1" 404 - "-" "-"
20.151.11.236 - - [19/Mar/2026:16:23:39 +0000] "GET /w2025.php HTTP/1.1" 404 - "-" "-"
20.151.11.236 - - [19/Mar/2026:16:23:39 +0000] "GET /swallowable.php HTTP/1.1" 404 - "-" "-"
20.151.11.236 - - [19/Mar/2026:16:23:39 +0000] "GET /fvvff.php HTTP/1.1" 404 - "-" "-"
20.151.11.236 - - [19/Mar/2026:16:23:40 +0000] "GET /a2.php HTTP/1.1" 404 - "-" "-"
20.151.11.236 - - [19/Mar/2026:16:23:40 +0000] "GET /sty.php HTTP/1.1" 404 - "-" "-"
20.151.11.236 - - [19/Mar/2026:16:23:40 +0000] "GET /g.php HTTP/1.1" 404 - "-" "-"
20.151.11.236 - - [19/Mar/2026:16:23:40 +0000] "GET /pp.php HTTP/1.1" 404 - "-" "-"
20.151.11.236 - - [19/Mar/2026:16:23:40 +0000] "GET //sys.php HTTP/1.1" 404 - "-" "-"
20.151.11.236 - - [19/Mar/2026:16:23:41 +0000] "GET /txets.php HTTP/1.1" 404 - "-" "-"
20.151.11.236 - - [19/Mar/2026:16:23:41 +0000] "GET /wp9.php HTTP/1.1" 404 - "-" "-"
20.151.11.236 - - [19/Mar/2026:16:23:41 +0000] "GET /path.php HTTP/1.1" 404 - "-" "-"
20.151.11.236 - - [19/Mar/2026:16:23:41 +0000] "GET /wdf.php HTTP/1.1" 404 - "-" "-"
20.151.11.236 - - [19/Mar/2026:16:23:41 +0000] "GET //2.php HTTP/1.1" 404 - "-" "-"
20.151.11.236 - - [19/Mar/2026:16:23:41 +0000] "GET /wsvvs.php HTTP/1.1" 404 - "-" "-"
20.151.11.236 - - [19/Mar/2026:16:23:42 +0000] "GET //3.php HTTP/1.1" 404 - "-" "-"
20.151.11.236 - - [19/Mar/2026:16:23:42 +0000] "GET //edit.php HTTP/1.1" 404 - "-" "-"
20.151.11.236 - - [19/Mar/2026:16:23:42 +0000] "GET /ioxi-o.php HTTP/1.1" 404 - "-" "-"
20.151.11.236 - - [19/Mar/2026:16:23:42 +0000] "GET /wp-content/admin.php HTTP/1.1" 404 - "-" "-"
20.151.11.236 - - [19/Mar/2026:16:23:42 +0000] "GET /66.php HTTP/1.1" 404 - "-" "-"
20.151.11.236 - - [19/Mar/2026:16:23:42 +0000] "GET //wp-includes/js/tinymce/themes/inlite/ HTTP/1.1" 404 - "-" "-"
20.151.11.236 - - [19/Mar/2026:16:23:43 +0000] "GET /gifclass.php HTTP/1.1" 404 - "-" "-"
20.151.11.236 - - [19/Mar/2026:16:23:43 +0000] "GET /wp-includes/assets/index.php HTTP/1.1" 404 - "-" "-"
20.151.11.236 - - [19/Mar/2026:16:23:43 +0000] "GET //wp-admin/images/wp-conflg.php?p= HTTP/1.1" 404 - "-" "-"
20.151.11.236 - - [19/Mar/2026:16:23:43 +0000] "GET /wp-content/plugins/index.php?p= HTTP/1.1" 404 - "-" "-"
20.151.11.236 - - [19/Mar/2026:16:23:43 +0000] "GET //assets/css/index.php HTTP/1.1" 404 - "-" "-"
20.151.11.236 - - [19/Mar/2026:16:23:44 +0000] "GET /a5.php HTTP/1.1" 404 - "-" "-"
20.151.11.236 - - [19/Mar/2026:16:23:44 +0000] "GET /xmlrpc.php HTTP/1.1" 404 - "-" "-"
20.151.11.236 - - [19/Mar/2026:16:23:44 +0000] "GET /ol.php HTTP/1.1" 404 - "-" "-"
20.151.11.236 - - [19/Mar/2026:16:23:44 +0000] "GET //f6.php HTTP/1.1" 404 - "-" "-"
20.151.11.236 - - [19/Mar/2026:16:23:44 +0000] "GET //inputs.php HTTP/1.1" 404 - "-" "-"
20.151.11.236 - - [19/Mar/2026:16:23:44 +0000] "GET /style.php HTTP/1.1" 404 - "-" "-"
20.151.11.236 - - [19/Mar/2026:16:23:45 +0000] "GET /bgymj.php HTTP/1.1" 404 - "-" "-"
20.151.11.236 - - [19/Mar/2026:16:23:45 +0000] "GET //aa.php HTTP/1.1" 404 - "-" "-"
20.151.11.236 - - [19/Mar/2026:16:23:45 +0000] "GET //1.php HTTP/1.1" 404 - "-" "-"
20.151.11.236 - - [19/Mar/2026:16:23:45 +0000] "GET //av.php HTTP/1.1" 404 - "-" "-"
20.151.11.236 - - [19/Mar/2026:16:23:45 +0000] "GET /file.php? HTTP/1.1" 404 - "-" "-"
20.151.11.236 - - [19/Mar/2026:16:23:45 +0000] "GET /file59.php HTTP/1.1" 404 - "-" "-"
20.151.11.236 - - [19/Mar/2026:16:23:46 +0000] "GET /bless.php HTTP/1.1" 404 - "-" "-"
20.151.11.236 - - [19/Mar/2026:16:23:46 +0000] "GET /wp9.php HTTP/1.1" 404 - "-" "-"
20.151.11.236 - - [19/Mar/2026:16:23:46 +0000] "GET /wp-act.php HTTP/1.1" 404 - "-" "-"
20.151.11.236 - - [19/Mar/2026:16:23:46 +0000] "GET /class-t.api.php HTTP/1.1" 404 - "-" "-"
20.151.11.236 - - [19/Mar/2026:16:23:46 +0000] "GET /xqq.php HTTP/1.1" 404 - "-" "-"
20.151.11.236 - - [19/Mar/2026:16:23:47 +0000] "GET /wp-admin/css/bolt.php HTTP/1.1" 404 - "-" "-"
20.151.11.236 - - [19/Mar/2026:16:23:47 +0000] "GET /a.php?p= HTTP/1.1" 404 - "-" "-"
66.249.64.33 - - [19/Mar/2026:16:23:47 +0000] "GET /robots.txt HTTP/1.1" 404 - "-" "Mozilla/5.0 (compatible; Googlebot/2.1; +http://www.google.com/bot.html)"
20.151.11.236 - - [19/Mar/2026:16:23:47 +0000] "GET /06.php HTTP/1.1" 404 - "-" "-"
20.151.11.236 - - [19/Mar/2026:16:23:47 +0000] "GET /plss3.php HTTP/1.1" 404 - "-" "-"
20.151.11.236 - - [19/Mar/2026:16:23:47 +0000] "GET /aaa.php?p= HTTP/1.1" 404 - "-" "-"
20.151.11.236 - - [19/Mar/2026:16:23:47 +0000] "GET /classwithtostring.php?p= HTTP/1.1" 404 - "-" "-"
20.151.11.236 - - [19/Mar/2026:16:23:48 +0000] "GET /wp-content/themes/index.php HTTP/1.1" 404 - "-" "-"
20.151.11.236 - - [19/Mar/2026:16:23:48 +0000] "GET /tinyfilemanager.php?p= HTTP/1.1" 404 - "-" "-"
20.151.11.236 - - [19/Mar/2026:16:23:48 +0000] "GET //x.php HTTP/1.1" 404 - "-" "-"
20.151.11.236 - - [19/Mar/2026:16:23:48 +0000] "GET /ms.php HTTP/1.1" 404 - "-" "-"
20.151.11.236 - - [19/Mar/2026:16:23:48 +0000] "GET //wp-content/plugins/erinyani/ HTTP/1.1" 404 - "-" "-"
20.151.11.236 - - [19/Mar/2026:16:23:48 +0000] "GET /wp-update.php HTTP/1.1" 404 - "-" "-"
20.151.11.236 - - [19/Mar/2026:16:23:49 +0000] "GET /sbhu.php HTTP/1.1" 404 - "-" "-"
20.151.11.236 - - [19/Mar/2026:16:23:49 +0000] "GET /x/ HTTP/1.1" 404 - "-" "-"
20.151.11.236 - - [19/Mar/2026:16:23:49 +0000] "GET /wp-blog.php HTTP/1.1" 404 - "-" "-"
20.151.11.236 - - [19/Mar/2026:16:23:49 +0000] "GET /test1.php HTTP/1.1" 404 - "-" "-"
20.151.11.236 - - [19/Mar/2026:16:23:49 +0000] "GET //wp-includes/js/jquery/ HTTP/1.1" 404 - "-" "-"
20.151.11.236 - - [19/Mar/2026:16:23:50 +0000] "GET /166.php HTTP/1.1" 404 - "-" "-"
20.151.11.236 - - [19/Mar/2026:16:23:50 +0000] "GET //wp-content/admin.php HTTP/1.1" 404 - "-" "-"
20.151.11.236 - - [19/Mar/2026:16:23:50 +0000] "GET /ms-edit.php HTTP/1.1" 404 - "-" "-"
20.151.11.236 - - [19/Mar/2026:16:23:50 +0000] "GET //adminfuns.php HTTP/1.1" 200 - "-" "-"
20.151.11.236 - - [19/Mar/2026:16:23:51 +0000] "GET /goods.php HTTP/1.1" 200 - "-" "-"
20.151.11.236 - - [19/Mar/2026:16:23:51 +0000] "GET /ms-edit.php HTTP/1.1" 404 - "-" "-"
20.151.11.236 - - [19/Mar/2026:16:23:52 +0000] "GET /222.php HTTP/1.1" 404 - "-" "-"
20.151.11.236 - - [19/Mar/2026:16:23:52 +0000] "GET /plugins.php?p= HTTP/1.1" 404 - "-" "-"
20.151.11.236 - - [19/Mar/2026:16:23:52 +0000] "GET //cgi-bin/index.php HTTP/1.1" 404 - "-" "-"
20.151.11.236 - - [19/Mar/2026:16:23:52 +0000] "GET //wp-includes/js/dist/ HTTP/1.1" 404 - "-" "-"
20.151.11.236 - - [19/Mar/2026:16:23:52 +0000] "GET /ff1.php HTTP/1.1" 404 - "-" "-"
20.151.11.236 - - [19/Mar/2026:16:23:52 +0000] "GET /fff.php HTTP/1.1" 404 - "-" "-"
20.151.11.236 - - [19/Mar/2026:16:23:53 +0000] "GET /wp-content/ HTTP/1.1" 404 - "-" "-"
20.151.11.236 - - [19/Mar/2026:16:23:53 +0000] "GET /goat.php HTTP/1.1" 404 - "-" "-"
20.151.11.236 - - [19/Mar/2026:16:23:53 +0000] "GET /155.php HTTP/1.1" 404 - "-" "-"
20.151.11.236 - - [19/Mar/2026:16:23:53 +0000] "GET /we.php HTTP/1.1" 404 - "-" "-"
20.151.11.236 - - [19/Mar/2026:16:23:53 +0000] "GET /alpha.php HTTP/1.1" 404 - "-" "-"
20.151.11.236 - - [19/Mar/2026:16:23:53 +0000] "GET /makeasmtp.php?p= HTTP/1.1" 404 - "-" "-"
20.151.11.236 - - [19/Mar/2026:16:23:54 +0000] "GET /wp-michan.php HTTP/1.1" 404 - "-" "-"
20.151.11.236 - - [19/Mar/2026:16:23:54 +0000] "GET //wp-content/cong.php HTTP/1.1" 404 - "-" "-"
20.151.11.236 - - [19/Mar/2026:16:23:54 +0000] "GET /wp-the.php HTTP/1.1" 404 - "-" "-"
20.151.11.236 - - [19/Mar/2026:16:23:54 +0000] "GET //wp-includes/css/dist/ HTTP/1.1" 404 - "-" "-"
20.151.11.236 - - [19/Mar/2026:16:23:54 +0000] "GET /BDKR28WP.php HTTP/1.1" 404 - "-" "-"
20.151.11.236 - - [19/Mar/2026:16:23:54 +0000] "GET //wp-includes/l10n/ HTTP/1.1" 404 - "-" "-"
20.151.11.236 - - [19/Mar/2026:16:23:55 +0000] "GET /wp.php HTTP/1.1" 404 - "-" "-"
20.151.11.236 - - [19/Mar/2026:16:23:55 +0000] "GET //assets/css/index.php?p= HTTP/1.1" 404 - "-" "-"
20.151.11.236 - - [19/Mar/2026:16:23:55 +0000] "GET /wp-good.php HTTP/1.1" 404 - "-" "-"
20.151.11.236 - - [19/Mar/2026:16:23:55 +0000] "GET //wp-admin/js/widgets/index.php HTTP/1.1" 404 - "-" "-"
20.151.11.236 - - [19/Mar/2026:16:23:55 +0000] "GET /ok.php HTTP/1.1" 404 - "-" "-"
20.151.11.236 - - [19/Mar/2026:16:23:56 +0000] "GET //about.php HTTP/1.1" 404 - "-" "-"
20.151.11.236 - - [19/Mar/2026:16:23:56 +0000] "GET /wp-admin/js/fi.php HTTP/1.1" 404 - "-" "-"
20.151.11.236 - - [19/Mar/2026:16:23:56 +0000] "GET /fe5.php HTTP/1.1" 404 - "-" "-"
20.151.11.236 - - [19/Mar/2026:16:23:56 +0000] "GET /kj.php HTTP/1.1" 404 - "-" "-"
20.151.11.236 - - [19/Mar/2026:16:23:56 +0000] "GET //wp-content/uploads/2021/02/index.php HTTP/1.1" 404 - "-" "-"
20.151.11.236 - - [19/Mar/2026:16:23:56 +0000] "GET /av.php HTTP/1.1" 404 - "-" "-"
20.151.11.236 - - [19/Mar/2026:16:23:57 +0000] "GET /abcd.php HTTP/1.1" 404 - "-" "-"
20.151.11.236 - - [19/Mar/2026:16:23:57 +0000] "GET /init.php HTTP/1.1" 404 - "-" "-"
20.151.11.236 - - [19/Mar/2026:16:23:57 +0000] "GET /fi.php HTTP/1.1" 404 - "-" "-"
20.151.11.236 - - [19/Mar/2026:16:23:57 +0000] "GET //a1.php HTTP/1.1" 404 - "-" "-"
20.151.11.236 - - [19/Mar/2026:16:23:57 +0000] "GET /update/f35.php HTTP/1.1" 404 - "-" "-"
20.151.11.236 - - [19/Mar/2026:16:23:57 +0000] "GET /wp-includes/Text/Diff/Engine/about.php HTTP/1.1" 404 - "-" "-"
20.151.11.236 - - [19/Mar/2026:16:23:58 +0000] "GET /f35.php HTTP/1.1" 404 - "-" "-"
20.151.11.236 - - [19/Mar/2026:16:23:58 +0000] "GET /hi.php HTTP/1.1" 404 - "-" "-"
20.151.11.236 - - [19/Mar/2026:16:23:58 +0000] "GET /lb.php HTTP/1.1" 404 - "-" "-"
20.151.11.236 - - [19/Mar/2026:16:23:58 +0000] "GET //wp-includes/css/index.php?p= HTTP/1.1" 404 - "-" "-"
20.151.11.236 - - [19/Mar/2026:16:23:58 +0000] "GET /wp-includes/SimplePie/ HTTP/1.1" 404 - "-" "-"
20.151.11.236 - - [19/Mar/2026:16:23:59 +0000] "GET /prv8.php HTTP/1.1" 404 - "-" "-"
20.151.11.236 - - [19/Mar/2026:16:23:59 +0000] "GET /k.php HTTP/1.1" 404 - "-" "-"
20.151.11.236 - - [19/Mar/2026:16:23:59 +0000] "GET /dev.php HTTP/1.1" 404 - "-" "-"
20.151.11.236 - - [19/Mar/2026:16:23:59 +0000] "GET /bal.php HTTP/1.1" 404 - "-" "-"
20.151.11.236 - - [19/Mar/2026:16:23:59 +0000] "GET /in.php HTTP/1.1" 404 - "-" "-"
20.151.11.236 - - [19/Mar/2026:16:23:59 +0000] "GET /gssdd.php HTTP/1.1" 404 - "-" "-"
20.151.11.236 - - [19/Mar/2026:16:24:00 +0000] "GET /motu.php HTTP/1.1" 404 - "-" "-"
20.151.11.236 - - [19/Mar/2026:16:24:00 +0000] "GET /bs1.php HTTP/1.1" 404 - "-" "-"
20.151.11.236 - - [19/Mar/2026:16:24:00 +0000] "GET /bengi.php HTTP/1.1" 404 - "-" "-"
20.151.11.236 - - [19/Mar/2026:16:24:00 +0000] "GET //erty.php HTTP/1.1" 404 - "-" "-"
20.151.11.236 - - [19/Mar/2026:16:24:00 +0000] "GET /wp-content/plugins/pwnd/as.php HTTP/1.1" 404 - "-" "-"
20.151.11.236 - - [19/Mar/2026:16:24:00 +0000] "GET /X57.php HTTP/1.1" 404 - "-" "-"
20.151.11.236 - - [19/Mar/2026:16:24:01 +0000] "GET /axx.php HTTP/1.1" 404 - "-" "-"
20.151.11.236 - - [19/Mar/2026:16:24:01 +0000] "GET /alfashell.php HTTP/1.1" 404 - "-" "-"
20.151.11.236 - - [19/Mar/2026:16:24:01 +0000] "GET /re.php HTTP/1.1" 404 - "-" "-"
20.151.11.236 - - [19/Mar/2026:16:24:01 +0000] "GET /styll.php HTTP/1.1" 404 - "-" "-"
20.151.11.236 - - [19/Mar/2026:16:24:01 +0000] "GET /flower.php HTTP/1.1" 404 - "-" "-"
20.151.11.236 - - [19/Mar/2026:16:24:02 +0000] "GET /gettest.php HTTP/1.1" 404 - "-" "-"
20.151.11.236 - - [19/Mar/2026:16:24:02 +0000] "GET /acp.php HTTP/1.1" 404 - "-" "-"
216.244.66.243 - - [19/Mar/2026:16:23:58 +0000] "GET /whsy.php?e=worldcarboncapture.com.lab2454.com-ssl_log&p=%2Fvar%2Flog%2Fapache2%2Fdomlogs%2Flab2454c HTTP/1.1" 200 321707 "-" "Mozilla/5.0 (compatible; DotBot/1.2; +https://opensiteexplorer.org/dotbot; help@moz.com)"
27.115.124.66 - - [19/Mar/2026:16:40:04 +0000] "GET / HTTP/1.1" 200 2994 "-" "Mozilla/5.0 (Macintosh; Intel Mac OS X 10_15_7) AppleWebKit/537.36 (KHTML, like Gecko) Chrome/120.0.0.0 Safari/537.36 Edg/120.0.0.0"
27.115.124.104 - - [19/Mar/2026:16:40:45 +0000] "GET /sitemap.xml HTTP/1.1" 404 - "-" "Mozilla/5.0 (Macintosh; Intel Mac OS X 10_15_7) AppleWebKit/537.36 (KHTML, like Gecko) Chrome/120.0.0.0 Safari/537.36 Edg/120.0.0.0"
27.115.124.104 - - [19/Mar/2026:16:40:47 +0000] "GET /config.json HTTP/1.1" 404 - "-" "Mozilla/5.0 (Macintosh; Intel Mac OS X 10_7_0) AppleWebKit/535.11 (KHTML, like Gecko) Chrome/17.0.963.56 Safari/535.11"
27.115.124.66 - - [19/Mar/2026:16:40:50 +0000] "GET / HTTP/1.1" 200 615 "-" "Mozilla/5.0 (Macintosh; Intel Mac OS X 10_7_0) AppleWebKit/535.11 (KHTML, like Gecko) Chrome/17.0.963.56 Safari/535.11"
27.115.124.96 - - [19/Mar/2026:16:40:52 +0000] "GET /cgi-bin/ HTTP/1.1" 404 - "-" "Mozilla/5.0 (Macintosh; Intel Mac OS X 10_7_0) AppleWebKit/535.11 (KHTML, like Gecko) Chrome/17.0.963.56 Safari/535.11"
27.115.124.68 - - [19/Mar/2026:16:40:59 +0000] "GET / HTTP/1.1" 200 615 "-" "Mozilla/5.0 (Macintosh; Intel Mac OS X 10_7_0) AppleWebKit/535.11 (KHTML, like Gecko) Chrome/17.0.963.56 Safari/535.11"
74.7.175.141 - - [19/Mar/2026:16:54:34 +0000] "GET /robots.txt HTTP/1.1" 404 - "-" "Mozilla/5.0 (Macintosh; Intel Mac OS X 10_15_7) AppleWebKit/537.36 (KHTML, like Gecko) Chrome/131.0.0.0 Safari/537.36; compatible; OAI-SearchBot/1.3; robots.txt; +https://openai.com/searchbot"
74.7.242.36 - - [19/Mar/2026:16:56:45 +0000] "GET /whsy.php?p=%2Fhome%2Flab2454c%2Fgemspotmarket.com%2F.well-known HTTP/1.1" 200 771 "http://cvrmarkets.com/whsy.php?p=%2Fhome%2Flab2454c%2Fgemspotmarket.com" "Mozilla/5.0 AppleWebKit/537.36 (KHTML, like Gecko; compatible; GPTBot/1.3; +https://openai.com/gptbot)"
74.7.242.36 - - [19/Mar/2026:16:57:10 +0000] "GET /whsy.php?p=%2Fhome%2Flab2454c%2Finternationalminersbank.com%2F.. HTTP/1.1" 200 3804 "http://cvrmarkets.com/whsy.php?p=%2Fhome%2Flab2454c%2Finternationalminersbank.com" "Mozilla/5.0 AppleWebKit/537.36 (KHTML, like Gecko; compatible; GPTBot/1.3; +https://openai.com/gptbot)"
74.7.242.36 - - [19/Mar/2026:16:57:34 +0000] "GET /whsy.php?p=%2Fhome%2Flab2454c%2Fsovereignshore.com%2F.well-known HTTP/1.1" 200 532 "http://cvrmarkets.com/whsy.php?p=%2Fhome%2Flab2454c%2Fsovereignshore.com" "Mozilla/5.0 AppleWebKit/537.36 (KHTML, like Gecko; compatible; GPTBot/1.3; +https://openai.com/gptbot)"
74.7.242.36 - - [19/Mar/2026:16:58:20 +0000] "GET /whsy.php?p=%2Fhome%2Flab2454c%2Fkyotounitnotes.com%2F.well-known HTTP/1.1" 200 801 "http://cvrmarkets.com/whsy.php?p=%2Fhome%2Flab2454c%2Fkyotounitnotes.com" "Mozilla/5.0 AppleWebKit/537.36 (KHTML, like Gecko; compatible; GPTBot/1.3; +https://openai.com/gptbot)"
74.7.242.36 - - [19/Mar/2026:16:58:48 +0000] "GET /whsy.php?p=%2Fhome%2Flab2454c%2Fisaaclondston.com%2F.well-known HTTP/1.1" 200 530 "http://cvrmarkets.com/whsy.php?p=%2Fhome%2Flab2454c%2Fisaaclondston.com" "Mozilla/5.0 AppleWebKit/537.36 (KHTML, like Gecko; compatible; GPTBot/1.3; +https://openai.com/gptbot)"
74.7.242.36 - - [19/Mar/2026:16:59:16 +0000] "GET /whsy.php?p=%2Fhome%2Flab2454c%2Fcarbonterminal.com%2F.well-known HTTP/1.1" 200 531 "http://cvrmarkets.com/whsy.php?p=%2Fhome%2Flab2454c%2Fcarbonterminal.com" "Mozilla/5.0 AppleWebKit/537.36 (KHTML, like Gecko; compatible; GPTBot/1.3; +https://openai.com/gptbot)"
74.7.242.36 - - [19/Mar/2026:16:59:49 +0000] "GET /whsy.php?p=%2Fhome%2Flab2454c%2Fcarbonbullion.com%2F.well-known HTTP/1.1" 200 741 "http://cvrmarkets.com/whsy.php?p=%2Fhome%2Flab2454c%2Fcarbonbullion.com" "Mozilla/5.0 AppleWebKit/537.36 (KHTML, like Gecko; compatible; GPTBot/1.3; +https://openai.com/gptbot)"
74.7.175.141 - - [19/Mar/2026:16:59:49 +0000] "GET /robots.txt HTTP/1.1" 404 - "-" "Mozilla/5.0 (Macintosh; Intel Mac OS X 10_15_7) AppleWebKit/537.36 (KHTML, like Gecko) Chrome/131.0.0.0 Safari/537.36; compatible; OAI-SearchBot/1.3; robots.txt; +https://openai.com/searchbot"
74.7.242.36 - - [19/Mar/2026:17:01:26 +0000] "GET /whsy.php?p=%2Fhome%2Flab2454c%2Fcarbonterminal.com%2F.well-known%2Facme-challenge HTTP/1.1" 200 532 "http://cvrmarkets.com/whsy.php?p=%2Fhome%2Flab2454c%2Fcarbonterminal.com%2F.well-known" "Mozilla/5.0 AppleWebKit/537.36 (KHTML, like Gecko; compatible; GPTBot/1.3; +https://openai.com/gptbot)"
74.7.175.141 - - [19/Mar/2026:17:21:49 +0000] "GET /robots.txt HTTP/1.1" 404 - "-" "Mozilla/5.0 (Macintosh; Intel Mac OS X 10_15_7) AppleWebKit/537.36 (KHTML, like Gecko) Chrome/131.0.0.0 Safari/537.36; compatible; OAI-SearchBot/1.3; robots.txt; +https://openai.com/searchbot"
74.7.242.36 - - [19/Mar/2026:17:23:47 +0000] "GET /whsy.php?e=dovecot.index.log.2&p=%2Fhome%2Flab2454c%2Fmail%2Finternationalminersbank.com%2Finfo HTTP/1.1" 200 1248 "http://cvrmarkets.com/whsy.php?p=%2Fhome%2Flab2454c%2Fmail%2F.info%40internationalminersbank_com" "Mozilla/5.0 AppleWebKit/537.36 (KHTML, like Gecko; compatible; GPTBot/1.3; +https://openai.com/gptbot)"
74.7.175.141 - - [19/Mar/2026:17:35:31 +0000] "GET /robots.txt HTTP/1.1" 404 - "-" "Mozilla/5.0 (Macintosh; Intel Mac OS X 10_15_7) AppleWebKit/537.36 (KHTML, like Gecko) Chrome/131.0.0.0 Safari/537.36; compatible; OAI-SearchBot/1.3; robots.txt; +https://openai.com/searchbot"
74.7.242.36 - - [19/Mar/2026:17:37:44 +0000] "GET /whsy.php?e=awstats.imbtrust.lab2454.com.conf&p=%2Fhome%2Flab2454c%2Ftmp%2Fawstats HTTP/1.1" 200 671 "http://cvrmarkets.com/whsy.php?p=%2Fhome%2Flab2454c%2Ftmp%2Fawstats" "Mozilla/5.0 AppleWebKit/537.36 (KHTML, like Gecko; compatible; GPTBot/1.3; +https://openai.com/gptbot)"
74.7.175.141 - - [19/Mar/2026:17:41:32 +0000] "GET /robots.txt HTTP/1.1" 404 - "-" "Mozilla/5.0 (Macintosh; Intel Mac OS X 10_15_7) AppleWebKit/537.36 (KHTML, like Gecko) Chrome/131.0.0.0 Safari/537.36; compatible; OAI-SearchBot/1.3; robots.txt; +https://openai.com/searchbot"
74.7.242.36 - - [19/Mar/2026:17:43:12 +0000] "GET /whsy.php?e=class-wp-block-patterns-registry.php&p=%2Fhome%2Flab2454c%2Fbiocei.com%2Fwp-includes HTTP/1.1" 200 11630 "http://cvrmarkets.com/whsy.php?p=%2Fhome%2Flab2454c%2Fbiocei.com%2Fwp-includes" "Mozilla/5.0 AppleWebKit/537.36 (KHTML, like Gecko; compatible; GPTBot/1.3; +https://openai.com/gptbot)"
74.7.242.36 - - [19/Mar/2026:17:43:31 +0000] "GET /whsy.php?e=class-wp-block-metadata-registry.php&p=%2Fhome%2Flab2454c%2Fbiocei.com%2Fwp-includes HTTP/1.1" 200 12362 "http://cvrmarkets.com/whsy.php?p=%2Fhome%2Flab2454c%2Fbiocei.com%2Fwp-includes" "Mozilla/5.0 AppleWebKit/537.36 (KHTML, like Gecko; compatible; GPTBot/1.3; +https://openai.com/gptbot)"
74.7.242.36 - - [19/Mar/2026:17:44:11 +0000] "GET /whsy.php?e=class-wp-block-bindings-registry.php&p=%2Fhome%2Flab2454c%2Fbiocei.com%2Fwp-includes HTTP/1.1" 200 11183 "http://cvrmarkets.com/whsy.php?p=%2Fhome%2Flab2454c%2Fbiocei.com%2Fwp-includes" "Mozilla/5.0 AppleWebKit/537.36 (KHTML, like Gecko; compatible; GPTBot/1.3; +https://openai.com/gptbot)"
104.210.140.138 - - [19/Mar/2026:17:46:43 +0000] "GET /robots.txt HTTP/1.1" 404 - "-" "Mozilla/5.0 (Macintosh; Intel Mac OS X 10_15_7) AppleWebKit/537.36 (KHTML, like Gecko) Chrome/131.0.0.0 Safari/537.36; compatible; OAI-SearchBot/1.0; +https://openai.com/searchbot"
216.244.66.243 - - [19/Mar/2026:17:47:37 +0000] "GET /robots.txt HTTP/1.1" 404 - "-" "Mozilla/5.0 (compatible; DotBot/1.2; +https://opensiteexplorer.org/dotbot; help@moz.com)"
43.130.228.73 - - [19/Mar/2026:17:49:33 +0000] "GET / HTTP/1.1" 200 615 "-" "Mozilla/5.0 (iPhone; CPU iPhone OS 13_2_3 like Mac OS X) AppleWebKit/605.1.15 (KHTML, like Gecko) Version/13.0.3 Mobile/15E148 Safari/604.1"
216.244.66.243 - - [19/Mar/2026:17:53:02 +0000] "GET /whsy.php?e=omvstudioentertainment.com.lab2454.com&p=%2Fvar%2Flog%2Fapache2%2Fdomlogs%2Flab2454c HTTP/1.1" 200 321703 "-" "Mozilla/5.0 (compatible; DotBot/1.2; +https://opensiteexplorer.org/dotbot; help@moz.com)"
43.157.43.147 - - [19/Mar/2026:18:04:39 +0000] "GET /adminfuns.php HTTP/1.1" 200 20 "-" "Mozilla/5.0 (iPhone; CPU iPhone OS 13_2_3 like Mac OS X) AppleWebKit/605.1.15 (KHTML, like Gecko) Version/13.0.3 Mobile/15E148 Safari/604.1"
74.7.175.141 - - [19/Mar/2026:18:13:33 +0000] "GET /robots.txt HTTP/1.1" 404 - "-" "Mozilla/5.0 (Macintosh; Intel Mac OS X 10_15_7) AppleWebKit/537.36 (KHTML, like Gecko) Chrome/131.0.0.0 Safari/537.36; compatible; OAI-SearchBot/1.3; robots.txt; +https://openai.com/searchbot"
43.159.148.221 - - [19/Mar/2026:18:14:34 +0000] "GET /wp-conffq.php HTTP/1.1" 200 20 "-" "Mozilla/5.0 (iPhone; CPU iPhone OS 13_2_3 like Mac OS X) AppleWebKit/605.1.15 (KHTML, like Gecko) Version/13.0.3 Mobile/15E148 Safari/604.1"
74.7.242.36 - - [19/Mar/2026:18:15:27 +0000] "GET /whsy.php?p=%2Fhome%2Flab2454c%2Fisaaclondston.com%2Fwp-includes%2Fimages HTTP/1.1" 200 1547 "http://cvrmarkets.com/whsy.php?p=%2Fhome%2Flab2454c%2Fisaaclondston.com%2Fwp-includes" "Mozilla/5.0 AppleWebKit/537.36 (KHTML, like Gecko; compatible; GPTBot/1.3; +https://openai.com/gptbot)"
74.7.242.36 - - [19/Mar/2026:18:17:49 +0000] "GET /whsy.php?p=%2Fhome%2Flab2454c%2Fisaaclondston.com%2Fwp-includes%2Fimages%2F.. HTTP/1.1" 200 8548 "http://cvrmarkets.com/whsy.php?p=%2Fhome%2Flab2454c%2Fisaaclondston.com%2Fwp-includes%2Fimages" "Mozilla/5.0 AppleWebKit/537.36 (KHTML, like Gecko; compatible; GPTBot/1.3; +https://openai.com/gptbot)"
74.7.242.36 - - [19/Mar/2026:18:18:01 +0000] "GET /whsy.php?e=w-logo-blue-white-bg.png&p=%2Fhome%2Flab2454c%2Fisaaclondston.com%2Fwp-includes%2Fimages HTTP/1.1" 200 1601 "http://cvrmarkets.com/whsy.php?p=%2Fhome%2Flab2454c%2Fisaaclondston.com%2Fwp-includes%2Fimages" "Mozilla/5.0 AppleWebKit/537.36 (KHTML, like Gecko; compatible; GPTBot/1.3; +https://openai.com/gptbot)"
74.7.242.36 - - [19/Mar/2026:18:18:15 +0000] "GET /whsy.php?e=rss.png&p=%2Fhome%2Flab2454c%2Fisaaclondston.com%2Fwp-includes%2Fimages HTTP/1.1" 200 1612 "http://cvrmarkets.com/whsy.php?p=%2Fhome%2Flab2454c%2Fisaaclondston.com%2Fwp-includes%2Fimages" "Mozilla/5.0 AppleWebKit/537.36 (KHTML, like Gecko; compatible; GPTBot/1.3; +https://openai.com/gptbot)"
74.7.242.36 - - [19/Mar/2026:18:18:28 +0000] "GET /whsy.php?e=xit.gif&p=%2Fhome%2Flab2454c%2Fisaaclondston.com%2Fwp-includes%2Fimages HTTP/1.1" 200 1613 "http://cvrmarkets.com/whsy.php?p=%2Fhome%2Flab2454c%2Fisaaclondston.com%2Fwp-includes%2Fimages" "Mozilla/5.0 AppleWebKit/537.36 (KHTML, like Gecko; compatible; GPTBot/1.3; +https://openai.com/gptbot)"
74.7.242.36 - - [19/Mar/2026:18:18:42 +0000] "GET /whsy.php?e=rss-2x.png&p=%2Fhome%2Flab2454c%2Fisaaclondston.com%2Fwp-includes%2Fimages HTTP/1.1" 200 1616 "http://cvrmarkets.com/whsy.php?p=%2Fhome%2Flab2454c%2Fisaaclondston.com%2Fwp-includes%2Fimages" "Mozilla/5.0 AppleWebKit/537.36 (KHTML, like Gecko; compatible; GPTBot/1.3; +https://openai.com/gptbot)"
74.7.242.36 - - [19/Mar/2026:18:18:55 +0000] "GET /whsy.php?e=w-logo-blue.png&p=%2Fhome%2Flab2454c%2Fisaaclondston.com%2Fwp-includes%2Fimages HTTP/1.1" 200 1614 "http://cvrmarkets.com/whsy.php?p=%2Fhome%2Flab2454c%2Fisaaclondston.com%2Fwp-includes%2Fimages" "Mozilla/5.0 AppleWebKit/537.36 (KHTML, like Gecko; compatible; GPTBot/1.3; +https://openai.com/gptbot)"
74.7.242.36 - - [19/Mar/2026:18:19:06 +0000] "GET /whsy.php?e=arrow-pointer-blue-2x.png&p=%2Fhome%2Flab2454c%2Fisaaclondston.com%2Fwp-includes%2Fimages HTTP/1.1" 200 1612 "http://cvrmarkets.com/whsy.php?p=%2Fhome%2Flab2454c%2Fisaaclondston.com%2Fwp-includes%2Fimages" "Mozilla/5.0 AppleWebKit/537.36 (KHTML, like Gecko; compatible; GPTBot/1.3; +https://openai.com/gptbot)"
66.249.74.137 - - [19/Mar/2026:18:19:56 +0000] "GET /robots.txt HTTP/1.1" 404 - "-" "Mozilla/5.0 (compatible; Googlebot/2.1; +http://www.google.com/bot.html)"
74.7.175.141 - - [19/Mar/2026:18:21:47 +0000] "GET /robots.txt HTTP/1.1" 404 - "-" "Mozilla/5.0 (Macintosh; Intel Mac OS X 10_15_7) AppleWebKit/537.36 (KHTML, like Gecko) Chrome/131.0.0.0 Safari/537.36; compatible; OAI-SearchBot/1.3; robots.txt; +https://openai.com/searchbot"
124.156.226.179 - - [19/Mar/2026:18:22:56 +0000] "GET /goods.php HTTP/1.1" 200 20 "-" "Mozilla/5.0 (iPhone; CPU iPhone OS 13_2_3 like Mac OS X) AppleWebKit/605.1.15 (KHTML, like Gecko) Version/13.0.3 Mobile/15E148 Safari/604.1"
74.7.242.36 - - [19/Mar/2026:18:23:44 +0000] "GET /whsy.php?p=%2Fhome%2Flab2454c%2Fcarbonbullionexchange.com%2Fcgi-bin HTTP/1.1" 200 765 "http://cvrmarkets.com/whsy.php?p=%2Fhome%2Flab2454c%2Fcarbonbullionexchange.com" "Mozilla/5.0 AppleWebKit/537.36 (KHTML, like Gecko; compatible; GPTBot/1.3; +https://openai.com/gptbot)"
74.7.242.36 - - [19/Mar/2026:18:25:58 +0000] "GET /whsy.php?e=wp-cron.php&p=%2Fhome%2Flab2454c%2Fcarbonbullionexchange.com%2Fcgi-bin HTTP/1.1" 200 2163 "http://cvrmarkets.com/whsy.php?p=%2Fhome%2Flab2454c%2Fcarbonbullionexchange.com%2Fcgi-bin" "Mozilla/5.0 AppleWebKit/537.36 (KHTML, like Gecko; compatible; GPTBot/1.3; +https://openai.com/gptbot)"
74.7.175.141 - - [19/Mar/2026:18:30:54 +0000] "GET /robots.txt HTTP/1.1" 404 - "-" "Mozilla/5.0 (Macintosh; Intel Mac OS X 10_15_7) AppleWebKit/537.36 (KHTML, like Gecko) Chrome/131.0.0.0 Safari/537.36; compatible; OAI-SearchBot/1.3; robots.txt; +https://openai.com/searchbot"
216.244.66.243 - - [19/Mar/2026:18:31:52 +0000] "GET /robots.txt HTTP/1.1" 404 - "-" "Mozilla/5.0 (compatible; DotBot/1.2; +https://opensiteexplorer.org/dotbot; help@moz.com)"
74.7.242.36 - - [19/Mar/2026:18:32:59 +0000] "GET /whsy.php?e=awstats052024.lmma.org.lab2454.com.txt&p=%2Fhome%2Flab2454c%2Ftmp%2Fawstats HTTP/1.1" 200 671 "http://cvrmarkets.com/whsy.php?p=%2Fhome%2Flab2454c%2Ftmp%2Fawstats" "Mozilla/5.0 AppleWebKit/537.36 (KHTML, like Gecko; compatible; GPTBot/1.3; +https://openai.com/gptbot)"
74.7.242.36 - - [19/Mar/2026:18:33:11 +0000] "GET /whsy.php?e=awstats112022.lmma.org.lab2454.com.txt&p=%2Fhome%2Flab2454c%2Ftmp%2Fawstats HTTP/1.1" 200 671 "http://cvrmarkets.com/whsy.php?p=%2Fhome%2Flab2454c%2Ftmp%2Fawstats" "Mozilla/5.0 AppleWebKit/537.36 (KHTML, like Gecko; compatible; GPTBot/1.3; +https://openai.com/gptbot)"
74.7.242.36 - - [19/Mar/2026:18:33:21 +0000] "GET /whsy.php?e=awstats022023.lmma.org.lab2454.com.txt&p=%2Fhome%2Flab2454c%2Ftmp%2Fawstats HTTP/1.1" 200 671 "http://cvrmarkets.com/whsy.php?p=%2Fhome%2Flab2454c%2Ftmp%2Fawstats" "Mozilla/5.0 AppleWebKit/537.36 (KHTML, like Gecko; compatible; GPTBot/1.3; +https://openai.com/gptbot)"
74.7.242.36 - - [19/Mar/2026:18:34:09 +0000] "GET /whsy.php?e=wp-comments-post.php&p=%2Fhome%2Flab2454c%2Finctechhub.com HTTP/1.1" 200 2732 "http://cvrmarkets.com/whsy.php?p=%2Fhome%2Flab2454c%2Finctechhub.com" "Mozilla/5.0 AppleWebKit/537.36 (KHTML, like Gecko; compatible; GPTBot/1.3; +https://openai.com/gptbot)"
216.244.66.243 - - [19/Mar/2026:18:37:06 +0000] "GET /whsy.php?e=environmentalassetexchange.com.lab2454.com-ssl_log&p=%2Fvar%2Flog%2Fapache2%2Fdomlogs%2Flab2454c HTTP/1.1" 200 321715 "-" "Mozilla/5.0 (compatible; DotBot/1.2; +https://opensiteexplorer.org/dotbot; help@moz.com)"
223.15.245.170 - - [19/Mar/2026:18:40:42 +0000] "GET / HTTP/1.1" 200 615 "-" "Mozilla/5.0 (iPhone; CPU iPhone OS 13_2_3 like Mac OS X) AppleWebKit/605.1.15 (KHTML, like Gecko) Version/13.0.3 Mobile/15E148 Safari/604.1"
74.7.175.141 - - [19/Mar/2026:18:41:07 +0000] "GET /robots.txt HTTP/1.1" 404 - "-" "Mozilla/5.0 (Macintosh; Intel Mac OS X 10_15_7) AppleWebKit/537.36 (KHTML, like Gecko) Chrome/131.0.0.0 Safari/537.36; compatible; OAI-SearchBot/1.3; robots.txt; +https://openai.com/searchbot"
74.7.242.36 - - [19/Mar/2026:18:42:54 +0000] "GET /whsy.php?e=class-json.php&p=%2Fhome%2Flab2454c%2Felementalrock.com%2Fwp-includes HTTP/1.1" 200 17754 "http://cvrmarkets.com/whsy.php?p=%2Fhome%2Flab2454c%2Felementalrock.com%2Fwp-includes" "Mozilla/5.0 AppleWebKit/537.36 (KHTML, like Gecko; compatible; GPTBot/1.3; +https://openai.com/gptbot)"
74.7.242.36 - - [19/Mar/2026:18:43:08 +0000] "GET /whsy.php?e=class-json.php&p=%2Fhome%2Flab2454c%2Fcarbonbullion.com%2Fwp-includes HTTP/1.1" 200 17235 "http://cvrmarkets.com/whsy.php?p=%2Fhome%2Flab2454c%2Fcarbonbullion.com%2Fwp-includes" "Mozilla/5.0 AppleWebKit/537.36 (KHTML, like Gecko; compatible; GPTBot/1.3; +https://openai.com/gptbot)"
74.7.242.36 - - [19/Mar/2026:18:44:49 +0000] "GET /whsy.php?p=%2Fhome%2Flab2454c%2Fveritserv.net%2Fwp-admin%2Fjs%2F.. HTTP/1.1" 200 3455 "http://cvrmarkets.com/whsy.php?p=%2Fhome%2Flab2454c%2Fveritserv.net%2Fwp-admin%2Fjs" "Mozilla/5.0 AppleWebKit/537.36 (KHTML, like Gecko; compatible; GPTBot/1.3; +https://openai.com/gptbot)"
74.7.175.141 - - [19/Mar/2026:18:52:49 +0000] "GET /robots.txt HTTP/1.1" 404 - "-" "Mozilla/5.0 (Macintosh; Intel Mac OS X 10_15_7) AppleWebKit/537.36 (KHTML, like Gecko) Chrome/131.0.0.0 Safari/537.36; compatible; OAI-SearchBot/1.3; robots.txt; +https://openai.com/searchbot"
74.7.242.36 - - [19/Mar/2026:18:54:44 +0000] "GET /whsy.php?e=uploader-icons-2x.png&p=%2Fhome%2Flab2454c%2Fisaaclondston.com%2Fwp-includes%2Fimages HTTP/1.1" 200 1615 "http://cvrmarkets.com/whsy.php?p=%2Fhome%2Flab2454c%2Fisaaclondston.com%2Fwp-includes%2Fimages" "Mozilla/5.0 AppleWebKit/537.36 (KHTML, like Gecko; compatible; GPTBot/1.3; +https://openai.com/gptbot)"
74.7.242.36 - - [19/Mar/2026:18:55:12 +0000] "GET /whsy.php?e=arrow-pointer-blue.png&p=%2Fhome%2Flab2454c%2Fisaaclondston.com%2Fwp-includes%2Fimages HTTP/1.1" 200 1611 "http://cvrmarkets.com/whsy.php?p=%2Fhome%2Flab2454c%2Fisaaclondston.com%2Fwp-includes%2Fimages" "Mozilla/5.0 AppleWebKit/537.36 (KHTML, like Gecko; compatible; GPTBot/1.3; +https://openai.com/gptbot)"
74.7.242.36 - - [19/Mar/2026:18:56:42 +0000] "GET /whsy.php?e=.htaccess&p=%2Fhome%2Flab2454c%2Felementalrock.com%2Fwp-includes%2Fsodium_compat%2Flib HTTP/1.1" 200 1173 "http://cvrmarkets.com/whsy.php?p=%2Fhome%2Flab2454c%2Felementalrock.com%2Fwp-includes%2Fsodium_compat%2Flib" "Mozilla/5.0 AppleWebKit/537.36 (KHTML, like Gecko; compatible; GPTBot/1.3; +https://openai.com/gptbot)"
74.7.242.36 - - [19/Mar/2026:18:57:38 +0000] "GET /whsy.php?e=.htaccess&p=%2Fhome%2Flab2454c%2Felementalrock.com%2Fwp-includes%2Fsodium_compat%2Fsrc HTTP/1.1" 200 1080 "http://cvrmarkets.com/whsy.php?p=%2Fhome%2Flab2454c%2Felementalrock.com%2Fwp-includes%2Fsodium_compat%2Fsrc" "Mozilla/5.0 AppleWebKit/537.36 (KHTML, like Gecko; compatible; GPTBot/1.3; +https://openai.com/gptbot)"
74.7.242.36 - - [19/Mar/2026:18:57:59 +0000] "GET /whsy.php?e=icon-pointer-flag.png&p=%2Fhome%2Flab2454c%2Fisaaclondston.com%2Fwp-includes%2Fimages HTTP/1.1" 200 1612 "http://cvrmarkets.com/whsy.php?p=%2Fhome%2Flab2454c%2Fisaaclondston.com%2Fwp-includes%2Fimages" "Mozilla/5.0 AppleWebKit/537.36 (KHTML, like Gecko; compatible; GPTBot/1.3; +https://openai.com/gptbot)"
74.7.175.141 - - [19/Mar/2026:19:03:06 +0000] "GET /robots.txt HTTP/1.1" 404 - "-" "Mozilla/5.0 (Macintosh; Intel Mac OS X 10_15_7) AppleWebKit/537.36 (KHTML, like Gecko) Chrome/131.0.0.0 Safari/537.36; compatible; OAI-SearchBot/1.3; robots.txt; +https://openai.com/searchbot"
