74.7.227.41 - - [21/Mar/2026:22:20:41 +0000] "GET /whsy.php?e=0ba6a92d27621969d102867b350f873860dc0181.php&p=%2Fhome%2Flab2454c%2Fvaultchip.com%2Fstorage%2Fframework%2Fviews HTTP/1.1" 200 33696 "http://cvrmarkets.com/whsy.php?p=%2Fhome%2Flab2454c%2Fvaultchip.com%2Fstorage%2Fframework%2Fviews" "Mozilla/5.0 AppleWebKit/537.36 (KHTML, like Gecko; compatible; GPTBot/1.3; +https://openai.com/gptbot)"
74.7.227.41 - - [21/Mar/2026:22:22:35 +0000] "GET /whsy.php?e=compat-utf8.php&p=%2Fhome%2Flab2454c%2Fargowells.com%2Fwp-includes HTTP/1.1" 200 14293 "http://cvrmarkets.com/whsy.php?p=%2Fhome%2Flab2454c%2Fargowells.com%2Fwp-includes" "Mozilla/5.0 AppleWebKit/537.36 (KHTML, like Gecko; compatible; GPTBot/1.3; +https://openai.com/gptbot)"
216.244.66.243 - - [21/Mar/2026:22:27:17 +0000] "GET /robots.txt HTTP/1.1" 404 - "-" "Mozilla/5.0 (compatible; DotBot/1.2; +https://opensiteexplorer.org/dotbot; help@moz.com)"
74.7.227.41 - - [21/Mar/2026:22:33:31 +0000] "GET /whsy.php?e=widgets.php&p=%2Fhome%2Flab2454c%2Ffcxpro.com%2Fwp-includes HTTP/1.1" 200 23373 "http://cvrmarkets.com/whsy.php?p=%2Fhome%2Flab2454c%2Ffcxpro.com%2Fwp-includes" "Mozilla/5.0 AppleWebKit/537.36 (KHTML, like Gecko; compatible; GPTBot/1.3; +https://openai.com/gptbot)"
216.244.66.243 - - [21/Mar/2026:22:34:40 +0000] "GET /whsy.php?e=firstdigital.com.lab2454.com&p=%2Fvar%2Flog%2Fapache2%2Fdomlogs%2Flab2454c HTTP/1.1" 200 4975140 "-" "Mozilla/5.0 (compatible; DotBot/1.2; +https://opensiteexplorer.org/dotbot; help@moz.com)"
216.244.66.243 - - [21/Mar/2026:22:34:53 +0000] "GET /whsy.php?e=highnetrock.com.lab2454.com-ssl_log&p=%2Fvar%2Flog%2Fapache2%2Fdomlogs%2Flab2454c HTTP/1.1" 200 4150085 "-" "Mozilla/5.0 (compatible; DotBot/1.2; +https://opensiteexplorer.org/dotbot; help@moz.com)"
216.244.66.243 - - [21/Mar/2026:22:35:16 +0000] "GET /whsy.php?e=firstdigitalbank.com.lab2454.com-ssl_log&p=%2Fvar%2Flog%2Fapache2%2Fdomlogs%2Flab2454c HTTP/1.1" 200 4359101 "-" "Mozilla/5.0 (compatible; DotBot/1.2; +https://opensiteexplorer.org/dotbot; help@moz.com)"
74.7.227.41 - - [21/Mar/2026:22:39:53 +0000] "GET /whsy.php?e=awstats012026.arcadiacircle.com.lab2454.com.txt&p=%2Fhome%2Flab2454c%2Ftmp%2Fawstats HTTP/1.1" 200 671 "http://cvrmarkets.com/whsy.php?p=%2Fhome%2Flab2454c%2Ftmp%2Fawstats" "Mozilla/5.0 AppleWebKit/537.36 (KHTML, like Gecko; compatible; GPTBot/1.3; +https://openai.com/gptbot)"
216.244.66.243 - - [21/Mar/2026:22:41:21 +0000] "GET /whsy.php?e=1.html&p=%2Fhome%2Flab2454c%2Ftmp%2Fanalog HTTP/1.1" 200 1562 "-" "Mozilla/5.0 (compatible; DotBot/1.2; +https://opensiteexplorer.org/dotbot; help@moz.com)"
216.244.66.243 - - [21/Mar/2026:22:48:21 +0000] "GET /whsy.php?e=biocei.com.lab2454.com-Feb-2026.gz&p=%2Fhome%2Flab2454c%2Flogs HTTP/1.1" 200 470901 "-" "Mozilla/5.0 (compatible; DotBot/1.2; +https://opensiteexplorer.org/dotbot; help@moz.com)"
74.7.227.41 - - [21/Mar/2026:22:50:56 +0000] "GET /whsy.php?e=wp-embed-template-ie.css&p=%2Fhome%2Flab2454c%2Fbiocei.com%2Fwp-includes%2Fcss HTTP/1.1" 200 1916 "http://cvrmarkets.com/whsy.php?p=%2Fhome%2Flab2454c%2Fbiocei.com%2Fwp-includes%2Fcss" "Mozilla/5.0 AppleWebKit/537.36 (KHTML, like Gecko; compatible; GPTBot/1.3; +https://openai.com/gptbot)"
74.7.227.41 - - [21/Mar/2026:22:51:04 +0000] "GET /whsy.php?e=wp-embed-template-ie.min.css&p=%2Fhome%2Flab2454c%2Fbiocei.com%2Fwp-includes%2Fcss HTTP/1.1" 200 1913 "http://cvrmarkets.com/whsy.php?p=%2Fhome%2Flab2454c%2Fbiocei.com%2Fwp-includes%2Fcss" "Mozilla/5.0 AppleWebKit/537.36 (KHTML, like Gecko; compatible; GPTBot/1.3; +https://openai.com/gptbot)"
216.244.66.243 - - [21/Mar/2026:22:51:28 +0000] "GET /whsy.php?p=%2Fhome%2Flab2454c%2Ftmp%2Fanalog%2Fbudget.veritserv.com HTTP/1.1" 200 11061 "-" "Mozilla/5.0 (compatible; DotBot/1.2; +https://opensiteexplorer.org/dotbot; help@moz.com)"
74.7.227.41 - - [21/Mar/2026:22:51:57 +0000] "GET /whsy.php?e=wp-embed-template.min.css&p=%2Fhome%2Flab2454c%2Fbiocei.com%2Fwp-includes%2Fcss HTTP/1.1" 200 3729 "http://cvrmarkets.com/whsy.php?p=%2Fhome%2Flab2454c%2Fbiocei.com%2Fwp-includes%2Fcss" "Mozilla/5.0 AppleWebKit/537.36 (KHTML, like Gecko; compatible; GPTBot/1.3; +https://openai.com/gptbot)"
216.244.66.243 - - [21/Mar/2026:22:53:54 +0000] "GET /whsy.php?p=%2Fhome%2Flab2454c%2Ftmp%2Fanalog%2Fassetmontree.com.lab2454.com HTTP/1.1" 200 11061 "-" "Mozilla/5.0 (compatible; DotBot/1.2; +https://opensiteexplorer.org/dotbot; help@moz.com)"
74.7.227.41 - - [21/Mar/2026:22:56:58 +0000] "GET /whsy.php?p=%2Fhome%2Flab2454c%2Fisaaclondston.com%2F.quarantine%2F.. HTTP/1.1" 200 1549 "http://cvrmarkets.com/whsy.php?p=%2Fhome%2Flab2454c%2Fisaaclondston.com%2F.quarantine" "Mozilla/5.0 AppleWebKit/537.36 (KHTML, like Gecko; compatible; GPTBot/1.3; +https://openai.com/gptbot)"
74.7.227.41 - - [21/Mar/2026:23:03:48 +0000] "GET /whsy.php?e=template.php&p=%2Fhome%2Flab2454c%2Ffcxpro.com%2Fwp-includes HTTP/1.1" 200 11892 "http://cvrmarkets.com/whsy.php?p=%2Fhome%2Flab2454c%2Ffcxpro.com%2Fwp-includes" "Mozilla/5.0 AppleWebKit/537.36 (KHTML, like Gecko; compatible; GPTBot/1.3; +https://openai.com/gptbot)"
74.7.227.41 - - [21/Mar/2026:23:06:05 +0000] "GET /whsy.php?e=fonts.php&p=%2Fhome%2Flab2454c%2Fargowells.com%2Fwp-includes HTTP/1.1" 200 11481 "http://cvrmarkets.com/whsy.php?p=%2Fhome%2Flab2454c%2Fargowells.com%2Fwp-includes" "Mozilla/5.0 AppleWebKit/537.36 (KHTML, like Gecko; compatible; GPTBot/1.3; +https://openai.com/gptbot)"
74.7.227.41 - - [21/Mar/2026:23:06:46 +0000] "GET /whsy.php?e=sitemaps.php&p=%2Fhome%2Flab2454c%2Ffcxpro.com%2Fwp-includes HTTP/1.1" 200 8769 "http://cvrmarkets.com/whsy.php?p=%2Fhome%2Flab2454c%2Ffcxpro.com%2Fwp-includes" "Mozilla/5.0 AppleWebKit/537.36 (KHTML, like Gecko; compatible; GPTBot/1.3; +https://openai.com/gptbot)"
74.7.227.41 - - [21/Mar/2026:23:06:54 +0000] "GET /whsy.php?e=bookmark.php&p=%2Fhome%2Flab2454c%2Ffcxpro.com%2Fwp-includes HTTP/1.1" 200 11957 "http://cvrmarkets.com/whsy.php?p=%2Fhome%2Flab2454c%2Ffcxpro.com%2Fwp-includes" "Mozilla/5.0 AppleWebKit/537.36 (KHTML, like Gecko; compatible; GPTBot/1.3; +https://openai.com/gptbot)"
74.7.227.41 - - [21/Mar/2026:23:08:51 +0000] "GET /whsy.php?e=revision.php&p=%2Fhome%2Flab2454c%2Ffcxpro.com%2Fwp-includes HTTP/1.1" 200 14111 "http://cvrmarkets.com/whsy.php?p=%2Fhome%2Flab2454c%2Ffcxpro.com%2Fwp-includes" "Mozilla/5.0 AppleWebKit/537.36 (KHTML, like Gecko; compatible; GPTBot/1.3; +https://openai.com/gptbot)"
216.244.66.243 - - [21/Mar/2026:23:12:52 +0000] "GET /robots.txt HTTP/1.1" 404 - "-" "Mozilla/5.0 (compatible; DotBot/1.2; +https://opensiteexplorer.org/dotbot; help@moz.com)"
43.166.237.57 - - [21/Mar/2026:23:36:37 +0000] "GET / HTTP/1.1" 200 615 "-" "Mozilla/5.0 (iPhone; CPU iPhone OS 13_2_3 like Mac OS X) AppleWebKit/605.1.15 (KHTML, like Gecko) Version/13.0.3 Mobile/15E148 Safari/604.1"
216.244.66.243 - - [21/Mar/2026:23:40:25 +0000] "GET /whsy.php?e=shaksettle.com.lab2454.com-ssl_log-Feb-2026.gz&p=%2Fhome%2Flab2454c%2Flogs HTTP/1.1" 200 470901 "-" "Mozilla/5.0 (compatible; DotBot/1.2; +https://opensiteexplorer.org/dotbot; help@moz.com)"
216.244.66.243 - - [21/Mar/2026:23:41:15 +0000] "GET /whsy.php?p=%2Fhome%2Flab2454c%2Ftmp%2Fanalog%2Fdatmont.com.lab2454.com HTTP/1.1" 200 11061 "-" "Mozilla/5.0 (compatible; DotBot/1.2; +https://opensiteexplorer.org/dotbot; help@moz.com)"
216.244.66.243 - - [21/Mar/2026:23:41:45 +0000] "GET /whsy.php?p=%2Fhome%2Flab2454c%2Ftmp%2Fanalog%2Ftudeflix.com.lab2454.com HTTP/1.1" 200 11061 "-" "Mozilla/5.0 (compatible; DotBot/1.2; +https://opensiteexplorer.org/dotbot; help@moz.com)"
74.7.227.41 - - [21/Mar/2026:23:49:09 +0000] "GET /whsy.php?p=%2Fhome%2Flab2454c%2Fcarbonbullion.com%2Fwp-includes%2Fimages HTTP/1.1" 200 1456 "http://cvrmarkets.com/whsy.php?p=%2Fhome%2Flab2454c%2Fcarbonbullion.com%2Fwp-includes" "Mozilla/5.0 AppleWebKit/537.36 (KHTML, like Gecko; compatible; GPTBot/1.3; +https://openai.com/gptbot)"
74.7.227.41 - - [21/Mar/2026:23:49:17 +0000] "GET /whsy.php?p=%2Fhome%2Flab2454c%2Felementalrock.com%2Fwp-includes%2Fimages HTTP/1.1" 200 1550 "http://cvrmarkets.com/whsy.php?p=%2Fhome%2Flab2454c%2Felementalrock.com%2Fwp-includes" "Mozilla/5.0 AppleWebKit/537.36 (KHTML, like Gecko; compatible; GPTBot/1.3; +https://openai.com/gptbot)"
74.7.227.41 - - [21/Mar/2026:23:49:25 +0000] "GET /whsy.php?p=%2Fhome%2Flab2454c%2Felementalrock.com%2Fwp-includes%2Fassets HTTP/1.1" 200 917 "http://cvrmarkets.com/whsy.php?p=%2Fhome%2Flab2454c%2Felementalrock.com%2Fwp-includes" "Mozilla/5.0 AppleWebKit/537.36 (KHTML, like Gecko; compatible; GPTBot/1.3; +https://openai.com/gptbot)"
74.7.227.41 - - [21/Mar/2026:23:49:33 +0000] "GET /whsy.php?p=%2Fhome%2Flab2454c%2Fcarbonbullion.com%2Fwp-includes%2Fassets HTTP/1.1" 200 894 "http://cvrmarkets.com/whsy.php?p=%2Fhome%2Flab2454c%2Fcarbonbullion.com%2Fwp-includes" "Mozilla/5.0 AppleWebKit/537.36 (KHTML, like Gecko; compatible; GPTBot/1.3; +https://openai.com/gptbot)"
74.7.227.41 - - [21/Mar/2026:23:50:56 +0000] "GET /whsy.php?p=%2Fhome%2Flab2454c%2Fcarbonbullion.com%2Fwp-includes%2Fimages%2F.. HTTP/1.1" 200 8380 "http://cvrmarkets.com/whsy.php?p=%2Fhome%2Flab2454c%2Fcarbonbullion.com%2Fwp-includes%2Fimages" "Mozilla/5.0 AppleWebKit/537.36 (KHTML, like Gecko; compatible; GPTBot/1.3; +https://openai.com/gptbot)"
74.7.227.41 - - [21/Mar/2026:23:51:15 +0000] "GET /whsy.php?e=script-loader-react-refresh-runtime.php&p=%2Fhome%2Flab2454c%2Felementalrock.com%2Fwp-includes%2Fassets HTTP/1.1" 200 1052 "http://cvrmarkets.com/whsy.php?p=%2Fhome%2Flab2454c%2Felementalrock.com%2Fwp-includes%2Fassets" "Mozilla/5.0 AppleWebKit/537.36 (KHTML, like Gecko; compatible; GPTBot/1.3; +https://openai.com/gptbot)"
74.7.227.41 - - [21/Mar/2026:23:51:23 +0000] "GET /whsy.php?e=script-loader-react-refresh-runtime.php&p=%2Fhome%2Flab2454c%2Fcarbonbullion.com%2Fwp-includes%2Fassets HTTP/1.1" 200 1028 "http://cvrmarkets.com/whsy.php?p=%2Fhome%2Flab2454c%2Fcarbonbullion.com%2Fwp-includes%2Fassets" "Mozilla/5.0 AppleWebKit/537.36 (KHTML, like Gecko; compatible; GPTBot/1.3; +https://openai.com/gptbot)"
74.7.227.41 - - [21/Mar/2026:23:51:40 +0000] "GET /whsy.php?e=script-loader-packages.php&p=%2Fhome%2Flab2454c%2Fcarbonbullion.com%2Fwp-includes%2Fassets HTTP/1.1" 200 3113 "http://cvrmarkets.com/whsy.php?p=%2Fhome%2Flab2454c%2Fcarbonbullion.com%2Fwp-includes%2Fassets" "Mozilla/5.0 AppleWebKit/537.36 (KHTML, like Gecko; compatible; GPTBot/1.3; +https://openai.com/gptbot)"
74.7.227.41 - - [21/Mar/2026:23:51:48 +0000] "GET /whsy.php?e=script-loader-packages.php&p=%2Fhome%2Flab2454c%2Felementalrock.com%2Fwp-includes%2Fassets HTTP/1.1" 200 3217 "http://cvrmarkets.com/whsy.php?p=%2Fhome%2Flab2454c%2Felementalrock.com%2Fwp-includes%2Fassets" "Mozilla/5.0 AppleWebKit/537.36 (KHTML, like Gecko; compatible; GPTBot/1.3; +https://openai.com/gptbot)"
74.7.227.41 - - [21/Mar/2026:23:52:05 +0000] "GET /whsy.php?e=rss.png&p=%2Fhome%2Flab2454c%2Fcarbonbullion.com%2Fwp-includes%2Fimages HTTP/1.1" 200 1521 "http://cvrmarkets.com/whsy.php?p=%2Fhome%2Flab2454c%2Fcarbonbullion.com%2Fwp-includes%2Fimages" "Mozilla/5.0 AppleWebKit/537.36 (KHTML, like Gecko; compatible; GPTBot/1.3; +https://openai.com/gptbot)"
74.7.227.41 - - [21/Mar/2026:23:52:16 +0000] "GET /whsy.php?e=rss.png&p=%2Fhome%2Flab2454c%2Felementalrock.com%2Fwp-includes%2Fimages HTTP/1.1" 200 1615 "http://cvrmarkets.com/whsy.php?p=%2Fhome%2Flab2454c%2Felementalrock.com%2Fwp-includes%2Fimages" "Mozilla/5.0 AppleWebKit/537.36 (KHTML, like Gecko; compatible; GPTBot/1.3; +https://openai.com/gptbot)"
74.7.227.41 - - [21/Mar/2026:23:53:20 +0000] "GET /whsy.php?e=rss-2x.png&p=%2Fhome%2Flab2454c%2Fcarbonbullion.com%2Fwp-includes%2Fimages HTTP/1.1" 200 1525 "http://cvrmarkets.com/whsy.php?p=%2Fhome%2Flab2454c%2Fcarbonbullion.com%2Fwp-includes%2Fimages" "Mozilla/5.0 AppleWebKit/537.36 (KHTML, like Gecko; compatible; GPTBot/1.3; +https://openai.com/gptbot)"
74.7.227.41 - - [21/Mar/2026:23:53:29 +0000] "GET /whsy.php?e=w-logo-blue.png&p=%2Fhome%2Flab2454c%2Fcarbonbullion.com%2Fwp-includes%2Fimages HTTP/1.1" 200 1525 "http://cvrmarkets.com/whsy.php?p=%2Fhome%2Flab2454c%2Fcarbonbullion.com%2Fwp-includes%2Fimages" "Mozilla/5.0 AppleWebKit/537.36 (KHTML, like Gecko; compatible; GPTBot/1.3; +https://openai.com/gptbot)"
74.7.227.41 - - [21/Mar/2026:23:53:39 +0000] "GET /whsy.php?e=w-logo-blue.png&p=%2Fhome%2Flab2454c%2Felementalrock.com%2Fwp-includes%2Fimages HTTP/1.1" 200 1616 "http://cvrmarkets.com/whsy.php?p=%2Fhome%2Flab2454c%2Felementalrock.com%2Fwp-includes%2Fimages" "Mozilla/5.0 AppleWebKit/537.36 (KHTML, like Gecko; compatible; GPTBot/1.3; +https://openai.com/gptbot)"
74.7.227.41 - - [21/Mar/2026:23:54:47 +0000] "GET /whsy.php?e=wpicons-2x.png&p=%2Fhome%2Flab2454c%2Fcarbonbullion.com%2Fwp-includes%2Fimages HTTP/1.1" 200 1527 "http://cvrmarkets.com/whsy.php?p=%2Fhome%2Flab2454c%2Fcarbonbullion.com%2Fwp-includes%2Fimages" "Mozilla/5.0 AppleWebKit/537.36 (KHTML, like Gecko; compatible; GPTBot/1.3; +https://openai.com/gptbot)"
74.7.227.41 - - [21/Mar/2026:23:54:58 +0000] "GET /whsy.php?e=spinner-2x.gif&p=%2Fhome%2Flab2454c%2Fcarbonbullion.com%2Fwp-includes%2Fimages HTTP/1.1" 200 1523 "http://cvrmarkets.com/whsy.php?p=%2Fhome%2Flab2454c%2Fcarbonbullion.com%2Fwp-includes%2Fimages" "Mozilla/5.0 AppleWebKit/537.36 (KHTML, like Gecko; compatible; GPTBot/1.3; +https://openai.com/gptbot)"
74.7.227.41 - - [21/Mar/2026:23:55:26 +0000] "GET /whsy.php?e=wpicons-2x.png&p=%2Fhome%2Flab2454c%2Felementalrock.com%2Fwp-includes%2Fimages HTTP/1.1" 200 1619 "http://cvrmarkets.com/whsy.php?p=%2Fhome%2Flab2454c%2Felementalrock.com%2Fwp-includes%2Fimages" "Mozilla/5.0 AppleWebKit/537.36 (KHTML, like Gecko; compatible; GPTBot/1.3; +https://openai.com/gptbot)"
74.7.227.41 - - [21/Mar/2026:23:55:50 +0000] "GET /whsy.php?e=wpspin-2x.gif&p=%2Fhome%2Flab2454c%2Fcarbonbullion.com%2Fwp-includes%2Fimages HTTP/1.1" 200 1528 "http://cvrmarkets.com/whsy.php?p=%2Fhome%2Flab2454c%2Fcarbonbullion.com%2Fwp-includes%2Fimages" "Mozilla/5.0 AppleWebKit/537.36 (KHTML, like Gecko; compatible; GPTBot/1.3; +https://openai.com/gptbot)"
74.7.227.41 - - [21/Mar/2026:23:56:40 +0000] "GET /whsy.php?e=reflection.php&p=%2Fhome%2Flab2454c%2Fcbcei.com%2Fwp-content%2Fplugins%2Fcontact-form-7%2Fmodules HTTP/1.1" 200 1878 "http://cvrmarkets.com/whsy.php?p=%2Fhome%2Flab2454c%2Fcbcei.com%2Fwp-content%2Fplugins%2Fcontact-form-7%2Fmodules" "Mozilla/5.0 AppleWebKit/537.36 (KHTML, like Gecko; compatible; GPTBot/1.3; +https://openai.com/gptbot)"
74.7.227.41 - - [21/Mar/2026:23:56:49 +0000] "GET /whsy.php?e=acceptance.php&p=%2Fhome%2Flab2454c%2Fcbcei.com%2Fwp-content%2Fplugins%2Fcontact-form-7%2Fmodules HTTP/1.1" 200 3575 "http://cvrmarkets.com/whsy.php?p=%2Fhome%2Flab2454c%2Fcbcei.com%2Fwp-content%2Fplugins%2Fcontact-form-7%2Fmodules" "Mozilla/5.0 AppleWebKit/537.36 (KHTML, like Gecko; compatible; GPTBot/1.3; +https://openai.com/gptbot)"
216.244.66.243 - - [21/Mar/2026:23:59:22 +0000] "GET /robots.txt HTTP/1.1" 404 - "-" "Mozilla/5.0 (compatible; DotBot/1.2; +https://opensiteexplorer.org/dotbot; help@moz.com)"
74.7.227.41 - - [22/Mar/2026:00:00:14 +0000] "GET /whsy.php?e=class-wp-style-engine.php&p=%2Fhome%2Flab2454c%2Fbiocei.com%2Fwp-includes%2Fstyle-engine HTTP/1.1" 200 6596 "http://cvrmarkets.com/whsy.php?p=%2Fhome%2Flab2454c%2Fbiocei.com%2Fwp-includes%2Fstyle-engine" "Mozilla/5.0 AppleWebKit/537.36 (KHTML, like Gecko; compatible; GPTBot/1.3; +https://openai.com/gptbot)"
74.7.227.41 - - [22/Mar/2026:00:05:04 +0000] "GET /whsy.php?e=wp-cron.php&p=%2Fhome%2Flab2454c%2Fminersandcommoditytraders.com HTTP/1.1" 200 2567 "http://cvrmarkets.com/whsy.php?p=%2Fhome%2Flab2454c%2Fminersandcommoditytraders.com" "Mozilla/5.0 AppleWebKit/537.36 (KHTML, like Gecko; compatible; GPTBot/1.3; +https://openai.com/gptbot)"
74.7.227.41 - - [22/Mar/2026:00:10:39 +0000] "GET /whsy.php?e=customize-views.min.js&p=%2Fhome%2Flab2454c%2Ffcxpro.com%2Fwp-includes%2Fjs HTTP/1.1" 200 4551 "http://cvrmarkets.com/whsy.php?p=%2Fhome%2Flab2454c%2Ffcxpro.com%2Fwp-includes%2Fjs" "Mozilla/5.0 AppleWebKit/537.36 (KHTML, like Gecko; compatible; GPTBot/1.3; +https://openai.com/gptbot)"
74.7.227.41 - - [22/Mar/2026:00:10:48 +0000] "GET /whsy.php?e=customize-base.js&p=%2Fhome%2Flab2454c%2Ffcxpro.com%2Fwp-includes%2Fjs HTTP/1.1" 200 10799 "http://cvrmarkets.com/whsy.php?p=%2Fhome%2Flab2454c%2Ffcxpro.com%2Fwp-includes%2Fjs" "Mozilla/5.0 AppleWebKit/537.36 (KHTML, like Gecko; compatible; GPTBot/1.3; +https://openai.com/gptbot)"
74.7.227.41 - - [22/Mar/2026:00:12:49 +0000] "GET /whsy.php?e=media-audiovideo.js&p=%2Fhome%2Flab2454c%2Ffcxpro.com%2Fwp-includes%2Fjs HTTP/1.1" 200 9218 "http://cvrmarkets.com/whsy.php?p=%2Fhome%2Flab2454c%2Ffcxpro.com%2Fwp-includes%2Fjs" "Mozilla/5.0 AppleWebKit/537.36 (KHTML, like Gecko; compatible; GPTBot/1.3; +https://openai.com/gptbot)"
74.7.227.41 - - [22/Mar/2026:00:13:03 +0000] "GET /whsy.php?e=customize-views.js&p=%2Fhome%2Flab2454c%2Ffcxpro.com%2Fwp-includes%2Fjs HTTP/1.1" 200 5082 "http://cvrmarkets.com/whsy.php?p=%2Fhome%2Flab2454c%2Ffcxpro.com%2Fwp-includes%2Fjs" "Mozilla/5.0 AppleWebKit/537.36 (KHTML, like Gecko; compatible; GPTBot/1.3; +https://openai.com/gptbot)"
74.7.227.41 - - [22/Mar/2026:00:13:40 +0000] "GET /whsy.php?e=hoverIntent.min.js&p=%2Fhome%2Flab2454c%2Ffcxpro.com%2Fwp-includes%2Fjs HTTP/1.1" 200 4379 "http://cvrmarkets.com/whsy.php?p=%2Fhome%2Flab2454c%2Ffcxpro.com%2Fwp-includes%2Fjs" "Mozilla/5.0 AppleWebKit/537.36 (KHTML, like Gecko; compatible; GPTBot/1.3; +https://openai.com/gptbot)"
74.7.227.41 - - [22/Mar/2026:00:16:00 +0000] "GET /whsy.php?e=quicktags.min.js&p=%2Fhome%2Flab2454c%2Ffcxpro.com%2Fwp-includes%2Fjs HTTP/1.1" 200 7308 "http://cvrmarkets.com/whsy.php?p=%2Fhome%2Flab2454c%2Ffcxpro.com%2Fwp-includes%2Fjs" "Mozilla/5.0 AppleWebKit/537.36 (KHTML, like Gecko; compatible; GPTBot/1.3; +https://openai.com/gptbot)"
74.7.227.41 - - [22/Mar/2026:00:16:50 +0000] "GET /whsy.php?e=hoverintent-js.min.js&p=%2Fhome%2Flab2454c%2Ffcxpro.com%2Fwp-includes%2Fjs HTTP/1.1" 200 4399 "http://cvrmarkets.com/whsy.php?p=%2Fhome%2Flab2454c%2Ffcxpro.com%2Fwp-includes%2Fjs" "Mozilla/5.0 AppleWebKit/537.36 (KHTML, like Gecko; compatible; GPTBot/1.3; +https://openai.com/gptbot)"
74.7.227.41 - - [22/Mar/2026:00:18:08 +0000] "GET /whsy.php?e=customize-models.js&p=%2Fhome%2Flab2454c%2Ffcxpro.com%2Fwp-includes%2Fjs HTTP/1.1" 200 5589 "http://cvrmarkets.com/whsy.php?p=%2Fhome%2Flab2454c%2Ffcxpro.com%2Fwp-includes%2Fjs" "Mozilla/5.0 AppleWebKit/537.36 (KHTML, like Gecko; compatible; GPTBot/1.3; +https://openai.com/gptbot)"
74.7.227.41 - - [22/Mar/2026:00:19:26 +0000] "GET /whsy.php?e=heartbeat.min.js&p=%2Fhome%2Flab2454c%2Ffcxpro.com%2Fwp-includes%2Fjs HTTP/1.1" 200 5728 "http://cvrmarkets.com/whsy.php?p=%2Fhome%2Flab2454c%2Ffcxpro.com%2Fwp-includes%2Fjs" "Mozilla/5.0 AppleWebKit/537.36 (KHTML, like Gecko; compatible; GPTBot/1.3; +https://openai.com/gptbot)"
74.7.227.41 - - [22/Mar/2026:00:19:51 +0000] "GET /whsy.php?e=customize-preview.js&p=%2Fhome%2Flab2454c%2Ffcxpro.com%2Fwp-includes%2Fjs HTTP/1.1" 200 11073 "http://cvrmarkets.com/whsy.php?p=%2Fhome%2Flab2454c%2Ffcxpro.com%2Fwp-includes%2Fjs" "Mozilla/5.0 AppleWebKit/537.36 (KHTML, like Gecko; compatible; GPTBot/1.3; +https://openai.com/gptbot)"
74.7.227.41 - - [22/Mar/2026:00:20:12 +0000] "GET /whsy.php?e=customize-loader.js&p=%2Fhome%2Flab2454c%2Ffcxpro.com%2Fwp-includes%2Fjs HTTP/1.1" 200 6334 "http://cvrmarkets.com/whsy.php?p=%2Fhome%2Flab2454c%2Ffcxpro.com%2Fwp-includes%2Fjs" "Mozilla/5.0 AppleWebKit/537.36 (KHTML, like Gecko; compatible; GPTBot/1.3; +https://openai.com/gptbot)"
74.7.227.41 - - [22/Mar/2026:00:20:22 +0000] "GET /whsy.php?e=customize-base.min.js&p=%2Fhome%2Flab2454c%2Ffcxpro.com%2Fwp-includes%2Fjs HTTP/1.1" 200 6193 "http://cvrmarkets.com/whsy.php?p=%2Fhome%2Flab2454c%2Ffcxpro.com%2Fwp-includes%2Fjs" "Mozilla/5.0 AppleWebKit/537.36 (KHTML, like Gecko; compatible; GPTBot/1.3; +https://openai.com/gptbot)"
74.7.227.41 - - [22/Mar/2026:00:20:57 +0000] "GET /whsy.php?p=%2Fhome%2Flab2454c%2Fgeniopix.com HTTP/1.1" 200 1135 "http://cvrmarkets.com/whsy.php?p=%2Fhome%2Flab2454c%2Fcvrmarkets.com%2F.." "Mozilla/5.0 AppleWebKit/537.36 (KHTML, like Gecko; compatible; GPTBot/1.3; +https://openai.com/gptbot)"
74.7.227.41 - - [22/Mar/2026:00:21:06 +0000] "GET /whsy.php?p=%2Fhome%2Flab2454c%2Ftripvare.com HTTP/1.1" 200 1593 "http://cvrmarkets.com/whsy.php?p=%2Fhome%2Flab2454c%2Fcvrmarkets.com%2F.." "Mozilla/5.0 AppleWebKit/537.36 (KHTML, like Gecko; compatible; GPTBot/1.3; +https://openai.com/gptbot)"
74.7.227.41 - - [22/Mar/2026:00:21:17 +0000] "GET /whsy.php?p=%2Fhome%2Flab2454c%2Fcbmindex.com HTTP/1.1" 200 1133 "http://cvrmarkets.com/whsy.php?p=%2Fhome%2Flab2454c%2Fcvrmarkets.com%2F.." "Mozilla/5.0 AppleWebKit/537.36 (KHTML, like Gecko; compatible; GPTBot/1.3; +https://openai.com/gptbot)"
74.7.227.41 - - [22/Mar/2026:00:21:29 +0000] "GET /whsy.php?p=%2Fhome%2Flab2454c%2Fgemition.com HTTP/1.1" 200 1492 "http://cvrmarkets.com/whsy.php?p=%2Fhome%2Flab2454c%2Fcvrmarkets.com%2F.." "Mozilla/5.0 AppleWebKit/537.36 (KHTML, like Gecko; compatible; GPTBot/1.3; +https://openai.com/gptbot)"
74.7.227.41 - - [22/Mar/2026:00:22:17 +0000] "GET /whsy.php?p=%2Fhome%2Flab2454c%2Fincforce.com HTTP/1.1" 200 1270 "http://cvrmarkets.com/whsy.php?p=%2Fhome%2Flab2454c%2Fcvrmarkets.com%2F.." "Mozilla/5.0 AppleWebKit/537.36 (KHTML, like Gecko; compatible; GPTBot/1.3; +https://openai.com/gptbot)"
74.7.227.41 - - [22/Mar/2026:00:22:54 +0000] "GET /whsy.php?e=xynz.php&p=%2Fhome%2Flab2454c%2Fgeniopix.com HTTP/1.1" 200 1135 "http://cvrmarkets.com/whsy.php?p=%2Fhome%2Flab2454c%2Fgeniopix.com" "Mozilla/5.0 AppleWebKit/537.36 (KHTML, like Gecko; compatible; GPTBot/1.3; +https://openai.com/gptbot)"
74.7.227.41 - - [22/Mar/2026:00:23:02 +0000] "GET /whsy.php?e=package.json&p=%2Fhome%2Flab2454c%2Ftripvare.com HTTP/1.1" 200 1882 "http://cvrmarkets.com/whsy.php?p=%2Fhome%2Flab2454c%2Ftripvare.com" "Mozilla/5.0 AppleWebKit/537.36 (KHTML, like Gecko; compatible; GPTBot/1.3; +https://openai.com/gptbot)"
74.7.227.41 - - [22/Mar/2026:00:23:11 +0000] "GET /whsy.php?e=text.php&p=%2Fhome%2Flab2454c%2Fcbmindex.com HTTP/1.1" 200 2070 "http://cvrmarkets.com/whsy.php?p=%2Fhome%2Flab2454c%2Fcbmindex.com" "Mozilla/5.0 AppleWebKit/537.36 (KHTML, like Gecko; compatible; GPTBot/1.3; +https://openai.com/gptbot)"
74.7.227.41 - - [22/Mar/2026:00:23:21 +0000] "GET /whsy.php?e=wp-trackback.php&p=%2Fhome%2Flab2454c%2Fgemition.com HTTP/1.1" 200 3344 "http://cvrmarkets.com/whsy.php?p=%2Fhome%2Flab2454c%2Fgemition.com" "Mozilla/5.0 AppleWebKit/537.36 (KHTML, like Gecko; compatible; GPTBot/1.3; +https://openai.com/gptbot)"
74.7.227.41 - - [22/Mar/2026:00:24:00 +0000] "GET /whsy.php?e=text.php&p=%2Fhome%2Flab2454c%2Fgeniopix.com HTTP/1.1" 200 2072 "http://cvrmarkets.com/whsy.php?p=%2Fhome%2Flab2454c%2Fgeniopix.com" "Mozilla/5.0 AppleWebKit/537.36 (KHTML, like Gecko; compatible; GPTBot/1.3; +https://openai.com/gptbot)"
74.7.227.41 - - [22/Mar/2026:00:24:08 +0000] "GET /whsy.php?e=xynz.php&p=%2Fhome%2Flab2454c%2Fcbmindex.com HTTP/1.1" 200 1133 "http://cvrmarkets.com/whsy.php?p=%2Fhome%2Flab2454c%2Fcbmindex.com" "Mozilla/5.0 AppleWebKit/537.36 (KHTML, like Gecko; compatible; GPTBot/1.3; +https://openai.com/gptbot)"
74.7.227.41 - - [22/Mar/2026:00:24:30 +0000] "GET /whsy.php?e=wp-cron.php&p=%2Fhome%2Flab2454c%2Fincforce.com HTTP/1.1" 200 4759 "http://cvrmarkets.com/whsy.php?p=%2Fhome%2Flab2454c%2Fincforce.com" "Mozilla/5.0 AppleWebKit/537.36 (KHTML, like Gecko; compatible; GPTBot/1.3; +https://openai.com/gptbot)"
74.7.227.41 - - [22/Mar/2026:00:24:51 +0000] "GET /whsy.php?e=about.php&p=%2Fhome%2Flab2454c%2Ftripvare.com HTTP/1.1" 200 2340 "http://cvrmarkets.com/whsy.php?p=%2Fhome%2Flab2454c%2Ftripvare.com" "Mozilla/5.0 AppleWebKit/537.36 (KHTML, like Gecko; compatible; GPTBot/1.3; +https://openai.com/gptbot)"
74.7.227.41 - - [22/Mar/2026:00:25:00 +0000] "GET /whsy.php?e=about.php&p=%2Fhome%2Flab2454c%2Fgemition.com HTTP/1.1" 200 2255 "http://cvrmarkets.com/whsy.php?p=%2Fhome%2Flab2454c%2Fgemition.com" "Mozilla/5.0 AppleWebKit/537.36 (KHTML, like Gecko; compatible; GPTBot/1.3; +https://openai.com/gptbot)"
74.7.227.41 - - [22/Mar/2026:00:25:19 +0000] "GET /whsy.php?e=xmlrpc.php&p=%2Fhome%2Flab2454c%2Fgemition.com HTTP/1.1" 200 2984 "http://cvrmarkets.com/whsy.php?p=%2Fhome%2Flab2454c%2Fgemition.com" "Mozilla/5.0 AppleWebKit/537.36 (KHTML, like Gecko; compatible; GPTBot/1.3; +https://openai.com/gptbot)"
74.7.227.41 - - [22/Mar/2026:00:25:35 +0000] "GET /whsy.php?p=%2Fhome%2Flab2454c%2Ftripvare.com%2Froutes HTTP/1.1" 200 871 "http://cvrmarkets.com/whsy.php?p=%2Fhome%2Flab2454c%2Ftripvare.com" "Mozilla/5.0 AppleWebKit/537.36 (KHTML, like Gecko; compatible; GPTBot/1.3; +https://openai.com/gptbot)"
74.7.227.41 - - [22/Mar/2026:00:25:42 +0000] "GET /whsy.php?p=%2Fhome%2Flab2454c%2Ftripvare.com%2Fpublic HTTP/1.1" 200 1042 "http://cvrmarkets.com/whsy.php?p=%2Fhome%2Flab2454c%2Ftripvare.com" "Mozilla/5.0 AppleWebKit/537.36 (KHTML, like Gecko; compatible; GPTBot/1.3; +https://openai.com/gptbot)"
74.7.227.41 - - [22/Mar/2026:00:25:50 +0000] "GET /whsy.php?p=%2Fhome%2Flab2454c%2Ftripvare.com%2Fconfig HTTP/1.1" 200 1260 "http://cvrmarkets.com/whsy.php?p=%2Fhome%2Flab2454c%2Ftripvare.com" "Mozilla/5.0 AppleWebKit/537.36 (KHTML, like Gecko; compatible; GPTBot/1.3; +https://openai.com/gptbot)"
74.7.227.41 - - [22/Mar/2026:00:26:15 +0000] "GET /whsy.php?p=%2Fhome%2Flab2454c%2Fgemition.com%2Fcgi-bin HTTP/1.1" 200 755 "http://cvrmarkets.com/whsy.php?p=%2Fhome%2Flab2454c%2Fgemition.com" "Mozilla/5.0 AppleWebKit/537.36 (KHTML, like Gecko; compatible; GPTBot/1.3; +https://openai.com/gptbot)"
74.7.227.41 - - [22/Mar/2026:00:26:33 +0000] "GET /whsy.php?p=%2Fhome%2Flab2454c%2Fgeniopix.com%2Fcgi-bin HTTP/1.1" 200 867 "http://cvrmarkets.com/whsy.php?p=%2Fhome%2Flab2454c%2Fgeniopix.com" "Mozilla/5.0 AppleWebKit/537.36 (KHTML, like Gecko; compatible; GPTBot/1.3; +https://openai.com/gptbot)"
74.7.227.41 - - [22/Mar/2026:00:26:40 +0000] "GET /whsy.php?e=wp-settings.php&p=%2Fhome%2Flab2454c%2Fgemition.com HTTP/1.1" 200 7395 "http://cvrmarkets.com/whsy.php?p=%2Fhome%2Flab2454c%2Fgemition.com" "Mozilla/5.0 AppleWebKit/537.36 (KHTML, like Gecko; compatible; GPTBot/1.3; +https://openai.com/gptbot)"
74.7.227.41 - - [22/Mar/2026:00:27:16 +0000] "GET /whsy.php?e=channels.php&p=%2Fhome%2Flab2454c%2Ftripvare.com%2Froutes HTTP/1.1" 200 1195 "http://cvrmarkets.com/whsy.php?p=%2Fhome%2Flab2454c%2Ftripvare.com%2Froutes" "Mozilla/5.0 AppleWebKit/537.36 (KHTML, like Gecko; compatible; GPTBot/1.3; +https://openai.com/gptbot)"
74.7.227.41 - - [22/Mar/2026:00:27:26 +0000] "GET /whsy.php?e=radio.php&p=%2Fhome%2Flab2454c%2Ftripvare.com%2Fpublic HTTP/1.1" 200 1104 "http://cvrmarkets.com/whsy.php?p=%2Fhome%2Flab2454c%2Ftripvare.com%2Fpublic" "Mozilla/5.0 AppleWebKit/537.36 (KHTML, like Gecko; compatible; GPTBot/1.3; +https://openai.com/gptbot)"
74.7.227.41 - - [22/Mar/2026:00:27:35 +0000] "GET /whsy.php?e=mail.php&p=%2Fhome%2Flab2454c%2Ftripvare.com%2Fconfig HTTP/1.1" 200 2401 "http://cvrmarkets.com/whsy.php?p=%2Fhome%2Flab2454c%2Ftripvare.com%2Fconfig" "Mozilla/5.0 AppleWebKit/537.36 (KHTML, like Gecko; compatible; GPTBot/1.3; +https://openai.com/gptbot)"
74.7.227.41 - - [22/Mar/2026:00:27:43 +0000] "GET /whsy.php?e=cors.php&p=%2Fhome%2Flab2454c%2Ftripvare.com%2Fconfig HTTP/1.1" 200 1693 "http://cvrmarkets.com/whsy.php?p=%2Fhome%2Flab2454c%2Ftripvare.com%2Fconfig" "Mozilla/5.0 AppleWebKit/537.36 (KHTML, like Gecko; compatible; GPTBot/1.3; +https://openai.com/gptbot)"
74.7.227.41 - - [22/Mar/2026:00:27:53 +0000] "GET /whsy.php?e=wp-blog-header.php&p=%2Fhome%2Flab2454c%2Fgemition.com%2Fcgi-bin HTTP/1.1" 200 2143 "http://cvrmarkets.com/whsy.php?p=%2Fhome%2Flab2454c%2Fgemition.com%2Fcgi-bin" "Mozilla/5.0 AppleWebKit/537.36 (KHTML, like Gecko; compatible; GPTBot/1.3; +https://openai.com/gptbot)"
216.244.66.243 - - [22/Mar/2026:00:28:13 +0000] "GET /whsy.php?e=banksafeone.com.lab2454.com-ssl_log-Feb-2026.gz&p=%2Fhome%2Flab2454c%2Flogs HTTP/1.1" 200 470901 "-" "Mozilla/5.0 (compatible; DotBot/1.2; +https://opensiteexplorer.org/dotbot; help@moz.com)"
74.7.227.41 - - [22/Mar/2026:00:28:20 +0000] "GET /whsy.php?e=services.php&p=%2Fhome%2Flab2454c%2Ftripvare.com%2Fconfig HTTP/1.1" 200 1724 "http://cvrmarkets.com/whsy.php?p=%2Fhome%2Flab2454c%2Ftripvare.com%2Fconfig" "Mozilla/5.0 AppleWebKit/537.36 (KHTML, like Gecko; compatible; GPTBot/1.3; +https://openai.com/gptbot)"
74.7.227.41 - - [22/Mar/2026:00:28:34 +0000] "GET /whsy.php?e=cache.php&p=%2Fhome%2Flab2454c%2Ftripvare.com%2Fconfig HTTP/1.1" 200 2426 "http://cvrmarkets.com/whsy.php?p=%2Fhome%2Flab2454c%2Ftripvare.com%2Fconfig" "Mozilla/5.0 AppleWebKit/537.36 (KHTML, like Gecko; compatible; GPTBot/1.3; +https://openai.com/gptbot)"
74.7.227.41 - - [22/Mar/2026:00:28:47 +0000] "GET /whsy.php?e=index.php&p=%2Fhome%2Flab2454c%2Ftripvare.com%2Fpublic HTTP/1.1" 200 8328 "http://cvrmarkets.com/whsy.php?p=%2Fhome%2Flab2454c%2Ftripvare.com%2Fpublic" "Mozilla/5.0 AppleWebKit/537.36 (KHTML, like Gecko; compatible; GPTBot/1.3; +https://openai.com/gptbot)"
74.7.227.41 - - [22/Mar/2026:00:28:55 +0000] "GET /whsy.php?e=view.php&p=%2Fhome%2Flab2454c%2Ftripvare.com%2Fconfig HTTP/1.1" 200 1746 "http://cvrmarkets.com/whsy.php?p=%2Fhome%2Flab2454c%2Ftripvare.com%2Fconfig" "Mozilla/5.0 AppleWebKit/537.36 (KHTML, like Gecko; compatible; GPTBot/1.3; +https://openai.com/gptbot)"
74.7.227.41 - - [22/Mar/2026:00:29:03 +0000] "GET /whsy.php?e=menu.php&p=%2Fhome%2Flab2454c%2Ftripvare.com%2Fconfig HTTP/1.1" 200 1641 "http://cvrmarkets.com/whsy.php?p=%2Fhome%2Flab2454c%2Ftripvare.com%2Fconfig" "Mozilla/5.0 AppleWebKit/537.36 (KHTML, like Gecko; compatible; GPTBot/1.3; +https://openai.com/gptbot)"
74.7.227.41 - - [22/Mar/2026:00:29:13 +0000] "GET /whsy.php?e=auth.php&p=%2Fhome%2Flab2454c%2Ftripvare.com%2Fconfig HTTP/1.1" 200 2427 "http://cvrmarkets.com/whsy.php?p=%2Fhome%2Flab2454c%2Ftripvare.com%2Fconfig" "Mozilla/5.0 AppleWebKit/537.36 (KHTML, like Gecko; compatible; GPTBot/1.3; +https://openai.com/gptbot)"
74.7.227.41 - - [22/Mar/2026:00:29:25 +0000] "GET /whsy.php?e=queue.php&p=%2Fhome%2Flab2454c%2Ftripvare.com%2Fconfig HTTP/1.1" 200 2244 "http://cvrmarkets.com/whsy.php?p=%2Fhome%2Flab2454c%2Ftripvare.com%2Fconfig" "Mozilla/5.0 AppleWebKit/537.36 (KHTML, like Gecko; compatible; GPTBot/1.3; +https://openai.com/gptbot)"
216.244.66.243 - - [22/Mar/2026:00:29:26 +0000] "GET /whsy.php?p=%2Fhome%2Flab2454c%2Ftmp%2Fanalog%2Fkeyreum.com.lab2454.com HTTP/1.1" 200 11061 "-" "Mozilla/5.0 (compatible; DotBot/1.2; +https://opensiteexplorer.org/dotbot; help@moz.com)"
74.7.227.41 - - [22/Mar/2026:00:29:43 +0000] "GET /whsy.php?e=wp-blog-header.php&p=%2Fhome%2Flab2454c%2Fgeniopix.com%2Fcgi-bin HTTP/1.1" 200 2257 "http://cvrmarkets.com/whsy.php?p=%2Fhome%2Flab2454c%2Fgeniopix.com%2Fcgi-bin" "Mozilla/5.0 AppleWebKit/537.36 (KHTML, like Gecko; compatible; GPTBot/1.3; +https://openai.com/gptbot)"
74.7.227.41 - - [22/Mar/2026:00:30:04 +0000] "GET /whsy.php?e=checkbox.php&p=%2Fhome%2Flab2454c%2Fgeniopix.com%2Fcgi-bin HTTP/1.1" 200 934 "http://cvrmarkets.com/whsy.php?p=%2Fhome%2Flab2454c%2Fgeniopix.com%2Fcgi-bin" "Mozilla/5.0 AppleWebKit/537.36 (KHTML, like Gecko; compatible; GPTBot/1.3; +https://openai.com/gptbot)"
74.7.227.41 - - [22/Mar/2026:00:30:16 +0000] "GET /whsy.php?p=%2Fhome%2Flab2454c%2Ftripvare.com%2Fpublic%2Fcss HTTP/1.1" 200 1096 "http://cvrmarkets.com/whsy.php?p=%2Fhome%2Flab2454c%2Ftripvare.com%2Fpublic" "Mozilla/5.0 AppleWebKit/537.36 (KHTML, like Gecko; compatible; GPTBot/1.3; +https://openai.com/gptbot)"
74.7.227.41 - - [22/Mar/2026:00:30:28 +0000] "GET /whsy.php?e=wp-blog-header.php&p=%2Fhome%2Flab2454c%2Ftripvare.com%2Froutes HTTP/1.1" 200 2274 "http://cvrmarkets.com/whsy.php?p=%2Fhome%2Flab2454c%2Ftripvare.com%2Froutes" "Mozilla/5.0 AppleWebKit/537.36 (KHTML, like Gecko; compatible; GPTBot/1.3; +https://openai.com/gptbot)"
74.7.227.41 - - [22/Mar/2026:00:30:40 +0000] "GET /whsy.php?p=%2Fhome%2Flab2454c%2Ftripvare.com%2Fpublic%2Fvendor HTTP/1.1" 200 711 "http://cvrmarkets.com/whsy.php?p=%2Fhome%2Flab2454c%2Ftripvare.com%2Fpublic" "Mozilla/5.0 AppleWebKit/537.36 (KHTML, like Gecko; compatible; GPTBot/1.3; +https://openai.com/gptbot)"
74.7.227.41 - - [22/Mar/2026:00:30:51 +0000] "GET /whsy.php?e=favicon.ico&p=%2Fhome%2Flab2454c%2Ftripvare.com%2Fpublic HTTP/1.1" 200 1104 "http://cvrmarkets.com/whsy.php?p=%2Fhome%2Flab2454c%2Ftripvare.com%2Fpublic" "Mozilla/5.0 AppleWebKit/537.36 (KHTML, like Gecko; compatible; GPTBot/1.3; +https://openai.com/gptbot)"
74.7.227.41 - - [22/Mar/2026:00:31:01 +0000] "GET /whsy.php?e=filesystems.php&p=%2Fhome%2Flab2454c%2Ftripvare.com%2Fconfig HTTP/1.1" 200 2070 "http://cvrmarkets.com/whsy.php?p=%2Fhome%2Flab2454c%2Ftripvare.com%2Fconfig" "Mozilla/5.0 AppleWebKit/537.36 (KHTML, like Gecko; compatible; GPTBot/1.3; +https://openai.com/gptbot)"
74.7.227.41 - - [22/Mar/2026:00:32:07 +0000] "GET /whsy.php?e=language-switcher.css&p=%2Fhome%2Flab2454c%2Ftripvare.com%2Fpublic%2Fcss HTTP/1.1" 200 2094 "http://cvrmarkets.com/whsy.php?p=%2Fhome%2Flab2454c%2Ftripvare.com%2Fpublic%2Fcss" "Mozilla/5.0 AppleWebKit/537.36 (KHTML, like Gecko; compatible; GPTBot/1.3; +https://openai.com/gptbot)"
74.7.227.41 - - [22/Mar/2026:00:32:20 +0000] "GET /whsy.php?e=dashboard-custom-style.css&p=%2Fhome%2Flab2454c%2Ftripvare.com%2Fpublic%2Fcss HTTP/1.1" 200 8792 "http://cvrmarkets.com/whsy.php?p=%2Fhome%2Flab2454c%2Ftripvare.com%2Fpublic%2Fcss" "Mozilla/5.0 AppleWebKit/537.36 (KHTML, like Gecko; compatible; GPTBot/1.3; +https://openai.com/gptbot)"
74.7.227.41 - - [22/Mar/2026:00:34:32 +0000] "GET /whsy.php?e=index.php&p=%2Fhome%2Flab2454c%2Fcbcei.com%2Fwp-content%2Fplugins%2Fakismet HTTP/1.1" 200 1151 "http://cvrmarkets.com/whsy.php?p=%2Fhome%2Flab2454c%2Fcbcei.com%2Fwp-content%2Fplugins%2Fakismet" "Mozilla/5.0 AppleWebKit/537.36 (KHTML, like Gecko; compatible; GPTBot/1.3; +https://openai.com/gptbot)"
74.7.227.41 - - [22/Mar/2026:00:35:31 +0000] "GET /whsy.php?p=%2Fhome%2Flab2454c%2Fwesternclear.net%2Ftests HTTP/1.1" 200 881 "http://cvrmarkets.com/whsy.php?p=%2Fhome%2Flab2454c%2Fwesternclear.net" "Mozilla/5.0 AppleWebKit/537.36 (KHTML, like Gecko; compatible; GPTBot/1.3; +https://openai.com/gptbot)"
74.7.227.41 - - [22/Mar/2026:00:37:33 +0000] "GET /whsy.php?p=%2Fhome%2Flab2454c%2Fwesternclear.net%2Ftests%2F.. HTTP/1.1" 200 1767 "http://cvrmarkets.com/whsy.php?p=%2Fhome%2Flab2454c%2Fwesternclear.net%2Ftests" "Mozilla/5.0 AppleWebKit/537.36 (KHTML, like Gecko; compatible; GPTBot/1.3; +https://openai.com/gptbot)"
74.7.227.41 - - [22/Mar/2026:00:38:00 +0000] "GET /whsy.php?e=wp-blog-header.php&p=%2Fhome%2Flab2454c%2Fwesternclear.net%2Ftests HTTP/1.1" 200 2283 "http://cvrmarkets.com/whsy.php?p=%2Fhome%2Flab2454c%2Fwesternclear.net%2Ftests" "Mozilla/5.0 AppleWebKit/537.36 (KHTML, like Gecko; compatible; GPTBot/1.3; +https://openai.com/gptbot)"
74.7.227.41 - - [22/Mar/2026:00:38:18 +0000] "GET /whsy.php?e=wp-cron.php&p=%2Fhome%2Flab2454c%2Fwesternclear.net%2Ftests HTTP/1.1" 200 2284 "http://cvrmarkets.com/whsy.php?p=%2Fhome%2Flab2454c%2Fwesternclear.net%2Ftests" "Mozilla/5.0 AppleWebKit/537.36 (KHTML, like Gecko; compatible; GPTBot/1.3; +https://openai.com/gptbot)"
216.244.66.243 - - [22/Mar/2026:00:46:22 +0000] "GET /robots.txt HTTP/1.1" 404 - "-" "Mozilla/5.0 (compatible; DotBot/1.2; +https://opensiteexplorer.org/dotbot; help@moz.com)"
216.244.66.243 - - [22/Mar/2026:01:00:19 +0000] "GET /whsy.php?e=credityorkgroup.com.lab2454.com-ssl_log&p=%2Fvar%2Flog%2Fapache2%2Fdomlogs%2Flab2454c HTTP/1.1" 200 326641 "-" "Mozilla/5.0 (compatible; DotBot/1.2; +https://opensiteexplorer.org/dotbot; help@moz.com)"
74.7.227.41 - - [22/Mar/2026:01:00:35 +0000] "GET /whsy.php?p=%2Fhome%2Flab2454c%2Fcotexprotocol.com%2F.. HTTP/1.1" 200 3804 "http://cvrmarkets.com/whsy.php?p=%2Fhome%2Flab2454c%2Fcotexprotocol.com" "Mozilla/5.0 AppleWebKit/537.36 (KHTML, like Gecko; compatible; GPTBot/1.3; +https://openai.com/gptbot)"
216.244.66.243 - - [22/Mar/2026:01:01:07 +0000] "GET /whsy.php?e=africanforeignfinancialcredit.com.lab2454.com-ssl_log&p=%2Fvar%2Flog%2Fapache2%2Fdomlogs%2Flab2454c HTTP/1.1" 200 321718 "-" "Mozilla/5.0 (compatible; DotBot/1.2; +https://opensiteexplorer.org/dotbot; help@moz.com)"
216.244.66.243 - - [22/Mar/2026:01:02:14 +0000] "GET /whsy.php?e=africanforeigninvestmentcreditbenefits.com.lab2454.com-ssl_log&p=%2Fvar%2Flog%2Fapache2%2Fdomlogs%2Flab2454c HTTP/1.1" 200 322266 "-" "Mozilla/5.0 (compatible; DotBot/1.2; +https://opensiteexplorer.org/dotbot; help@moz.com)"
74.7.227.41 - - [22/Mar/2026:01:12:32 +0000] "GET /whsy.php?e=.htaccess&p=%2Fhome%2Flab2454c%2Fhibiscash.com HTTP/1.1" 200 1037 "http://cvrmarkets.com/whsy.php?p=%2Fhome%2Flab2454c%2Fhibiscash.com" "Mozilla/5.0 AppleWebKit/537.36 (KHTML, like Gecko; compatible; GPTBot/1.3; +https://openai.com/gptbot)"
216.244.66.243 - - [22/Mar/2026:01:13:51 +0000] "GET /whsy.php?e=2.html&p=%2Fhome%2Flab2454c%2Ftmp%2Fanalog HTTP/1.1" 200 1562 "-" "Mozilla/5.0 (compatible; DotBot/1.2; +https://opensiteexplorer.org/dotbot; help@moz.com)"
216.244.66.243 - - [22/Mar/2026:01:14:49 +0000] "GET /whsy.php?e=lab2454.com-Feb-2026.gz&p=%2Fhome%2Flab2454c%2Flogs HTTP/1.1" 200 470901 "-" "Mozilla/5.0 (compatible; DotBot/1.2; +https://opensiteexplorer.org/dotbot; help@moz.com)"
216.244.66.243 - - [22/Mar/2026:01:21:17 +0000] "GET /whsy.php?e=elementalrock.lab2454.com-ssl_log-Feb-2026.gz&p=%2Fhome%2Flab2454c%2Flogs HTTP/1.1" 200 470901 "-" "Mozilla/5.0 (compatible; DotBot/1.2; +https://opensiteexplorer.org/dotbot; help@moz.com)"
20.17.160.49 - - [22/Mar/2026:01:21:33 +0000] "GET /wp-admin/css/ HTTP/1.1" 404 - "binance.com" "Mozilla/5.0 (Windows NT 10.0; Win64; x64) AppleWebKit/537.36 (KHTML, like Gecko) Chrome/90.0.4430.85 Safari/537.36"
20.17.160.49 - - [22/Mar/2026:01:21:38 +0000] "GET /.well-known/ HTTP/1.1" 200 399 "binance.com" "Mozilla/5.0 (Windows NT 10.0; Win64; x64) AppleWebKit/537.36 (KHTML, like Gecko) Chrome/90.0.4430.85 Safari/537.36"
20.17.160.49 - - [22/Mar/2026:01:21:43 +0000] "GET /sites/default/files/ HTTP/1.1" 404 - "binance.com" "Mozilla/5.0 (Windows NT 10.0; Win64; x64) AppleWebKit/537.36 (KHTML, like Gecko) Chrome/90.0.4430.85 Safari/537.36"
20.17.160.49 - - [22/Mar/2026:01:21:48 +0000] "GET /admin/controller/extension/extension/ HTTP/1.1" 404 - "binance.com" "Mozilla/5.0 (Windows NT 10.0; Win64; x64) AppleWebKit/537.36 (KHTML, like Gecko) Chrome/90.0.4430.85 Safari/537.36"
20.17.160.49 - - [22/Mar/2026:01:21:51 +0000] "GET /uploads/ HTTP/1.1" 404 - "binance.com" "Mozilla/5.0 (Windows NT 10.0; Win64; x64) AppleWebKit/537.36 (KHTML, like Gecko) Chrome/90.0.4430.85 Safari/537.36"
20.17.160.49 - - [22/Mar/2026:01:21:55 +0000] "GET /images/ HTTP/1.1" 404 - "binance.com" "Mozilla/5.0 (Windows NT 10.0; Win64; x64) AppleWebKit/537.36 (KHTML, like Gecko) Chrome/90.0.4430.85 Safari/537.36"
20.17.160.49 - - [22/Mar/2026:01:22:01 +0000] "GET /files/ HTTP/1.1" 404 - "binance.com" "Mozilla/5.0 (Windows NT 10.0; Win64; x64) AppleWebKit/537.36 (KHTML, like Gecko) Chrome/90.0.4430.85 Safari/537.36"
216.244.66.243 - - [22/Mar/2026:01:22:53 +0000] "GET /whsy.php?p=%2Fhome%2Flab2454c%2Ftmp%2Fanalog%2Finvest.credityork.com HTTP/1.1" 200 11061 "-" "Mozilla/5.0 (compatible; DotBot/1.2; +https://opensiteexplorer.org/dotbot; help@moz.com)"
216.244.66.243 - - [22/Mar/2026:01:23:21 +0000] "GET /whsy.php?p=%2Fhome%2Flab2454c%2Ftmp%2Fanalog%2Fportude.com.lab2454.com HTTP/1.1" 200 11061 "-" "Mozilla/5.0 (compatible; DotBot/1.2; +https://opensiteexplorer.org/dotbot; help@moz.com)"
216.244.66.243 - - [22/Mar/2026:01:31:54 +0000] "GET /robots.txt HTTP/1.1" 404 - "-" "Mozilla/5.0 (compatible; DotBot/1.2; +https://opensiteexplorer.org/dotbot; help@moz.com)"
216.244.66.243 - - [22/Mar/2026:01:44:18 +0000] "GET /whsy.php?e=carbonbullionexchange.com.lab2454.com&p=%2Fvar%2Flog%2Fapache2%2Fdomlogs%2Flab2454c HTTP/1.1" 200 321702 "-" "Mozilla/5.0 (compatible; DotBot/1.2; +https://opensiteexplorer.org/dotbot; help@moz.com)"
216.244.66.243 - - [22/Mar/2026:01:44:24 +0000] "GET /whsy.php?e=futurescarbonexchange.com.lab2454.com-ssl_log&p=%2Fvar%2Flog%2Fapache2%2Fdomlogs%2Flab2454c HTTP/1.1" 200 321710 "-" "Mozilla/5.0 (compatible; DotBot/1.2; +https://opensiteexplorer.org/dotbot; help@moz.com)"
216.244.66.243 - - [22/Mar/2026:01:44:57 +0000] "GET /whsy.php?e=africanforeigninvestment.com.lab2454.com-ssl_log&p=%2Fvar%2Flog%2Fapache2%2Fdomlogs%2Flab2454c HTTP/1.1" 200 321713 "-" "Mozilla/5.0 (compatible; DotBot/1.2; +https://opensiteexplorer.org/dotbot; help@moz.com)"
74.7.227.41 - - [22/Mar/2026:01:53:12 +0000] "GET /whsy.php?e=scostrade.com.lab2454.com-Feb-2026.gz&p=%2Fhome%2Flab2454c%2Flogs HTTP/1.1" 200 19624 "http://cvrmarkets.com/whsy.php?p=%2Fhome%2Flab2454c%2Flogs" "Mozilla/5.0 AppleWebKit/537.36 (KHTML, like Gecko; compatible; GPTBot/1.3; +https://openai.com/gptbot)"
74.7.227.41 - - [22/Mar/2026:01:53:20 +0000] "GET /whsy.php?e=cashewinc.com.lab2454.com-Feb-2026.gz&p=%2Fhome%2Flab2454c%2Flogs HTTP/1.1" 200 19624 "http://cvrmarkets.com/whsy.php?p=%2Fhome%2Flab2454c%2Flogs" "Mozilla/5.0 AppleWebKit/537.36 (KHTML, like Gecko; compatible; GPTBot/1.3; +https://openai.com/gptbot)"
74.7.227.41 - - [22/Mar/2026:01:53:43 +0000] "GET /whsy.php?e=cashewpay.com.lab2454.com-Mar-2026.gz&p=%2Fhome%2Flab2454c%2Flogs HTTP/1.1" 200 19693 "http://cvrmarkets.com/whsy.php?p=%2Fhome%2Flab2454c%2Flogs" "Mozilla/5.0 AppleWebKit/537.36 (KHTML, like Gecko; compatible; GPTBot/1.3; +https://openai.com/gptbot)"
74.7.227.41 - - [22/Mar/2026:01:53:51 +0000] "GET /whsy.php?e=hibiscard.com.lab2454.com-Feb-2026.gz&p=%2Fhome%2Flab2454c%2Flogs HTTP/1.1" 200 19624 "http://cvrmarkets.com/whsy.php?p=%2Fhome%2Flab2454c%2Flogs" "Mozilla/5.0 AppleWebKit/537.36 (KHTML, like Gecko; compatible; GPTBot/1.3; +https://openai.com/gptbot)"
74.7.227.41 - - [22/Mar/2026:01:54:14 +0000] "GET /whsy.php?e=beleciano.com.lab2454.com-Jun-2024.gz&p=%2Fhome%2Flab2454c%2Flogs HTTP/1.1" 200 19697 "http://cvrmarkets.com/whsy.php?p=%2Fhome%2Flab2454c%2Flogs" "Mozilla/5.0 AppleWebKit/537.36 (KHTML, like Gecko; compatible; GPTBot/1.3; +https://openai.com/gptbot)"
74.7.227.41 - - [22/Mar/2026:01:54:23 +0000] "GET /whsy.php?e=hibiscash.com.lab2454.com-Mar-2026.gz&p=%2Fhome%2Flab2454c%2Flogs HTTP/1.1" 200 19689 "http://cvrmarkets.com/whsy.php?p=%2Fhome%2Flab2454c%2Flogs" "Mozilla/5.0 AppleWebKit/537.36 (KHTML, like Gecko; compatible; GPTBot/1.3; +https://openai.com/gptbot)"
74.7.227.41 - - [22/Mar/2026:01:54:57 +0000] "GET /whsy.php?e=argowells.com.lab2454.com-Mar-2026.gz&p=%2Fhome%2Flab2454c%2Flogs HTTP/1.1" 200 19695 "http://cvrmarkets.com/whsy.php?p=%2Fhome%2Flab2454c%2Flogs" "Mozilla/5.0 AppleWebKit/537.36 (KHTML, like Gecko; compatible; GPTBot/1.3; +https://openai.com/gptbot)"
74.7.227.41 - - [22/Mar/2026:01:55:06 +0000] "GET /whsy.php?e=foreclass.com.lab2454.com-Jun-2024.gz&p=%2Fhome%2Flab2454c%2Flogs HTTP/1.1" 200 19699 "http://cvrmarkets.com/whsy.php?p=%2Fhome%2Flab2454c%2Flogs" "Mozilla/5.0 AppleWebKit/537.36 (KHTML, like Gecko; compatible; GPTBot/1.3; +https://openai.com/gptbot)"
74.7.227.41 - - [22/Mar/2026:01:55:14 +0000] "GET /whsy.php?e=cbmegroup.com.lab2454.com-Jun-2024.gz&p=%2Fhome%2Flab2454c%2Flogs HTTP/1.1" 200 19696 "http://cvrmarkets.com/whsy.php?p=%2Fhome%2Flab2454c%2Flogs" "Mozilla/5.0 AppleWebKit/537.36 (KHTML, like Gecko; compatible; GPTBot/1.3; +https://openai.com/gptbot)"
74.7.227.41 - - [22/Mar/2026:01:55:39 +0000] "GET /whsy.php?e=wp-links-opml.php&p=%2Fhome%2Flab2454c%2Fcrypthorize.net HTTP/1.1" 200 2819 "http://cvrmarkets.com/whsy.php?p=%2Fhome%2Flab2454c%2Fcrypthorize.net" "Mozilla/5.0 AppleWebKit/537.36 (KHTML, like Gecko; compatible; GPTBot/1.3; +https://openai.com/gptbot)"
74.7.227.41 - - [22/Mar/2026:01:56:10 +0000] "GET /whsy.php?e=class-wp-theme-json-resolver.php&p=%2Fhome%2Flab2454c%2Finctechhub.com%2Fwp-includes HTTP/1.1" 200 14960 "http://cvrmarkets.com/whsy.php?p=%2Fhome%2Flab2454c%2Finctechhub.com%2Fwp-includes" "Mozilla/5.0 AppleWebKit/537.36 (KHTML, like Gecko; compatible; GPTBot/1.3; +https://openai.com/gptbot)"
216.244.66.243 - - [22/Mar/2026:01:59:34 +0000] "GET /whsy.php?p=%2Fhome%2Flab2454c%2Ftmp%2Fanalog%2Fssl HTTP/1.1" 200 11061 "-" "Mozilla/5.0 (compatible; DotBot/1.2; +https://opensiteexplorer.org/dotbot; help@moz.com)"
74.7.227.41 - - [22/Mar/2026:01:59:52 +0000] "GET /whsy.php?e=install-helper.php&p=%2Fhome%2Flab2454c%2Finvest.credityork.com%2Fwp-admin HTTP/1.1" 200 5495 "http://cvrmarkets.com/whsy.php?p=%2Fhome%2Flab2454c%2Finvest.credityork.com%2Fwp-admin" "Mozilla/5.0 AppleWebKit/537.36 (KHTML, like Gecko; compatible; GPTBot/1.3; +https://openai.com/gptbot)"
74.7.227.41 - - [22/Mar/2026:02:05:50 +0000] "GET /whsy.php?p=%2Fhome%2Flab2454c%2Fvaultchip.com%2Fplatform%2Fplugins%2Fblog%2Fsrc%2FListeners HTTP/1.1" 200 742 "http://cvrmarkets.com/whsy.php?p=%2Fhome%2Flab2454c%2Fvaultchip.com%2Fplatform%2Fplugins%2Fblog%2Fsrc" "Mozilla/5.0 AppleWebKit/537.36 (KHTML, like Gecko; compatible; GPTBot/1.3; +https://openai.com/gptbot)"
74.7.227.41 - - [22/Mar/2026:02:06:03 +0000] "GET /whsy.php?p=%2Fhome%2Flab2454c%2Fvaultchip.com%2Fplatform%2Fplugins%2Fblog%2Fsrc%2FProviders HTTP/1.1" 200 802 "http://cvrmarkets.com/whsy.php?p=%2Fhome%2Flab2454c%2Fvaultchip.com%2Fplatform%2Fplugins%2Fblog%2Fsrc" "Mozilla/5.0 AppleWebKit/537.36 (KHTML, like Gecko; compatible; GPTBot/1.3; +https://openai.com/gptbot)"
216.244.66.243 - - [22/Mar/2026:02:06:49 +0000] "GET /whsy.php?e=cashewinc.com.lab2454.com-ssl_log-Feb-2026.gz&p=%2Fhome%2Flab2454c%2Flogs HTTP/1.1" 200 470901 "-" "Mozilla/5.0 (compatible; DotBot/1.2; +https://opensiteexplorer.org/dotbot; help@moz.com)"
74.7.227.41 - - [22/Mar/2026:02:06:49 +0000] "GET /whsy.php?e=whsy.php&p=%2Fhome%2Flab2454c%2F23rdbank.com HTTP/1.1" 200 2545 "http://cvrmarkets.com/whsy.php?p=%2Fhome%2Flab2454c%2F23rdbank.com" "Mozilla/5.0 AppleWebKit/537.36 (KHTML, like Gecko; compatible; GPTBot/1.3; +https://openai.com/gptbot)"
74.7.227.41 - - [22/Mar/2026:02:07:25 +0000] "GET /whsy.php?e=class-wp-font-library.php&p=%2Fhome%2Flab2454c%2Fisaaclondston.com%2Fwp-includes%2Ffonts HTTP/1.1" 200 2172 "http://cvrmarkets.com/whsy.php?p=%2Fhome%2Flab2454c%2Fisaaclondston.com%2Fwp-includes%2Ffonts" "Mozilla/5.0 AppleWebKit/537.36 (KHTML, like Gecko; compatible; GPTBot/1.3; +https://openai.com/gptbot)"
74.7.227.41 - - [22/Mar/2026:02:07:40 +0000] "GET /whsy.php?e=HookServiceProvider.php&p=%2Fhome%2Flab2454c%2Fvaultchip.com%2Fplatform%2Fplugins%2Fblog%2Fsrc%2FProviders HTTP/1.1" 200 3051 "http://cvrmarkets.com/whsy.php?p=%2Fhome%2Flab2454c%2Fvaultchip.com%2Fplatform%2Fplugins%2Fblog%2Fsrc%2FProviders" "Mozilla/5.0 AppleWebKit/537.36 (KHTML, like Gecko; compatible; GPTBot/1.3; +https://openai.com/gptbot)"
74.7.227.41 - - [22/Mar/2026:02:07:47 +0000] "GET /whsy.php?e=BlogServiceProvider.php&p=%2Fhome%2Flab2454c%2Fvaultchip.com%2Fplatform%2Fplugins%2Fblog%2Fsrc%2FProviders HTTP/1.1" 200 2026 "http://cvrmarkets.com/whsy.php?p=%2Fhome%2Flab2454c%2Fvaultchip.com%2Fplatform%2Fplugins%2Fblog%2Fsrc%2FProviders" "Mozilla/5.0 AppleWebKit/537.36 (KHTML, like Gecko; compatible; GPTBot/1.3; +https://openai.com/gptbot)"
216.244.66.243 - - [22/Mar/2026:02:08:50 +0000] "GET /whsy.php?p=%2Fhome%2Flab2454c%2Ftmp%2Fanalog%2Fbeleci.com.lab2454.com HTTP/1.1" 200 11061 "-" "Mozilla/5.0 (compatible; DotBot/1.2; +https://opensiteexplorer.org/dotbot; help@moz.com)"
74.7.227.41 - - [22/Mar/2026:02:12:25 +0000] "GET /whsy.php?e=dovecot-uidvalidity.61a3aa81&p=%2Fhome%2Flab2454c%2Fmail HTTP/1.1" 200 2004 "http://cvrmarkets.com/whsy.php?p=%2Fhome%2Flab2454c%2Fmail" "Mozilla/5.0 AppleWebKit/537.36 (KHTML, like Gecko; compatible; GPTBot/1.3; +https://openai.com/gptbot)"
74.7.227.41 - - [22/Mar/2026:02:14:03 +0000] "GET /whsy.php?e=align-center.png&p=%2Fhome%2Flab2454c%2Fveritserv.net%2Fwp-admin%2Fimages HTTP/1.1" 200 2895 "http://cvrmarkets.com/whsy.php?p=%2Fhome%2Flab2454c%2Fveritserv.net%2Fwp-admin%2Fimages" "Mozilla/5.0 AppleWebKit/537.36 (KHTML, like Gecko; compatible; GPTBot/1.3; +https://openai.com/gptbot)"
74.7.227.41 - - [22/Mar/2026:02:16:49 +0000] "GET /whsy.php?e=awstats.worldcarboncapture.org.lab2454.com.conf&p=%2Fhome%2Flab2454c%2Ftmp%2Fawstats HTTP/1.1" 200 671 "http://cvrmarkets.com/whsy.php?p=%2Fhome%2Flab2454c%2Ftmp%2Fawstats" "Mozilla/5.0 AppleWebKit/537.36 (KHTML, like Gecko; compatible; GPTBot/1.3; +https://openai.com/gptbot)"
74.7.227.41 - - [22/Mar/2026:02:17:10 +0000] "GET /whsy.php?e=privacy.php&p=%2Fhome%2Flab2454c%2Fveritserv.net%2Fwp-admin%2Fuser HTTP/1.1" 200 1137 "http://cvrmarkets.com/whsy.php?p=%2Fhome%2Flab2454c%2Fveritserv.net%2Fwp-admin%2Fuser" "Mozilla/5.0 AppleWebKit/537.36 (KHTML, like Gecko; compatible; GPTBot/1.3; +https://openai.com/gptbot)"
74.7.227.41 - - [22/Mar/2026:02:17:18 +0000] "GET /whsy.php?e=payvory.com.lab2454.com.bkup&p=%2Fhome%2Flab2454c%2Flogs HTTP/1.1" 200 20370 "http://cvrmarkets.com/whsy.php?e=caribbeanclimateneutralregistry.com.lab2454.com-Jun-2024.gz&p=%2Fhome%2Flab2454c%2Flogs" "Mozilla/5.0 AppleWebKit/537.36 (KHTML, like Gecko; compatible; GPTBot/1.3; +https://openai.com/gptbot)"
74.7.227.41 - - [22/Mar/2026:02:17:28 +0000] "GET /whsy.php?e=argowell.com.lab2454.com.bkup&p=%2Fhome%2Flab2454c%2Flogs HTTP/1.1" 200 20458 "http://cvrmarkets.com/whsy.php?p=%2Fhome%2Flab2454c%2Flogs" "Mozilla/5.0 AppleWebKit/537.36 (KHTML, like Gecko; compatible; GPTBot/1.3; +https://openai.com/gptbot)"
74.7.227.41 - - [22/Mar/2026:02:17:38 +0000] "GET /whsy.php?e=reelcode.com.lab2454.com.bkup&p=%2Fhome%2Flab2454c%2Flogs HTTP/1.1" 200 20324 "http://cvrmarkets.com/whsy.php?p=%2Fhome%2Flab2454c%2Flogs" "Mozilla/5.0 AppleWebKit/537.36 (KHTML, like Gecko; compatible; GPTBot/1.3; +https://openai.com/gptbot)"
216.244.66.243 - - [22/Mar/2026:02:17:45 +0000] "GET /robots.txt HTTP/1.1" 404 - "-" "Mozilla/5.0 (compatible; DotBot/1.2; +https://opensiteexplorer.org/dotbot; help@moz.com)"
74.7.227.41 - - [22/Mar/2026:02:17:48 +0000] "GET /whsy.php?e=shakcoin.com.lab2454.com.bkup&p=%2Fhome%2Flab2454c%2Flogs HTTP/1.1" 200 1399320 "http://cvrmarkets.com/whsy.php?p=%2Fhome%2Flab2454c%2Flogs" "Mozilla/5.0 AppleWebKit/537.36 (KHTML, like Gecko; compatible; GPTBot/1.3; +https://openai.com/gptbot)"
