216.244.66.243 - - [22/Mar/2026:18:58:05 +0000] "GET /whsy.php?p=%2Fhome%2Flab2454c%2Ftmp%2Fanalog%2Felementalrock.lab2454.com HTTP/1.1" 200 11061 "-" "Mozilla/5.0 (compatible; DotBot/1.2; +https://opensiteexplorer.org/dotbot; help@moz.com)"
216.244.66.243 - - [22/Mar/2026:18:58:48 +0000] "GET /whsy.php?p=%2Fhome%2Flab2454c%2Ftmp%2Fanalog%2Fargowellsproperties.com.lab2454.com HTTP/1.1" 200 11061 "-" "Mozilla/5.0 (compatible; DotBot/1.2; +https://opensiteexplorer.org/dotbot; help@moz.com)"
43.164.195.17 - - [22/Mar/2026:18:59:23 +0000] "GET /dcode.php HTTP/1.1" 200 20 "-" "Mozilla/5.0 (iPhone; CPU iPhone OS 13_2_3 like Mac OS X) AppleWebKit/605.1.15 (KHTML, like Gecko) Version/13.0.3 Mobile/15E148 Safari/604.1"
74.7.175.141 - - [22/Mar/2026:19:28:47 +0000] "GET /robots.txt HTTP/1.1" 404 - "-" "Mozilla/5.0 (Macintosh; Intel Mac OS X 10_15_7) AppleWebKit/537.36 (KHTML, like Gecko) Chrome/131.0.0.0 Safari/537.36; compatible; OAI-SearchBot/1.3; robots.txt; +https://openai.com/searchbot"
74.7.227.41 - - [22/Mar/2026:19:30:21 +0000] "GET /whsy.php?e=postbox.js&p=%2Fhome%2Flab2454c%2Fcrypthorize.net%2Fwp-admin%2Fjs HTTP/1.1" 200 8394 "http://cvrmarkets.com/whsy.php?p=%2Fhome%2Flab2454c%2Fcrypthorize.net%2Fwp-admin%2Fjs" "Mozilla/5.0 AppleWebKit/537.36 (KHTML, like Gecko; compatible; GPTBot/1.3; +https://openai.com/gptbot)"
74.7.227.41 - - [22/Mar/2026:19:30:39 +0000] "GET /whsy.php?e=updates.js&p=%2Fhome%2Flab2454c%2Fcrypthorize.net%2Fwp-admin%2Fjs HTTP/1.1" 200 21277 "http://cvrmarkets.com/whsy.php?p=%2Fhome%2Flab2454c%2Fcrypthorize.net%2Fwp-admin%2Fjs" "Mozilla/5.0 AppleWebKit/537.36 (KHTML, like Gecko; compatible; GPTBot/1.3; +https://openai.com/gptbot)"
74.7.227.41 - - [22/Mar/2026:19:31:29 +0000] "GET /whsy.php?e=accordion.js&p=%2Fhome%2Flab2454c%2Fveritserv.net%2Fwp-admin%2Fjs HTTP/1.1" 200 4405 "http://cvrmarkets.com/whsy.php?p=%2Fhome%2Flab2454c%2Fveritserv.net%2Fwp-admin%2Fjs" "Mozilla/5.0 AppleWebKit/537.36 (KHTML, like Gecko; compatible; GPTBot/1.3; +https://openai.com/gptbot)"
74.7.227.41 - - [22/Mar/2026:19:31:39 +0000] "GET /whsy.php?e=farbtastic.js&p=%2Fhome%2Flab2454c%2Fveritserv.net%2Fwp-admin%2Fjs HTTP/1.1" 200 5817 "http://cvrmarkets.com/whsy.php?p=%2Fhome%2Flab2454c%2Fveritserv.net%2Fwp-admin%2Fjs" "Mozilla/5.0 AppleWebKit/537.36 (KHTML, like Gecko; compatible; GPTBot/1.3; +https://openai.com/gptbot)"
74.7.227.41 - - [22/Mar/2026:19:31:48 +0000] "GET /whsy.php?e=widgets.js&p=%2Fhome%2Flab2454c%2Fcrypthorize.net%2Fwp-admin%2Fjs HTTP/1.1" 200 9691 "http://cvrmarkets.com/whsy.php?p=%2Fhome%2Flab2454c%2Fcrypthorize.net%2Fwp-admin%2Fjs" "Mozilla/5.0 AppleWebKit/537.36 (KHTML, like Gecko; compatible; GPTBot/1.3; +https://openai.com/gptbot)"
74.7.227.41 - - [22/Mar/2026:19:32:06 +0000] "GET /whsy.php?e=revisions.js&p=%2Fhome%2Flab2454c%2Fcrypthorize.net%2Fwp-admin%2Fjs HTTP/1.1" 200 12114 "http://cvrmarkets.com/whsy.php?p=%2Fhome%2Flab2454c%2Fcrypthorize.net%2Fwp-admin%2Fjs" "Mozilla/5.0 AppleWebKit/537.36 (KHTML, like Gecko; compatible; GPTBot/1.3; +https://openai.com/gptbot)"
216.244.66.243 - - [22/Mar/2026:19:32:50 +0000] "GET /robots.txt HTTP/1.1" 404 - "-" "Mozilla/5.0 (compatible; DotBot/1.2; +https://opensiteexplorer.org/dotbot; help@moz.com)"
74.7.227.41 - - [22/Mar/2026:19:34:13 +0000] "GET /whsy.php?e=.contactemail&p=%2Fhome%2Flab2454c HTTP/1.1" 200 3868 "http://cvrmarkets.com/whsy.php?p=%2Fhome%2Flab2454c%2Fcvrmarkets.com%2F.." "Mozilla/5.0 AppleWebKit/537.36 (KHTML, like Gecko; compatible; GPTBot/1.3; +https://openai.com/gptbot)"
74.7.175.141 - - [22/Mar/2026:19:37:21 +0000] "GET /robots.txt HTTP/1.1" 404 - "-" "Mozilla/5.0 (Macintosh; Intel Mac OS X 10_15_7) AppleWebKit/537.36 (KHTML, like Gecko) Chrome/131.0.0.0 Safari/537.36; compatible; OAI-SearchBot/1.3; robots.txt; +https://openai.com/searchbot"
74.7.227.41 - - [22/Mar/2026:19:39:19 +0000] "GET /whsy.php?e=.htaccess&p=%2Fhome%2Flab2454c%2Finvest.credityork.com%2Fwp-admin HTTP/1.1" 200 3698 "http://cvrmarkets.com/whsy.php?p=%2Fhome%2Flab2454c%2Finvest.credityork.com%2Fwp-admin" "Mozilla/5.0 AppleWebKit/537.36 (KHTML, like Gecko; compatible; GPTBot/1.3; +https://openai.com/gptbot)"
216.244.66.243 - - [22/Mar/2026:19:39:53 +0000] "GET /whsy.php?e=lab2454.com-ssl_log-Feb-2026.gz&p=%2Fhome%2Flab2454c%2Flogs HTTP/1.1" 200 470901 "-" "Mozilla/5.0 (compatible; DotBot/1.2; +https://opensiteexplorer.org/dotbot; help@moz.com)"
216.244.66.243 - - [22/Mar/2026:19:42:26 +0000] "GET /whsy.php?p=%2Fhome%2Flab2454c%2Ftmp%2Fanalog%2Famgholdingcompany.com.lab2454.com HTTP/1.1" 200 11061 "-" "Mozilla/5.0 (compatible; DotBot/1.2; +https://opensiteexplorer.org/dotbot; help@moz.com)"
74.7.175.141 - - [22/Mar/2026:19:46:23 +0000] "GET /robots.txt HTTP/1.1" 404 - "-" "Mozilla/5.0 (Macintosh; Intel Mac OS X 10_15_7) AppleWebKit/537.36 (KHTML, like Gecko) Chrome/131.0.0.0 Safari/537.36; compatible; OAI-SearchBot/1.3; robots.txt; +https://openai.com/searchbot"
74.7.227.41 - - [22/Mar/2026:19:48:05 +0000] "GET /whsy.php?p=%2Fhome%2Flab2454c%2Fargowells.com%2Fwp-includes%2FRequests%2Fsrc HTTP/1.1" 200 1261 "http://cvrmarkets.com/whsy.php?p=%2Fhome%2Flab2454c%2Fargowells.com%2Fwp-includes%2FRequests" "Mozilla/5.0 AppleWebKit/537.36 (KHTML, like Gecko; compatible; GPTBot/1.3; +https://openai.com/gptbot)"
74.7.227.41 - - [22/Mar/2026:19:50:17 +0000] "GET /whsy.php?p=%2Fhome%2Flab2454c%2Fargowells.com%2Fwp-includes%2FRequests%2Fsrc%2FResponse HTTP/1.1" 200 724 "http://cvrmarkets.com/whsy.php?p=%2Fhome%2Flab2454c%2Fargowells.com%2Fwp-includes%2FRequests%2Fsrc" "Mozilla/5.0 AppleWebKit/537.36 (KHTML, like Gecko; compatible; GPTBot/1.3; +https://openai.com/gptbot)"
74.7.227.41 - - [22/Mar/2026:19:50:25 +0000] "GET /whsy.php?e=Capability.php&p=%2Fhome%2Flab2454c%2Fargowells.com%2Fwp-includes%2FRequests%2Fsrc HTTP/1.1" 200 1623 "http://cvrmarkets.com/whsy.php?p=%2Fhome%2Flab2454c%2Fargowells.com%2Fwp-includes%2FRequests%2Fsrc" "Mozilla/5.0 AppleWebKit/537.36 (KHTML, like Gecko; compatible; GPTBot/1.3; +https://openai.com/gptbot)"
74.7.227.41 - - [22/Mar/2026:19:51:13 +0000] "GET /whsy.php?e=Proxy.php&p=%2Fhome%2Flab2454c%2Fargowells.com%2Fwp-includes%2FRequests%2Fsrc HTTP/1.1" 200 1720 "http://cvrmarkets.com/whsy.php?p=%2Fhome%2Flab2454c%2Fargowells.com%2Fwp-includes%2FRequests%2Fsrc" "Mozilla/5.0 AppleWebKit/537.36 (KHTML, like Gecko; compatible; GPTBot/1.3; +https://openai.com/gptbot)"
74.7.175.141 - - [22/Mar/2026:19:55:09 +0000] "GET /robots.txt HTTP/1.1" 404 - "-" "Mozilla/5.0 (Macintosh; Intel Mac OS X 10_15_7) AppleWebKit/537.36 (KHTML, like Gecko) Chrome/131.0.0.0 Safari/537.36; compatible; OAI-SearchBot/1.3; robots.txt; +https://openai.com/searchbot"
74.7.227.41 - - [22/Mar/2026:19:56:48 +0000] "GET /whsy.php?p=%2Fhome%2Flab2454c%2Fcbcei.com%2Fwp-content%2Fplugins%2Fcontact-form-7%2Fincludes HTTP/1.1" 200 1497 "http://cvrmarkets.com/whsy.php?p=%2Fhome%2Flab2454c%2Fcbcei.com%2Fwp-content%2Fplugins%2Fcontact-form-7" "Mozilla/5.0 AppleWebKit/537.36 (KHTML, like Gecko; compatible; GPTBot/1.3; +https://openai.com/gptbot)"
74.7.227.41 - - [22/Mar/2026:19:57:55 +0000] "GET /whsy.php?e=ava.php&p=%2Fhome%2Flab2454c%2Fssl HTTP/1.1" 200 1131 "http://cvrmarkets.com/whsy.php?p=%2Fhome%2Flab2454c%2Fssl" "Mozilla/5.0 AppleWebKit/537.36 (KHTML, like Gecko; compatible; GPTBot/1.3; +https://openai.com/gptbot)"
74.7.227.41 - - [22/Mar/2026:19:58:06 +0000] "GET /whsy.php?e=ava.php&p=%2Fhome%2Flab2454c%2Ftmp HTTP/1.1" 200 559 "http://cvrmarkets.com/whsy.php?p=%2Fhome%2Flab2454c%2Ftmp" "Mozilla/5.0 AppleWebKit/537.36 (KHTML, like Gecko; compatible; GPTBot/1.3; +https://openai.com/gptbot)"
74.7.227.41 - - [22/Mar/2026:19:58:31 +0000] "GET /whsy.php?e=text.php&p=%2Fhome%2Flab2454c%2Ftmp HTTP/1.1" 200 559 "http://cvrmarkets.com/whsy.php?p=%2Fhome%2Flab2454c%2Ftmp" "Mozilla/5.0 AppleWebKit/537.36 (KHTML, like Gecko; compatible; GPTBot/1.3; +https://openai.com/gptbot)"
74.7.227.41 - - [22/Mar/2026:19:58:43 +0000] "GET /whsy.php?e=error_log&p=%2Fhome%2Flab2454c%2Fcbcei.com%2Fwp-content%2Fplugins%2Fcontact-form-7%2Fincludes HTTP/1.1" 200 1900 "http://cvrmarkets.com/whsy.php?p=%2Fhome%2Flab2454c%2Fcbcei.com%2Fwp-content%2Fplugins%2Fcontact-form-7%2Fincludes" "Mozilla/5.0 AppleWebKit/537.36 (KHTML, like Gecko; compatible; GPTBot/1.3; +https://openai.com/gptbot)"
74.7.227.41 - - [22/Mar/2026:19:58:52 +0000] "GET /whsy.php?e=form-tag.php&p=%2Fhome%2Flab2454c%2Fcbcei.com%2Fwp-content%2Fplugins%2Fcontact-form-7%2Fincludes HTTP/1.1" 200 4536 "http://cvrmarkets.com/whsy.php?p=%2Fhome%2Flab2454c%2Fcbcei.com%2Fwp-content%2Fplugins%2Fcontact-form-7%2Fincludes" "Mozilla/5.0 AppleWebKit/537.36 (KHTML, like Gecko; compatible; GPTBot/1.3; +https://openai.com/gptbot)"
74.7.227.41 - - [22/Mar/2026:19:59:00 +0000] "GET /whsy.php?e=shortcodes.php&p=%2Fhome%2Flab2454c%2Fcbcei.com%2Fwp-content%2Fplugins%2Fcontact-form-7%2Fincludes HTTP/1.1" 200 2153 "http://cvrmarkets.com/whsy.php?p=%2Fhome%2Flab2454c%2Fcbcei.com%2Fwp-content%2Fplugins%2Fcontact-form-7%2Fincludes" "Mozilla/5.0 AppleWebKit/537.36 (KHTML, like Gecko; compatible; GPTBot/1.3; +https://openai.com/gptbot)"
74.7.227.41 - - [22/Mar/2026:19:59:09 +0000] "GET /whsy.php?e=submission.php&p=%2Fhome%2Flab2454c%2Fcbcei.com%2Fwp-content%2Fplugins%2Fcontact-form-7%2Fincludes HTTP/1.1" 200 7172 "http://cvrmarkets.com/whsy.php?p=%2Fhome%2Flab2454c%2Fcbcei.com%2Fwp-content%2Fplugins%2Fcontact-form-7%2Fincludes" "Mozilla/5.0 AppleWebKit/537.36 (KHTML, like Gecko; compatible; GPTBot/1.3; +https://openai.com/gptbot)"
74.7.227.41 - - [22/Mar/2026:19:59:18 +0000] "GET /whsy.php?e=controller.php&p=%2Fhome%2Flab2454c%2Fcbcei.com%2Fwp-content%2Fplugins%2Fcontact-form-7%2Fincludes HTTP/1.1" 200 2522 "http://cvrmarkets.com/whsy.php?p=%2Fhome%2Flab2454c%2Fcbcei.com%2Fwp-content%2Fplugins%2Fcontact-form-7%2Fincludes" "Mozilla/5.0 AppleWebKit/537.36 (KHTML, like Gecko; compatible; GPTBot/1.3; +https://openai.com/gptbot)"
74.7.227.41 - - [22/Mar/2026:19:59:30 +0000] "GET /whsy.php?e=formatting.php&p=%2Fhome%2Flab2454c%2Fcbcei.com%2Fwp-content%2Fplugins%2Fcontact-form-7%2Fincludes HTTP/1.1" 200 4650 "http://cvrmarkets.com/whsy.php?p=%2Fhome%2Flab2454c%2Fcbcei.com%2Fwp-content%2Fplugins%2Fcontact-form-7%2Fincludes" "Mozilla/5.0 AppleWebKit/537.36 (KHTML, like Gecko; compatible; GPTBot/1.3; +https://openai.com/gptbot)"
74.7.227.41 - - [22/Mar/2026:19:59:38 +0000] "GET /whsy.php?e=validation.php&p=%2Fhome%2Flab2454c%2Fcbcei.com%2Fwp-content%2Fplugins%2Fcontact-form-7%2Fincludes HTTP/1.1" 200 2567 "http://cvrmarkets.com/whsy.php?p=%2Fhome%2Flab2454c%2Fcbcei.com%2Fwp-content%2Fplugins%2Fcontact-form-7%2Fincludes" "Mozilla/5.0 AppleWebKit/537.36 (KHTML, like Gecko; compatible; GPTBot/1.3; +https://openai.com/gptbot)"
74.7.227.41 - - [22/Mar/2026:19:59:48 +0000] "GET /whsy.php?e=functions.php&p=%2Fhome%2Flab2454c%2Fcbcei.com%2Fwp-content%2Fplugins%2Fcontact-form-7%2Fincludes HTTP/1.1" 200 6339 "http://cvrmarkets.com/whsy.php?p=%2Fhome%2Flab2454c%2Fcbcei.com%2Fwp-content%2Fplugins%2Fcontact-form-7%2Fincludes" "Mozilla/5.0 AppleWebKit/537.36 (KHTML, like Gecko; compatible; GPTBot/1.3; +https://openai.com/gptbot)"
74.7.175.141 - - [22/Mar/2026:20:00:34 +0000] "GET /robots.txt HTTP/1.1" 404 - "-" "Mozilla/5.0 (Macintosh; Intel Mac OS X 10_15_7) AppleWebKit/537.36 (KHTML, like Gecko) Chrome/131.0.0.0 Safari/537.36; compatible; OAI-SearchBot/1.3; robots.txt; +https://openai.com/searchbot"
74.7.227.41 - - [22/Mar/2026:20:02:25 +0000] "GET /whsy.php?e=sportstude.com.lab2454.com-ssl_log-Feb-2026.gz&p=%2Fhome%2Flab2454c%2Flogs HTTP/1.1" 200 19624 "http://cvrmarkets.com/whsy.php?p=%2Fhome%2Flab2454c%2Flogs" "Mozilla/5.0 AppleWebKit/537.36 (KHTML, like Gecko; compatible; GPTBot/1.3; +https://openai.com/gptbot)"
74.7.227.41 - - [22/Mar/2026:20:04:28 +0000] "GET /whsy.php?e=.imunify_patch_id&p=%2Fhome%2Flab2454c HTTP/1.1" 200 3961 "http://cvrmarkets.com/whsy.php?p=%2Fhome%2Flab2454c%2Fcvrmarkets.com%2F.." "Mozilla/5.0 AppleWebKit/537.36 (KHTML, like Gecko; compatible; GPTBot/1.3; +https://openai.com/gptbot)"
74.7.227.41 - - [22/Mar/2026:20:06:39 +0000] "GET /whsy.php?e=class-wp-theme-json-schema.php&p=%2Fhome%2Flab2454c%2Felementalrock.com%2Fwp-includes HTTP/1.1" 200 11279 "http://cvrmarkets.com/whsy.php?p=%2Fhome%2Flab2454c%2Felementalrock.com%2Fwp-includes" "Mozilla/5.0 AppleWebKit/537.36 (KHTML, like Gecko; compatible; GPTBot/1.3; +https://openai.com/gptbot)"
216.244.66.243 - - [22/Mar/2026:20:16:27 +0000] "GET /robots.txt HTTP/1.1" 404 - "-" "Mozilla/5.0 (compatible; DotBot/1.2; +https://opensiteexplorer.org/dotbot; help@moz.com)"
216.244.66.243 - - [22/Mar/2026:20:23:01 +0000] "GET /whsy.php?e=tonlineb.zip&p=%2Fhome%2Flab2454c%2Fnfsin.com HTTP/1.1" 200 61770 "-" "Mozilla/5.0 (compatible; DotBot/1.2; +https://opensiteexplorer.org/dotbot; help@moz.com)"
74.7.175.141 - - [22/Mar/2026:20:23:45 +0000] "GET /robots.txt HTTP/1.1" 404 - "-" "Mozilla/5.0 (Macintosh; Intel Mac OS X 10_15_7) AppleWebKit/537.36 (KHTML, like Gecko) Chrome/131.0.0.0 Safari/537.36; compatible; OAI-SearchBot/1.3; robots.txt; +https://openai.com/searchbot"
216.244.66.243 - - [22/Mar/2026:20:25:12 +0000] "GET /whsy.php?p=%2Fhome%2Flab2454c%2Ftmp%2Fanalog%2Fmact34.com.lab2454.com HTTP/1.1" 200 11061 "-" "Mozilla/5.0 (compatible; DotBot/1.2; +https://opensiteexplorer.org/dotbot; help@moz.com)"
74.7.227.41 - - [22/Mar/2026:20:25:12 +0000] "GET /whsy.php?e=LICENSE&p=%2Fhome%2Flab2454c%2Fcarbonbullion.com%2Fwp-includes%2Fsodium_compat HTTP/1.1" 200 1495 "http://cvrmarkets.com/whsy.php?p=%2Fhome%2Flab2454c%2Fcarbonbullion.com%2Fwp-includes%2Fsodium_compat" "Mozilla/5.0 AppleWebKit/537.36 (KHTML, like Gecko; compatible; GPTBot/1.3; +https://openai.com/gptbot)"
216.244.66.243 - - [22/Mar/2026:20:25:32 +0000] "GET /whsy.php?p=%2Fhome%2Flab2454c%2Ftmp%2Fanalog%2Fisparxcloud.com.lab2454.com HTTP/1.1" 200 11061 "-" "Mozilla/5.0 (compatible; DotBot/1.2; +https://opensiteexplorer.org/dotbot; help@moz.com)"
216.244.66.243 - - [22/Mar/2026:20:25:35 +0000] "GET /whsy.php?p=%2Fhome%2Flab2454c%2Ftmp%2Fanalog%2Fomvstudio.com.lab2454.com HTTP/1.1" 200 11061 "-" "Mozilla/5.0 (compatible; DotBot/1.2; +https://opensiteexplorer.org/dotbot; help@moz.com)"
216.244.66.243 - - [22/Mar/2026:20:26:26 +0000] "GET /whsy.php?p=%2Fhome%2Flab2454c%2Ftmp%2Fanalog%2Fclimatefinancebank.com.lab2454.com HTTP/1.1" 200 11061 "-" "Mozilla/5.0 (compatible; DotBot/1.2; +https://opensiteexplorer.org/dotbot; help@moz.com)"
74.7.227.41 - - [22/Mar/2026:20:26:27 +0000] "GET /whsy.php?e=whsy.php&p=%2Fhome%2Flab2454c%2Ffinancial.datmont.com HTTP/1.1" 200 3037 "http://cvrmarkets.com/whsy.php?p=%2Fhome%2Flab2454c%2Ffinancial.datmont.com" "Mozilla/5.0 AppleWebKit/537.36 (KHTML, like Gecko; compatible; GPTBot/1.3; +https://openai.com/gptbot)"
74.7.175.141 - - [22/Mar/2026:20:41:28 +0000] "GET /robots.txt HTTP/1.1" 404 - "-" "Mozilla/5.0 (Macintosh; Intel Mac OS X 10_15_7) AppleWebKit/537.36 (KHTML, like Gecko) Chrome/131.0.0.0 Safari/537.36; compatible; OAI-SearchBot/1.3; robots.txt; +https://openai.com/searchbot"
74.7.227.41 - - [22/Mar/2026:20:43:01 +0000] "GET /whsy.php?e=carbonbullion.net.lab2454.com-ssl_log-Jun-2024.gz&p=%2Fhome%2Flab2454c%2Flogs HTTP/1.1" 200 19704 "http://cvrmarkets.com/whsy.php?p=%2Fhome%2Flab2454c%2Flogs" "Mozilla/5.0 AppleWebKit/537.36 (KHTML, like Gecko; compatible; GPTBot/1.3; +https://openai.com/gptbot)"
74.7.227.41 - - [22/Mar/2026:20:43:11 +0000] "GET /whsy.php?e=sparxnovate.net.lab2454.com-ssl_log-Feb-2026.gz&p=%2Fhome%2Flab2454c%2Flogs HTTP/1.1" 200 19624 "http://cvrmarkets.com/whsy.php?p=%2Fhome%2Flab2454c%2Flogs" "Mozilla/5.0 AppleWebKit/537.36 (KHTML, like Gecko; compatible; GPTBot/1.3; +https://openai.com/gptbot)"
74.7.227.41 - - [22/Mar/2026:20:43:37 +0000] "GET /whsy.php?e=sparxnovate.net.lab2454.com-ssl_log-Mar-2026.gz&p=%2Fhome%2Flab2454c%2Flogs HTTP/1.1" 200 19699 "http://cvrmarkets.com/whsy.php?p=%2Fhome%2Flab2454c%2Flogs" "Mozilla/5.0 AppleWebKit/537.36 (KHTML, like Gecko; compatible; GPTBot/1.3; +https://openai.com/gptbot)"
74.7.227.41 - - [22/Mar/2026:20:44:15 +0000] "GET /whsy.php?e=crypthorize.net.lab2454.com-ssl_log-Jun-2024.gz&p=%2Fhome%2Flab2454c%2Flogs HTTP/1.1" 200 19701 "http://cvrmarkets.com/whsy.php?p=%2Fhome%2Flab2454c%2Flogs" "Mozilla/5.0 AppleWebKit/537.36 (KHTML, like Gecko; compatible; GPTBot/1.3; +https://openai.com/gptbot)"
74.7.227.41 - - [22/Mar/2026:20:44:22 +0000] "GET /whsy.php?e=westernclear.net.lab2454.com-ssl_log-Jun-2024.gz&p=%2Fhome%2Flab2454c%2Flogs HTTP/1.1" 200 19703 "http://cvrmarkets.com/whsy.php?p=%2Fhome%2Flab2454c%2Flogs" "Mozilla/5.0 AppleWebKit/537.36 (KHTML, like Gecko; compatible; GPTBot/1.3; +https://openai.com/gptbot)"
74.7.175.141 - - [22/Mar/2026:20:46:28 +0000] "GET /robots.txt HTTP/1.1" 404 - "-" "Mozilla/5.0 (Macintosh; Intel Mac OS X 10_15_7) AppleWebKit/537.36 (KHTML, like Gecko) Chrome/131.0.0.0 Safari/537.36; compatible; OAI-SearchBot/1.3; robots.txt; +https://openai.com/searchbot"
74.7.227.41 - - [22/Mar/2026:20:46:37 +0000] "GET /whsy.php?e=dovecot.index.cache&p=%2Fhome%2Flab2454c%2Fmail HTTP/1.1" 200 2006 "http://cvrmarkets.com/whsy.php?p=%2Fhome%2Flab2454c%2Fmail" "Mozilla/5.0 AppleWebKit/537.36 (KHTML, like Gecko; compatible; GPTBot/1.3; +https://openai.com/gptbot)"
74.7.227.41 - - [22/Mar/2026:20:47:32 +0000] "GET /whsy.php?e=Diff.php&p=%2Fhome%2Flab2454c%2Fbiocei.com%2Fwp-includes%2FText HTTP/1.1" 200 3662 "http://cvrmarkets.com/whsy.php?p=%2Fhome%2Flab2454c%2Fbiocei.com%2Fwp-includes%2FText" "Mozilla/5.0 AppleWebKit/537.36 (KHTML, like Gecko; compatible; GPTBot/1.3; +https://openai.com/gptbot)"
74.7.227.41 - - [22/Mar/2026:20:48:26 +0000] "GET /whsy.php?e=compat-utf8.php&p=%2Fhome%2Flab2454c%2Fbiocei.com%2Fwp-includes HTTP/1.1" 200 14524 "http://cvrmarkets.com/whsy.php?p=%2Fhome%2Flab2454c%2Fbiocei.com%2Fwp-includes" "Mozilla/5.0 AppleWebKit/537.36 (KHTML, like Gecko; compatible; GPTBot/1.3; +https://openai.com/gptbot)"
74.7.227.41 - - [22/Mar/2026:20:48:39 +0000] "GET /whsy.php?e=class-wp-application-passwords.php&p=%2Fhome%2Flab2454c%2Finctechhub.com%2Fwp-includes HTTP/1.1" 200 11137 "http://cvrmarkets.com/whsy.php?p=%2Fhome%2Flab2454c%2Finctechhub.com%2Fwp-includes" "Mozilla/5.0 AppleWebKit/537.36 (KHTML, like Gecko; compatible; GPTBot/1.3; +https://openai.com/gptbot)"
74.7.227.41 - - [22/Mar/2026:20:49:56 +0000] "GET /whsy.php?e=alfa-rex.php&p=%2Fhome%2Flab2454c%2Fcarbonbullionmarketexchange.com HTTP/1.1" 200 1155 "http://cvrmarkets.com/whsy.php?p=%2Fhome%2Flab2454c%2Fcarbonbullionmarketexchange.com" "Mozilla/5.0 AppleWebKit/537.36 (KHTML, like Gecko; compatible; GPTBot/1.3; +https://openai.com/gptbot)"
74.7.227.41 - - [22/Mar/2026:20:50:24 +0000] "GET /whsy.php?e=alfa-rex.php&p=%2Fhome%2Flab2454c%2Fafricanforeigncreditbenefits.com HTTP/1.1" 200 1154 "http://cvrmarkets.com/whsy.php?p=%2Fhome%2Flab2454c%2Fafricanforeigncreditbenefits.com" "Mozilla/5.0 AppleWebKit/537.36 (KHTML, like Gecko; compatible; GPTBot/1.3; +https://openai.com/gptbot)"
74.7.227.41 - - [22/Mar/2026:20:50:35 +0000] "GET /whsy.php?e=randkeyword.php&p=%2Fhome%2Flab2454c%2Ftransferwit.elementalrock.com HTTP/1.1" 200 2354 "http://cvrmarkets.com/whsy.php?p=%2Fhome%2Flab2454c%2Ftransferwit.elementalrock.com" "Mozilla/5.0 AppleWebKit/537.36 (KHTML, like Gecko; compatible; GPTBot/1.3; +https://openai.com/gptbot)"
74.7.227.41 - - [22/Mar/2026:20:50:45 +0000] "GET /whsy.php?e=alfa-rex.php&p=%2Fhome%2Flab2454c%2Finternationalcarbonregistry.com HTTP/1.1" 200 1153 "http://cvrmarkets.com/whsy.php?p=%2Fhome%2Flab2454c%2Finternationalcarbonregistry.com" "Mozilla/5.0 AppleWebKit/537.36 (KHTML, like Gecko; compatible; GPTBot/1.3; +https://openai.com/gptbot)"
74.7.227.41 - - [22/Mar/2026:20:51:16 +0000] "GET /whsy.php?e=alfa-rex.php&p=%2Fhome%2Flab2454c%2Fenvironmentalassetsexchange.com HTTP/1.1" 200 1155 "http://cvrmarkets.com/whsy.php?p=%2Fhome%2Flab2454c%2Fenvironmentalassetsexchange.com" "Mozilla/5.0 AppleWebKit/537.36 (KHTML, like Gecko; compatible; GPTBot/1.3; +https://openai.com/gptbot)"
74.7.227.41 - - [22/Mar/2026:20:51:54 +0000] "GET /whsy.php?e=post-new.php&p=%2Fhome%2Flab2454c%2Finvest.credityork.com%2Fwp-admin HTTP/1.1" 200 4631 "http://cvrmarkets.com/whsy.php?p=%2Fhome%2Flab2454c%2Finvest.credityork.com%2Fwp-admin" "Mozilla/5.0 AppleWebKit/537.36 (KHTML, like Gecko; compatible; GPTBot/1.3; +https://openai.com/gptbot)"
74.7.227.41 - - [22/Mar/2026:20:52:13 +0000] "GET /whsy.php?e=TestCase.php&p=%2Fhome%2Flab2454c%2Fwesternclear.net%2Ftests HTTP/1.1" 200 1014 "http://cvrmarkets.com/whsy.php?p=%2Fhome%2Flab2454c%2Fwesternclear.net%2Ftests" "Mozilla/5.0 AppleWebKit/537.36 (KHTML, like Gecko; compatible; GPTBot/1.3; +https://openai.com/gptbot)"
74.7.175.141 - - [22/Mar/2026:20:53:52 +0000] "GET /robots.txt HTTP/1.1" 404 - "-" "Mozilla/5.0 (Macintosh; Intel Mac OS X 10_15_7) AppleWebKit/537.36 (KHTML, like Gecko) Chrome/131.0.0.0 Safari/537.36; compatible; OAI-SearchBot/1.3; robots.txt; +https://openai.com/searchbot"
74.7.227.41 - - [22/Mar/2026:20:55:32 +0000] "GET /whsy.php?e=class-wp-textdomain-registry.php&p=%2Fhome%2Flab2454c%2Fisaaclondston.com%2Fwp-includes HTTP/1.1" 200 11430 "http://cvrmarkets.com/whsy.php?p=%2Fhome%2Flab2454c%2Fisaaclondston.com%2Fwp-includes" "Mozilla/5.0 AppleWebKit/537.36 (KHTML, like Gecko; compatible; GPTBot/1.3; +https://openai.com/gptbot)"
74.7.227.41 - - [22/Mar/2026:20:56:38 +0000] "GET /whsy.php?e=Salsa20.php&p=%2Fhome%2Flab2454c%2Felementalrock.com%2Fwp-includes%2Fsodium_compat%2Fsrc%2FCore32 HTTP/1.1" 200 3211 "http://cvrmarkets.com/whsy.php?p=%2Fhome%2Flab2454c%2Felementalrock.com%2Fwp-includes%2Fsodium_compat%2Fsrc%2FCore32" "Mozilla/5.0 AppleWebKit/537.36 (KHTML, like Gecko; compatible; GPTBot/1.3; +https://openai.com/gptbot)"
74.7.227.41 - - [22/Mar/2026:20:56:55 +0000] "GET /whsy.php?e=Salsa20.php&p=%2Fhome%2Flab2454c%2Fcarbonbullion.com%2Fwp-includes%2Fsodium_compat%2Fsrc%2FCore32 HTTP/1.1" 200 3181 "http://cvrmarkets.com/whsy.php?p=%2Fhome%2Flab2454c%2Fcarbonbullion.com%2Fwp-includes%2Fsodium_compat%2Fsrc%2FCore32" "Mozilla/5.0 AppleWebKit/537.36 (KHTML, like Gecko; compatible; GPTBot/1.3; +https://openai.com/gptbot)"
74.7.227.41 - - [22/Mar/2026:20:57:55 +0000] "GET /whsy.php?e=composer.json&p=%2Fhome%2Flab2454c%2Fvaultchip.com%2Fplatform%2Fplugins%2Fanalytics HTTP/1.1" 200 1042 "http://cvrmarkets.com/whsy.php?p=%2Fhome%2Flab2454c%2Fvaultchip.com%2Fplatform%2Fplugins%2Fanalytics" "Mozilla/5.0 AppleWebKit/537.36 (KHTML, like Gecko; compatible; GPTBot/1.3; +https://openai.com/gptbot)"
216.244.66.243 - - [22/Mar/2026:20:59:48 +0000] "GET /robots.txt HTTP/1.1" 404 - "-" "Mozilla/5.0 (compatible; DotBot/1.2; +https://opensiteexplorer.org/dotbot; help@moz.com)"
74.7.175.141 - - [22/Mar/2026:21:00:56 +0000] "GET /robots.txt HTTP/1.1" 404 - "-" "Mozilla/5.0 (Macintosh; Intel Mac OS X 10_15_7) AppleWebKit/537.36 (KHTML, like Gecko) Chrome/131.0.0.0 Safari/537.36; compatible; OAI-SearchBot/1.3; robots.txt; +https://openai.com/searchbot"
74.7.227.41 - - [22/Mar/2026:21:02:31 +0000] "GET /whsy.php?p=%2Fhome%2Flab2454c%2Fvalidatekey.com%2Fwp-content%2Fthemes%2Ftwentytwenty HTTP/1.1" 200 1227 "http://cvrmarkets.com/whsy.php?p=%2Fhome%2Flab2454c%2Fvalidatekey.com%2Fwp-content%2Fthemes" "Mozilla/5.0 AppleWebKit/537.36 (KHTML, like Gecko; compatible; GPTBot/1.3; +https://openai.com/gptbot)"
74.7.227.41 - - [22/Mar/2026:21:04:08 +0000] "GET /whsy.php?p=%2Fhome%2Flab2454c%2Fvalidatekey.com%2Fwp-content%2Fthemes%2Ftwentytwenty%2Fassets HTTP/1.1" 200 581 "http://cvrmarkets.com/whsy.php?p=%2Fhome%2Flab2454c%2Fvalidatekey.com%2Fwp-content%2Fthemes%2Ftwentytwenty" "Mozilla/5.0 AppleWebKit/537.36 (KHTML, like Gecko; compatible; GPTBot/1.3; +https://openai.com/gptbot)"
74.7.227.41 - - [22/Mar/2026:21:04:17 +0000] "GET /whsy.php?p=%2Fhome%2Flab2454c%2Fvalidatekey.com%2Fwp-content%2Fthemes%2Ftwentytwenty%2Ftemplate-parts HTTP/1.1" 200 1031 "http://cvrmarkets.com/whsy.php?p=%2Fhome%2Flab2454c%2Fvalidatekey.com%2Fwp-content%2Fthemes%2Ftwentytwenty" "Mozilla/5.0 AppleWebKit/537.36 (KHTML, like Gecko; compatible; GPTBot/1.3; +https://openai.com/gptbot)"
74.7.227.41 - - [22/Mar/2026:21:04:26 +0000] "GET /whsy.php?e=screenshot.png&p=%2Fhome%2Flab2454c%2Fvalidatekey.com%2Fwp-content%2Fthemes%2Ftwentytwenty HTTP/1.1" 200 1286 "http://cvrmarkets.com/whsy.php?p=%2Fhome%2Flab2454c%2Fvalidatekey.com%2Fwp-content%2Fthemes%2Ftwentytwenty" "Mozilla/5.0 AppleWebKit/537.36 (KHTML, like Gecko; compatible; GPTBot/1.3; +https://openai.com/gptbot)"
74.7.227.41 - - [22/Mar/2026:21:04:34 +0000] "GET /whsy.php?p=%2Fhome%2Flab2454c%2Fvalidatekey.com%2Fwp-content%2Fthemes%2Ftwentytwenty%2F.. HTTP/1.1" 200 840 "http://cvrmarkets.com/whsy.php?p=%2Fhome%2Flab2454c%2Fvalidatekey.com%2Fwp-content%2Fthemes%2Ftwentytwenty" "Mozilla/5.0 AppleWebKit/537.36 (KHTML, like Gecko; compatible; GPTBot/1.3; +https://openai.com/gptbot)"
74.7.227.41 - - [22/Mar/2026:21:04:41 +0000] "GET /whsy.php?e=package-lock.json&p=%2Fhome%2Flab2454c%2Fvalidatekey.com%2Fwp-content%2Fthemes%2Ftwentytwenty HTTP/1.1" 200 168867 "http://cvrmarkets.com/whsy.php?p=%2Fhome%2Flab2454c%2Fvalidatekey.com%2Fwp-content%2Fthemes%2Ftwentytwenty" "Mozilla/5.0 AppleWebKit/537.36 (KHTML, like Gecko; compatible; GPTBot/1.3; +https://openai.com/gptbot)"
74.7.227.41 - - [22/Mar/2026:21:05:53 +0000] "GET /whsy.php?e=footer-menus-widgets.php&p=%2Fhome%2Flab2454c%2Fvalidatekey.com%2Fwp-content%2Fthemes%2Ftwentytwenty%2Ftemplate-parts HTTP/1.1" 200 2035 "http://cvrmarkets.com/whsy.php?p=%2Fhome%2Flab2454c%2Fvalidatekey.com%2Fwp-content%2Fthemes%2Ftwentytwenty%2Ftemplate-parts" "Mozilla/5.0 AppleWebKit/537.36 (KHTML, like Gecko; compatible; GPTBot/1.3; +https://openai.com/gptbot)"
74.7.227.41 - - [22/Mar/2026:21:06:04 +0000] "GET /whsy.php?p=%2Fhome%2Flab2454c%2Fvalidatekey.com%2Fwp-content%2Fthemes%2Ftwentytwenty%2Ftemplate-parts%2F.. HTTP/1.1" 200 1227 "http://cvrmarkets.com/whsy.php?p=%2Fhome%2Flab2454c%2Fvalidatekey.com%2Fwp-content%2Fthemes%2Ftwentytwenty%2Ftemplate-parts" "Mozilla/5.0 AppleWebKit/537.36 (KHTML, like Gecko; compatible; GPTBot/1.3; +https://openai.com/gptbot)"
74.7.227.41 - - [22/Mar/2026:21:06:15 +0000] "GET /whsy.php?e=modal-search.php&p=%2Fhome%2Flab2454c%2Fvalidatekey.com%2Fwp-content%2Fthemes%2Ftwentytwenty%2Ftemplate-parts HTTP/1.1" 200 1550 "http://cvrmarkets.com/whsy.php?p=%2Fhome%2Flab2454c%2Fvalidatekey.com%2Fwp-content%2Fthemes%2Ftwentytwenty%2Ftemplate-parts" "Mozilla/5.0 AppleWebKit/537.36 (KHTML, like Gecko; compatible; GPTBot/1.3; +https://openai.com/gptbot)"
216.244.66.243 - - [22/Mar/2026:21:07:05 +0000] "GET /whsy.php?e=invest.westernclear.com-Feb-2026.gz&p=%2Fhome%2Flab2454c%2Flogs HTTP/1.1" 200 470901 "-" "Mozilla/5.0 (compatible; DotBot/1.2; +https://opensiteexplorer.org/dotbot; help@moz.com)"
216.244.66.243 - - [22/Mar/2026:21:07:16 +0000] "GET /whsy.php?e=sparxnovate.com.lab2454.com-Feb-2026.gz&p=%2Fhome%2Flab2454c%2Flogs HTTP/1.1" 200 470901 "-" "Mozilla/5.0 (compatible; DotBot/1.2; +https://opensiteexplorer.org/dotbot; help@moz.com)"
216.244.66.243 - - [22/Mar/2026:21:21:19 +0000] "GET /whsy.php?p=%2Fhome%2Flab2454c%2Fsothebry.softkinesis.com%2F.well-known HTTP/1.1" 200 3198 "-" "Mozilla/5.0 (compatible; DotBot/1.2; +https://opensiteexplorer.org/dotbot; help@moz.com)"
146.19.125.132 - - [22/Mar/2026:21:36:02 +0000] "GET / HTTP/1.0" 200 2994 "http://cvrmarkets.com/" "Mozilla/5.0 (Windows NT 10.0; Win64; x64) AppleWebKit/537.36 (KHTML, like Gecko) Chrome/103.0.5060.66 Safari/537.36"
74.7.175.141 - - [22/Mar/2026:21:40:27 +0000] "GET /robots.txt HTTP/1.1" 404 - "-" "Mozilla/5.0 (Macintosh; Intel Mac OS X 10_15_7) AppleWebKit/537.36 (KHTML, like Gecko) Chrome/131.0.0.0 Safari/537.36; compatible; OAI-SearchBot/1.3; robots.txt; +https://openai.com/searchbot"
74.7.227.41 - - [22/Mar/2026:21:42:09 +0000] "GET /whsy.php?e=alfanew.php&p=%2Fhome%2Flab2454c%2Fnfsin.org HTTP/1.1" 200 1200 "http://cvrmarkets.com/whsy.php?p=%2Fhome%2Flab2454c%2Fnfsin.org" "Mozilla/5.0 AppleWebKit/537.36 (KHTML, like Gecko; compatible; GPTBot/1.3; +https://openai.com/gptbot)"
216.244.66.243 - - [22/Mar/2026:21:44:46 +0000] "GET /robots.txt HTTP/1.1" 404 - "-" "Mozilla/5.0 (compatible; DotBot/1.2; +https://opensiteexplorer.org/dotbot; help@moz.com)"
216.244.66.243 - - [22/Mar/2026:21:52:16 +0000] "GET /whsy.php?e=archfort.com.lab2454.com-Feb-2026.gz&p=%2Fhome%2Flab2454c%2Flogs HTTP/1.1" 200 470901 "-" "Mozilla/5.0 (compatible; DotBot/1.2; +https://opensiteexplorer.org/dotbot; help@moz.com)"
216.244.66.243 - - [22/Mar/2026:21:52:59 +0000] "GET /whsy.php?p=%2Fhome%2Flab2454c%2Ftmp%2Fanalog%2Fshakalar.com.lab2454.com HTTP/1.1" 200 11061 "-" "Mozilla/5.0 (compatible; DotBot/1.2; +https://opensiteexplorer.org/dotbot; help@moz.com)"
43.135.186.135 - - [22/Mar/2026:21:53:37 +0000] "GET / HTTP/1.1" 200 615 "-" "Mozilla/5.0 (iPhone; CPU iPhone OS 13_2_3 like Mac OS X) AppleWebKit/605.1.15 (KHTML, like Gecko) Version/13.0.3 Mobile/15E148 Safari/604.1"
74.7.175.141 - - [22/Mar/2026:21:58:14 +0000] "GET /robots.txt HTTP/1.1" 404 - "-" "Mozilla/5.0 (Macintosh; Intel Mac OS X 10_15_7) AppleWebKit/537.36 (KHTML, like Gecko) Chrome/131.0.0.0 Safari/537.36; compatible; OAI-SearchBot/1.3; robots.txt; +https://openai.com/searchbot"
74.7.227.41 - - [22/Mar/2026:21:59:45 +0000] "GET /whsy.php?e=embed.php&p=%2Fhome%2Flab2454c%2Fbiocei.com%2Fwp-includes HTTP/1.1" 200 19514 "http://cvrmarkets.com/whsy.php?p=%2Fhome%2Flab2454c%2Fbiocei.com%2Fwp-includes" "Mozilla/5.0 AppleWebKit/537.36 (KHTML, like Gecko; compatible; GPTBot/1.3; +https://openai.com/gptbot)"
74.7.227.41 - - [22/Mar/2026:21:59:54 +0000] "GET /whsy.php?e=class-walker-category.php&p=%2Fhome%2Flab2454c%2Fisaaclondston.com%2Fwp-includes HTTP/1.1" 200 11020 "http://cvrmarkets.com/whsy.php?p=%2Fhome%2Flab2454c%2Fisaaclondston.com%2Fwp-includes" "Mozilla/5.0 AppleWebKit/537.36 (KHTML, like Gecko; compatible; GPTBot/1.3; +https://openai.com/gptbot)"
74.7.227.41 - - [22/Mar/2026:22:00:39 +0000] "GET /whsy.php?e=class-walker-category.php&p=%2Fhome%2Flab2454c%2Fcarbonbullion.com%2Fwp-includes HTTP/1.1" 200 10856 "http://cvrmarkets.com/whsy.php?p=%2Fhome%2Flab2454c%2Fcarbonbullion.com%2Fwp-includes" "Mozilla/5.0 AppleWebKit/537.36 (KHTML, like Gecko; compatible; GPTBot/1.3; +https://openai.com/gptbot)"
74.7.227.41 - - [22/Mar/2026:22:00:48 +0000] "GET /whsy.php?e=class-walker-category.php&p=%2Fhome%2Flab2454c%2Felementalrock.com%2Fwp-includes HTTP/1.1" 200 11326 "http://cvrmarkets.com/whsy.php?p=%2Fhome%2Flab2454c%2Felementalrock.com%2Fwp-includes" "Mozilla/5.0 AppleWebKit/537.36 (KHTML, like Gecko; compatible; GPTBot/1.3; +https://openai.com/gptbot)"
216.244.66.243 - - [22/Mar/2026:22:28:48 +0000] "GET /robots.txt HTTP/1.1" 404 - "-" "Mozilla/5.0 (compatible; DotBot/1.2; +https://opensiteexplorer.org/dotbot; help@moz.com)"
216.244.66.243 - - [22/Mar/2026:22:36:41 +0000] "GET /whsy.php?e=wp-blog-header.zip&p=%2Fhome%2Flab2454c%2Fveritserv.com HTTP/1.1" 200 16944 "-" "Mozilla/5.0 (compatible; DotBot/1.2; +https://opensiteexplorer.org/dotbot; help@moz.com)"
103.217.111.234 - - [22/Mar/2026:22:37:00 +0000] "GET /wp-login.php HTTP/1.1" 404 - "-" "Mozilla/5.0"
216.244.66.243 - - [22/Mar/2026:22:37:22 +0000] "GET /whsy.php?e=caimegroup.com.lab2454.com-ssl_log-Feb-2026.gz&p=%2Fhome%2Flab2454c%2Flogs HTTP/1.1" 200 470901 "-" "Mozilla/5.0 (compatible; DotBot/1.2; +https://opensiteexplorer.org/dotbot; help@moz.com)"
74.7.175.141 - - [22/Mar/2026:22:49:22 +0000] "GET /robots.txt HTTP/1.1" 404 - "-" "Mozilla/5.0 (Macintosh; Intel Mac OS X 10_15_7) AppleWebKit/537.36 (KHTML, like Gecko) Chrome/131.0.0.0 Safari/537.36; compatible; OAI-SearchBot/1.3; robots.txt; +https://openai.com/searchbot"
74.7.227.41 - - [22/Mar/2026:22:50:51 +0000] "GET /whsy.php?p=%2Fhome%2Flab2454c%2Ftripvare.com%2Fresources%2Fviews%2Fbooking HTTP/1.1" 200 819 "http://cvrmarkets.com/whsy.php?p=%2Fhome%2Flab2454c%2Ftripvare.com%2Fresources%2Fviews" "Mozilla/5.0 AppleWebKit/537.36 (KHTML, like Gecko; compatible; GPTBot/1.3; +https://openai.com/gptbot)"
80.94.95.202 - - [22/Mar/2026:23:11:05 +0000] "GET / HTTP/1.0" 200 2994 "http://cvrmarkets.com/" "Mozilla/5.0 (Windows NT 10.0; Win64; x64) AppleWebKit/537.36 (KHTML, like Gecko) Chrome/131.0.0.0 Safari/537.36 Avast/131.0.0.0"
216.244.66.243 - - [22/Mar/2026:23:12:57 +0000] "GET /robots.txt HTTP/1.1" 404 - "-" "Mozilla/5.0 (compatible; DotBot/1.2; +https://opensiteexplorer.org/dotbot; help@moz.com)"
74.7.175.141 - - [22/Mar/2026:23:12:59 +0000] "GET /robots.txt HTTP/1.1" 404 - "-" "Mozilla/5.0 (Macintosh; Intel Mac OS X 10_15_7) AppleWebKit/537.36 (KHTML, like Gecko) Chrome/131.0.0.0 Safari/537.36; compatible; OAI-SearchBot/1.3; robots.txt; +https://openai.com/searchbot"
74.7.227.41 - - [22/Mar/2026:23:14:50 +0000] "GET /whsy.php?e=form-tags-manager.php&p=%2Fhome%2Flab2454c%2Fcbcei.com%2Fwp-content%2Fplugins%2Fcontact-form-7%2Fincludes HTTP/1.1" 200 5265 "http://cvrmarkets.com/whsy.php?p=%2Fhome%2Flab2454c%2Fcbcei.com%2Fwp-content%2Fplugins%2Fcontact-form-7%2Fincludes" "Mozilla/5.0 AppleWebKit/537.36 (KHTML, like Gecko; compatible; GPTBot/1.3; +https://openai.com/gptbot)"
74.7.227.41 - - [22/Mar/2026:23:14:58 +0000] "GET /whsy.php?p=%2Fhome%2Flab2454c%2Ffcxpro.com%2Fwp-includes%2Fjs%2Fdist HTTP/1.1" 200 3569 "http://cvrmarkets.com/whsy.php?p=%2Fhome%2Flab2454c%2Ffcxpro.com%2Fwp-includes%2Fjs" "Mozilla/5.0 AppleWebKit/537.36 (KHTML, like Gecko; compatible; GPTBot/1.3; +https://openai.com/gptbot)"
74.7.227.41 - - [22/Mar/2026:23:16:37 +0000] "GET /whsy.php?e=is-shallow-equal.min.js&p=%2Fhome%2Flab2454c%2Ffcxpro.com%2Fwp-includes%2Fjs%2Fdist HTTP/1.1" 200 4158 "http://cvrmarkets.com/whsy.php?p=%2Fhome%2Flab2454c%2Ffcxpro.com%2Fwp-includes%2Fjs%2Fdist" "Mozilla/5.0 AppleWebKit/537.36 (KHTML, like Gecko; compatible; GPTBot/1.3; +https://openai.com/gptbot)"
74.7.227.41 - - [22/Mar/2026:23:17:03 +0000] "GET /whsy.php?e=shortcode.js&p=%2Fhome%2Flab2454c%2Ffcxpro.com%2Fwp-includes%2Fjs%2Fdist HTTP/1.1" 200 9081 "http://cvrmarkets.com/whsy.php?p=%2Fhome%2Flab2454c%2Ffcxpro.com%2Fwp-includes%2Fjs%2Fdist" "Mozilla/5.0 AppleWebKit/537.36 (KHTML, like Gecko; compatible; GPTBot/1.3; +https://openai.com/gptbot)"
74.7.227.41 - - [22/Mar/2026:23:17:16 +0000] "GET /whsy.php?e=components.min.js&p=%2Fhome%2Flab2454c%2Ffcxpro.com%2Fwp-includes%2Fjs%2Fdist HTTP/1.1" 200 242845 "http://cvrmarkets.com/whsy.php?p=%2Fhome%2Flab2454c%2Ffcxpro.com%2Fwp-includes%2Fjs%2Fdist" "Mozilla/5.0 AppleWebKit/537.36 (KHTML, like Gecko; compatible; GPTBot/1.3; +https://openai.com/gptbot)"
74.7.227.41 - - [22/Mar/2026:23:17:43 +0000] "GET /whsy.php?e=element.min.js&p=%2Fhome%2Flab2454c%2Ffcxpro.com%2Fwp-includes%2Fjs%2Fdist HTTP/1.1" 200 8112 "http://cvrmarkets.com/whsy.php?p=%2Fhome%2Flab2454c%2Ffcxpro.com%2Fwp-includes%2Fjs%2Fdist" "Mozilla/5.0 AppleWebKit/537.36 (KHTML, like Gecko; compatible; GPTBot/1.3; +https://openai.com/gptbot)"
74.7.175.141 - - [22/Mar/2026:23:18:01 +0000] "GET /robots.txt HTTP/1.1" 404 - "-" "Mozilla/5.0 (Macintosh; Intel Mac OS X 10_15_7) AppleWebKit/537.36 (KHTML, like Gecko) Chrome/131.0.0.0 Safari/537.36; compatible; OAI-SearchBot/1.3; robots.txt; +https://openai.com/searchbot"
74.7.227.41 - - [22/Mar/2026:23:18:09 +0000] "GET /whsy.php?e=server-side-render.js&p=%2Fhome%2Flab2454c%2Ffcxpro.com%2Fwp-includes%2Fjs%2Fdist HTTP/1.1" 200 7005 "http://cvrmarkets.com/whsy.php?p=%2Fhome%2Flab2454c%2Ffcxpro.com%2Fwp-includes%2Fjs%2Fdist" "Mozilla/5.0 AppleWebKit/537.36 (KHTML, like Gecko; compatible; GPTBot/1.3; +https://openai.com/gptbot)"
74.7.227.41 - - [22/Mar/2026:23:18:18 +0000] "GET /whsy.php?e=notices.min.js&p=%2Fhome%2Flab2454c%2Ffcxpro.com%2Fwp-includes%2Fjs%2Fdist HTTP/1.1" 200 4619 "http://cvrmarkets.com/whsy.php?p=%2Fhome%2Flab2454c%2Ffcxpro.com%2Fwp-includes%2Fjs%2Fdist" "Mozilla/5.0 AppleWebKit/537.36 (KHTML, like Gecko; compatible; GPTBot/1.3; +https://openai.com/gptbot)"
74.7.227.41 - - [22/Mar/2026:23:18:25 +0000] "GET /whsy.php?e=compose.min.js&p=%2Fhome%2Flab2454c%2Ffcxpro.com%2Fwp-includes%2Fjs%2Fdist HTTP/1.1" 200 15161 "http://cvrmarkets.com/whsy.php?p=%2Fhome%2Flab2454c%2Ffcxpro.com%2Fwp-includes%2Fjs%2Fdist" "Mozilla/5.0 AppleWebKit/537.36 (KHTML, like Gecko; compatible; GPTBot/1.3; +https://openai.com/gptbot)"
74.7.227.41 - - [22/Mar/2026:23:18:33 +0000] "GET /whsy.php?e=shortcode.min.js&p=%2Fhome%2Flab2454c%2Ffcxpro.com%2Fwp-includes%2Fjs%2Fdist HTTP/1.1" 200 5215 "http://cvrmarkets.com/whsy.php?p=%2Fhome%2Flab2454c%2Ffcxpro.com%2Fwp-includes%2Fjs%2Fdist" "Mozilla/5.0 AppleWebKit/537.36 (KHTML, like Gecko; compatible; GPTBot/1.3; +https://openai.com/gptbot)"
74.7.227.41 - - [22/Mar/2026:23:19:09 +0000] "GET /whsy.php?e=components.js&p=%2Fhome%2Flab2454c%2Ffcxpro.com%2Fwp-includes%2Fjs%2Fdist HTTP/1.1" 200 519855 "http://cvrmarkets.com/whsy.php?p=%2Fhome%2Flab2454c%2Ffcxpro.com%2Fwp-includes%2Fjs%2Fdist" "Mozilla/5.0 AppleWebKit/537.36 (KHTML, like Gecko; compatible; GPTBot/1.3; +https://openai.com/gptbot)"
74.7.227.41 - - [22/Mar/2026:23:19:29 +0000] "GET /whsy.php?e=preferences.js&p=%2Fhome%2Flab2454c%2Ffcxpro.com%2Fwp-includes%2Fjs%2Fdist HTTP/1.1" 200 6270 "http://cvrmarkets.com/whsy.php?p=%2Fhome%2Flab2454c%2Ffcxpro.com%2Fwp-includes%2Fjs%2Fdist" "Mozilla/5.0 AppleWebKit/537.36 (KHTML, like Gecko; compatible; GPTBot/1.3; +https://openai.com/gptbot)"
74.7.227.41 - - [22/Mar/2026:23:19:45 +0000] "GET /whsy.php?e=deprecated.js&p=%2Fhome%2Flab2454c%2Ffcxpro.com%2Fwp-includes%2Fjs%2Fdist HTTP/1.1" 200 5294 "http://cvrmarkets.com/whsy.php?p=%2Fhome%2Flab2454c%2Ffcxpro.com%2Fwp-includes%2Fjs%2Fdist" "Mozilla/5.0 AppleWebKit/537.36 (KHTML, like Gecko; compatible; GPTBot/1.3; +https://openai.com/gptbot)"
74.7.227.41 - - [22/Mar/2026:23:19:53 +0000] "GET /whsy.php?e=preferences.min.js&p=%2Fhome%2Flab2454c%2Ffcxpro.com%2Fwp-includes%2Fjs%2Fdist HTTP/1.1" 200 4797 "http://cvrmarkets.com/whsy.php?p=%2Fhome%2Flab2454c%2Ffcxpro.com%2Fwp-includes%2Fjs%2Fdist" "Mozilla/5.0 AppleWebKit/537.36 (KHTML, like Gecko; compatible; GPTBot/1.3; +https://openai.com/gptbot)"
74.7.227.41 - - [22/Mar/2026:23:20:22 +0000] "GET /whsy.php?e=list-reusable-blocks.min.js&p=%2Fhome%2Flab2454c%2Ffcxpro.com%2Fwp-includes%2Fjs%2Fdist HTTP/1.1" 200 5415 "http://cvrmarkets.com/whsy.php?p=%2Fhome%2Flab2454c%2Ffcxpro.com%2Fwp-includes%2Fjs%2Fdist" "Mozilla/5.0 AppleWebKit/537.36 (KHTML, like Gecko; compatible; GPTBot/1.3; +https://openai.com/gptbot)"
74.7.227.41 - - [22/Mar/2026:23:20:30 +0000] "GET /whsy.php?e=date.min.js&p=%2Fhome%2Flab2454c%2Ffcxpro.com%2Fwp-includes%2Fjs%2Fdist HTTP/1.1" 200 37236 "http://cvrmarkets.com/whsy.php?p=%2Fhome%2Flab2454c%2Ffcxpro.com%2Fwp-includes%2Fjs%2Fdist" "Mozilla/5.0 AppleWebKit/537.36 (KHTML, like Gecko; compatible; GPTBot/1.3; +https://openai.com/gptbot)"
216.244.66.243 - - [22/Mar/2026:23:20:31 +0000] "GET /whsy.php?e=scostrade.com.lab2454.com-Feb-2026.gz&p=%2Fhome%2Flab2454c%2Flogs HTTP/1.1" 200 470901 "-" "Mozilla/5.0 (compatible; DotBot/1.2; +https://opensiteexplorer.org/dotbot; help@moz.com)"
74.7.227.41 - - [22/Mar/2026:23:20:38 +0000] "GET /whsy.php?e=nux.min.js&p=%2Fhome%2Flab2454c%2Ffcxpro.com%2Fwp-includes%2Fjs%2Fdist HTTP/1.1" 200 5794 "http://cvrmarkets.com/whsy.php?p=%2Fhome%2Flab2454c%2Ffcxpro.com%2Fwp-includes%2Fjs%2Fdist" "Mozilla/5.0 AppleWebKit/537.36 (KHTML, like Gecko; compatible; GPTBot/1.3; +https://openai.com/gptbot)"
216.244.66.243 - - [22/Mar/2026:23:20:38 +0000] "GET /whsy.php?e=banksafeone.com.lab2454.com-Feb-2026.gz&p=%2Fhome%2Flab2454c%2Flogs HTTP/1.1" 200 470901 "-" "Mozilla/5.0 (compatible; DotBot/1.2; +https://opensiteexplorer.org/dotbot; help@moz.com)"
74.7.227.41 - - [22/Mar/2026:23:20:55 +0000] "GET /whsy.php?e=blob.min.js&p=%2Fhome%2Flab2454c%2Ffcxpro.com%2Fwp-includes%2Fjs%2Fdist HTTP/1.1" 200 4109 "http://cvrmarkets.com/whsy.php?p=%2Fhome%2Flab2454c%2Ffcxpro.com%2Fwp-includes%2Fjs%2Fdist" "Mozilla/5.0 AppleWebKit/537.36 (KHTML, like Gecko; compatible; GPTBot/1.3; +https://openai.com/gptbot)"
74.7.227.41 - - [22/Mar/2026:23:21:04 +0000] "GET /whsy.php?e=data.min.js&p=%2Fhome%2Flab2454c%2Ffcxpro.com%2Fwp-includes%2Fjs%2Fdist HTTP/1.1" 200 12555 "http://cvrmarkets.com/whsy.php?p=%2Fhome%2Flab2454c%2Ffcxpro.com%2Fwp-includes%2Fjs%2Fdist" "Mozilla/5.0 AppleWebKit/537.36 (KHTML, like Gecko; compatible; GPTBot/1.3; +https://openai.com/gptbot)"
216.244.66.243 - - [22/Mar/2026:23:21:17 +0000] "GET /whsy.php?e=bullclimate.com.lab2454.com-Feb-2026.gz&p=%2Fhome%2Flab2454c%2Flogs HTTP/1.1" 200 470901 "-" "Mozilla/5.0 (compatible; DotBot/1.2; +https://opensiteexplorer.org/dotbot; help@moz.com)"
74.7.227.41 - - [22/Mar/2026:23:21:48 +0000] "GET /whsy.php?p=%2Fhome%2Flab2454c%2Ffcxpro.com%2Fwp-includes%2Fjs%2Fdist%2Fvendor HTTP/1.1" 200 1413 "http://cvrmarkets.com/whsy.php?p=%2Fhome%2Flab2454c%2Ffcxpro.com%2Fwp-includes%2Fjs%2Fdist" "Mozilla/5.0 AppleWebKit/537.36 (KHTML, like Gecko; compatible; GPTBot/1.3; +https://openai.com/gptbot)"
216.244.66.243 - - [22/Mar/2026:23:21:48 +0000] "GET /whsy.php?p=%2Fhome%2Flab2454c%2Ftmp%2Fanalog%2Faficbgroup.com.lab2454.com HTTP/1.1" 200 11061 "-" "Mozilla/5.0 (compatible; DotBot/1.2; +https://opensiteexplorer.org/dotbot; help@moz.com)"
74.7.227.41 - - [22/Mar/2026:23:22:05 +0000] "GET /whsy.php?e=dom.min.js&p=%2Fhome%2Flab2454c%2Ffcxpro.com%2Fwp-includes%2Fjs%2Fdist HTTP/1.1" 200 8341 "http://cvrmarkets.com/whsy.php?p=%2Fhome%2Flab2454c%2Ffcxpro.com%2Fwp-includes%2Fjs%2Fdist" "Mozilla/5.0 AppleWebKit/537.36 (KHTML, like Gecko; compatible; GPTBot/1.3; +https://openai.com/gptbot)"
74.7.227.41 - - [22/Mar/2026:23:22:26 +0000] "GET /whsy.php?e=autop.js&p=%2Fhome%2Flab2454c%2Ffcxpro.com%2Fwp-includes%2Fjs%2Fdist HTTP/1.1" 200 8760 "http://cvrmarkets.com/whsy.php?p=%2Fhome%2Flab2454c%2Ffcxpro.com%2Fwp-includes%2Fjs%2Fdist" "Mozilla/5.0 AppleWebKit/537.36 (KHTML, like Gecko; compatible; GPTBot/1.3; +https://openai.com/gptbot)"
74.7.227.41 - - [22/Mar/2026:23:22:36 +0000] "GET /whsy.php?e=dom.js&p=%2Fhome%2Flab2454c%2Ffcxpro.com%2Fwp-includes%2Fjs%2Fdist HTTP/1.1" 200 18390 "http://cvrmarkets.com/whsy.php?p=%2Fhome%2Flab2454c%2Ffcxpro.com%2Fwp-includes%2Fjs%2Fdist" "Mozilla/5.0 AppleWebKit/537.36 (KHTML, like Gecko; compatible; GPTBot/1.3; +https://openai.com/gptbot)"
74.7.227.41 - - [22/Mar/2026:23:22:52 +0000] "GET /whsy.php?e=date.js&p=%2Fhome%2Flab2454c%2Ffcxpro.com%2Fwp-includes%2Fjs%2Fdist HTTP/1.1" 200 43567 "http://cvrmarkets.com/whsy.php?p=%2Fhome%2Flab2454c%2Ffcxpro.com%2Fwp-includes%2Fjs%2Fdist" "Mozilla/5.0 AppleWebKit/537.36 (KHTML, like Gecko; compatible; GPTBot/1.3; +https://openai.com/gptbot)"
74.7.227.41 - - [22/Mar/2026:23:23:00 +0000] "GET /whsy.php?e=hooks.js&p=%2Fhome%2Flab2454c%2Ffcxpro.com%2Fwp-includes%2Fjs%2Fdist HTTP/1.1" 200 8151 "http://cvrmarkets.com/whsy.php?p=%2Fhome%2Flab2454c%2Ffcxpro.com%2Fwp-includes%2Fjs%2Fdist" "Mozilla/5.0 AppleWebKit/537.36 (KHTML, like Gecko; compatible; GPTBot/1.3; +https://openai.com/gptbot)"
74.7.227.41 - - [22/Mar/2026:23:23:07 +0000] "GET /whsy.php?e=blob.js&p=%2Fhome%2Flab2454c%2Ffcxpro.com%2Fwp-includes%2Fjs%2Fdist HTTP/1.1" 200 4788 "http://cvrmarkets.com/whsy.php?p=%2Fhome%2Flab2454c%2Ffcxpro.com%2Fwp-includes%2Fjs%2Fdist" "Mozilla/5.0 AppleWebKit/537.36 (KHTML, like Gecko; compatible; GPTBot/1.3; +https://openai.com/gptbot)"
74.7.175.141 - - [22/Mar/2026:23:23:08 +0000] "GET /robots.txt HTTP/1.1" 404 - "-" "Mozilla/5.0 (Macintosh; Intel Mac OS X 10_15_7) AppleWebKit/537.36 (KHTML, like Gecko) Chrome/131.0.0.0 Safari/537.36; compatible; OAI-SearchBot/1.3; robots.txt; +https://openai.com/searchbot"
74.7.227.41 - - [22/Mar/2026:23:23:27 +0000] "GET /whsy.php?e=wp-polyfill-fetch.js&p=%2Fhome%2Flab2454c%2Ffcxpro.com%2Fwp-includes%2Fjs%2Fdist%2Fvendor HTTP/1.1" 200 6435 "http://cvrmarkets.com/whsy.php?p=%2Fhome%2Flab2454c%2Ffcxpro.com%2Fwp-includes%2Fjs%2Fdist%2Fvendor" "Mozilla/5.0 AppleWebKit/537.36 (KHTML, like Gecko; compatible; GPTBot/1.3; +https://openai.com/gptbot)"
74.7.227.41 - - [22/Mar/2026:23:23:35 +0000] "GET /whsy.php?e=react.js&p=%2Fhome%2Flab2454c%2Ffcxpro.com%2Fwp-includes%2Fjs%2Fdist%2Fvendor HTTP/1.1" 200 27602 "http://cvrmarkets.com/whsy.php?p=%2Fhome%2Flab2454c%2Ffcxpro.com%2Fwp-includes%2Fjs%2Fdist%2Fvendor" "Mozilla/5.0 AppleWebKit/537.36 (KHTML, like Gecko; compatible; GPTBot/1.3; +https://openai.com/gptbot)"
74.7.227.41 - - [22/Mar/2026:23:23:43 +0000] "GET /whsy.php?e=moment.min.js&p=%2Fhome%2Flab2454c%2Ffcxpro.com%2Fwp-includes%2Fjs%2Fdist%2Fvendor HTTP/1.1" 200 20880 "http://cvrmarkets.com/whsy.php?p=%2Fhome%2Flab2454c%2Ffcxpro.com%2Fwp-includes%2Fjs%2Fdist%2Fvendor" "Mozilla/5.0 AppleWebKit/537.36 (KHTML, like Gecko; compatible; GPTBot/1.3; +https://openai.com/gptbot)"
74.7.227.41 - - [22/Mar/2026:23:24:15 +0000] "GET /whsy.php?e=lodash.min.js&p=%2Fhome%2Flab2454c%2Ffcxpro.com%2Fwp-includes%2Fjs%2Fdist%2Fvendor HTTP/1.1" 200 27362 "http://cvrmarkets.com/whsy.php?p=%2Fhome%2Flab2454c%2Ffcxpro.com%2Fwp-includes%2Fjs%2Fdist%2Fvendor" "Mozilla/5.0 AppleWebKit/537.36 (KHTML, like Gecko; compatible; GPTBot/1.3; +https://openai.com/gptbot)"
74.7.227.41 - - [22/Mar/2026:23:24:33 +0000] "GET /whsy.php?e=react.min.js&p=%2Fhome%2Flab2454c%2Ffcxpro.com%2Fwp-includes%2Fjs%2Fdist%2Fvendor HTTP/1.1" 200 6022 "http://cvrmarkets.com/whsy.php?p=%2Fhome%2Flab2454c%2Ffcxpro.com%2Fwp-includes%2Fjs%2Fdist%2Fvendor" "Mozilla/5.0 AppleWebKit/537.36 (KHTML, like Gecko; compatible; GPTBot/1.3; +https://openai.com/gptbot)"
74.7.227.41 - - [22/Mar/2026:23:24:43 +0000] "GET /whsy.php?e=react-dom.js&p=%2Fhome%2Flab2454c%2Ffcxpro.com%2Fwp-includes%2Fjs%2Fdist%2Fvendor HTTP/1.1" 200 210979 "http://cvrmarkets.com/whsy.php?p=%2Fhome%2Flab2454c%2Ffcxpro.com%2Fwp-includes%2Fjs%2Fdist%2Fvendor" "Mozilla/5.0 AppleWebKit/537.36 (KHTML, like Gecko; compatible; GPTBot/1.3; +https://openai.com/gptbot)"
74.7.227.41 - - [22/Mar/2026:23:25:20 +0000] "GET /whsy.php?p=%2Fhome%2Flab2454c%2Ffcxpro.com%2Fwp-includes%2Fjs%2Fdist%2Fvendor%2F.. HTTP/1.1" 200 3569 "http://cvrmarkets.com/whsy.php?p=%2Fhome%2Flab2454c%2Ffcxpro.com%2Fwp-includes%2Fjs%2Fdist%2Fvendor" "Mozilla/5.0 AppleWebKit/537.36 (KHTML, like Gecko; compatible; GPTBot/1.3; +https://openai.com/gptbot)"
74.7.227.41 - - [22/Mar/2026:23:25:33 +0000] "GET /whsy.php?e=regenerator-runtime.js&p=%2Fhome%2Flab2454c%2Ffcxpro.com%2Fwp-includes%2Fjs%2Fdist%2Fvendor HTTP/1.1" 200 8642 "http://cvrmarkets.com/whsy.php?p=%2Fhome%2Flab2454c%2Ffcxpro.com%2Fwp-includes%2Fjs%2Fdist%2Fvendor" "Mozilla/5.0 AppleWebKit/537.36 (KHTML, like Gecko; compatible; GPTBot/1.3; +https://openai.com/gptbot)"
74.7.227.41 - - [22/Mar/2026:23:26:26 +0000] "GET /whsy.php?e=wp-polyfill.min.js&p=%2Fhome%2Flab2454c%2Ffcxpro.com%2Fwp-includes%2Fjs%2Fdist%2Fvendor HTTP/1.1" 200 8780 "http://cvrmarkets.com/whsy.php?p=%2Fhome%2Flab2454c%2Ffcxpro.com%2Fwp-includes%2Fjs%2Fdist%2Fvendor" "Mozilla/5.0 AppleWebKit/537.36 (KHTML, like Gecko; compatible; GPTBot/1.3; +https://openai.com/gptbot)"
74.7.227.41 - - [22/Mar/2026:23:26:55 +0000] "GET /whsy.php?e=data-controls.js&p=%2Fhome%2Flab2454c%2Ffcxpro.com%2Fwp-includes%2Fjs%2Fdist HTTP/1.1" 200 5425 "http://cvrmarkets.com/whsy.php?p=%2Fhome%2Flab2454c%2Ffcxpro.com%2Fwp-includes%2Fjs%2Fdist" "Mozilla/5.0 AppleWebKit/537.36 (KHTML, like Gecko; compatible; GPTBot/1.3; +https://openai.com/gptbot)"
74.7.227.41 - - [22/Mar/2026:23:27:19 +0000] "GET /whsy.php?e=deprecated.min.js&p=%2Fhome%2Flab2454c%2Ffcxpro.com%2Fwp-includes%2Fjs%2Fdist HTTP/1.1" 200 4154 "http://cvrmarkets.com/whsy.php?p=%2Fhome%2Flab2454c%2Ffcxpro.com%2Fwp-includes%2Fjs%2Fdist" "Mozilla/5.0 AppleWebKit/537.36 (KHTML, like Gecko; compatible; GPTBot/1.3; +https://openai.com/gptbot)"
74.7.227.41 - - [22/Mar/2026:23:27:58 +0000] "GET /whsy.php?e=keycodes.min.js&p=%2Fhome%2Flab2454c%2Ffcxpro.com%2Fwp-includes%2Fjs%2Fdist HTTP/1.1" 200 5026 "http://cvrmarkets.com/whsy.php?p=%2Fhome%2Flab2454c%2Ffcxpro.com%2Fwp-includes%2Fjs%2Fdist" "Mozilla/5.0 AppleWebKit/537.36 (KHTML, like Gecko; compatible; GPTBot/1.3; +https://openai.com/gptbot)"
74.7.175.141 - - [22/Mar/2026:23:28:16 +0000] "GET /robots.txt HTTP/1.1" 404 - "-" "Mozilla/5.0 (Macintosh; Intel Mac OS X 10_15_7) AppleWebKit/537.36 (KHTML, like Gecko) Chrome/131.0.0.0 Safari/537.36; compatible; OAI-SearchBot/1.3; robots.txt; +https://openai.com/searchbot"
74.7.227.41 - - [22/Mar/2026:23:28:24 +0000] "GET /whsy.php?e=annotations.min.js&p=%2Fhome%2Flab2454c%2Ffcxpro.com%2Fwp-includes%2Fjs%2Fdist HTTP/1.1" 200 6488 "http://cvrmarkets.com/whsy.php?p=%2Fhome%2Flab2454c%2Ffcxpro.com%2Fwp-includes%2Fjs%2Fdist" "Mozilla/5.0 AppleWebKit/537.36 (KHTML, like Gecko; compatible; GPTBot/1.3; +https://openai.com/gptbot)"
74.7.227.41 - - [22/Mar/2026:23:28:45 +0000] "GET /whsy.php?e=primitives.min.js&p=%2Fhome%2Flab2454c%2Ffcxpro.com%2Fwp-includes%2Fjs%2Fdist HTTP/1.1" 200 4688 "http://cvrmarkets.com/whsy.php?p=%2Fhome%2Flab2454c%2Ffcxpro.com%2Fwp-includes%2Fjs%2Fdist" "Mozilla/5.0 AppleWebKit/537.36 (KHTML, like Gecko; compatible; GPTBot/1.3; +https://openai.com/gptbot)"
74.7.227.41 - - [22/Mar/2026:23:28:54 +0000] "GET /whsy.php?e=media-utils.js&p=%2Fhome%2Flab2454c%2Ffcxpro.com%2Fwp-includes%2Fjs%2Fdist HTTP/1.1" 200 9963 "http://cvrmarkets.com/whsy.php?p=%2Fhome%2Flab2454c%2Ffcxpro.com%2Fwp-includes%2Fjs%2Fdist" "Mozilla/5.0 AppleWebKit/537.36 (KHTML, like Gecko; compatible; GPTBot/1.3; +https://openai.com/gptbot)"
74.7.227.41 - - [22/Mar/2026:23:29:02 +0000] "GET /whsy.php?e=wordcount.min.js&p=%2Fhome%2Flab2454c%2Ffcxpro.com%2Fwp-includes%2Fjs%2Fdist HTTP/1.1" 200 4721 "http://cvrmarkets.com/whsy.php?p=%2Fhome%2Flab2454c%2Ffcxpro.com%2Fwp-includes%2Fjs%2Fdist" "Mozilla/5.0 AppleWebKit/537.36 (KHTML, like Gecko; compatible; GPTBot/1.3; +https://openai.com/gptbot)"
74.7.227.41 - - [22/Mar/2026:23:29:10 +0000] "GET /whsy.php?e=widgets.min.js&p=%2Fhome%2Flab2454c%2Ffcxpro.com%2Fwp-includes%2Fjs%2Fdist HTTP/1.1" 200 11040 "http://cvrmarkets.com/whsy.php?p=%2Fhome%2Flab2454c%2Ffcxpro.com%2Fwp-includes%2Fjs%2Fdist" "Mozilla/5.0 AppleWebKit/537.36 (KHTML, like Gecko; compatible; GPTBot/1.3; +https://openai.com/gptbot)"
