74.7.227.4 - - [04/Feb/2026:18:43:12 +0000] "GET /shopping/products/1619515588 HTTP/2.0" 200 24250 "https://nfsin.com/shop/pg/72163" "Mozilla/5.0 AppleWebKit/537.36 (KHTML, like Gecko; compatible; GPTBot/1.3; +https://openai.com/gptbot)"
91.224.92.182 - - [04/Feb/2026:18:43:15 +0000] "GET /wp-admin/index.php HTTP/1.1" 302 20 "https://nfsin.com/wp-login.php" "Mozilla/5.0 (Windows NT 10.0; Win64; x64; rv:120.0) Gecko/20100101 Firefox/120.0"
91.224.92.182 - - [04/Feb/2026:18:43:17 +0000] "GET /wp-login.php?redirect_to=https%3A%2F%2Fnfsin.com%2Fwp-admin%2Findex.php&reauth=1 HTTP/1.1" 200 2036 "https://nfsin.com/wp-login.php" "Mozilla/5.0 (Windows NT 10.0; Win64; x64; rv:120.0) Gecko/20100101 Firefox/120.0"
74.7.227.4 - - [04/Feb/2026:18:43:15 +0000] "GET /shop/pg/73220 HTTP/2.0" 200 24144 "https://nfsin.com/shop/pg/72163" "Mozilla/5.0 AppleWebKit/537.36 (KHTML, like Gecko; compatible; GPTBot/1.3; +https://openai.com/gptbot)"
91.224.92.182 - - [04/Feb/2026:18:43:18 +0000] "POST /wp-login.php HTTP/1.1" 200 2175 "https://nfsin.com/wp-login.php" "Mozilla/5.0 (X11; Linux x86_64) AppleWebKit/537.36 (KHTML, like Gecko) Chrome/118.0.0.0 Safari/537.36"
91.224.92.182 - - [04/Feb/2026:18:43:20 +0000] "GET /wp-admin/index.php HTTP/1.1" 302 20 "https://nfsin.com/wp-login.php" "Mozilla/5.0 (Macintosh; Intel Mac OS X 13_6_1) AppleWebKit/605.1.15 (KHTML, like Gecko) Version/17.2 Safari/605.1.15"
74.7.227.4 - - [04/Feb/2026:18:43:19 +0000] "GET /shopping/products/16222252993 HTTP/2.0" 200 24920 "https://nfsin.com/shop/pg/96734" "Mozilla/5.0 AppleWebKit/537.36 (KHTML, like Gecko; compatible; GPTBot/1.3; +https://openai.com/gptbot)"
91.224.92.182 - - [04/Feb/2026:18:43:21 +0000] "GET /wp-login.php?redirect_to=https%3A%2F%2Fnfsin.com%2Fwp-admin%2Findex.php&reauth=1 HTTP/1.1" 200 2036 "https://nfsin.com/wp-login.php" "Mozilla/5.0 (Macintosh; Intel Mac OS X 13_6_1) AppleWebKit/605.1.15 (KHTML, like Gecko) Version/17.2 Safari/605.1.15"
91.224.92.182 - - [04/Feb/2026:18:43:23 +0000] "POST /wp-login.php HTTP/1.1" 200 2180 "https://nfsin.com/wp-login.php" "Mozilla/5.0 (Windows NT 11.0; Win64; x64; rv:120.0) Gecko/20100101 Firefox/120.0"
74.7.227.4 - - [04/Feb/2026:18:43:22 +0000] "GET /shop/pg/97801 HTTP/2.0" 200 24378 "https://nfsin.com/shop/pg/96734" "Mozilla/5.0 AppleWebKit/537.36 (KHTML, like Gecko; compatible; GPTBot/1.3; +https://openai.com/gptbot)"
91.224.92.182 - - [04/Feb/2026:18:43:24 +0000] "GET /wp-admin/index.php HTTP/1.1" 302 20 "https://nfsin.com/wp-login.php" "Mozilla/5.0 (Windows NT 11.0; Win64; x64) AppleWebKit/537.36 (KHTML, like Gecko) Chrome/120.0.0.0 Safari/537.36"
91.224.92.182 - - [04/Feb/2026:18:43:26 +0000] "GET /wp-login.php?redirect_to=https%3A%2F%2Fnfsin.com%2Fwp-admin%2Findex.php&reauth=1 HTTP/1.1" 200 2036 "https://nfsin.com/wp-login.php" "Mozilla/5.0 (Windows NT 11.0; Win64; x64) AppleWebKit/537.36 (KHTML, like Gecko) Chrome/120.0.0.0 Safari/537.36"
74.7.227.4 - - [04/Feb/2026:18:43:26 +0000] "GET /shopping/products/16211622113 HTTP/2.0" 200 24727 "https://nfsin.com/shop/pg/97667" "Mozilla/5.0 AppleWebKit/537.36 (KHTML, like Gecko; compatible; GPTBot/1.3; +https://openai.com/gptbot)"
91.224.92.182 - - [04/Feb/2026:18:43:27 +0000] "POST /wp-login.php HTTP/1.1" 200 2182 "https://nfsin.com/wp-login.php" "Mozilla/5.0 (Macintosh; Intel Mac OS X 10_15_7) AppleWebKit/605.1.15 (KHTML, like Gecko) Version/17.1 Safari/605.1.15"
91.224.92.182 - - [04/Feb/2026:18:43:29 +0000] "GET /wp-admin/index.php HTTP/1.1" 302 20 "https://nfsin.com/wp-login.php" "Mozilla/5.0 (Macintosh; Intel Mac OS X 13_6_1; rv:121.0) Gecko/20100101 Firefox/121.0"
74.7.227.4 - - [04/Feb/2026:18:43:29 +0000] "GET /shopping/products/1618126601 HTTP/2.0" 200 24110 "https://nfsin.com/shop/pg/69235" "Mozilla/5.0 AppleWebKit/537.36 (KHTML, like Gecko; compatible; GPTBot/1.3; +https://openai.com/gptbot)"
91.224.92.182 - - [04/Feb/2026:18:43:31 +0000] "GET /wp-login.php?redirect_to=https%3A%2F%2Fnfsin.com%2Fwp-admin%2Findex.php&reauth=1 HTTP/1.1" 200 2036 "https://nfsin.com/wp-login.php" "Mozilla/5.0 (Macintosh; Intel Mac OS X 13_6_1; rv:121.0) Gecko/20100101 Firefox/121.0"
91.224.92.182 - - [04/Feb/2026:18:43:32 +0000] "POST /wp-login.php HTTP/1.1" 200 2183 "https://nfsin.com/wp-login.php" "Mozilla/5.0 (X11; Linux x86_64) AppleWebKit/537.36 (KHTML, like Gecko) Chrome/119.0.0.0 Safari/537.36"
74.7.227.4 - - [04/Feb/2026:18:43:32 +0000] "GET /shop/pg/98740 HTTP/2.0" 200 24464 "https://nfsin.com/shop/pg/97667" "Mozilla/5.0 AppleWebKit/537.36 (KHTML, like Gecko; compatible; GPTBot/1.3; +https://openai.com/gptbot)"
91.224.92.182 - - [04/Feb/2026:18:43:34 +0000] "GET /wp-admin/index.php HTTP/1.1" 302 20 "https://nfsin.com/wp-login.php" "Mozilla/5.0 (Macintosh; Intel Mac OS X 13_6_1) AppleWebKit/605.1.15 (KHTML, like Gecko) Version/17.1 Safari/605.1.15"
91.224.92.182 - - [04/Feb/2026:18:43:35 +0000] "GET /wp-login.php?redirect_to=https%3A%2F%2Fnfsin.com%2Fwp-admin%2Findex.php&reauth=1 HTTP/1.1" 200 2036 "https://nfsin.com/wp-login.php" "Mozilla/5.0 (Macintosh; Intel Mac OS X 13_6_1) AppleWebKit/605.1.15 (KHTML, like Gecko) Version/17.1 Safari/605.1.15"
91.224.92.182 - - [04/Feb/2026:18:43:37 +0000] "POST /wp-login.php HTTP/1.1" 200 2126 "https://nfsin.com/wp-login.php" "Mozilla/5.0 (Macintosh; Intel Mac OS X 10_15_7; rv:119.0) Gecko/20100101 Firefox/119.0"
74.7.227.4 - - [04/Feb/2026:18:43:35 +0000] "GET /shop/pg/71054 HTTP/2.0" 200 24284 "https://nfsin.com/shop/pg/69982" "Mozilla/5.0 AppleWebKit/537.36 (KHTML, like Gecko; compatible; GPTBot/1.3; +https://openai.com/gptbot)"
91.224.92.182 - - [04/Feb/2026:18:43:38 +0000] "GET /wp-admin/index.php HTTP/1.1" 302 20 "https://nfsin.com/wp-login.php" "Mozilla/5.0 (Macintosh; Intel Mac OS X 13_6_1; rv:119.0) Gecko/20100101 Firefox/119.0"
91.224.92.182 - - [04/Feb/2026:18:43:40 +0000] "GET /wp-login.php?redirect_to=https%3A%2F%2Fnfsin.com%2Fwp-admin%2Findex.php&reauth=1 HTTP/1.1" 200 2036 "https://nfsin.com/wp-login.php" "Mozilla/5.0 (Macintosh; Intel Mac OS X 13_6_1; rv:119.0) Gecko/20100101 Firefox/119.0"
74.7.227.4 - - [04/Feb/2026:18:43:39 +0000] "GET /shop/pg/70298 HTTP/2.0" 200 24624 "https://nfsin.com/shop/pg/69235" "Mozilla/5.0 AppleWebKit/537.36 (KHTML, like Gecko; compatible; GPTBot/1.3; +https://openai.com/gptbot)"
91.224.92.182 - - [04/Feb/2026:18:43:42 +0000] "POST /wp-login.php HTTP/1.1" 200 2177 "https://nfsin.com/wp-login.php" "Mozilla/5.0 (X11; Ubuntu; Linux x86_64) AppleWebKit/537.36 (KHTML, like Gecko) Chrome/120.0.0.0 Safari/537.36"
91.224.92.182 - - [04/Feb/2026:18:43:43 +0000] "GET /wp-admin/index.php HTTP/1.1" 302 20 "https://nfsin.com/wp-login.php" "Mozilla/5.0 (Macintosh; Intel Mac OS X 13_6_1; rv:119.0) Gecko/20100101 Firefox/119.0"
74.7.227.4 - - [04/Feb/2026:18:43:43 +0000] "GET /shop/pg/13411 HTTP/2.0" 200 24562 "https://nfsin.com/shop/pg/12356" "Mozilla/5.0 AppleWebKit/537.36 (KHTML, like Gecko; compatible; GPTBot/1.3; +https://openai.com/gptbot)"
91.224.92.182 - - [04/Feb/2026:18:43:45 +0000] "GET /wp-login.php?redirect_to=https%3A%2F%2Fnfsin.com%2Fwp-admin%2Findex.php&reauth=1 HTTP/1.1" 200 2036 "https://nfsin.com/wp-login.php" "Mozilla/5.0 (Macintosh; Intel Mac OS X 13_6_1; rv:119.0) Gecko/20100101 Firefox/119.0"
91.224.92.182 - - [04/Feb/2026:18:43:46 +0000] "POST /wp-login.php HTTP/1.1" 200 2182 "https://nfsin.com/wp-login.php" "Mozilla/5.0 (Macintosh; Intel Mac OS X 10_15_7) AppleWebKit/537.36 (KHTML, like Gecko) Chrome/120.0.0.0 Safari/537.36"
74.7.227.4 - - [04/Feb/2026:18:43:46 +0000] "GET /shop/pg/57447 HTTP/2.0" 200 24362 "https://nfsin.com/shop/pg/56379" "Mozilla/5.0 AppleWebKit/537.36 (KHTML, like Gecko; compatible; GPTBot/1.3; +https://openai.com/gptbot)"
91.224.92.182 - - [04/Feb/2026:18:43:48 +0000] "GET /wp-admin/index.php HTTP/1.1" 302 20 "https://nfsin.com/wp-login.php" "Mozilla/5.0 (X11; Linux x86_64) AppleWebKit/537.36 (KHTML, like Gecko) Chrome/121.0.0.0 Safari/537.36"
91.224.92.182 - - [04/Feb/2026:18:43:50 +0000] "GET /wp-login.php?redirect_to=https%3A%2F%2Fnfsin.com%2Fwp-admin%2Findex.php&reauth=1 HTTP/1.1" 200 2036 "https://nfsin.com/wp-login.php" "Mozilla/5.0 (X11; Linux x86_64) AppleWebKit/537.36 (KHTML, like Gecko) Chrome/121.0.0.0 Safari/537.36"
74.7.227.4 - - [04/Feb/2026:18:43:48 +0000] "GET /shop/pg/20114 HTTP/2.0" 200 24421 "https://nfsin.com/shop/pg/19060" "Mozilla/5.0 AppleWebKit/537.36 (KHTML, like Gecko; compatible; GPTBot/1.3; +https://openai.com/gptbot)"
91.224.92.182 - - [04/Feb/2026:18:43:51 +0000] "POST /wp-login.php HTTP/1.1" 200 2180 "https://nfsin.com/wp-login.php" "Mozilla/5.0 (Macintosh; Intel Mac OS X 13_6_1) AppleWebKit/605.1.15 (KHTML, like Gecko) Version/17.1 Safari/605.1.15"
91.224.92.182 - - [04/Feb/2026:18:43:52 +0000] "GET /wp-admin/index.php HTTP/1.1" 302 20 "https://nfsin.com/wp-login.php" "Mozilla/5.0 (Windows NT 10.0; Win64; x64; rv:118.0) Gecko/20100101 Firefox/118.0"
74.7.227.4 - - [04/Feb/2026:18:43:52 +0000] "GET /shop/pg/74272 HTTP/2.0" 200 24077 "https://nfsin.com/shop/pg/73220" "Mozilla/5.0 AppleWebKit/537.36 (KHTML, like Gecko; compatible; GPTBot/1.3; +https://openai.com/gptbot)"
91.224.92.182 - - [04/Feb/2026:18:43:54 +0000] "GET /wp-login.php?redirect_to=https%3A%2F%2Fnfsin.com%2Fwp-admin%2Findex.php&reauth=1 HTTP/1.1" 200 2036 "https://nfsin.com/wp-login.php" "Mozilla/5.0 (Windows NT 10.0; Win64; x64; rv:118.0) Gecko/20100101 Firefox/118.0"
91.224.92.182 - - [04/Feb/2026:18:43:55 +0000] "POST /wp-login.php HTTP/1.1" 200 2180 "https://nfsin.com/wp-login.php" "Mozilla/5.0 (Macintosh; Intel Mac OS X 13_6_1) AppleWebKit/605.1.15 (KHTML, like Gecko) Version/17.2 Safari/605.1.15"
74.7.227.4 - - [04/Feb/2026:18:43:55 +0000] "GET /shop/pg/53025 HTTP/2.0" 200 24128 "https://nfsin.com/shop/pg/51963" "Mozilla/5.0 AppleWebKit/537.36 (KHTML, like Gecko; compatible; GPTBot/1.3; +https://openai.com/gptbot)"
91.224.92.182 - - [04/Feb/2026:18:43:57 +0000] "GET /wp-admin/index.php HTTP/1.1" 302 20 "https://nfsin.com/wp-login.php" "Mozilla/5.0 (Macintosh; Intel Mac OS X 13_6_1) AppleWebKit/605.1.15 (KHTML, like Gecko) Version/17.0 Safari/605.1.15"
91.224.92.182 - - [04/Feb/2026:18:43:58 +0000] "GET /wp-login.php?redirect_to=https%3A%2F%2Fnfsin.com%2Fwp-admin%2Findex.php&reauth=1 HTTP/1.1" 200 2036 "https://nfsin.com/wp-login.php" "Mozilla/5.0 (Macintosh; Intel Mac OS X 13_6_1) AppleWebKit/605.1.15 (KHTML, like Gecko) Version/17.0 Safari/605.1.15"
74.7.227.4 - - [04/Feb/2026:18:43:58 +0000] "GET /shopping/products/1619841617 HTTP/2.0" 200 25315 "https://nfsin.com/shop/pg/97801" "Mozilla/5.0 AppleWebKit/537.36 (KHTML, like Gecko; compatible; GPTBot/1.3; +https://openai.com/gptbot)"
74.7.227.4 - - [04/Feb/2026:18:44:01 +0000] "GET /shop/pg/98864 HTTP/2.0" 200 24083 "https://nfsin.com/shop/pg/97801" "Mozilla/5.0 AppleWebKit/537.36 (KHTML, like Gecko; compatible; GPTBot/1.3; +https://openai.com/gptbot)"
74.7.227.4 - - [04/Feb/2026:18:44:04 +0000] "GET /shop/pg/45614 HTTP/2.0" 200 23871 "https://nfsin.com/shop/pg/44554" "Mozilla/5.0 AppleWebKit/537.36 (KHTML, like Gecko; compatible; GPTBot/1.3; +https://openai.com/gptbot)"
74.7.227.4 - - [04/Feb/2026:18:44:07 +0000] "GET /shop/pg/99806 HTTP/2.0" 200 24345 "https://nfsin.com/shop/pg/98740" "Mozilla/5.0 AppleWebKit/537.36 (KHTML, like Gecko; compatible; GPTBot/1.3; +https://openai.com/gptbot)"
74.7.227.4 - - [04/Feb/2026:18:44:10 +0000] "GET /shop/pg/72109 HTTP/2.0" 200 24132 "https://nfsin.com/shop/pg/71054" "Mozilla/5.0 AppleWebKit/537.36 (KHTML, like Gecko; compatible; GPTBot/1.3; +https://openai.com/gptbot)"
74.7.227.4 - - [04/Feb/2026:18:44:13 +0000] "GET /shop/pg/71362 HTTP/2.0" 200 24325 "https://nfsin.com/shop/pg/70298" "Mozilla/5.0 AppleWebKit/537.36 (KHTML, like Gecko; compatible; GPTBot/1.3; +https://openai.com/gptbot)"
74.7.227.4 - - [04/Feb/2026:18:44:16 +0000] "GET /shop/pg/14459 HTTP/2.0" 200 24302 "https://nfsin.com/shop/pg/13411" "Mozilla/5.0 AppleWebKit/537.36 (KHTML, like Gecko; compatible; GPTBot/1.3; +https://openai.com/gptbot)"
74.7.227.4 - - [04/Feb/2026:18:44:19 +0000] "GET /shopping/products/16222175409 HTTP/2.0" 200 25230 "https://nfsin.com/shop/pg/57447" "Mozilla/5.0 AppleWebKit/537.36 (KHTML, like Gecko; compatible; GPTBot/1.3; +https://openai.com/gptbot)"
74.7.227.4 - - [04/Feb/2026:18:44:22 +0000] "GET /shop/pg/58512 HTTP/2.0" 200 24205 "https://nfsin.com/shop/pg/57447" "Mozilla/5.0 AppleWebKit/537.36 (KHTML, like Gecko; compatible; GPTBot/1.3; +https://openai.com/gptbot)"
74.7.227.4 - - [04/Feb/2026:18:44:25 +0000] "GET /shop/pg/21160 HTTP/2.0" 200 24318 "https://nfsin.com/shop/pg/20114" "Mozilla/5.0 AppleWebKit/537.36 (KHTML, like Gecko; compatible; GPTBot/1.3; +https://openai.com/gptbot)"
74.7.227.4 - - [04/Feb/2026:18:44:28 +0000] "GET /shopping/products/1618266649 HTTP/2.0" 200 24268 "https://nfsin.com/shop/pg/53025" "Mozilla/5.0 AppleWebKit/537.36 (KHTML, like Gecko; compatible; GPTBot/1.3; +https://openai.com/gptbot)"
74.7.227.4 - - [04/Feb/2026:18:44:31 +0000] "GET /shop/pg/54078 HTTP/2.0" 200 24159 "https://nfsin.com/shop/pg/53025" "Mozilla/5.0 AppleWebKit/537.36 (KHTML, like Gecko; compatible; GPTBot/1.3; +https://openai.com/gptbot)"
74.7.227.4 - - [04/Feb/2026:18:44:34 +0000] "GET /shop/pg/45646 HTTP/2.0" 200 23933 "https://nfsin.com/shop/pg/44579" "Mozilla/5.0 AppleWebKit/537.36 (KHTML, like Gecko; compatible; GPTBot/1.3; +https://openai.com/gptbot)"
74.7.227.4 - - [04/Feb/2026:18:44:37 +0000] "GET /shop/pg/46672 HTTP/2.0" 200 24266 "https://nfsin.com/shop/pg/45614" "Mozilla/5.0 AppleWebKit/537.36 (KHTML, like Gecko; compatible; GPTBot/1.3; +https://openai.com/gptbot)"
74.7.227.4 - - [04/Feb/2026:18:44:40 +0000] "GET /shop/pg/75332 HTTP/2.0" 200 24059 "https://nfsin.com/shop/pg/74272" "Mozilla/5.0 AppleWebKit/537.36 (KHTML, like Gecko; compatible; GPTBot/1.3; +https://openai.com/gptbot)"
74.7.227.4 - - [04/Feb/2026:18:44:43 +0000] "GET /shopping/products/16222142446 HTTP/2.0" 200 25204 "https://nfsin.com/shop/pg/72109" "Mozilla/5.0 AppleWebKit/537.36 (KHTML, like Gecko; compatible; GPTBot/1.3; +https://openai.com/gptbot)"
74.7.227.4 - - [04/Feb/2026:18:44:47 +0000] "GET /shop/pg/72419 HTTP/2.0" 200 24267 "https://nfsin.com/shop/pg/71362" "Mozilla/5.0 AppleWebKit/537.36 (KHTML, like Gecko; compatible; GPTBot/1.3; +https://openai.com/gptbot)"
74.7.227.4 - - [04/Feb/2026:18:44:50 +0000] "GET /shop/pg/15520 HTTP/2.0" 200 24385 "https://nfsin.com/shop/pg/14459" "Mozilla/5.0 AppleWebKit/537.36 (KHTML, like Gecko; compatible; GPTBot/1.3; +https://openai.com/gptbot)"
74.7.227.4 - - [04/Feb/2026:18:44:53 +0000] "GET /shop/pg/73166 HTTP/2.0" 200 24508 "https://nfsin.com/shop/pg/72109" "Mozilla/5.0 AppleWebKit/537.36 (KHTML, like Gecko; compatible; GPTBot/1.3; +https://openai.com/gptbot)"
74.7.227.4 - - [04/Feb/2026:18:44:56 +0000] "GET /shop/pg/59571 HTTP/2.0" 200 24628 "https://nfsin.com/shop/pg/58512" "Mozilla/5.0 AppleWebKit/537.36 (KHTML, like Gecko; compatible; GPTBot/1.3; +https://openai.com/gptbot)"
74.7.227.4 - - [04/Feb/2026:18:44:59 +0000] "GET /shop/pg/35034 HTTP/2.0" 200 24295 "https://nfsin.com/shopping/products/161835034" "Mozilla/5.0 AppleWebKit/537.36 (KHTML, like Gecko; compatible; GPTBot/1.3; +https://openai.com/gptbot)"
74.7.227.4 - - [04/Feb/2026:18:45:02 +0000] "GET /shop/pg/40416 HTTP/2.0" 200 24033 "https://nfsin.com/shop/pg/39354" "Mozilla/5.0 AppleWebKit/537.36 (KHTML, like Gecko; compatible; GPTBot/1.3; +https://openai.com/gptbot)"
74.7.227.4 - - [04/Feb/2026:18:45:05 +0000] "GET /shop/pg/55140 HTTP/2.0" 200 24782 "https://nfsin.com/shop/pg/54078" "Mozilla/5.0 AppleWebKit/537.36 (KHTML, like Gecko; compatible; GPTBot/1.3; +https://openai.com/gptbot)"
74.7.227.4 - - [04/Feb/2026:18:45:09 +0000] "GET /shop/pg/46709 HTTP/2.0" 200 24278 "https://nfsin.com/shop/pg/45646" "Mozilla/5.0 AppleWebKit/537.36 (KHTML, like Gecko; compatible; GPTBot/1.3; +https://openai.com/gptbot)"
74.7.227.4 - - [04/Feb/2026:18:45:12 +0000] "GET /shop/pg/47735 HTTP/2.0" 200 24478 "https://nfsin.com/shop/pg/46672" "Mozilla/5.0 AppleWebKit/537.36 (KHTML, like Gecko; compatible; GPTBot/1.3; +https://openai.com/gptbot)"
74.7.227.4 - - [04/Feb/2026:18:45:14 +0000] "GET /shop/pg/76390 HTTP/2.0" 200 24588 "https://nfsin.com/shop/pg/75332" "Mozilla/5.0 AppleWebKit/537.36 (KHTML, like Gecko; compatible; GPTBot/1.3; +https://openai.com/gptbot)"
74.7.227.4 - - [04/Feb/2026:18:45:17 +0000] "GET /shop/pg/78729 HTTP/2.0" 200 23961 "https://nfsin.com/shop/pg/77658" "Mozilla/5.0 AppleWebKit/537.36 (KHTML, like Gecko; compatible; GPTBot/1.3; +https://openai.com/gptbot)"
74.7.227.4 - - [04/Feb/2026:18:45:20 +0000] "GET /shopping/products/16222193460 HTTP/2.0" 200 24856 "https://nfsin.com/shop/pg/72419" "Mozilla/5.0 AppleWebKit/537.36 (KHTML, like Gecko; compatible; GPTBot/1.3; +https://openai.com/gptbot)"
74.7.227.4 - - [04/Feb/2026:18:45:22 +0000] "GET /shop/pg/73480 HTTP/2.0" 200 23983 "https://nfsin.com/shop/pg/72419" "Mozilla/5.0 AppleWebKit/537.36 (KHTML, like Gecko; compatible; GPTBot/1.3; +https://openai.com/gptbot)"
74.7.227.4 - - [04/Feb/2026:18:45:25 +0000] "GET /shop/pg/16571 HTTP/2.0" 200 24163 "https://nfsin.com/shop/pg/15520" "Mozilla/5.0 AppleWebKit/537.36 (KHTML, like Gecko; compatible; GPTBot/1.3; +https://openai.com/gptbot)"
74.7.227.4 - - [04/Feb/2026:18:45:29 +0000] "GET /shop/pg/60636 HTTP/2.0" 200 24517 "https://nfsin.com/shop/pg/59571" "Mozilla/5.0 AppleWebKit/537.36 (KHTML, like Gecko; compatible; GPTBot/1.3; +https://openai.com/gptbot)"
74.7.227.4 - - [04/Feb/2026:18:45:31 +0000] "GET /shop/pg/36087 HTTP/2.0" 200 24357 "https://nfsin.com/shop/pg/35034" "Mozilla/5.0 AppleWebKit/537.36 (KHTML, like Gecko; compatible; GPTBot/1.3; +https://openai.com/gptbot)"
74.7.227.4 - - [04/Feb/2026:18:45:34 +0000] "GET /shop/pg/74227 HTTP/2.0" 200 24120 "https://nfsin.com/shop/pg/73166" "Mozilla/5.0 AppleWebKit/537.36 (KHTML, like Gecko; compatible; GPTBot/1.3; +https://openai.com/gptbot)"
74.7.227.4 - - [04/Feb/2026:18:45:37 +0000] "GET /shopping/products/161869338 HTTP/2.0" 200 25351 "https://nfsin.com/shop/pg/55140" "Mozilla/5.0 AppleWebKit/537.36 (KHTML, like Gecko; compatible; GPTBot/1.3; +https://openai.com/gptbot)"
74.7.227.4 - - [04/Feb/2026:18:45:41 +0000] "GET /shopping/products/16201112496 HTTP/2.0" 200 24331 "https://nfsin.com/shop/pg/46709" "Mozilla/5.0 AppleWebKit/537.36 (KHTML, like Gecko; compatible; GPTBot/1.3; +https://openai.com/gptbot)"
74.7.227.4 - - [04/Feb/2026:18:45:44 +0000] "GET /shop/pg/56193 HTTP/2.0" 200 24408 "https://nfsin.com/shop/pg/55140" "Mozilla/5.0 AppleWebKit/537.36 (KHTML, like Gecko; compatible; GPTBot/1.3; +https://openai.com/gptbot)"
74.7.227.4 - - [04/Feb/2026:18:45:46 +0000] "GET /shop/pg/41469 HTTP/2.0" 200 24301 "https://nfsin.com/shop/pg/40416" "Mozilla/5.0 AppleWebKit/537.36 (KHTML, like Gecko; compatible; GPTBot/1.3; +https://openai.com/gptbot)"
74.7.227.4 - - [04/Feb/2026:18:45:50 +0000] "GET /shop/pg/79800 HTTP/2.0" 200 24328 "https://nfsin.com/shop/pg/78729" "Mozilla/5.0 AppleWebKit/537.36 (KHTML, like Gecko; compatible; GPTBot/1.3; +https://openai.com/gptbot)"
74.7.227.4 - - [04/Feb/2026:18:45:52 +0000] "GET /shop/pg/75465 HTTP/2.0" 200 24687 "https://nfsin.com/shop/pg/74406" "Mozilla/5.0 AppleWebKit/537.36 (KHTML, like Gecko; compatible; GPTBot/1.3; +https://openai.com/gptbot)"
74.7.227.4 - - [04/Feb/2026:18:45:55 +0000] "GET /shop/pg/74540 HTTP/2.0" 200 24216 "https://nfsin.com/shop/pg/73480" "Mozilla/5.0 AppleWebKit/537.36 (KHTML, like Gecko; compatible; GPTBot/1.3; +https://openai.com/gptbot)"
74.7.227.4 - - [04/Feb/2026:18:45:59 +0000] "GET /shop/pg/17629 HTTP/2.0" 200 24137 "https://nfsin.com/shop/pg/16571" "Mozilla/5.0 AppleWebKit/537.36 (KHTML, like Gecko; compatible; GPTBot/1.3; +https://openai.com/gptbot)"
74.7.227.4 - - [04/Feb/2026:18:46:02 +0000] "GET /shop/pg/61695 HTTP/2.0" 200 24102 "https://nfsin.com/shop/pg/60636" "Mozilla/5.0 AppleWebKit/537.36 (KHTML, like Gecko; compatible; GPTBot/1.3; +https://openai.com/gptbot)"
74.7.227.4 - - [04/Feb/2026:18:46:05 +0000] "GET /shopping/products/16222351450 HTTP/2.0" 200 25260 "https://nfsin.com/shop/pg/36087" "Mozilla/5.0 AppleWebKit/537.36 (KHTML, like Gecko; compatible; GPTBot/1.3; +https://openai.com/gptbot)"
74.7.227.4 - - [04/Feb/2026:18:46:08 +0000] "GET /shopping/products/16222414458 HTTP/2.0" 200 25731 "https://nfsin.com/shop/pg/36087" "Mozilla/5.0 AppleWebKit/537.36 (KHTML, like Gecko; compatible; GPTBot/1.3; +https://openai.com/gptbot)"
74.7.227.4 - - [04/Feb/2026:18:46:12 +0000] "GET /shop/pg/37149 HTTP/2.0" 200 24441 "https://nfsin.com/shop/pg/36087" "Mozilla/5.0 AppleWebKit/537.36 (KHTML, like Gecko; compatible; GPTBot/1.3; +https://openai.com/gptbot)"
74.7.227.4 - - [04/Feb/2026:18:46:15 +0000] "GET /shopping/products/161869246 HTTP/2.0" 200 24608 "https://nfsin.com/shopping/products/16201112496" "Mozilla/5.0 AppleWebKit/537.36 (KHTML, like Gecko; compatible; GPTBot/1.3; +https://openai.com/gptbot)"
74.7.227.4 - - [04/Feb/2026:18:46:19 +0000] "GET /shop/pg/69338 HTTP/2.0" 200 24385 "https://nfsin.com/shopping/products/161869338" "Mozilla/5.0 AppleWebKit/537.36 (KHTML, like Gecko; compatible; GPTBot/1.3; +https://openai.com/gptbot)"
74.7.227.4 - - [04/Feb/2026:18:46:22 +0000] "GET /shopping/products/16211524115 HTTP/2.0" 200 25320 "https://nfsin.com/shop/pg/41469" "Mozilla/5.0 AppleWebKit/537.36 (KHTML, like Gecko; compatible; GPTBot/1.3; +https://openai.com/gptbot)"
74.7.227.4 - - [04/Feb/2026:18:46:26 +0000] "GET /shop/pg/42531 HTTP/2.0" 200 24125 "https://nfsin.com/shop/pg/41469" "Mozilla/5.0 AppleWebKit/537.36 (KHTML, like Gecko; compatible; GPTBot/1.3; +https://openai.com/gptbot)"
74.7.227.4 - - [04/Feb/2026:18:46:29 +0000] "GET /shopping/products/161876527 HTTP/2.0" 200 24508 "https://nfsin.com/shop/pg/75465" "Mozilla/5.0 AppleWebKit/537.36 (KHTML, like Gecko; compatible; GPTBot/1.3; +https://openai.com/gptbot)"
74.7.227.4 - - [04/Feb/2026:18:46:32 +0000] "GET /shopping/products/16211795550 HTTP/2.0" 200 25034 "https://nfsin.com/shop/pg/74540" "Mozilla/5.0 AppleWebKit/537.36 (KHTML, like Gecko; compatible; GPTBot/1.3; +https://openai.com/gptbot)"
74.7.227.4 - - [04/Feb/2026:18:46:35 +0000] "GET /shopping/products/16222005805 HTTP/2.0" 200 25221 "https://nfsin.com/shop/pg/74540" "Mozilla/5.0 AppleWebKit/537.36 (KHTML, like Gecko; compatible; GPTBot/1.3; +https://openai.com/gptbot)"
74.7.227.4 - - [04/Feb/2026:18:46:38 +0000] "GET /shop/pg/18692 HTTP/2.0" 200 24309 "https://nfsin.com/shop/pg/17629" "Mozilla/5.0 AppleWebKit/537.36 (KHTML, like Gecko; compatible; GPTBot/1.3; +https://openai.com/gptbot)"
74.7.227.4 - - [04/Feb/2026:18:46:41 +0000] "GET /shop/pg/76530 HTTP/2.0" 200 24108 "https://nfsin.com/shop/pg/75465" "Mozilla/5.0 AppleWebKit/537.36 (KHTML, like Gecko; compatible; GPTBot/1.3; +https://openai.com/gptbot)"
74.7.227.4 - - [04/Feb/2026:18:46:45 +0000] "GET /shop/pg/75598 HTTP/2.0" 200 24048 "https://nfsin.com/shop/pg/74540" "Mozilla/5.0 AppleWebKit/537.36 (KHTML, like Gecko; compatible; GPTBot/1.3; +https://openai.com/gptbot)"
74.7.227.4 - - [04/Feb/2026:18:46:48 +0000] "GET /shop/pg/80862 HTTP/2.0" 200 24642 "https://nfsin.com/shop/pg/79800" "Mozilla/5.0 AppleWebKit/537.36 (KHTML, like Gecko; compatible; GPTBot/1.3; +https://openai.com/gptbot)"
74.7.227.4 - - [04/Feb/2026:18:46:50 +0000] "GET /shop/pg/62760 HTTP/2.0" 200 24850 "https://nfsin.com/shop/pg/61695" "Mozilla/5.0 AppleWebKit/537.36 (KHTML, like Gecko; compatible; GPTBot/1.3; +https://openai.com/gptbot)"
74.7.227.4 - - [04/Feb/2026:18:46:53 +0000] "GET /shop/pg/69246 HTTP/2.0" 200 24035 "https://nfsin.com/shopping/products/161869246" "Mozilla/5.0 AppleWebKit/537.36 (KHTML, like Gecko; compatible; GPTBot/1.3; +https://openai.com/gptbot)"
74.7.227.4 - - [04/Feb/2026:18:46:56 +0000] "GET /shop/pg/70405 HTTP/2.0" 200 24177 "https://nfsin.com/shop/pg/69338" "Mozilla/5.0 AppleWebKit/537.36 (KHTML, like Gecko; compatible; GPTBot/1.3; +https://openai.com/gptbot)"
74.7.227.4 - - [04/Feb/2026:18:47:00 +0000] "GET /shopping/products/1619689819 HTTP/2.0" 200 24758 "https://nfsin.com/shop/pg/42531" "Mozilla/5.0 AppleWebKit/537.36 (KHTML, like Gecko; compatible; GPTBot/1.3; +https://openai.com/gptbot)"
74.7.227.4 - - [04/Feb/2026:18:47:03 +0000] "GET /shop/pg/43584 HTTP/2.0" 200 24510 "https://nfsin.com/shop/pg/42531" "Mozilla/5.0 AppleWebKit/537.36 (KHTML, like Gecko; compatible; GPTBot/1.3; +https://openai.com/gptbot)"
74.7.227.4 - - [04/Feb/2026:18:47:06 +0000] "GET /shopping/products/1618144777 HTTP/2.0" 200 23827 "https://nfsin.com/shopping/products/16211795550" "Mozilla/5.0 AppleWebKit/537.36 (KHTML, like Gecko; compatible; GPTBot/1.3; +https://openai.com/gptbot)"
74.7.227.4 - - [04/Feb/2026:18:47:09 +0000] "GET /shop/pg/76527 HTTP/2.0" 200 24723 "https://nfsin.com/shopping/products/161876527" "Mozilla/5.0 AppleWebKit/537.36 (KHTML, like Gecko; compatible; GPTBot/1.3; +https://openai.com/gptbot)"
74.7.227.4 - - [04/Feb/2026:18:47:12 +0000] "GET /shop/pg/19756 HTTP/2.0" 200 24559 "https://nfsin.com/shop/pg/18692" "Mozilla/5.0 AppleWebKit/537.36 (KHTML, like Gecko; compatible; GPTBot/1.3; +https://openai.com/gptbot)"
74.7.227.4 - - [04/Feb/2026:18:47:15 +0000] "GET /shopping/products/161823124 HTTP/2.0" 200 24443 "https://nfsin.com/shop/pg/76530" "Mozilla/5.0 AppleWebKit/537.36 (KHTML, like Gecko; compatible; GPTBot/1.3; +https://openai.com/gptbot)"
74.7.227.4 - - [04/Feb/2026:18:47:18 +0000] "GET /shop/pg/77589 HTTP/2.0" 200 24495 "https://nfsin.com/shop/pg/76530" "Mozilla/5.0 AppleWebKit/537.36 (KHTML, like Gecko; compatible; GPTBot/1.3; +https://openai.com/gptbot)"
74.7.227.4 - - [04/Feb/2026:18:47:21 +0000] "GET /shop/pg/81924 HTTP/2.0" 200 24745 "https://nfsin.com/shop/pg/80862" "Mozilla/5.0 AppleWebKit/537.36 (KHTML, like Gecko; compatible; GPTBot/1.3; +https://openai.com/gptbot)"
74.7.227.4 - - [04/Feb/2026:18:47:24 +0000] "GET /shop/pg/63819 HTTP/2.0" 200 24835 "https://nfsin.com/shop/pg/62760" "Mozilla/5.0 AppleWebKit/537.36 (KHTML, like Gecko; compatible; GPTBot/1.3; +https://openai.com/gptbot)"
74.7.227.4 - - [04/Feb/2026:18:47:27 +0000] "GET /shopping/products/1619889989 HTTP/2.0" 200 24440 "https://nfsin.com/shop/pg/69246" "Mozilla/5.0 AppleWebKit/537.36 (KHTML, like Gecko; compatible; GPTBot/1.3; +https://openai.com/gptbot)"
74.7.227.4 - - [04/Feb/2026:18:47:29 +0000] "GET /shopping/products/1619652919 HTTP/2.0" 200 23852 "https://nfsin.com/shop/pg/70405" "Mozilla/5.0 AppleWebKit/537.36 (KHTML, like Gecko; compatible; GPTBot/1.3; +https://openai.com/gptbot)"
74.7.227.4 - - [04/Feb/2026:18:47:32 +0000] "GET /shop/pg/71459 HTTP/2.0" 200 25074 "https://nfsin.com/shop/pg/70405" "Mozilla/5.0 AppleWebKit/537.36 (KHTML, like Gecko; compatible; GPTBot/1.3; +https://openai.com/gptbot)"
74.7.227.4 - - [04/Feb/2026:18:47:35 +0000] "GET /shop/pg/44646 HTTP/2.0" 200 24025 "https://nfsin.com/shop/pg/43584" "Mozilla/5.0 AppleWebKit/537.36 (KHTML, like Gecko; compatible; GPTBot/1.3; +https://openai.com/gptbot)"
74.7.227.4 - - [04/Feb/2026:18:47:37 +0000] "GET /shopping/products/1618151126 HTTP/2.0" 200 23983 "https://nfsin.com/shopping/products/1618144777" "Mozilla/5.0 AppleWebKit/537.36 (KHTML, like Gecko; compatible; GPTBot/1.3; +https://openai.com/gptbot)"
74.7.227.4 - - [04/Feb/2026:18:47:40 +0000] "GET /shop/pg/77592 HTTP/2.0" 200 25227 "https://nfsin.com/shop/pg/76527" "Mozilla/5.0 AppleWebKit/537.36 (KHTML, like Gecko; compatible; GPTBot/1.3; +https://openai.com/gptbot)"
74.7.227.4 - - [04/Feb/2026:18:47:43 +0000] "GET /shop/pg/20822 HTTP/2.0" 200 24283 "https://nfsin.com/shop/pg/19756" "Mozilla/5.0 AppleWebKit/537.36 (KHTML, like Gecko; compatible; GPTBot/1.3; +https://openai.com/gptbot)"
74.7.227.4 - - [04/Feb/2026:18:47:45 +0000] "GET /shop/pg/23124 HTTP/2.0" 200 24334 "https://nfsin.com/shopping/products/161823124" "Mozilla/5.0 AppleWebKit/537.36 (KHTML, like Gecko; compatible; GPTBot/1.3; +https://openai.com/gptbot)"
74.7.227.4 - - [04/Feb/2026:18:47:49 +0000] "GET /shop/pg/78663 HTTP/2.0" 200 24275 "https://nfsin.com/shop/pg/77589" "Mozilla/5.0 AppleWebKit/537.36 (KHTML, like Gecko; compatible; GPTBot/1.3; +https://openai.com/gptbot)"
74.7.227.4 - - [04/Feb/2026:18:47:52 +0000] "GET /shop/pg/82986 HTTP/2.0" 200 24443 "https://nfsin.com/shop/pg/81924" "Mozilla/5.0 AppleWebKit/537.36 (KHTML, like Gecko; compatible; GPTBot/1.3; +https://openai.com/gptbot)"
74.7.227.4 - - [04/Feb/2026:18:47:55 +0000] "GET /shop/pg/64884 HTTP/2.0" 200 24427 "https://nfsin.com/shop/pg/63819" "Mozilla/5.0 AppleWebKit/537.36 (KHTML, like Gecko; compatible; GPTBot/1.3; +https://openai.com/gptbot)"
74.7.227.4 - - [04/Feb/2026:18:47:57 +0000] "GET /shopping/products/16211641112 HTTP/2.0" 200 24913 "https://nfsin.com/shopping/products/1619889989" "Mozilla/5.0 AppleWebKit/537.36 (KHTML, like Gecko; compatible; GPTBot/1.3; +https://openai.com/gptbot)"
74.7.227.4 - - [04/Feb/2026:18:48:00 +0000] "GET /shop/pg/76670 HTTP/2.0" 200 24130 "https://nfsin.com/shop/pg/75598" "Mozilla/5.0 AppleWebKit/537.36 (KHTML, like Gecko; compatible; GPTBot/1.3; +https://openai.com/gptbot)"
74.7.227.4 - - [04/Feb/2026:18:48:03 +0000] "GET /shop/pg/57255 HTTP/2.0" 200 24859 "https://nfsin.com/shop/pg/56193" "Mozilla/5.0 AppleWebKit/537.36 (KHTML, like Gecko; compatible; GPTBot/1.3; +https://openai.com/gptbot)"
74.7.227.4 - - [04/Feb/2026:18:48:07 +0000] "GET /shopping/products/16222139292 HTTP/2.0" 200 24140 "https://nfsin.com/shop/pg/44646" "Mozilla/5.0 AppleWebKit/537.36 (KHTML, like Gecko; compatible; GPTBot/1.3; +https://openai.com/gptbot)"
74.7.227.4 - - [04/Feb/2026:18:48:09 +0000] "GET /shopping/products/1618242281 HTTP/2.0" 200 24279 "https://nfsin.com/shopping/products/1618151126" "Mozilla/5.0 AppleWebKit/537.36 (KHTML, like Gecko; compatible; GPTBot/1.3; +https://openai.com/gptbot)"
74.7.227.4 - - [04/Feb/2026:18:48:12 +0000] "GET /shop/pg/45708 HTTP/2.0" 200 24565 "https://nfsin.com/shop/pg/44646" "Mozilla/5.0 AppleWebKit/537.36 (KHTML, like Gecko; compatible; GPTBot/1.3; +https://openai.com/gptbot)"
74.7.227.4 - - [04/Feb/2026:18:48:15 +0000] "GET /shop/pg/21874 HTTP/2.0" 200 24319 "https://nfsin.com/shop/pg/20822" "Mozilla/5.0 AppleWebKit/537.36 (KHTML, like Gecko; compatible; GPTBot/1.3; +https://openai.com/gptbot)"
74.7.227.4 - - [04/Feb/2026:18:48:18 +0000] "GET /shop/pg/78660 HTTP/2.0" 200 24000 "https://nfsin.com/shop/pg/77592" "Mozilla/5.0 AppleWebKit/537.36 (KHTML, like Gecko; compatible; GPTBot/1.3; +https://openai.com/gptbot)"
74.7.227.4 - - [04/Feb/2026:18:48:21 +0000] "GET /shop/pg/24174 HTTP/2.0" 200 24474 "https://nfsin.com/shop/pg/23124" "Mozilla/5.0 AppleWebKit/537.36 (KHTML, like Gecko; compatible; GPTBot/1.3; +https://openai.com/gptbot)"
74.7.227.4 - - [04/Feb/2026:18:48:24 +0000] "GET /shopping/products/16222211728 HTTP/2.0" 200 25693 "https://nfsin.com/shop/pg/82986" "Mozilla/5.0 AppleWebKit/537.36 (KHTML, like Gecko; compatible; GPTBot/1.3; +https://openai.com/gptbot)"
74.7.227.4 - - [04/Feb/2026:18:48:27 +0000] "GET /shopping/products/16222174146 HTTP/2.0" 200 24139 "https://nfsin.com/shop/pg/82986" "Mozilla/5.0 AppleWebKit/537.36 (KHTML, like Gecko; compatible; GPTBot/1.3; +https://openai.com/gptbot)"
74.7.227.4 - - [04/Feb/2026:18:48:31 +0000] "GET /shopping/products/16222263237 HTTP/2.0" 200 24898 "https://nfsin.com/shopping/products/16211641112" "Mozilla/5.0 AppleWebKit/537.36 (KHTML, like Gecko; compatible; GPTBot/1.3; +https://openai.com/gptbot)"
74.7.227.4 - - [04/Feb/2026:18:48:34 +0000] "GET /shopping/products/16222434495 HTTP/2.0" 200 25011 "https://nfsin.com/shopping/products/16211641112" "Mozilla/5.0 AppleWebKit/537.36 (KHTML, like Gecko; compatible; GPTBot/1.3; +https://openai.com/gptbot)"
74.7.227.4 - - [04/Feb/2026:18:48:37 +0000] "GET /shopping/products/16211626854 HTTP/2.0" 200 25427 "https://nfsin.com/shop/pg/76670" "Mozilla/5.0 AppleWebKit/537.36 (KHTML, like Gecko; compatible; GPTBot/1.3; +https://openai.com/gptbot)"
74.7.227.4 - - [04/Feb/2026:18:48:40 +0000] "GET /shop/pg/84057 HTTP/2.0" 200 24310 "https://nfsin.com/shop/pg/82986" "Mozilla/5.0 AppleWebKit/537.36 (KHTML, like Gecko; compatible; GPTBot/1.3; +https://openai.com/gptbot)"
74.7.227.4 - - [04/Feb/2026:18:48:43 +0000] "GET /shopping/products/16211787779 HTTP/2.0" 200 24131 "https://nfsin.com/shopping/products/1618242281" "Mozilla/5.0 AppleWebKit/537.36 (KHTML, like Gecko; compatible; GPTBot/1.3; +https://openai.com/gptbot)"
74.7.227.4 - - [04/Feb/2026:18:48:46 +0000] "GET /shop/pg/58317 HTTP/2.0" 200 24353 "https://nfsin.com/shop/pg/57255" "Mozilla/5.0 AppleWebKit/537.36 (KHTML, like Gecko; compatible; GPTBot/1.3; +https://openai.com/gptbot)"
74.7.227.4 - - [04/Feb/2026:18:48:49 +0000] "GET /shop/pg/65952 HTTP/2.0" 200 24388 "https://nfsin.com/shop/pg/64884" "Mozilla/5.0 AppleWebKit/537.36 (KHTML, like Gecko; compatible; GPTBot/1.3; +https://openai.com/gptbot)"
74.7.227.4 - - [04/Feb/2026:18:48:52 +0000] "GET /shop/pg/79725 HTTP/2.0" 200 24130 "https://nfsin.com/shop/pg/78660" "Mozilla/5.0 AppleWebKit/537.36 (KHTML, like Gecko; compatible; GPTBot/1.3; +https://openai.com/gptbot)"
74.7.227.4 - - [04/Feb/2026:18:48:56 +0000] "GET /shop/pg/25230 HTTP/2.0" 200 23877 "https://nfsin.com/shop/pg/24174" "Mozilla/5.0 AppleWebKit/537.36 (KHTML, like Gecko; compatible; GPTBot/1.3; +https://openai.com/gptbot)"
74.7.227.4 - - [04/Feb/2026:18:49:00 +0000] "GET /shop/pg/79731 HTTP/2.0" 200 23760 "https://nfsin.com/shop/pg/78663" "Mozilla/5.0 AppleWebKit/537.36 (KHTML, like Gecko; compatible; GPTBot/1.3; +https://openai.com/gptbot)"
74.7.227.4 - - [04/Feb/2026:18:49:03 +0000] "GET /shop/pg/70311 HTTP/2.0" 200 24961 "https://nfsin.com/shop/pg/69246" "Mozilla/5.0 AppleWebKit/537.36 (KHTML, like Gecko; compatible; GPTBot/1.3; +https://openai.com/gptbot)"
74.7.227.4 - - [04/Feb/2026:18:49:05 +0000] "GET /shopping/products/16222059623 HTTP/2.0" 200 25208 "https://nfsin.com/shopping/products/16222263237" "Mozilla/5.0 AppleWebKit/537.36 (KHTML, like Gecko; compatible; GPTBot/1.3; +https://openai.com/gptbot)"
74.7.227.4 - - [04/Feb/2026:18:49:08 +0000] "GET /shop/pg/22934 HTTP/2.0" 200 23861 "https://nfsin.com/shop/pg/21874" "Mozilla/5.0 AppleWebKit/537.36 (KHTML, like Gecko; compatible; GPTBot/1.3; +https://openai.com/gptbot)"
74.7.227.4 - - [04/Feb/2026:18:49:11 +0000] "GET /shopping/products/16222030300 HTTP/2.0" 200 25300 "https://nfsin.com/shopping/products/16211626854" "Mozilla/5.0 AppleWebKit/537.36 (KHTML, like Gecko; compatible; GPTBot/1.3; +https://openai.com/gptbot)"
74.7.227.4 - - [04/Feb/2026:18:49:14 +0000] "GET /shopping/products/16222350830 HTTP/2.0" 200 25091 "https://nfsin.com/shopping/products/16211626854" "Mozilla/5.0 AppleWebKit/537.36 (KHTML, like Gecko; compatible; GPTBot/1.3; +https://openai.com/gptbot)"
74.7.227.4 - - [04/Feb/2026:18:49:17 +0000] "GET /shop/pg/85119 HTTP/2.0" 200 24884 "https://nfsin.com/shop/pg/84057" "Mozilla/5.0 AppleWebKit/537.36 (KHTML, like Gecko; compatible; GPTBot/1.3; +https://openai.com/gptbot)"
74.7.227.4 - - [04/Feb/2026:18:49:20 +0000] "GET /shop/pg/38211 HTTP/2.0" 200 24382 "https://nfsin.com/shop/pg/37149" "Mozilla/5.0 AppleWebKit/537.36 (KHTML, like Gecko; compatible; GPTBot/1.3; +https://openai.com/gptbot)"
74.7.227.4 - - [04/Feb/2026:18:49:23 +0000] "GET /shopping/products/16222447979 HTTP/2.0" 200 25691 "https://nfsin.com/shop/pg/65952" "Mozilla/5.0 AppleWebKit/537.36 (KHTML, like Gecko; compatible; GPTBot/1.3; +https://openai.com/gptbot)"
74.7.227.4 - - [04/Feb/2026:18:49:26 +0000] "GET /shop/pg/80793 HTTP/2.0" 200 24193 "https://nfsin.com/shop/pg/79725" "Mozilla/5.0 AppleWebKit/537.36 (KHTML, like Gecko; compatible; GPTBot/1.3; +https://openai.com/gptbot)"
74.7.227.4 - - [04/Feb/2026:18:49:29 +0000] "GET /shopping/products/16222116648 HTTP/2.0" 200 25522 "https://nfsin.com/shop/pg/25230" "Mozilla/5.0 AppleWebKit/537.36 (KHTML, like Gecko; compatible; GPTBot/1.3; +https://openai.com/gptbot)"
74.7.227.4 - - [04/Feb/2026:18:49:31 +0000] "GET /shop/pg/80796 HTTP/2.0" 200 24649 "https://nfsin.com/shop/pg/79731" "Mozilla/5.0 AppleWebKit/537.36 (KHTML, like Gecko; compatible; GPTBot/1.3; +https://openai.com/gptbot)"
74.7.227.4 - - [04/Feb/2026:18:49:34 +0000] "GET /shop/pg/71361 HTTP/2.0" 200 25345 "https://nfsin.com/shop/pg/70311" "Mozilla/5.0 AppleWebKit/537.36 (KHTML, like Gecko; compatible; GPTBot/1.3; +https://openai.com/gptbot)"
74.7.227.4 - - [04/Feb/2026:18:49:36 +0000] "GET /shopping/products/16222063251 HTTP/2.0" 200 24368 "https://nfsin.com/shopping/products/16222059623" "Mozilla/5.0 AppleWebKit/537.36 (KHTML, like Gecko; compatible; GPTBot/1.3; +https://openai.com/gptbot)"
74.7.227.4 - - [04/Feb/2026:18:49:39 +0000] "GET /shop/pg/23992 HTTP/2.0" 200 24150 "https://nfsin.com/shop/pg/22934" "Mozilla/5.0 AppleWebKit/537.36 (KHTML, like Gecko; compatible; GPTBot/1.3; +https://openai.com/gptbot)"
74.7.227.4 - - [04/Feb/2026:18:49:42 +0000] "GET /shop/pg/67017 HTTP/2.0" 200 24719 "https://nfsin.com/shop/pg/65952" "Mozilla/5.0 AppleWebKit/537.36 (KHTML, like Gecko; compatible; GPTBot/1.3; +https://openai.com/gptbot)"
74.7.227.4 - - [04/Feb/2026:18:49:46 +0000] "GET /shopping/products/1618189098 HTTP/2.0" 200 24120 "https://nfsin.com/shopping/products/16222350830" "Mozilla/5.0 AppleWebKit/537.36 (KHTML, like Gecko; compatible; GPTBot/1.3; +https://openai.com/gptbot)"
74.7.227.4 - - [04/Feb/2026:18:49:50 +0000] "GET /shop/pg/86181 HTTP/2.0" 200 24784 "https://nfsin.com/shop/pg/85119" "Mozilla/5.0 AppleWebKit/537.36 (KHTML, like Gecko; compatible; GPTBot/1.3; +https://openai.com/gptbot)"
74.7.227.4 - - [04/Feb/2026:18:49:53 +0000] "GET /shop/pg/39264 HTTP/2.0" 200 24388 "https://nfsin.com/shop/pg/38211" "Mozilla/5.0 AppleWebKit/537.36 (KHTML, like Gecko; compatible; GPTBot/1.3; +https://openai.com/gptbot)"
74.7.227.4 - - [04/Feb/2026:18:49:56 +0000] "GET /shop/pg/26280 HTTP/2.0" 200 25016 "https://nfsin.com/shop/pg/25230" "Mozilla/5.0 AppleWebKit/537.36 (KHTML, like Gecko; compatible; GPTBot/1.3; +https://openai.com/gptbot)"
74.7.227.4 - - [04/Feb/2026:18:49:59 +0000] "GET /shopping/products/16222163318 HTTP/2.0" 200 24708 "https://nfsin.com/shop/pg/80793" "Mozilla/5.0 AppleWebKit/537.36 (KHTML, like Gecko; compatible; GPTBot/1.3; +https://openai.com/gptbot)"
74.7.227.4 - - [04/Feb/2026:18:50:01 +0000] "GET /shopping/products/16201113120 HTTP/2.0" 200 24033 "https://nfsin.com/shopping/products/16222116648" "Mozilla/5.0 AppleWebKit/537.36 (KHTML, like Gecko; compatible; GPTBot/1.3; +https://openai.com/gptbot)"
74.7.227.4 - - [04/Feb/2026:18:50:05 +0000] "GET /shopping/products/16222447286 HTTP/2.0" 200 25063 "https://nfsin.com/shop/pg/80793" "Mozilla/5.0 AppleWebKit/537.36 (KHTML, like Gecko; compatible; GPTBot/1.3; +https://openai.com/gptbot)"
74.7.227.4 - - [04/Feb/2026:18:50:08 +0000] "GET /shopping/products/1618311683 HTTP/2.0" 200 25243 "https://nfsin.com/shop/pg/71361" "Mozilla/5.0 AppleWebKit/537.36 (KHTML, like Gecko; compatible; GPTBot/1.3; +https://openai.com/gptbot)"
74.7.227.4 - - [04/Feb/2026:18:50:11 +0000] "GET /shopping/products/16222173040 HTTP/2.0" 200 23840 "https://nfsin.com/shop/pg/80796" "Mozilla/5.0 AppleWebKit/537.36 (KHTML, like Gecko; compatible; GPTBot/1.3; +https://openai.com/gptbot)"
74.7.227.4 - - [04/Feb/2026:18:50:15 +0000] "GET /shopping/products/16201429994 HTTP/2.0" 200 24388 "https://nfsin.com/shopping/products/16222116648" "Mozilla/5.0 AppleWebKit/537.36 (KHTML, like Gecko; compatible; GPTBot/1.3; +https://openai.com/gptbot)"
74.7.227.4 - - [04/Feb/2026:18:50:18 +0000] "GET /shop/pg/81858 HTTP/2.0" 200 23779 "https://nfsin.com/shop/pg/80793" "Mozilla/5.0 AppleWebKit/537.36 (KHTML, like Gecko; compatible; GPTBot/1.3; +https://openai.com/gptbot)"
74.7.227.4 - - [04/Feb/2026:18:50:22 +0000] "GET /shop/pg/72417 HTTP/2.0" 200 24021 "https://nfsin.com/shop/pg/71361" "Mozilla/5.0 AppleWebKit/537.36 (KHTML, like Gecko; compatible; GPTBot/1.3; +https://openai.com/gptbot)"
74.7.227.4 - - [04/Feb/2026:18:50:25 +0000] "GET /shop/pg/161889212 HTTP/2.0" 200 24090 "https://nfsin.com/shop/pg/86181" "Mozilla/5.0 AppleWebKit/537.36 (KHTML, like Gecko; compatible; GPTBot/1.3; +https://openai.com/gptbot)"
74.7.227.4 - - [04/Feb/2026:18:50:28 +0000] "GET /shopping/products/16222118571 HTTP/2.0" 200 24331 "https://nfsin.com/shop/pg/86181" "Mozilla/5.0 AppleWebKit/537.36 (KHTML, like Gecko; compatible; GPTBot/1.3; +https://openai.com/gptbot)"
74.7.227.4 - - [04/Feb/2026:18:50:31 +0000] "GET /shop/pg/40326 HTTP/2.0" 200 24230 "https://nfsin.com/shop/pg/39264" "Mozilla/5.0 AppleWebKit/537.36 (KHTML, like Gecko; compatible; GPTBot/1.3; +https://openai.com/gptbot)"
74.7.227.4 - - [04/Feb/2026:18:50:34 +0000] "GET /shop/pg/87243 HTTP/2.0" 200 24207 "https://nfsin.com/shop/pg/86181" "Mozilla/5.0 AppleWebKit/537.36 (KHTML, like Gecko; compatible; GPTBot/1.3; +https://openai.com/gptbot)"
74.7.227.4 - - [04/Feb/2026:18:50:37 +0000] "GET /shop/pg/81864 HTTP/2.0" 200 24440 "https://nfsin.com/shop/pg/80796" "Mozilla/5.0 AppleWebKit/537.36 (KHTML, like Gecko; compatible; GPTBot/1.3; +https://openai.com/gptbot)"
20.219.8.79 - - [04/Feb/2026:18:50:40 +0000] "GET /rip.php HTTP/1.1" 200 20 "-" "Mozilla/5.0 (Windows NT 10.0; Win64; x64) AppleWebKit/537.36 (KHTML, like Gecko) Chrome/120.0.0.0 Safari/537.36"
20.219.8.79 - - [04/Feb/2026:18:50:41 +0000] "GET /about.php HTTP/1.1" 200 190 "-" "Mozilla/5.0 (Windows NT 10.0; Win64; x64) AppleWebKit/537.36 (KHTML, like Gecko) Chrome/120.0.0.0 Safari/537.36"
74.7.227.4 - - [04/Feb/2026:18:50:39 +0000] "GET /shop/pg/25055 HTTP/2.0" 200 24594 "https://nfsin.com/shop/pg/23992" "Mozilla/5.0 AppleWebKit/537.36 (KHTML, like Gecko; compatible; GPTBot/1.3; +https://openai.com/gptbot)"
20.219.8.79 - - [04/Feb/2026:18:50:42 +0000] "GET /wp-content/plugins/hello-dolly/ HTTP/1.1" 200 20 "-" "Mozilla/5.0 (Windows NT 10.0; Win64; x64) AppleWebKit/537.36 (KHTML, like Gecko) Chrome/120.0.0.0 Safari/537.36"
20.219.8.79 - - [04/Feb/2026:18:50:43 +0000] "GET /wp-content/themes/admin.php HTTP/1.1" 403 20 "-" "Mozilla/5.0 (Windows NT 10.0; Win64; x64) AppleWebKit/537.36 (KHTML, like Gecko) Chrome/120.0.0.0 Safari/537.36"
20.219.8.79 - - [04/Feb/2026:18:50:44 +0000] "GET /admin.php HTTP/1.1" 200 20 "-" "Mozilla/5.0 (Windows NT 10.0; Win64; x64) AppleWebKit/537.36 (KHTML, like Gecko) Chrome/120.0.0.0 Safari/537.36"
20.219.8.79 - - [04/Feb/2026:18:50:44 +0000] "GET /adminfuns.php HTTP/1.1" 200 4636 "-" "Mozilla/5.0 (Windows NT 10.0; Win64; x64) AppleWebKit/537.36 (KHTML, like Gecko) Chrome/120.0.0.0 Safari/537.36"
74.7.227.4 - - [04/Feb/2026:18:50:42 +0000] "GET /shop/pg/27336 HTTP/2.0" 200 24539 "https://nfsin.com/shop/pg/26280" "Mozilla/5.0 AppleWebKit/537.36 (KHTML, like Gecko; compatible; GPTBot/1.3; +https://openai.com/gptbot)"
74.7.227.4 - - [04/Feb/2026:18:50:45 +0000] "GET /shopping/products/16211526555 HTTP/2.0" 200 24500 "https://nfsin.com/shopping/products/16222173040" "Mozilla/5.0 AppleWebKit/537.36 (KHTML, like Gecko; compatible; GPTBot/1.3; +https://openai.com/gptbot)"
74.7.227.4 - - [04/Feb/2026:18:50:48 +0000] "GET /shop/pg/59379 HTTP/2.0" 200 24173 "https://nfsin.com/shop/pg/58317" "Mozilla/5.0 AppleWebKit/537.36 (KHTML, like Gecko; compatible; GPTBot/1.3; +https://openai.com/gptbot)"
74.7.227.4 - - [04/Feb/2026:18:50:51 +0000] "GET /shop/pg/82926 HTTP/2.0" 200 24900 "https://nfsin.com/shop/pg/81858" "Mozilla/5.0 AppleWebKit/537.36 (KHTML, like Gecko; compatible; GPTBot/1.3; +https://openai.com/gptbot)"
74.7.227.4 - - [04/Feb/2026:18:50:54 +0000] "GET /shopping/products/16222212290 HTTP/2.0" 200 25787 "https://nfsin.com/shop/pg/72417" "Mozilla/5.0 AppleWebKit/537.36 (KHTML, like Gecko; compatible; GPTBot/1.3; +https://openai.com/gptbot)"
149.154.161.251 - - [04/Feb/2026:18:50:59 +0000] "GET /adminfuns.php HTTP/2.0" 200 4637 "-" "TelegramBot (like TwitterBot)"
74.7.227.4 - - [04/Feb/2026:18:50:57 +0000] "GET /shop/pg/68076 HTTP/2.0" 200 24480 "https://nfsin.com/shop/pg/67017" "Mozilla/5.0 AppleWebKit/537.36 (KHTML, like Gecko; compatible; GPTBot/1.3; +https://openai.com/gptbot)"
74.7.227.4 - - [04/Feb/2026:18:50:59 +0000] "GET /shop/pg/73476 HTTP/2.0" 200 24114 "https://nfsin.com/shop/pg/72417" "Mozilla/5.0 AppleWebKit/537.36 (KHTML, like Gecko; compatible; GPTBot/1.3; +https://openai.com/gptbot)"
74.7.227.4 - - [04/Feb/2026:18:51:03 +0000] "GET /shop/pg/41379 HTTP/2.0" 200 24011 "https://nfsin.com/shop/pg/40326" "Mozilla/5.0 AppleWebKit/537.36 (KHTML, like Gecko; compatible; GPTBot/1.3; +https://openai.com/gptbot)"
74.7.227.4 - - [04/Feb/2026:18:51:06 +0000] "GET /shopping/products/16211697162 HTTP/2.0" 200 24972 "https://nfsin.com/shop/pg/87243" "Mozilla/5.0 AppleWebKit/537.36 (KHTML, like Gecko; compatible; GPTBot/1.3; +https://openai.com/gptbot)"
74.7.227.4 - - [04/Feb/2026:18:51:09 +0000] "GET /shopping/products/16222033402 HTTP/2.0" 200 24551 "https://nfsin.com/shop/pg/81864" "Mozilla/5.0 AppleWebKit/537.36 (KHTML, like Gecko; compatible; GPTBot/1.3; +https://openai.com/gptbot)"
74.7.227.4 - - [04/Feb/2026:18:51:12 +0000] "GET /shop/pg/82929 HTTP/2.0" 200 24307 "https://nfsin.com/shop/pg/81864" "Mozilla/5.0 AppleWebKit/537.36 (KHTML, like Gecko; compatible; GPTBot/1.3; +https://openai.com/gptbot)"
74.7.227.4 - - [04/Feb/2026:18:51:15 +0000] "GET /shop/pg/28395 HTTP/2.0" 200 24583 "https://nfsin.com/shop/pg/27336" "Mozilla/5.0 AppleWebKit/537.36 (KHTML, like Gecko; compatible; GPTBot/1.3; +https://openai.com/gptbot)"
74.7.227.4 - - [04/Feb/2026:18:51:18 +0000] "GET /shop/pg/26110 HTTP/2.0" 200 24208 "https://nfsin.com/shop/pg/25055" "Mozilla/5.0 AppleWebKit/537.36 (KHTML, like Gecko; compatible; GPTBot/1.3; +https://openai.com/gptbot)"
74.7.227.4 - - [04/Feb/2026:18:51:21 +0000] "GET /shop/pg/88305 HTTP/2.0" 200 24487 "https://nfsin.com/shop/pg/87243" "Mozilla/5.0 AppleWebKit/537.36 (KHTML, like Gecko; compatible; GPTBot/1.3; +https://openai.com/gptbot)"
74.7.227.4 - - [04/Feb/2026:18:51:24 +0000] "GET /shopping/products/1618131610 HTTP/2.0" 200 24266 "https://nfsin.com/shop/pg/82926" "Mozilla/5.0 AppleWebKit/537.36 (KHTML, like Gecko; compatible; GPTBot/1.3; +https://openai.com/gptbot)"
74.7.227.4 - - [04/Feb/2026:18:51:26 +0000] "GET /shopping/products/1618143163 HTTP/2.0" 200 24464 "https://nfsin.com/shopping/products/16222212290" "Mozilla/5.0 AppleWebKit/537.36 (KHTML, like Gecko; compatible; GPTBot/1.3; +https://openai.com/gptbot)"
74.7.227.4 - - [04/Feb/2026:18:51:30 +0000] "GET /shopping/products/16222282840 HTTP/2.0" 200 24453 "https://nfsin.com/shop/pg/68076" "Mozilla/5.0 AppleWebKit/537.36 (KHTML, like Gecko; compatible; GPTBot/1.3; +https://openai.com/gptbot)"
74.7.227.4 - - [04/Feb/2026:18:51:33 +0000] "GET /shop/pg/41379 HTTP/2.0" 200 24011 "https://nfsin.com/shop/pg/40326" "Mozilla/5.0 AppleWebKit/537.36 (KHTML, like Gecko; compatible; GPTBot/1.3; +https://openai.com/gptbot)"
74.7.227.4 - - [04/Feb/2026:18:51:36 +0000] "GET /shop/pg/74541 HTTP/2.0" 200 24837 "https://nfsin.com/shop/pg/73476" "Mozilla/5.0 AppleWebKit/537.36 (KHTML, like Gecko; compatible; GPTBot/1.3; +https://openai.com/gptbot)"
74.7.227.4 - - [04/Feb/2026:18:51:40 +0000] "GET /shop/pg/83991 HTTP/2.0" 200 24271 "https://nfsin.com/shop/pg/82926" "Mozilla/5.0 AppleWebKit/537.36 (KHTML, like Gecko; compatible; GPTBot/1.3; +https://openai.com/gptbot)"
74.7.227.4 - - [04/Feb/2026:18:51:43 +0000] "GET /shop/pg/69141 HTTP/2.0" 200 25031 "https://nfsin.com/shop/pg/68076" "Mozilla/5.0 AppleWebKit/537.36 (KHTML, like Gecko; compatible; GPTBot/1.3; +https://openai.com/gptbot)"
74.7.227.4 - - [04/Feb/2026:18:51:46 +0000] "GET /shopping/products/16222244926 HTTP/2.0" 200 25819 "https://nfsin.com/shopping/products/16222033402" "Mozilla/5.0 AppleWebKit/537.36 (KHTML, like Gecko; compatible; GPTBot/1.3; +https://openai.com/gptbot)"
74.7.227.4 - - [04/Feb/2026:18:51:50 +0000] "GET /shopping/products/16222001164 HTTP/2.0" 200 25023 "https://nfsin.com/shop/pg/82929" "Mozilla/5.0 AppleWebKit/537.36 (KHTML, like Gecko; compatible; GPTBot/1.3; +https://openai.com/gptbot)"
74.7.227.4 - - [04/Feb/2026:18:51:52 +0000] "GET /shop/pg/29460 HTTP/2.0" 200 24373 "https://nfsin.com/shop/pg/28395" "Mozilla/5.0 AppleWebKit/537.36 (KHTML, like Gecko; compatible; GPTBot/1.3; +https://openai.com/gptbot)"
74.7.227.4 - - [04/Feb/2026:18:51:55 +0000] "GET /shop/pg/27158 HTTP/2.0" 200 24155 "https://nfsin.com/shop/pg/26110" "Mozilla/5.0 AppleWebKit/537.36 (KHTML, like Gecko; compatible; GPTBot/1.3; +https://openai.com/gptbot)"
74.7.227.4 - - [04/Feb/2026:18:51:57 +0000] "GET /shop/pg/83997 HTTP/2.0" 200 24233 "https://nfsin.com/shop/pg/82929" "Mozilla/5.0 AppleWebKit/537.36 (KHTML, like Gecko; compatible; GPTBot/1.3; +https://openai.com/gptbot)"
74.7.227.4 - - [04/Feb/2026:18:52:00 +0000] "GET /shopping/products/1618366889 HTTP/2.0" 200 24327 "https://nfsin.com/shopping/products/1618131610" "Mozilla/5.0 AppleWebKit/537.36 (KHTML, like Gecko; compatible; GPTBot/1.3; +https://openai.com/gptbot)"
74.7.227.4 - - [04/Feb/2026:18:52:02 +0000] "GET /shopping/products/1618145884 HTTP/2.0" 200 23946 "https://nfsin.com/shopping/products/1618143163" "Mozilla/5.0 AppleWebKit/537.36 (KHTML, like Gecko; compatible; GPTBot/1.3; +https://openai.com/gptbot)"
74.7.227.4 - - [04/Feb/2026:18:52:05 +0000] "GET /shop/pg/42441 HTTP/2.0" 200 23808 "https://nfsin.com/shop/pg/41379" "Mozilla/5.0 AppleWebKit/537.36 (KHTML, like Gecko; compatible; GPTBot/1.3; +https://openai.com/gptbot)"
74.7.227.4 - - [04/Feb/2026:18:52:07 +0000] "GET /shopping/products/16222136711 HTTP/2.0" 200 25147 "https://nfsin.com/shop/pg/74541" "Mozilla/5.0 AppleWebKit/537.36 (KHTML, like Gecko; compatible; GPTBot/1.3; +https://openai.com/gptbot)"
74.7.227.4 - - [04/Feb/2026:18:52:10 +0000] "GET /shop/pg/85059 HTTP/2.0" 200 24386 "https://nfsin.com/shop/pg/83991" "Mozilla/5.0 AppleWebKit/537.36 (KHTML, like Gecko; compatible; GPTBot/1.3; +https://openai.com/gptbot)"
74.7.227.4 - - [04/Feb/2026:18:52:13 +0000] "GET /shop/pg/70200 HTTP/2.0" 200 25279 "https://nfsin.com/shop/pg/69141" "Mozilla/5.0 AppleWebKit/537.36 (KHTML, like Gecko; compatible; GPTBot/1.3; +https://openai.com/gptbot)"
74.7.227.4 - - [04/Feb/2026:18:52:16 +0000] "GET /shop/pg/60450 HTTP/2.0" 200 23905 "https://nfsin.com/shop/pg/59379" "Mozilla/5.0 AppleWebKit/537.36 (KHTML, like Gecko; compatible; GPTBot/1.3; +https://openai.com/gptbot)"
