74.7.227.4 - - [04/Feb/2026:18:22:00 +0000] "GET /shop/pg/82162 HTTP/2.0" 200 24063 "https://nfsin.com/shop/pg/81107" "Mozilla/5.0 AppleWebKit/537.36 (KHTML, like Gecko; compatible; GPTBot/1.3; +https://openai.com/gptbot)"
74.7.227.4 - - [04/Feb/2026:18:22:03 +0000] "GET /shop/pg/99647 HTTP/2.0" 200 24150 "https://nfsin.com/shop/pg/98575" "Mozilla/5.0 AppleWebKit/537.36 (KHTML, like Gecko; compatible; GPTBot/1.3; +https://openai.com/gptbot)"
74.7.227.4 - - [04/Feb/2026:18:22:06 +0000] "GET /shopping/products/1618299970 HTTP/2.0" 200 24093 "https://nfsin.com/shop/pg/70031" "Mozilla/5.0 AppleWebKit/537.36 (KHTML, like Gecko; compatible; GPTBot/1.3; +https://openai.com/gptbot)"
74.7.227.4 - - [04/Feb/2026:18:22:09 +0000] "GET /shop/pg/71080 HTTP/2.0" 200 24143 "https://nfsin.com/shop/pg/70031" "Mozilla/5.0 AppleWebKit/537.36 (KHTML, like Gecko; compatible; GPTBot/1.3; +https://openai.com/gptbot)"
74.7.227.4 - - [04/Feb/2026:18:22:12 +0000] "GET /shop/pg/53126 HTTP/2.0" 200 25124 "https://nfsin.com/shop/pg/52072" "Mozilla/5.0 AppleWebKit/537.36 (KHTML, like Gecko; compatible; GPTBot/1.3; +https://openai.com/gptbot)"
74.7.227.4 - - [04/Feb/2026:18:22:15 +0000] "GET /shop/pg/86705 HTTP/2.0" 200 24228 "https://nfsin.com/shop/pg/85642" "Mozilla/5.0 AppleWebKit/537.36 (KHTML, like Gecko; compatible; GPTBot/1.3; +https://openai.com/gptbot)"
74.7.227.4 - - [04/Feb/2026:18:22:18 +0000] "GET /shop/pg/51475 HTTP/2.0" 200 24035 "https://nfsin.com/shop/pg/50423" "Mozilla/5.0 AppleWebKit/537.36 (KHTML, like Gecko; compatible; GPTBot/1.3; +https://openai.com/gptbot)"
74.7.227.4 - - [04/Feb/2026:18:22:22 +0000] "GET /shopping/products/16222025227 HTTP/2.0" 200 24514 "https://nfsin.com/shop/pg/68695" "Mozilla/5.0 AppleWebKit/537.36 (KHTML, like Gecko; compatible; GPTBot/1.3; +https://openai.com/gptbot)"
74.7.227.4 - - [04/Feb/2026:18:22:25 +0000] "GET /shopping/products/161823867 HTTP/2.0" 200 25128 "https://nfsin.com/shop/pg/19181" "Mozilla/5.0 AppleWebKit/537.36 (KHTML, like Gecko; compatible; GPTBot/1.3; +https://openai.com/gptbot)"
74.7.227.4 - - [04/Feb/2026:18:22:28 +0000] "GET /shopping/products/16222242914 HTTP/2.0" 200 26053 "https://nfsin.com/shop/pg/19181" "Mozilla/5.0 AppleWebKit/537.36 (KHTML, like Gecko; compatible; GPTBot/1.3; +https://openai.com/gptbot)"
74.7.227.4 - - [04/Feb/2026:18:22:31 +0000] "GET /shop/pg/62579 HTTP/2.0" 200 24426 "https://nfsin.com/shop/pg/61519" "Mozilla/5.0 AppleWebKit/537.36 (KHTML, like Gecko; compatible; GPTBot/1.3; +https://openai.com/gptbot)"
74.7.227.4 - - [04/Feb/2026:18:22:34 +0000] "GET /shopping/products/16211577793 HTTP/2.0" 200 24613 "https://nfsin.com/shop/pg/82162" "Mozilla/5.0 AppleWebKit/537.36 (KHTML, like Gecko; compatible; GPTBot/1.3; +https://openai.com/gptbot)"
74.7.227.4 - - [04/Feb/2026:18:22:38 +0000] "GET /shopping/products/1619769767 HTTP/2.0" 200 24762 "https://nfsin.com/shop/pg/99647" "Mozilla/5.0 AppleWebKit/537.36 (KHTML, like Gecko; compatible; GPTBot/1.3; +https://openai.com/gptbot)"
74.7.227.4 - - [04/Feb/2026:18:22:40 +0000] "GET /shopping/products/16201301338 HTTP/2.0" 200 23959 "https://nfsin.com/shopping/products/1618299970" "Mozilla/5.0 AppleWebKit/537.36 (KHTML, like Gecko; compatible; GPTBot/1.3; +https://openai.com/gptbot)"
74.7.227.4 - - [04/Feb/2026:18:22:43 +0000] "GET /shop/pg/72134 HTTP/2.0" 200 24805 "https://nfsin.com/shop/pg/71080" "Mozilla/5.0 AppleWebKit/537.36 (KHTML, like Gecko; compatible; GPTBot/1.3; +https://openai.com/gptbot)"
74.7.227.4 - - [04/Feb/2026:18:22:46 +0000] "GET /shop/pg/83219 HTTP/2.0" 200 24590 "https://nfsin.com/shop/pg/82162" "Mozilla/5.0 AppleWebKit/537.36 (KHTML, like Gecko; compatible; GPTBot/1.3; +https://openai.com/gptbot)"
74.7.227.4 - - [04/Feb/2026:18:22:49 +0000] "GET /shopping/products/16222181944 HTTP/2.0" 200 25718 "https://nfsin.com/shop/pg/86705" "Mozilla/5.0 AppleWebKit/537.36 (KHTML, like Gecko; compatible; GPTBot/1.3; +https://openai.com/gptbot)"
74.7.227.4 - - [04/Feb/2026:18:22:52 +0000] "GET /shopping/products/16211982111 HTTP/2.0" 200 24793 "https://nfsin.com/shop/pg/51475" "Mozilla/5.0 AppleWebKit/537.36 (KHTML, like Gecko; compatible; GPTBot/1.3; +https://openai.com/gptbot)"
74.7.227.4 - - [04/Feb/2026:18:22:55 +0000] "GET /shop/pg/52535 HTTP/2.0" 200 24321 "https://nfsin.com/shop/pg/51475" "Mozilla/5.0 AppleWebKit/537.36 (KHTML, like Gecko; compatible; GPTBot/1.3; +https://openai.com/gptbot)"
74.7.227.4 - - [04/Feb/2026:18:22:57 +0000] "GET /shop/pg/23867 HTTP/2.0" 200 24050 "https://nfsin.com/shopping/products/161823867" "Mozilla/5.0 AppleWebKit/537.36 (KHTML, like Gecko; compatible; GPTBot/1.3; +https://openai.com/gptbot)"
74.7.227.4 - - [04/Feb/2026:18:23:00 +0000] "GET /shop/pg/69767 HTTP/2.0" 200 24347 "https://nfsin.com/shop/pg/68695" "Mozilla/5.0 AppleWebKit/537.36 (KHTML, like Gecko; compatible; GPTBot/1.3; +https://openai.com/gptbot)"
74.7.227.4 - - [04/Feb/2026:18:23:03 +0000] "GET /shopping/products/1619691140 HTTP/2.0" 200 24995 "https://nfsin.com/shop/pg/62579" "Mozilla/5.0 AppleWebKit/537.36 (KHTML, like Gecko; compatible; GPTBot/1.3; +https://openai.com/gptbot)"
74.7.227.4 - - [04/Feb/2026:18:23:06 +0000] "GET /shopping/products/16222405434 HTTP/2.0" 200 25251 "https://nfsin.com/shopping/products/16211577793" "Mozilla/5.0 AppleWebKit/537.36 (KHTML, like Gecko; compatible; GPTBot/1.3; +https://openai.com/gptbot)"
74.7.227.4 - - [04/Feb/2026:18:23:10 +0000] "GET /shop/pg/87769 HTTP/2.0" 200 24361 "https://nfsin.com/shop/pg/86705" "Mozilla/5.0 AppleWebKit/537.36 (KHTML, like Gecko; compatible; GPTBot/1.3; +https://openai.com/gptbot)"
74.7.227.4 - - [04/Feb/2026:18:23:13 +0000] "GET /shop/pg/29241 HTTP/2.0" 200 24270 "https://nfsin.com/shop/pg/28182" "Mozilla/5.0 AppleWebKit/537.36 (KHTML, like Gecko; compatible; GPTBot/1.3; +https://openai.com/gptbot)"
74.7.227.4 - - [04/Feb/2026:18:23:17 +0000] "GET /shop/pg/73189 HTTP/2.0" 200 24028 "https://nfsin.com/shop/pg/72134" "Mozilla/5.0 AppleWebKit/537.36 (KHTML, like Gecko; compatible; GPTBot/1.3; +https://openai.com/gptbot)"
74.7.227.4 - - [04/Feb/2026:18:23:20 +0000] "GET /shopping/products/16222220833 HTTP/2.0" 200 25157 "https://nfsin.com/shop/pg/83219" "Mozilla/5.0 AppleWebKit/537.36 (KHTML, like Gecko; compatible; GPTBot/1.3; +https://openai.com/gptbot)"
74.7.227.4 - - [04/Feb/2026:18:23:23 +0000] "GET /shopping/products/16222130305 HTTP/2.0" 200 24811 "https://nfsin.com/shop/pg/83219" "Mozilla/5.0 AppleWebKit/537.36 (KHTML, like Gecko; compatible; GPTBot/1.3; +https://openai.com/gptbot)"
74.7.227.4 - - [04/Feb/2026:18:23:26 +0000] "GET /shopping/products/16222331041 HTTP/2.0" 200 25276 "https://nfsin.com/shop/pg/83219" "Mozilla/5.0 AppleWebKit/537.36 (KHTML, like Gecko; compatible; GPTBot/1.3; +https://openai.com/gptbot)"
74.7.227.4 - - [04/Feb/2026:18:23:29 +0000] "GET /shopping/products/16222061425 HTTP/2.0" 200 25207 "https://nfsin.com/shop/pg/83219" "Mozilla/5.0 AppleWebKit/537.36 (KHTML, like Gecko; compatible; GPTBot/1.3; +https://openai.com/gptbot)"
74.7.227.4 - - [04/Feb/2026:18:23:33 +0000] "GET /shop/pg/24931 HTTP/2.0" 200 24152 "https://nfsin.com/shop/pg/23867" "Mozilla/5.0 AppleWebKit/537.36 (KHTML, like Gecko; compatible; GPTBot/1.3; +https://openai.com/gptbot)"
74.7.227.4 - - [04/Feb/2026:18:23:36 +0000] "GET /shopping/products/16222274210 HTTP/2.0" 200 24647 "https://nfsin.com/shop/pg/69767" "Mozilla/5.0 AppleWebKit/537.36 (KHTML, like Gecko; compatible; GPTBot/1.3; +https://openai.com/gptbot)"
74.7.227.4 - - [04/Feb/2026:18:23:39 +0000] "GET /shop/pg/53593 HTTP/2.0" 200 24183 "https://nfsin.com/shop/pg/52535" "Mozilla/5.0 AppleWebKit/537.36 (KHTML, like Gecko; compatible; GPTBot/1.3; +https://openai.com/gptbot)"
74.7.227.4 - - [04/Feb/2026:18:23:42 +0000] "GET /shopping/products/16222240702 HTTP/2.0" 200 23971 "https://nfsin.com/shopping/products/16222405434" "Mozilla/5.0 AppleWebKit/537.36 (KHTML, like Gecko; compatible; GPTBot/1.3; +https://openai.com/gptbot)"
74.7.227.4 - - [04/Feb/2026:18:23:46 +0000] "GET /shopping/products/16222032928 HTTP/2.0" 200 24733 "https://nfsin.com/shop/pg/87769" "Mozilla/5.0 AppleWebKit/537.36 (KHTML, like Gecko; compatible; GPTBot/1.3; +https://openai.com/gptbot)"
74.7.227.4 - - [04/Feb/2026:18:23:49 +0000] "GET /shopping/products/16222183560 HTTP/2.0" 200 24596 "https://nfsin.com/shop/pg/87769" "Mozilla/5.0 AppleWebKit/537.36 (KHTML, like Gecko; compatible; GPTBot/1.3; +https://openai.com/gptbot)"
74.7.227.4 - - [04/Feb/2026:18:23:52 +0000] "GET /shopping/products/16211993337 HTTP/2.0" 200 25214 "https://nfsin.com/shop/pg/73189" "Mozilla/5.0 AppleWebKit/537.36 (KHTML, like Gecko; compatible; GPTBot/1.3; +https://openai.com/gptbot)"
74.7.227.4 - - [04/Feb/2026:18:23:55 +0000] "GET /shopping/products/16222048784 HTTP/2.0" 200 24934 "https://nfsin.com/shop/pg/87769" "Mozilla/5.0 AppleWebKit/537.36 (KHTML, like Gecko; compatible; GPTBot/1.3; +https://openai.com/gptbot)"
74.7.227.4 - - [04/Feb/2026:18:23:58 +0000] "GET /shop/pg/30297 HTTP/2.0" 200 24326 "https://nfsin.com/shop/pg/29241" "Mozilla/5.0 AppleWebKit/537.36 (KHTML, like Gecko; compatible; GPTBot/1.3; +https://openai.com/gptbot)"
74.7.227.4 - - [04/Feb/2026:18:24:01 +0000] "GET /shop/pg/74255 HTTP/2.0" 200 24335 "https://nfsin.com/shop/pg/73189" "Mozilla/5.0 AppleWebKit/537.36 (KHTML, like Gecko; compatible; GPTBot/1.3; +https://openai.com/gptbot)"
74.7.227.4 - - [04/Feb/2026:18:24:04 +0000] "GET /shop/pg/20239 HTTP/2.0" 200 24371 "https://nfsin.com/shop/pg/19181" "Mozilla/5.0 AppleWebKit/537.36 (KHTML, like Gecko; compatible; GPTBot/1.3; +https://openai.com/gptbot)"
74.7.227.4 - - [04/Feb/2026:18:24:07 +0000] "GET /shop/pg/25988 HTTP/2.0" 200 24314 "https://nfsin.com/shop/pg/24931" "Mozilla/5.0 AppleWebKit/537.36 (KHTML, like Gecko; compatible; GPTBot/1.3; +https://openai.com/gptbot)"
74.7.227.4 - - [04/Feb/2026:18:24:10 +0000] "GET /shopping/products/16222432905 HTTP/2.0" 200 24552 "https://nfsin.com/shopping/products/16222274210" "Mozilla/5.0 AppleWebKit/537.36 (KHTML, like Gecko; compatible; GPTBot/1.3; +https://openai.com/gptbot)"
74.7.227.4 - - [04/Feb/2026:18:24:13 +0000] "GET /shopping/products/16222369046 HTTP/2.0" 200 25256 "https://nfsin.com/shopping/products/16222274210" "Mozilla/5.0 AppleWebKit/537.36 (KHTML, like Gecko; compatible; GPTBot/1.3; +https://openai.com/gptbot)"
74.7.227.4 - - [04/Feb/2026:18:24:16 +0000] "GET /shopping/products/16222412739 HTTP/2.0" 200 25896 "https://nfsin.com/shopping/products/16222274210" "Mozilla/5.0 AppleWebKit/537.36 (KHTML, like Gecko; compatible; GPTBot/1.3; +https://openai.com/gptbot)"
74.7.227.4 - - [04/Feb/2026:18:24:19 +0000] "GET /shop/pg/54656 HTTP/2.0" 200 24280 "https://nfsin.com/shop/pg/53593" "Mozilla/5.0 AppleWebKit/537.36 (KHTML, like Gecko; compatible; GPTBot/1.3; +https://openai.com/gptbot)"
74.7.227.4 - - [04/Feb/2026:18:24:22 +0000] "GET /shop/pg/70840 HTTP/2.0" 200 24308 "https://nfsin.com/shop/pg/69767" "Mozilla/5.0 AppleWebKit/537.36 (KHTML, like Gecko; compatible; GPTBot/1.3; +https://openai.com/gptbot)"
74.7.227.4 - - [04/Feb/2026:18:24:24 +0000] "GET /shop/pg/54181 HTTP/2.0" 200 24091 "https://nfsin.com/shop/pg/53126" "Mozilla/5.0 AppleWebKit/537.36 (KHTML, like Gecko; compatible; GPTBot/1.3; +https://openai.com/gptbot)"
74.7.227.4 - - [04/Feb/2026:18:24:27 +0000] "GET /shop/pg/63646 HTTP/2.0" 200 24070 "https://nfsin.com/shop/pg/62579" "Mozilla/5.0 AppleWebKit/537.36 (KHTML, like Gecko; compatible; GPTBot/1.3; +https://openai.com/gptbot)"
74.7.227.4 - - [04/Feb/2026:18:24:29 +0000] "GET /shopping/products/1619769091 HTTP/2.0" 200 24387 "https://nfsin.com/shop/pg/30297" "Mozilla/5.0 AppleWebKit/537.36 (KHTML, like Gecko; compatible; GPTBot/1.3; +https://openai.com/gptbot)"
74.7.227.4 - - [04/Feb/2026:18:24:32 +0000] "GET /shopping/products/1619993727 HTTP/2.0" 200 24054 "https://nfsin.com/shop/pg/74255" "Mozilla/5.0 AppleWebKit/537.36 (KHTML, like Gecko; compatible; GPTBot/1.3; +https://openai.com/gptbot)"
74.7.227.4 - - [04/Feb/2026:18:24:35 +0000] "GET /shop/pg/75316 HTTP/2.0" 200 24868 "https://nfsin.com/shop/pg/74255" "Mozilla/5.0 AppleWebKit/537.36 (KHTML, like Gecko; compatible; GPTBot/1.3; +https://openai.com/gptbot)"
74.7.227.4 - - [04/Feb/2026:18:24:37 +0000] "GET /shop/pg/27058 HTTP/2.0" 200 24477 "https://nfsin.com/shop/pg/25988" "Mozilla/5.0 AppleWebKit/537.36 (KHTML, like Gecko; compatible; GPTBot/1.3; +https://openai.com/gptbot)"
74.7.227.4 - - [04/Feb/2026:18:24:40 +0000] "GET /shop/pg/21293 HTTP/2.0" 200 24533 "https://nfsin.com/shop/pg/20239" "Mozilla/5.0 AppleWebKit/537.36 (KHTML, like Gecko; compatible; GPTBot/1.3; +https://openai.com/gptbot)"
74.7.227.4 - - [04/Feb/2026:18:24:43 +0000] "GET /shopping/products/16201349494 HTTP/2.0" 200 25339 "https://nfsin.com/shopping/products/16222369046" "Mozilla/5.0 AppleWebKit/537.36 (KHTML, like Gecko; compatible; GPTBot/1.3; +https://openai.com/gptbot)"
74.7.227.4 - - [04/Feb/2026:18:24:47 +0000] "GET /shopping/products/16222082340 HTTP/2.0" 200 24396 "https://nfsin.com/shopping/products/16222412739" "Mozilla/5.0 AppleWebKit/537.36 (KHTML, like Gecko; compatible; GPTBot/1.3; +https://openai.com/gptbot)"
74.7.227.4 - - [04/Feb/2026:18:24:50 +0000] "GET /shop/pg/55720 HTTP/2.0" 200 24283 "https://nfsin.com/shop/pg/54656" "Mozilla/5.0 AppleWebKit/537.36 (KHTML, like Gecko; compatible; GPTBot/1.3; +https://openai.com/gptbot)"
74.7.227.4 - - [04/Feb/2026:18:24:52 +0000] "GET /shop/pg/71897 HTTP/2.0" 200 24633 "https://nfsin.com/shop/pg/70840" "Mozilla/5.0 AppleWebKit/537.36 (KHTML, like Gecko; compatible; GPTBot/1.3; +https://openai.com/gptbot)"
74.7.227.4 - - [04/Feb/2026:18:24:55 +0000] "GET /shopping/products/16222047040 HTTP/2.0" 200 25271 "https://nfsin.com/shop/pg/54181" "Mozilla/5.0 AppleWebKit/537.36 (KHTML, like Gecko; compatible; GPTBot/1.3; +https://openai.com/gptbot)"
74.7.227.4 - - [04/Feb/2026:18:24:58 +0000] "GET /shopping/products/16222361280 HTTP/2.0" 200 25485 "https://nfsin.com/shop/pg/54181" "Mozilla/5.0 AppleWebKit/537.36 (KHTML, like Gecko; compatible; GPTBot/1.3; +https://openai.com/gptbot)"
74.7.227.4 - - [04/Feb/2026:18:25:01 +0000] "GET /shopping/products/16222380787 HTTP/2.0" 200 25045 "https://nfsin.com/shopping/products/1619769091" "Mozilla/5.0 AppleWebKit/537.36 (KHTML, like Gecko; compatible; GPTBot/1.3; +https://openai.com/gptbot)"
74.7.227.4 - - [04/Feb/2026:18:25:04 +0000] "GET /shopping/products/16222335748 HTTP/2.0" 200 24698 "https://nfsin.com/shop/pg/54181" "Mozilla/5.0 AppleWebKit/537.36 (KHTML, like Gecko; compatible; GPTBot/1.3; +https://openai.com/gptbot)"
74.7.227.4 - - [04/Feb/2026:18:25:07 +0000] "GET /shopping/products/16222392704 HTTP/2.0" 200 25231 "https://nfsin.com/shop/pg/54181" "Mozilla/5.0 AppleWebKit/537.36 (KHTML, like Gecko; compatible; GPTBot/1.3; +https://openai.com/gptbot)"
74.7.227.4 - - [04/Feb/2026:18:25:10 +0000] "GET /shop/pg/64709 HTTP/2.0" 200 24462 "https://nfsin.com/shop/pg/63646" "Mozilla/5.0 AppleWebKit/537.36 (KHTML, like Gecko; compatible; GPTBot/1.3; +https://openai.com/gptbot)"
74.7.227.4 - - [04/Feb/2026:18:25:13 +0000] "GET /shop/pg/55238 HTTP/2.0" 200 24497 "https://nfsin.com/shop/pg/54181" "Mozilla/5.0 AppleWebKit/537.36 (KHTML, like Gecko; compatible; GPTBot/1.3; +https://openai.com/gptbot)"
74.7.227.4 - - [04/Feb/2026:18:25:16 +0000] "GET /shop/pg/76376 HTTP/2.0" 200 24031 "https://nfsin.com/shop/pg/75316" "Mozilla/5.0 AppleWebKit/537.36 (KHTML, like Gecko; compatible; GPTBot/1.3; +https://openai.com/gptbot)"
74.7.227.4 - - [04/Feb/2026:18:25:18 +0000] "GET /shop/pg/28118 HTTP/2.0" 200 24109 "https://nfsin.com/shop/pg/27058" "Mozilla/5.0 AppleWebKit/537.36 (KHTML, like Gecko; compatible; GPTBot/1.3; +https://openai.com/gptbot)"
74.7.227.4 - - [04/Feb/2026:18:25:22 +0000] "GET /shop/pg/22348 HTTP/2.0" 200 24244 "https://nfsin.com/shop/pg/21293" "Mozilla/5.0 AppleWebKit/537.36 (KHTML, like Gecko; compatible; GPTBot/1.3; +https://openai.com/gptbot)"
91.224.92.182 - - [04/Feb/2026:18:25:24 +0000] "GET /wp-login.php HTTP/1.1" 200 2032 "-" "Mozilla/5.0 (Macintosh; Intel Mac OS X 10_15_7) AppleWebKit/605.1.15 (KHTML, like Gecko) Version/17.1 Safari/605.1.15"
139.162.194.112 - - [04/Feb/2026:18:25:25 +0000] "POST /wp-cron.php?doing_wp_cron=1770229525.9394600391387939453125 HTTP/1.1" 200 20 "-" "WordPress/6.9.1; https://nfsin.com"
91.224.92.182 - - [04/Feb/2026:18:25:27 +0000] "GET /?author=1 HTTP/1.1" 200 20 "https://duckduckgo.com/" "Mozilla/5.0 (Macintosh; Intel Mac OS X 13_6_1) AppleWebKit/537.36 (KHTML, like Gecko) Chrome/121.0.0.0 Safari/537.36"
91.224.92.182 - - [04/Feb/2026:18:25:27 +0000] "GET /?author=2 HTTP/1.1" 200 20 "https://www.google.com/search?q=wordpress" "Mozilla/5.0 (Macintosh; Intel Mac OS X 10_15_7) AppleWebKit/605.1.15 (KHTML, like Gecko) Version/16.6 Safari/605.1.15"
74.7.227.4 - - [04/Feb/2026:18:25:25 +0000] "GET /shop/pg/89088 HTTP/2.0" 200 24802 "https://nfsin.com/shop/pg/88026" "Mozilla/5.0 AppleWebKit/537.36 (KHTML, like Gecko; compatible; GPTBot/1.3; +https://openai.com/gptbot)"
91.224.92.182 - - [04/Feb/2026:18:25:28 +0000] "GET /?author=3 HTTP/1.1" 200 20 "" "Mozilla/5.0 (Macintosh; Intel Mac OS X 13_6_1; rv:119.0) Gecko/20100101 Firefox/119.0"
91.224.92.182 - - [04/Feb/2026:18:25:28 +0000] "GET /?author=4 HTTP/1.1" 200 20 "https://www.google.com/" "Mozilla/5.0 (Windows NT 11.0; Win64; x64) AppleWebKit/537.36 (KHTML, like Gecko) Chrome/121.0.0.0 Safari/537.36"
91.224.92.182 - - [04/Feb/2026:18:25:29 +0000] "GET /?author=5 HTTP/1.1" 200 20 "-" "Mozilla/5.0 (Windows NT 11.0; Win64; x64) AppleWebKit/537.36 (KHTML, like Gecko) Chrome/118.0.0.0 Safari/537.36"
91.224.92.182 - - [04/Feb/2026:18:25:30 +0000] "GET /?author=6 HTTP/1.1" 200 20 "https://wordpress.org/" "Mozilla/5.0 (Windows NT 10.0; Win64; x64) AppleWebKit/537.36 (KHTML, like Gecko) Chrome/119.0.0.0 Safari/537.36"
91.224.92.182 - - [04/Feb/2026:18:25:30 +0000] "GET /?author=7 HTTP/1.1" 200 20 "https://wordpress.org/" "Mozilla/5.0 (Macintosh; Intel Mac OS X 10_15_7; rv:120.0) Gecko/20100101 Firefox/120.0"
91.224.92.182 - - [04/Feb/2026:18:25:31 +0000] "GET /?author=8 HTTP/1.1" 200 20 "-" "Mozilla/5.0 (X11; Linux x86_64) AppleWebKit/537.36 (KHTML, like Gecko) Chrome/119.0.0.0 Safari/537.36"
74.7.227.4 - - [04/Feb/2026:18:25:28 +0000] "GET /shop/pg/33200 HTTP/2.0" 200 25003 "https://nfsin.com/shopping/products/161833200" "Mozilla/5.0 AppleWebKit/537.36 (KHTML, like Gecko; compatible; GPTBot/1.3; +https://openai.com/gptbot)"
91.224.92.182 - - [04/Feb/2026:18:25:31 +0000] "GET /?author=9 HTTP/1.1" 200 20 "-" "Mozilla/5.0 (X11; Linux x86_64) AppleWebKit/537.36 (KHTML, like Gecko) Chrome/121.0.0.0 Safari/537.36"
91.224.92.182 - - [04/Feb/2026:18:25:32 +0000] "GET /wp-json/wp/v2/users HTTP/1.1" 200 20 "-" "Mozilla/5.0 (X11; Linux x86_64) AppleWebKit/537.36 (KHTML, like Gecko) Chrome/121.0.0.0 Safari/537.36"
91.224.92.182 - - [04/Feb/2026:18:25:33 +0000] "GET / HTTP/1.1" 200 20 "https://www.google.com/" "Mozilla/5.0 (Windows NT 11.0; Win64; x64; rv:121.0) Gecko/20100101 Firefox/121.0"
91.224.92.182 - - [04/Feb/2026:18:25:33 +0000] "POST /wp-login.php HTTP/1.1" 200 2180 "https://nfsin.com/wp-login.php" "Mozilla/5.0 (Windows NT 10.0; Win64; x64) AppleWebKit/537.36 (KHTML, like Gecko) Chrome/121.0.0.0 Safari/537.36"
74.7.227.4 - - [04/Feb/2026:18:25:32 +0000] "GET /shop/pg/2361280 HTTP/2.0" 200 25099 "https://nfsin.com/shopping/products/16222361280" "Mozilla/5.0 AppleWebKit/537.36 (KHTML, like Gecko; compatible; GPTBot/1.3; +https://openai.com/gptbot)"
91.224.92.182 - - [04/Feb/2026:18:25:35 +0000] "GET /wp-admin/index.php HTTP/1.1" 302 20 "https://nfsin.com/wp-login.php" "Mozilla/5.0 (Macintosh; Intel Mac OS X 13_6_1) AppleWebKit/605.1.15 (KHTML, like Gecko) Version/17.0 Safari/605.1.15"
91.224.92.182 - - [04/Feb/2026:18:25:36 +0000] "GET /wp-login.php?redirect_to=https%3A%2F%2Fnfsin.com%2Fwp-admin%2Findex.php&reauth=1 HTTP/1.1" 200 2036 "https://nfsin.com/wp-login.php" "Mozilla/5.0 (Macintosh; Intel Mac OS X 13_6_1) AppleWebKit/605.1.15 (KHTML, like Gecko) Version/17.0 Safari/605.1.15"
74.7.227.4 - - [04/Feb/2026:18:25:35 +0000] "GET /shopping/products/16222177670 HTTP/2.0" 200 24709 "https://nfsin.com/shopping/products/16222380787" "Mozilla/5.0 AppleWebKit/537.36 (KHTML, like Gecko; compatible; GPTBot/1.3; +https://openai.com/gptbot)"
91.224.92.182 - - [04/Feb/2026:18:25:38 +0000] "POST /wp-login.php HTTP/1.1" 200 2126 "https://nfsin.com/wp-login.php" "Mozilla/5.0 (Windows NT 11.0; Win64; x64) AppleWebKit/537.36 (KHTML, like Gecko) Chrome/120.0.0.0 Safari/537.36"
91.224.92.182 - - [04/Feb/2026:18:25:39 +0000] "GET /wp-admin/index.php HTTP/1.1" 302 20 "https://nfsin.com/wp-login.php" "Mozilla/5.0 (Macintosh; Intel Mac OS X 10_15_7) AppleWebKit/537.36 (KHTML, like Gecko) Chrome/119.0.0.0 Safari/537.36"
74.7.227.4 - - [04/Feb/2026:18:25:38 +0000] "GET /shop/pg/33507 HTTP/2.0" 200 24468 "https://nfsin.com/shop/pg/32448" "Mozilla/5.0 AppleWebKit/537.36 (KHTML, like Gecko; compatible; GPTBot/1.3; +https://openai.com/gptbot)"
91.224.92.182 - - [04/Feb/2026:18:25:41 +0000] "GET /wp-login.php?redirect_to=https%3A%2F%2Fnfsin.com%2Fwp-admin%2Findex.php&reauth=1 HTTP/1.1" 200 2036 "https://nfsin.com/wp-login.php" "Mozilla/5.0 (Macintosh; Intel Mac OS X 10_15_7) AppleWebKit/537.36 (KHTML, like Gecko) Chrome/119.0.0.0 Safari/537.36"
91.224.92.182 - - [04/Feb/2026:18:25:42 +0000] "POST /wp-login.php HTTP/1.1" 200 2178 "https://nfsin.com/wp-login.php" "Mozilla/5.0 (Windows NT 10.0; Win64; x64; rv:119.0) Gecko/20100101 Firefox/119.0"
74.7.227.4 - - [04/Feb/2026:18:25:42 +0000] "GET /shop/pg/46140 HTTP/2.0" 200 24689 "https://nfsin.com/shop/pg/45078" "Mozilla/5.0 AppleWebKit/537.36 (KHTML, like Gecko; compatible; GPTBot/1.3; +https://openai.com/gptbot)"
91.224.92.182 - - [04/Feb/2026:18:25:44 +0000] "GET /wp-admin/index.php HTTP/1.1" 302 20 "https://nfsin.com/wp-login.php" "Mozilla/5.0 (Macintosh; Intel Mac OS X 10_15_7) AppleWebKit/537.36 (KHTML, like Gecko) Chrome/118.0.0.0 Safari/537.36"
91.224.92.182 - - [04/Feb/2026:18:25:45 +0000] "GET /wp-login.php?redirect_to=https%3A%2F%2Fnfsin.com%2Fwp-admin%2Findex.php&reauth=1 HTTP/1.1" 200 2036 "https://nfsin.com/wp-login.php" "Mozilla/5.0 (Macintosh; Intel Mac OS X 10_15_7) AppleWebKit/537.36 (KHTML, like Gecko) Chrome/118.0.0.0 Safari/537.36"
91.224.92.182 - - [04/Feb/2026:18:25:47 +0000] "POST /wp-login.php HTTP/1.1" 200 2177 "https://nfsin.com/wp-login.php" "Mozilla/5.0 (Macintosh; Intel Mac OS X 10_15_7) AppleWebKit/537.36 (KHTML, like Gecko) Chrome/118.0.0.0 Safari/537.36"
74.7.227.4 - - [04/Feb/2026:18:25:45 +0000] "GET /shop/pg/46374 HTTP/2.0" 200 24204 "https://nfsin.com/shop/pg/45321" "Mozilla/5.0 AppleWebKit/537.36 (KHTML, like Gecko; compatible; GPTBot/1.3; +https://openai.com/gptbot)"
91.224.92.182 - - [04/Feb/2026:18:25:48 +0000] "GET /wp-admin/index.php HTTP/1.1" 302 20 "https://nfsin.com/wp-login.php" "Mozilla/5.0 (Windows NT 10.0; Win64; x64; rv:120.0) Gecko/20100101 Firefox/120.0"
91.224.92.182 - - [04/Feb/2026:18:25:50 +0000] "GET /wp-login.php?redirect_to=https%3A%2F%2Fnfsin.com%2Fwp-admin%2Findex.php&reauth=1 HTTP/1.1" 200 2036 "https://nfsin.com/wp-login.php" "Mozilla/5.0 (Windows NT 10.0; Win64; x64; rv:120.0) Gecko/20100101 Firefox/120.0"
91.224.92.182 - - [04/Feb/2026:18:25:51 +0000] "POST /wp-login.php HTTP/1.1" 200 2180 "https://nfsin.com/wp-login.php" "Mozilla/5.0 (Windows NT 11.0; Win64; x64) AppleWebKit/537.36 (KHTML, like Gecko) Chrome/119.0.0.0 Safari/537.36"
74.7.227.4 - - [04/Feb/2026:18:25:49 +0000] "GET /shop/pg/56299 HTTP/2.0" 200 24099 "https://nfsin.com/shop/pg/55238" "Mozilla/5.0 AppleWebKit/537.36 (KHTML, like Gecko; compatible; GPTBot/1.3; +https://openai.com/gptbot)"
91.224.92.182 - - [04/Feb/2026:18:25:52 +0000] "GET /wp-admin/index.php HTTP/1.1" 302 20 "https://nfsin.com/wp-login.php" "Mozilla/5.0 (Windows NT 10.0; Win64; x64; rv:119.0) Gecko/20100101 Firefox/119.0"
91.224.92.182 - - [04/Feb/2026:18:25:54 +0000] "GET /wp-login.php?redirect_to=https%3A%2F%2Fnfsin.com%2Fwp-admin%2Findex.php&reauth=1 HTTP/1.1" 200 2036 "https://nfsin.com/wp-login.php" "Mozilla/5.0 (Windows NT 10.0; Win64; x64; rv:119.0) Gecko/20100101 Firefox/119.0"
74.7.227.4 - - [04/Feb/2026:18:25:53 +0000] "GET /shopping/products/16222121603 HTTP/2.0" 200 25605 "https://nfsin.com/shop/pg/76376" "Mozilla/5.0 AppleWebKit/537.36 (KHTML, like Gecko; compatible; GPTBot/1.3; +https://openai.com/gptbot)"
91.224.92.182 - - [04/Feb/2026:18:25:55 +0000] "POST /wp-login.php HTTP/1.1" 200 2181 "https://nfsin.com/wp-login.php" "Mozilla/5.0 (Macintosh; Intel Mac OS X 10_15_7) AppleWebKit/537.36 (KHTML, like Gecko) Chrome/118.0.0.0 Safari/537.36"
91.224.92.182 - - [04/Feb/2026:18:25:57 +0000] "GET /wp-admin/index.php HTTP/1.1" 302 20 "https://nfsin.com/wp-login.php" "Mozilla/5.0 (Macintosh; Intel Mac OS X 13_6_1) AppleWebKit/605.1.15 (KHTML, like Gecko) Version/17.0 Safari/605.1.15"
74.7.227.4 - - [04/Feb/2026:18:25:56 +0000] "GET /shop/pg/29176 HTTP/2.0" 200 24373 "https://nfsin.com/shop/pg/28118" "Mozilla/5.0 AppleWebKit/537.36 (KHTML, like Gecko; compatible; GPTBot/1.3; +https://openai.com/gptbot)"
91.224.92.182 - - [04/Feb/2026:18:25:58 +0000] "GET /wp-login.php?redirect_to=https%3A%2F%2Fnfsin.com%2Fwp-admin%2Findex.php&reauth=1 HTTP/1.1" 200 2036 "https://nfsin.com/wp-login.php" "Mozilla/5.0 (Macintosh; Intel Mac OS X 13_6_1) AppleWebKit/605.1.15 (KHTML, like Gecko) Version/17.0 Safari/605.1.15"
91.224.92.182 - - [04/Feb/2026:18:26:00 +0000] "POST /wp-login.php HTTP/1.1" 200 2184 "https://nfsin.com/wp-login.php" "Mozilla/5.0 (Windows NT 11.0; Win64; x64) AppleWebKit/537.36 (KHTML, like Gecko) Chrome/121.0.0.0 Safari/537.36"
74.7.227.4 - - [04/Feb/2026:18:26:00 +0000] "GET /shopping/products/16222064738 HTTP/2.0" 200 24320 "https://nfsin.com/shop/pg/22348" "Mozilla/5.0 AppleWebKit/537.36 (KHTML, like Gecko; compatible; GPTBot/1.3; +https://openai.com/gptbot)"
91.224.92.182 - - [04/Feb/2026:18:26:02 +0000] "GET /wp-admin/index.php HTTP/1.1" 302 20 "https://nfsin.com/wp-login.php" "Mozilla/5.0 (Windows NT 11.0; Win64; x64) AppleWebKit/537.36 (KHTML, like Gecko) Chrome/119.0.0.0 Safari/537.36"
91.224.92.182 - - [04/Feb/2026:18:26:03 +0000] "GET /wp-login.php?redirect_to=https%3A%2F%2Fnfsin.com%2Fwp-admin%2Findex.php&reauth=1 HTTP/1.1" 200 2036 "https://nfsin.com/wp-login.php" "Mozilla/5.0 (Windows NT 11.0; Win64; x64) AppleWebKit/537.36 (KHTML, like Gecko) Chrome/119.0.0.0 Safari/537.36"
91.224.92.182 - - [04/Feb/2026:18:26:05 +0000] "POST /wp-login.php HTTP/1.1" 200 2184 "https://nfsin.com/wp-login.php" "Mozilla/5.0 (Windows NT 10.0; Win64; x64) AppleWebKit/537.36 (KHTML, like Gecko) Chrome/120.0.0.0 Safari/537.36"
74.7.227.4 - - [04/Feb/2026:18:26:03 +0000] "GET /shop/pg/23405 HTTP/2.0" 200 24274 "https://nfsin.com/shop/pg/22348" "Mozilla/5.0 AppleWebKit/537.36 (KHTML, like Gecko; compatible; GPTBot/1.3; +https://openai.com/gptbot)"
91.224.92.182 - - [04/Feb/2026:18:26:06 +0000] "GET /wp-admin/index.php HTTP/1.1" 302 20 "https://nfsin.com/wp-login.php" "Mozilla/5.0 (Macintosh; Intel Mac OS X 10_15_7) AppleWebKit/537.36 (KHTML, like Gecko) Chrome/119.0.0.0 Safari/537.36"
91.224.92.182 - - [04/Feb/2026:18:26:08 +0000] "GET /wp-login.php?redirect_to=https%3A%2F%2Fnfsin.com%2Fwp-admin%2Findex.php&reauth=1 HTTP/1.1" 200 2036 "https://nfsin.com/wp-login.php" "Mozilla/5.0 (Macintosh; Intel Mac OS X 10_15_7) AppleWebKit/537.36 (KHTML, like Gecko) Chrome/119.0.0.0 Safari/537.36"
74.7.227.4 - - [04/Feb/2026:18:26:06 +0000] "GET /shop/pg/77443 HTTP/2.0" 200 24419 "https://nfsin.com/shop/pg/76376" "Mozilla/5.0 AppleWebKit/537.36 (KHTML, like Gecko; compatible; GPTBot/1.3; +https://openai.com/gptbot)"
91.224.92.182 - - [04/Feb/2026:18:26:09 +0000] "POST /wp-login.php HTTP/1.1" 200 2153 "https://nfsin.com/wp-login.php" "Mozilla/5.0 (X11; Linux x86_64) AppleWebKit/537.36 (KHTML, like Gecko) Chrome/118.0.0.0 Safari/537.36"
91.224.92.182 - - [04/Feb/2026:18:26:11 +0000] "GET /wp-admin/index.php HTTP/1.1" 302 20 "https://nfsin.com/wp-login.php" "Mozilla/5.0 (Macintosh; Intel Mac OS X 13_6_1; rv:118.0) Gecko/20100101 Firefox/118.0"
74.7.227.4 - - [04/Feb/2026:18:26:10 +0000] "GET /shop/pg/90159 HTTP/2.0" 200 24782 "https://nfsin.com/shop/pg/89088" "Mozilla/5.0 AppleWebKit/537.36 (KHTML, like Gecko; compatible; GPTBot/1.3; +https://openai.com/gptbot)"
91.224.92.182 - - [04/Feb/2026:18:26:13 +0000] "GET /wp-login.php?redirect_to=https%3A%2F%2Fnfsin.com%2Fwp-admin%2Findex.php&reauth=1 HTTP/1.1" 200 2036 "https://nfsin.com/wp-login.php" "Mozilla/5.0 (Macintosh; Intel Mac OS X 13_6_1; rv:118.0) Gecko/20100101 Firefox/118.0"
74.7.227.4 - - [04/Feb/2026:18:26:13 +0000] "GET /shop/pg/20544 HTTP/2.0" 200 23785 "https://nfsin.com/shop/pg/19482" "Mozilla/5.0 AppleWebKit/537.36 (KHTML, like Gecko; compatible; GPTBot/1.3; +https://openai.com/gptbot)"
91.224.92.182 - - [04/Feb/2026:18:26:14 +0000] "POST /wp-login.php HTTP/1.1" 200 2178 "https://nfsin.com/wp-login.php" "Mozilla/5.0 (Windows NT 10.0; Win64; x64) AppleWebKit/537.36 (KHTML, like Gecko) Chrome/119.0.0.0 Safari/537.36"
91.224.92.182 - - [04/Feb/2026:18:26:16 +0000] "GET /wp-admin/index.php HTTP/1.1" 302 20 "https://nfsin.com/wp-login.php" "Mozilla/5.0 (Windows NT 11.0; Win64; x64) AppleWebKit/537.36 (KHTML, like Gecko) Chrome/118.0.0.0 Safari/537.36"
74.7.227.4 - - [04/Feb/2026:18:26:16 +0000] "GET /shop/pg/34563 HTTP/2.0" 200 24300 "https://nfsin.com/shop/pg/33507" "Mozilla/5.0 AppleWebKit/537.36 (KHTML, like Gecko; compatible; GPTBot/1.3; +https://openai.com/gptbot)"
91.224.92.182 - - [04/Feb/2026:18:26:17 +0000] "GET /wp-login.php?redirect_to=https%3A%2F%2Fnfsin.com%2Fwp-admin%2Findex.php&reauth=1 HTTP/1.1" 200 2036 "https://nfsin.com/wp-login.php" "Mozilla/5.0 (Windows NT 11.0; Win64; x64) AppleWebKit/537.36 (KHTML, like Gecko) Chrome/118.0.0.0 Safari/537.36"
91.224.92.182 - - [04/Feb/2026:18:26:19 +0000] "POST /wp-login.php HTTP/1.1" 200 2153 "https://nfsin.com/wp-login.php" "Mozilla/5.0 (Macintosh; Intel Mac OS X 10_15_7; rv:120.0) Gecko/20100101 Firefox/120.0"
74.7.227.4 - - [04/Feb/2026:18:26:19 +0000] "GET /shopping/products/16222180165 HTTP/2.0" 200 24736 "https://nfsin.com/shop/pg/46140" "Mozilla/5.0 AppleWebKit/537.36 (KHTML, like Gecko; compatible; GPTBot/1.3; +https://openai.com/gptbot)"
91.224.92.182 - - [04/Feb/2026:18:26:20 +0000] "GET /wp-admin/index.php HTTP/1.1" 302 20 "https://nfsin.com/wp-login.php" "Mozilla/5.0 (Macintosh; Intel Mac OS X 13_6_1) AppleWebKit/605.1.15 (KHTML, like Gecko) Version/17.0 Safari/605.1.15"
91.224.92.182 - - [04/Feb/2026:18:26:22 +0000] "GET /wp-login.php?redirect_to=https%3A%2F%2Fnfsin.com%2Fwp-admin%2Findex.php&reauth=1 HTTP/1.1" 200 2036 "https://nfsin.com/wp-login.php" "Mozilla/5.0 (Macintosh; Intel Mac OS X 13_6_1) AppleWebKit/605.1.15 (KHTML, like Gecko) Version/17.0 Safari/605.1.15"
91.224.92.182 - - [04/Feb/2026:18:26:23 +0000] "POST /wp-login.php HTTP/1.1" 200 2181 "https://nfsin.com/wp-login.php" "Mozilla/5.0 (Macintosh; Intel Mac OS X 13_6_1) AppleWebKit/605.1.15 (KHTML, like Gecko) Version/17.1 Safari/605.1.15"
74.7.227.4 - - [04/Feb/2026:18:26:22 +0000] "GET /shopping/products/1618284212 HTTP/2.0" 200 24711 "https://nfsin.com/shop/pg/46374" "Mozilla/5.0 AppleWebKit/537.36 (KHTML, like Gecko; compatible; GPTBot/1.3; +https://openai.com/gptbot)"
91.224.92.182 - - [04/Feb/2026:18:26:25 +0000] "GET /wp-admin/index.php HTTP/1.1" 302 20 "https://nfsin.com/wp-login.php" "Mozilla/5.0 (Windows NT 11.0; Win64; x64) AppleWebKit/537.36 (KHTML, like Gecko) Chrome/118.0.0.0 Safari/537.36"
91.224.92.182 - - [04/Feb/2026:18:26:26 +0000] "GET /wp-login.php?redirect_to=https%3A%2F%2Fnfsin.com%2Fwp-admin%2Findex.php&reauth=1 HTTP/1.1" 200 2036 "https://nfsin.com/wp-login.php" "Mozilla/5.0 (Windows NT 11.0; Win64; x64) AppleWebKit/537.36 (KHTML, like Gecko) Chrome/118.0.0.0 Safari/537.36"
74.7.227.4 - - [04/Feb/2026:18:26:25 +0000] "GET /shop/pg/47193 HTTP/2.0" 200 25143 "https://nfsin.com/shop/pg/46140" "Mozilla/5.0 AppleWebKit/537.36 (KHTML, like Gecko; compatible; GPTBot/1.3; +https://openai.com/gptbot)"
91.224.92.182 - - [04/Feb/2026:18:26:27 +0000] "POST /wp-login.php HTTP/1.1" 200 2180 "https://nfsin.com/wp-login.php" "Mozilla/5.0 (Macintosh; Intel Mac OS X 10_15_7) AppleWebKit/537.36 (KHTML, like Gecko) Chrome/120.0.0.0 Safari/537.36"
91.224.92.182 - - [04/Feb/2026:18:26:29 +0000] "GET /wp-admin/index.php HTTP/1.1" 302 20 "https://nfsin.com/wp-login.php" "Mozilla/5.0 (Macintosh; Intel Mac OS X 10_15_7) AppleWebKit/605.1.15 (KHTML, like Gecko) Version/17.1 Safari/605.1.15"
74.7.227.4 - - [04/Feb/2026:18:26:28 +0000] "GET /shop/pg/57368 HTTP/2.0" 200 25128 "https://nfsin.com/shop/pg/56299" "Mozilla/5.0 AppleWebKit/537.36 (KHTML, like Gecko; compatible; GPTBot/1.3; +https://openai.com/gptbot)"
91.224.92.182 - - [04/Feb/2026:18:26:30 +0000] "GET /wp-login.php?redirect_to=https%3A%2F%2Fnfsin.com%2Fwp-admin%2Findex.php&reauth=1 HTTP/1.1" 200 2036 "https://nfsin.com/wp-login.php" "Mozilla/5.0 (Macintosh; Intel Mac OS X 10_15_7) AppleWebKit/605.1.15 (KHTML, like Gecko) Version/17.1 Safari/605.1.15"
91.224.92.182 - - [04/Feb/2026:18:26:31 +0000] "POST /wp-login.php HTTP/1.1" 200 2185 "https://nfsin.com/wp-login.php" "Mozilla/5.0 (Macintosh; Intel Mac OS X 13_6_1) AppleWebKit/605.1.15 (KHTML, like Gecko) Version/17.0 Safari/605.1.15"
91.224.92.182 - - [04/Feb/2026:18:26:33 +0000] "GET /wp-admin/index.php HTTP/1.1" 302 20 "https://nfsin.com/wp-login.php" "Mozilla/5.0 (Windows NT 11.0; Win64; x64) AppleWebKit/537.36 (KHTML, like Gecko) Chrome/118.0.0.0 Safari/537.36"
74.7.227.4 - - [04/Feb/2026:18:26:31 +0000] "GET /shop/pg/30239 HTTP/2.0" 200 24370 "https://nfsin.com/shop/pg/29176" "Mozilla/5.0 AppleWebKit/537.36 (KHTML, like Gecko; compatible; GPTBot/1.3; +https://openai.com/gptbot)"
91.224.92.182 - - [04/Feb/2026:18:26:34 +0000] "GET /wp-login.php?redirect_to=https%3A%2F%2Fnfsin.com%2Fwp-admin%2Findex.php&reauth=1 HTTP/1.1" 200 2036 "https://nfsin.com/wp-login.php" "Mozilla/5.0 (Windows NT 11.0; Win64; x64) AppleWebKit/537.36 (KHTML, like Gecko) Chrome/118.0.0.0 Safari/537.36"
91.224.92.182 - - [04/Feb/2026:18:26:35 +0000] "POST /wp-login.php HTTP/1.1" 200 2179 "https://nfsin.com/wp-login.php" "Mozilla/5.0 (Windows NT 10.0; Win64; x64; rv:121.0) Gecko/20100101 Firefox/121.0"
74.7.227.4 - - [04/Feb/2026:18:26:34 +0000] "GET /shopping/products/161861270 HTTP/2.0" 200 24573 "https://nfsin.com/shopping/products/16222064738" "Mozilla/5.0 AppleWebKit/537.36 (KHTML, like Gecko; compatible; GPTBot/1.3; +https://openai.com/gptbot)"
91.224.92.182 - - [04/Feb/2026:18:26:37 +0000] "GET /wp-admin/index.php HTTP/1.1" 302 20 "https://nfsin.com/wp-login.php" "Mozilla/5.0 (Macintosh; Intel Mac OS X 13_6_1) AppleWebKit/537.36 (KHTML, like Gecko) Chrome/121.0.0.0 Safari/537.36"
91.224.92.182 - - [04/Feb/2026:18:26:38 +0000] "GET /wp-login.php?redirect_to=https%3A%2F%2Fnfsin.com%2Fwp-admin%2Findex.php&reauth=1 HTTP/1.1" 200 2036 "https://nfsin.com/wp-login.php" "Mozilla/5.0 (Macintosh; Intel Mac OS X 13_6_1) AppleWebKit/537.36 (KHTML, like Gecko) Chrome/121.0.0.0 Safari/537.36"
74.7.227.4 - - [04/Feb/2026:18:26:37 +0000] "GET /shop/pg/24457 HTTP/2.0" 200 24312 "https://nfsin.com/shop/pg/23405" "Mozilla/5.0 AppleWebKit/537.36 (KHTML, like Gecko; compatible; GPTBot/1.3; +https://openai.com/gptbot)"
91.224.92.182 - - [04/Feb/2026:18:26:40 +0000] "POST /wp-login.php HTTP/1.1" 200 2184 "https://nfsin.com/wp-login.php" "Mozilla/5.0 (Macintosh; Intel Mac OS X 10_15_7; rv:120.0) Gecko/20100101 Firefox/120.0"
91.224.92.182 - - [04/Feb/2026:18:26:41 +0000] "GET /wp-admin/index.php HTTP/1.1" 302 20 "https://nfsin.com/wp-login.php" "Mozilla/5.0 (Macintosh; Intel Mac OS X 10_15_7; rv:121.0) Gecko/20100101 Firefox/121.0"
74.7.227.4 - - [04/Feb/2026:18:26:40 +0000] "GET /shopping/products/16222334937 HTTP/2.0" 200 24943 "https://nfsin.com/shop/pg/77443" "Mozilla/5.0 AppleWebKit/537.36 (KHTML, like Gecko; compatible; GPTBot/1.3; +https://openai.com/gptbot)"
91.224.92.182 - - [04/Feb/2026:18:26:42 +0000] "GET /wp-login.php?redirect_to=https%3A%2F%2Fnfsin.com%2Fwp-admin%2Findex.php&reauth=1 HTTP/1.1" 200 2036 "https://nfsin.com/wp-login.php" "Mozilla/5.0 (Macintosh; Intel Mac OS X 10_15_7; rv:121.0) Gecko/20100101 Firefox/121.0"
91.224.92.182 - - [04/Feb/2026:18:26:43 +0000] "POST /wp-login.php HTTP/1.1" 200 2184 "https://nfsin.com/wp-login.php" "Mozilla/5.0 (Macintosh; Intel Mac OS X 13_6_1) AppleWebKit/537.36 (KHTML, like Gecko) Chrome/121.0.0.0 Safari/537.36"
74.7.227.4 - - [04/Feb/2026:18:26:43 +0000] "GET /shop/pg/78506 HTTP/2.0" 200 24667 "https://nfsin.com/shop/pg/77443" "Mozilla/5.0 AppleWebKit/537.36 (KHTML, like Gecko; compatible; GPTBot/1.3; +https://openai.com/gptbot)"
91.224.92.182 - - [04/Feb/2026:18:26:45 +0000] "GET /wp-admin/index.php HTTP/1.1" 302 20 "https://nfsin.com/wp-login.php" "Mozilla/5.0 (Windows NT 10.0; Win64; x64; rv:119.0) Gecko/20100101 Firefox/119.0"
91.224.92.182 - - [04/Feb/2026:18:26:46 +0000] "GET /wp-login.php?redirect_to=https%3A%2F%2Fnfsin.com%2Fwp-admin%2Findex.php&reauth=1 HTTP/1.1" 200 2036 "https://nfsin.com/wp-login.php" "Mozilla/5.0 (Windows NT 10.0; Win64; x64; rv:119.0) Gecko/20100101 Firefox/119.0"
91.224.92.182 - - [04/Feb/2026:18:26:47 +0000] "POST /wp-login.php HTTP/1.1" 200 2153 "https://nfsin.com/wp-login.php" "Mozilla/5.0 (Macintosh; Intel Mac OS X 10_15_7) AppleWebKit/605.1.15 (KHTML, like Gecko) Version/16.6 Safari/605.1.15"
74.7.227.4 - - [04/Feb/2026:18:26:46 +0000] "GET /shop/pg/27216 HTTP/2.0" 200 24214 "https://nfsin.com/shop/pg/26157" "Mozilla/5.0 AppleWebKit/537.36 (KHTML, like Gecko; compatible; GPTBot/1.3; +https://openai.com/gptbot)"
91.224.92.182 - - [04/Feb/2026:18:26:49 +0000] "GET /wp-admin/index.php HTTP/1.1" 302 20 "https://nfsin.com/wp-login.php" "Mozilla/5.0 (Macintosh; Intel Mac OS X 13_6_1) AppleWebKit/537.36 (KHTML, like Gecko) Chrome/120.0.0.0 Safari/537.36"
91.224.92.182 - - [04/Feb/2026:18:26:50 +0000] "GET /wp-login.php?redirect_to=https%3A%2F%2Fnfsin.com%2Fwp-admin%2Findex.php&reauth=1 HTTP/1.1" 200 2036 "https://nfsin.com/wp-login.php" "Mozilla/5.0 (Macintosh; Intel Mac OS X 13_6_1) AppleWebKit/537.36 (KHTML, like Gecko) Chrome/120.0.0.0 Safari/537.36"
74.7.227.4 - - [04/Feb/2026:18:26:49 +0000] "GET /shopping/products/16222409800 HTTP/2.0" 200 25115 "https://nfsin.com/shop/pg/34563" "Mozilla/5.0 AppleWebKit/537.36 (KHTML, like Gecko; compatible; GPTBot/1.3; +https://openai.com/gptbot)"
91.224.92.182 - - [04/Feb/2026:18:26:51 +0000] "POST /wp-login.php HTTP/1.1" 200 2177 "https://nfsin.com/wp-login.php" "Mozilla/5.0 (Macintosh; Intel Mac OS X 10_15_7) AppleWebKit/605.1.15 (KHTML, like Gecko) Version/16.6 Safari/605.1.15"
91.224.92.182 - - [04/Feb/2026:18:26:53 +0000] "GET /wp-admin/index.php HTTP/1.1" 302 20 "https://nfsin.com/wp-login.php" "Mozilla/5.0 (Windows NT 10.0; Win64; x64) AppleWebKit/537.36 (KHTML, like Gecko) Chrome/120.0.0.0 Safari/537.36"
74.7.227.4 - - [04/Feb/2026:18:26:52 +0000] "GET /shopping/products/1619522248 HTTP/2.0" 200 24486 "https://nfsin.com/shopping/products/16222180165" "Mozilla/5.0 AppleWebKit/537.36 (KHTML, like Gecko; compatible; GPTBot/1.3; +https://openai.com/gptbot)"
91.224.92.182 - - [04/Feb/2026:18:26:54 +0000] "GET /wp-login.php?redirect_to=https%3A%2F%2Fnfsin.com%2Fwp-admin%2Findex.php&reauth=1 HTTP/1.1" 200 2036 "https://nfsin.com/wp-login.php" "Mozilla/5.0 (Windows NT 10.0; Win64; x64) AppleWebKit/537.36 (KHTML, like Gecko) Chrome/120.0.0.0 Safari/537.36"
91.224.92.182 - - [04/Feb/2026:18:26:55 +0000] "POST /wp-login.php HTTP/1.1" 200 2179 "https://nfsin.com/wp-login.php" "Mozilla/5.0 (Macintosh; Intel Mac OS X 10_15_7; rv:120.0) Gecko/20100101 Firefox/120.0"
74.7.227.4 - - [04/Feb/2026:18:26:55 +0000] "GET /shopping/products/16222006657 HTTP/2.0" 200 25572 "https://nfsin.com/shopping/products/1618284212" "Mozilla/5.0 AppleWebKit/537.36 (KHTML, like Gecko; compatible; GPTBot/1.3; +https://openai.com/gptbot)"
91.224.92.182 - - [04/Feb/2026:18:26:57 +0000] "GET /wp-admin/index.php HTTP/1.1" 302 20 "https://nfsin.com/wp-login.php" "Mozilla/5.0 (X11; Ubuntu; Linux x86_64) AppleWebKit/537.36 (KHTML, like Gecko) Chrome/120.0.0.0 Safari/537.36"
91.224.92.182 - - [04/Feb/2026:18:26:58 +0000] "GET /wp-login.php?redirect_to=https%3A%2F%2Fnfsin.com%2Fwp-admin%2Findex.php&reauth=1 HTTP/1.1" 200 2036 "https://nfsin.com/wp-login.php" "Mozilla/5.0 (X11; Ubuntu; Linux x86_64) AppleWebKit/537.36 (KHTML, like Gecko) Chrome/120.0.0.0 Safari/537.36"
74.7.227.4 - - [04/Feb/2026:18:26:58 +0000] "GET /shop/pg/48255 HTTP/2.0" 200 25029 "https://nfsin.com/shop/pg/47193" "Mozilla/5.0 AppleWebKit/537.36 (KHTML, like Gecko; compatible; GPTBot/1.3; +https://openai.com/gptbot)"
91.224.92.182 - - [04/Feb/2026:18:26:59 +0000] "POST /wp-login.php HTTP/1.1" 200 2179 "https://nfsin.com/wp-login.php" "Mozilla/5.0 (Windows NT 10.0; Win64; x64) AppleWebKit/537.36 (KHTML, like Gecko) Chrome/118.0.0.0 Safari/537.36"
91.224.92.182 - - [04/Feb/2026:18:27:01 +0000] "GET /wp-admin/index.php HTTP/1.1" 302 20 "https://nfsin.com/wp-login.php" "Mozilla/5.0 (Macintosh; Intel Mac OS X 10_15_7) AppleWebKit/537.36 (KHTML, like Gecko) Chrome/119.0.0.0 Safari/537.36"
91.224.92.182 - - [04/Feb/2026:18:27:02 +0000] "GET /wp-login.php?redirect_to=https%3A%2F%2Fnfsin.com%2Fwp-admin%2Findex.php&reauth=1 HTTP/1.1" 200 2036 "https://nfsin.com/wp-login.php" "Mozilla/5.0 (Macintosh; Intel Mac OS X 10_15_7) AppleWebKit/537.36 (KHTML, like Gecko) Chrome/119.0.0.0 Safari/537.36"
74.7.227.4 - - [04/Feb/2026:18:27:01 +0000] "GET /shopping/products/16222444986 HTTP/2.0" 200 24815 "https://nfsin.com/shop/pg/57368" "Mozilla/5.0 AppleWebKit/537.36 (KHTML, like Gecko; compatible; GPTBot/1.3; +https://openai.com/gptbot)"
91.224.92.182 - - [04/Feb/2026:18:27:03 +0000] "POST /wp-login.php HTTP/1.1" 200 2154 "https://nfsin.com/wp-login.php" "Mozilla/5.0 (Macintosh; Intel Mac OS X 13_6_1) AppleWebKit/537.36 (KHTML, like Gecko) Chrome/119.0.0.0 Safari/537.36"
91.224.92.182 - - [04/Feb/2026:18:27:05 +0000] "GET /wp-admin/index.php HTTP/1.1" 302 20 "https://nfsin.com/wp-login.php" "Mozilla/5.0 (Macintosh; Intel Mac OS X 13_6_1; rv:118.0) Gecko/20100101 Firefox/118.0"
74.7.227.4 - - [04/Feb/2026:18:27:03 +0000] "GET /shop/pg/31294 HTTP/2.0" 200 24092 "https://nfsin.com/shop/pg/30239" "Mozilla/5.0 AppleWebKit/537.36 (KHTML, like Gecko; compatible; GPTBot/1.3; +https://openai.com/gptbot)"
91.224.92.182 - - [04/Feb/2026:18:27:06 +0000] "GET /wp-login.php?redirect_to=https%3A%2F%2Fnfsin.com%2Fwp-admin%2Findex.php&reauth=1 HTTP/1.1" 200 2036 "https://nfsin.com/wp-login.php" "Mozilla/5.0 (Macintosh; Intel Mac OS X 13_6_1; rv:118.0) Gecko/20100101 Firefox/118.0"
91.224.92.182 - - [04/Feb/2026:18:27:07 +0000] "POST /wp-login.php HTTP/1.1" 200 2184 "https://nfsin.com/wp-login.php" "Mozilla/5.0 (Windows NT 11.0; Win64; x64) AppleWebKit/537.36 (KHTML, like Gecko) Chrome/120.0.0.0 Safari/537.36"
74.7.227.4 - - [04/Feb/2026:18:27:06 +0000] "GET /shop/pg/61270 HTTP/2.0" 200 24684 "https://nfsin.com/shopping/products/161861270" "Mozilla/5.0 AppleWebKit/537.36 (KHTML, like Gecko; compatible; GPTBot/1.3; +https://openai.com/gptbot)"
91.224.92.182 - - [04/Feb/2026:18:27:09 +0000] "GET /wp-admin/index.php HTTP/1.1" 302 20 "https://nfsin.com/wp-login.php" "Mozilla/5.0 (Macintosh; Intel Mac OS X 13_6_1) AppleWebKit/605.1.15 (KHTML, like Gecko) Version/16.6 Safari/605.1.15"
91.224.92.182 - - [04/Feb/2026:18:27:10 +0000] "GET /wp-login.php?redirect_to=https%3A%2F%2Fnfsin.com%2Fwp-admin%2Findex.php&reauth=1 HTTP/1.1" 200 2036 "https://nfsin.com/wp-login.php" "Mozilla/5.0 (Macintosh; Intel Mac OS X 13_6_1) AppleWebKit/605.1.15 (KHTML, like Gecko) Version/16.6 Safari/605.1.15"
91.224.92.182 - - [04/Feb/2026:18:27:11 +0000] "POST /wp-login.php HTTP/1.1" 200 2178 "https://nfsin.com/wp-login.php" "Mozilla/5.0 (X11; Ubuntu; Linux x86_64) AppleWebKit/537.36 (KHTML, like Gecko) Chrome/120.0.0.0 Safari/537.36"
74.7.227.4 - - [04/Feb/2026:18:27:10 +0000] "GET /shop/pg/35622 HTTP/2.0" 200 24227 "https://nfsin.com/shop/pg/34563" "Mozilla/5.0 AppleWebKit/537.36 (KHTML, like Gecko; compatible; GPTBot/1.3; +https://openai.com/gptbot)"
91.224.92.182 - - [04/Feb/2026:18:27:13 +0000] "GET /wp-admin/index.php HTTP/1.1" 302 20 "https://nfsin.com/wp-login.php" "Mozilla/5.0 (Windows NT 10.0; Win64; x64; rv:120.0) Gecko/20100101 Firefox/120.0"
91.224.92.182 - - [04/Feb/2026:18:27:14 +0000] "GET /wp-login.php?redirect_to=https%3A%2F%2Fnfsin.com%2Fwp-admin%2Findex.php&reauth=1 HTTP/1.1" 200 2036 "https://nfsin.com/wp-login.php" "Mozilla/5.0 (Windows NT 10.0; Win64; x64; rv:120.0) Gecko/20100101 Firefox/120.0"
74.7.227.4 - - [04/Feb/2026:18:27:13 +0000] "GET /shop/pg/25517 HTTP/2.0" 200 24647 "https://nfsin.com/shop/pg/24457" "Mozilla/5.0 AppleWebKit/537.36 (KHTML, like Gecko; compatible; GPTBot/1.3; +https://openai.com/gptbot)"
91.224.92.182 - - [04/Feb/2026:18:27:15 +0000] "POST /wp-login.php HTTP/1.1" 200 2153 "https://nfsin.com/wp-login.php" "Mozilla/5.0 (Windows NT 10.0; Win64; x64; rv:121.0) Gecko/20100101 Firefox/121.0"
91.224.92.182 - - [04/Feb/2026:18:27:16 +0000] "GET /wp-admin/index.php HTTP/1.1" 302 20 "https://nfsin.com/wp-login.php" "Mozilla/5.0 (Windows NT 11.0; Win64; x64) AppleWebKit/537.36 (KHTML, like Gecko) Chrome/121.0.0.0 Safari/537.36"
74.7.227.4 - - [04/Feb/2026:18:27:16 +0000] "GET /shop/pg/79570 HTTP/2.0" 200 24476 "https://nfsin.com/shop/pg/78506" "Mozilla/5.0 AppleWebKit/537.36 (KHTML, like Gecko; compatible; GPTBot/1.3; +https://openai.com/gptbot)"
91.224.92.182 - - [04/Feb/2026:18:27:18 +0000] "GET /wp-login.php?redirect_to=https%3A%2F%2Fnfsin.com%2Fwp-admin%2Findex.php&reauth=1 HTTP/1.1" 200 2036 "https://nfsin.com/wp-login.php" "Mozilla/5.0 (Windows NT 11.0; Win64; x64) AppleWebKit/537.36 (KHTML, like Gecko) Chrome/121.0.0.0 Safari/537.36"
91.224.92.182 - - [04/Feb/2026:18:27:19 +0000] "POST /wp-login.php HTTP/1.1" 200 2185 "https://nfsin.com/wp-login.php" "Mozilla/5.0 (Macintosh; Intel Mac OS X 10_15_7; rv:118.0) Gecko/20100101 Firefox/118.0"
91.224.92.182 - - [04/Feb/2026:18:27:20 +0000] "GET /wp-admin/index.php HTTP/1.1" 302 20 "https://nfsin.com/wp-login.php" "Mozilla/5.0 (Macintosh; Intel Mac OS X 13_6_1) AppleWebKit/537.36 (KHTML, like Gecko) Chrome/118.0.0.0 Safari/537.36"
74.7.227.4 - - [04/Feb/2026:18:27:19 +0000] "GET /shop/pg/28272 HTTP/2.0" 200 24200 "https://nfsin.com/shop/pg/27216" "Mozilla/5.0 AppleWebKit/537.36 (KHTML, like Gecko; compatible; GPTBot/1.3; +https://openai.com/gptbot)"
91.224.92.182 - - [04/Feb/2026:18:27:21 +0000] "GET /wp-login.php?redirect_to=https%3A%2F%2Fnfsin.com%2Fwp-admin%2Findex.php&reauth=1 HTTP/1.1" 200 2036 "https://nfsin.com/wp-login.php" "Mozilla/5.0 (Macintosh; Intel Mac OS X 13_6_1) AppleWebKit/537.36 (KHTML, like Gecko) Chrome/118.0.0.0 Safari/537.36"
91.224.92.182 - - [04/Feb/2026:18:27:23 +0000] "POST /wp-login.php HTTP/1.1" 200 2179 "https://nfsin.com/wp-login.php" "Mozilla/5.0 (X11; Ubuntu; Linux x86_64) AppleWebKit/537.36 (KHTML, like Gecko) Chrome/120.0.0.0 Safari/537.36"
74.7.227.4 - - [04/Feb/2026:18:27:22 +0000] "GET /shop/pg/58435 HTTP/2.0" 200 24255 "https://nfsin.com/shop/pg/57368" "Mozilla/5.0 AppleWebKit/537.36 (KHTML, like Gecko; compatible; GPTBot/1.3; +https://openai.com/gptbot)"
91.224.92.182 - - [04/Feb/2026:18:27:24 +0000] "GET /wp-admin/index.php HTTP/1.1" 302 20 "https://nfsin.com/wp-login.php" "Mozilla/5.0 (Macintosh; Intel Mac OS X 13_6_1) AppleWebKit/537.36 (KHTML, like Gecko) Chrome/120.0.0.0 Safari/537.36"
91.224.92.182 - - [04/Feb/2026:18:27:25 +0000] "GET /wp-login.php?redirect_to=https%3A%2F%2Fnfsin.com%2Fwp-admin%2Findex.php&reauth=1 HTTP/1.1" 200 2036 "https://nfsin.com/wp-login.php" "Mozilla/5.0 (Macintosh; Intel Mac OS X 13_6_1) AppleWebKit/537.36 (KHTML, like Gecko) Chrome/120.0.0.0 Safari/537.36"
91.224.92.182 - - [04/Feb/2026:18:27:27 +0000] "POST /wp-login.php HTTP/1.1" 200 2176 "https://nfsin.com/wp-login.php" "Mozilla/5.0 (X11; Linux x86_64) AppleWebKit/537.36 (KHTML, like Gecko) Chrome/119.0.0.0 Safari/537.36"
74.7.227.4 - - [04/Feb/2026:18:27:25 +0000] "GET /shop/pg/75125 HTTP/2.0" 200 24783 "https://nfsin.com/shop/pg/74065" "Mozilla/5.0 AppleWebKit/537.36 (KHTML, like Gecko; compatible; GPTBot/1.3; +https://openai.com/gptbot)"
91.224.92.182 - - [04/Feb/2026:18:27:28 +0000] "GET /wp-admin/index.php HTTP/1.1" 302 20 "https://nfsin.com/wp-login.php" "Mozilla/5.0 (Windows NT 11.0; Win64; x64) AppleWebKit/537.36 (KHTML, like Gecko) Chrome/119.0.0.0 Safari/537.36"
91.224.92.182 - - [04/Feb/2026:18:27:29 +0000] "GET /wp-login.php?redirect_to=https%3A%2F%2Fnfsin.com%2Fwp-admin%2Findex.php&reauth=1 HTTP/1.1" 200 2036 "https://nfsin.com/wp-login.php" "Mozilla/5.0 (Windows NT 11.0; Win64; x64) AppleWebKit/537.36 (KHTML, like Gecko) Chrome/119.0.0.0 Safari/537.36"
74.7.227.4 - - [04/Feb/2026:18:27:28 +0000] "GET /shop/pg/52210 HTTP/2.0" 200 24761 "https://nfsin.com/shop/pg/51155" "Mozilla/5.0 AppleWebKit/537.36 (KHTML, like Gecko; compatible; GPTBot/1.3; +https://openai.com/gptbot)"
91.224.92.182 - - [04/Feb/2026:18:27:31 +0000] "POST /wp-login.php HTTP/1.1" 200 2182 "https://nfsin.com/wp-login.php" "Mozilla/5.0 (Windows NT 11.0; Win64; x64) AppleWebKit/537.36 (KHTML, like Gecko) Chrome/119.0.0.0 Safari/537.36"
91.224.92.182 - - [04/Feb/2026:18:27:32 +0000] "GET /wp-admin/index.php HTTP/1.1" 302 20 "https://nfsin.com/wp-login.php" "Mozilla/5.0 (Windows NT 11.0; Win64; x64; rv:120.0) Gecko/20100101 Firefox/120.0"
74.7.227.4 - - [04/Feb/2026:18:27:32 +0000] "GET /shop/pg/49317 HTTP/2.0" 200 24664 "https://nfsin.com/shop/pg/48255" "Mozilla/5.0 AppleWebKit/537.36 (KHTML, like Gecko; compatible; GPTBot/1.3; +https://openai.com/gptbot)"
91.224.92.182 - - [04/Feb/2026:18:27:34 +0000] "GET /wp-login.php?redirect_to=https%3A%2F%2Fnfsin.com%2Fwp-admin%2Findex.php&reauth=1 HTTP/1.1" 200 2036 "https://nfsin.com/wp-login.php" "Mozilla/5.0 (Windows NT 11.0; Win64; x64; rv:120.0) Gecko/20100101 Firefox/120.0"
91.224.92.182 - - [04/Feb/2026:18:27:35 +0000] "POST /wp-login.php HTTP/1.1" 200 2180 "https://nfsin.com/wp-login.php" "Mozilla/5.0 (Windows NT 10.0; Win64; x64) AppleWebKit/537.36 (KHTML, like Gecko) Chrome/118.0.0.0 Safari/537.36"
