74.7.227.4 - - [04/Feb/2026:17:16:52 +0000] "GET /shop/pg/47860 HTTP/2.0" 200 24289 "https://nfsin.com/shop/pg/46793" "Mozilla/5.0 AppleWebKit/537.36 (KHTML, like Gecko; compatible; GPTBot/1.3; +https://openai.com/gptbot)"
74.7.227.4 - - [04/Feb/2026:17:16:55 +0000] "GET /shop/pg/44978 HTTP/2.0" 200 24814 "https://nfsin.com/shop/pg/43921" "Mozilla/5.0 AppleWebKit/537.36 (KHTML, like Gecko; compatible; GPTBot/1.3; +https://openai.com/gptbot)"
192.178.4.105 - - [04/Feb/2026:17:16:58 +0000] "GET /category/161818 HTTP/1.1" 200 27528 "-" "Mozilla/5.0 (Linux; Android 6.0.1; Nexus 5X Build/MMB29P) AppleWebKit/537.36 (KHTML, like Gecko) Chrome/144.0.7559.109 Mobile Safari/537.36 (compatible; GoogleOther)"
74.7.227.4 - - [04/Feb/2026:17:16:58 +0000] "GET /shop/pg/64830 HTTP/2.0" 200 24855 "https://nfsin.com/shop/pg/63765" "Mozilla/5.0 AppleWebKit/537.36 (KHTML, like Gecko; compatible; GPTBot/1.3; +https://openai.com/gptbot)"
74.7.227.4 - - [04/Feb/2026:17:17:02 +0000] "GET /shop/pg/84298 HTTP/2.0" 200 24434 "https://nfsin.com/shop/pg/83237" "Mozilla/5.0 AppleWebKit/537.36 (KHTML, like Gecko; compatible; GPTBot/1.3; +https://openai.com/gptbot)"
74.7.227.4 - - [04/Feb/2026:17:17:05 +0000] "GET /shopping/products/1619860101 HTTP/2.0" 200 24141 "https://nfsin.com/shop/pg/80314" "Mozilla/5.0 AppleWebKit/537.36 (KHTML, like Gecko; compatible; GPTBot/1.3; +https://openai.com/gptbot)"
74.7.227.4 - - [04/Feb/2026:17:17:09 +0000] "GET /shopping/products/1619891569 HTTP/2.0" 200 24286 "https://nfsin.com/shopping/products/1619517115" "Mozilla/5.0 AppleWebKit/537.36 (KHTML, like Gecko; compatible; GPTBot/1.3; +https://openai.com/gptbot)"
74.7.227.4 - - [04/Feb/2026:17:17:13 +0000] "GET /shopping/products/161817435 HTTP/2.0" 200 24679 "https://nfsin.com/shopping/products/1618117699" "Mozilla/5.0 AppleWebKit/537.36 (KHTML, like Gecko; compatible; GPTBot/1.3; +https://openai.com/gptbot)"
74.7.227.4 - - [04/Feb/2026:17:17:16 +0000] "GET /shop/pg/45415 HTTP/2.0" 200 24280 "https://nfsin.com/shop/pg/44360" "Mozilla/5.0 AppleWebKit/537.36 (KHTML, like Gecko; compatible; GPTBot/1.3; +https://openai.com/gptbot)"
74.7.227.4 - - [04/Feb/2026:17:17:19 +0000] "GET /shop/pg/81368 HTTP/2.0" 200 24645 "https://nfsin.com/shop/pg/80314" "Mozilla/5.0 AppleWebKit/537.36 (KHTML, like Gecko; compatible; GPTBot/1.3; +https://openai.com/gptbot)"
74.7.227.4 - - [04/Feb/2026:17:17:23 +0000] "GET /shop/pg/44768 HTTP/2.0" 200 24785 "https://nfsin.com/shop/pg/43708" "Mozilla/5.0 AppleWebKit/537.36 (KHTML, like Gecko; compatible; GPTBot/1.3; +https://openai.com/gptbot)"
74.7.227.4 - - [04/Feb/2026:17:17:26 +0000] "GET /shopping/products/1618129699 HTTP/2.0" 200 24837 "https://nfsin.com/shop/pg/15609" "Mozilla/5.0 AppleWebKit/537.36 (KHTML, like Gecko; compatible; GPTBot/1.3; +https://openai.com/gptbot)"
74.7.227.4 - - [04/Feb/2026:17:17:30 +0000] "GET /shop/pg/48923 HTTP/2.0" 200 24279 "https://nfsin.com/shop/pg/47860" "Mozilla/5.0 AppleWebKit/537.36 (KHTML, like Gecko; compatible; GPTBot/1.3; +https://openai.com/gptbot)"
74.7.227.4 - - [04/Feb/2026:17:17:33 +0000] "GET /shop/pg/30700 HTTP/2.0" 200 24649 "https://nfsin.com/shop/pg/29636" "Mozilla/5.0 AppleWebKit/537.36 (KHTML, like Gecko; compatible; GPTBot/1.3; +https://openai.com/gptbot)"
74.7.227.4 - - [04/Feb/2026:17:17:36 +0000] "GET /shopping/products/161817240 HTTP/2.0" 200 24627 "https://nfsin.com/shop/pg/64830" "Mozilla/5.0 AppleWebKit/537.36 (KHTML, like Gecko; compatible; GPTBot/1.3; +https://openai.com/gptbot)"
74.7.227.4 - - [04/Feb/2026:17:17:40 +0000] "GET /shopping/products/161819206 HTTP/2.0" 200 24290 "https://nfsin.com/shop/pg/64830" "Mozilla/5.0 AppleWebKit/537.36 (KHTML, like Gecko; compatible; GPTBot/1.3; +https://openai.com/gptbot)"
94.34.12.4 - - [04/Feb/2026:17:17:44 +0000] "POST /xmlrpc.php HTTP/1.1" 200 403 "-" "Mozilla/5.0 (Windows NT 10.0; x64) AppleWebKit/537.36 (KHTML, like Gecko) Chrome/92.0.0.0 Safari/537.36"
74.7.227.4 - - [04/Feb/2026:17:17:44 +0000] "GET /shopping/products/16201433358 HTTP/2.0" 200 26004 "https://nfsin.com/shop/pg/84298" "Mozilla/5.0 AppleWebKit/537.36 (KHTML, like Gecko; compatible; GPTBot/1.3; +https://openai.com/gptbot)"
192.178.4.105 - - [04/Feb/2026:17:17:47 +0000] "GET /category/161813 HTTP/1.1" 200 27135 "-" "Mozilla/5.0 (Linux; Android 6.0.1; Nexus 5X Build/MMB29P) AppleWebKit/537.36 (KHTML, like Gecko) Chrome/144.0.7559.109 Mobile Safari/537.36 (compatible; GoogleOther)"
74.7.227.4 - - [04/Feb/2026:17:17:48 +0000] "GET /shop/pg/85367 HTTP/2.0" 200 24692 "https://nfsin.com/shop/pg/84298" "Mozilla/5.0 AppleWebKit/537.36 (KHTML, like Gecko; compatible; GPTBot/1.3; +https://openai.com/gptbot)"
74.7.227.4 - - [04/Feb/2026:17:17:51 +0000] "GET /shopping/products/161822877 HTTP/2.0" 200 23828 "https://nfsin.com/shopping/products/161817435" "Mozilla/5.0 AppleWebKit/537.36 (KHTML, like Gecko; compatible; GPTBot/1.3; +https://openai.com/gptbot)"
74.7.227.4 - - [04/Feb/2026:17:17:55 +0000] "GET /shopping/products/16211773117 HTTP/2.0" 200 24069 "https://nfsin.com/shop/pg/45415" "Mozilla/5.0 AppleWebKit/537.36 (KHTML, like Gecko; compatible; GPTBot/1.3; +https://openai.com/gptbot)"
74.7.227.4 - - [04/Feb/2026:17:17:58 +0000] "GET /shopping/products/161818112 HTTP/2.0" 200 24405 "https://nfsin.com/shop/pg/81368" "Mozilla/5.0 AppleWebKit/537.36 (KHTML, like Gecko; compatible; GPTBot/1.3; +https://openai.com/gptbot)"
74.7.227.4 - - [04/Feb/2026:17:18:03 +0000] "GET /shop/pg/17435 HTTP/2.0" 200 24069 "https://nfsin.com/shopping/products/161817435" "Mozilla/5.0 AppleWebKit/537.36 (KHTML, like Gecko; compatible; GPTBot/1.3; +https://openai.com/gptbot)"
74.7.227.4 - - [04/Feb/2026:17:18:07 +0000] "GET /shop/pg/46472 HTTP/2.0" 200 25319 "https://nfsin.com/shop/pg/45415" "Mozilla/5.0 AppleWebKit/537.36 (KHTML, like Gecko; compatible; GPTBot/1.3; +https://openai.com/gptbot)"
74.7.227.4 - - [04/Feb/2026:17:18:11 +0000] "GET /shop/pg/49987 HTTP/2.0" 200 24249 "https://nfsin.com/shop/pg/48923" "Mozilla/5.0 AppleWebKit/537.36 (KHTML, like Gecko; compatible; GPTBot/1.3; +https://openai.com/gptbot)"
74.7.227.4 - - [04/Feb/2026:17:18:14 +0000] "GET /shop/pg/31748 HTTP/2.0" 200 24177 "https://nfsin.com/shop/pg/30700" "Mozilla/5.0 AppleWebKit/537.36 (KHTML, like Gecko; compatible; GPTBot/1.3; +https://openai.com/gptbot)"
192.178.4.105 - - [04/Feb/2026:17:18:18 +0000] "GET /category/161816 HTTP/1.1" 200 27060 "-" "Mozilla/5.0 (Linux; Android 6.0.1; Nexus 5X Build/MMB29P) AppleWebKit/537.36 (KHTML, like Gecko) Chrome/144.0.7559.109 Mobile Safari/537.36 (compatible; GoogleOther)"
74.7.227.4 - - [04/Feb/2026:17:18:17 +0000] "GET /shop/pg/17240 HTTP/2.0" 200 24537 "https://nfsin.com/shopping/products/161817240" "Mozilla/5.0 AppleWebKit/537.36 (KHTML, like Gecko; compatible; GPTBot/1.3; +https://openai.com/gptbot)"
74.7.227.4 - - [04/Feb/2026:17:18:20 +0000] "GET /shop/pg/19206 HTTP/2.0" 200 24443 "https://nfsin.com/shopping/products/161819206" "Mozilla/5.0 AppleWebKit/537.36 (KHTML, like Gecko; compatible; GPTBot/1.3; +https://openai.com/gptbot)"
74.7.227.4 - - [04/Feb/2026:17:18:24 +0000] "GET /shop/pg/45835 HTTP/2.0" 200 24257 "https://nfsin.com/shop/pg/44768" "Mozilla/5.0 AppleWebKit/537.36 (KHTML, like Gecko; compatible; GPTBot/1.3; +https://openai.com/gptbot)"
74.7.227.4 - - [04/Feb/2026:17:18:28 +0000] "GET /shopping/products/16222424163 HTTP/2.0" 200 25041 "https://nfsin.com/shop/pg/85367" "Mozilla/5.0 AppleWebKit/537.36 (KHTML, like Gecko; compatible; GPTBot/1.3; +https://openai.com/gptbot)"
74.7.227.4 - - [04/Feb/2026:17:18:30 +0000] "GET /shopping/products/16222489305 HTTP/2.0" 200 24494 "https://nfsin.com/shop/pg/85367" "Mozilla/5.0 AppleWebKit/537.36 (KHTML, like Gecko; compatible; GPTBot/1.3; +https://openai.com/gptbot)"
74.7.227.4 - - [04/Feb/2026:17:18:34 +0000] "GET /shopping/products/16222434224 HTTP/2.0" 200 24399 "https://nfsin.com/shopping/products/16211773117" "Mozilla/5.0 AppleWebKit/537.36 (KHTML, like Gecko; compatible; GPTBot/1.3; +https://openai.com/gptbot)"
74.7.227.4 - - [04/Feb/2026:17:18:37 +0000] "GET /shopping/products/16222455747 HTTP/2.0" 200 25666 "https://nfsin.com/shop/pg/85367" "Mozilla/5.0 AppleWebKit/537.36 (KHTML, like Gecko; compatible; GPTBot/1.3; +https://openai.com/gptbot)"
94.34.12.4 - - [04/Feb/2026:17:18:40 +0000] "POST /xmlrpc.php HTTP/1.1" 200 403 "-" "Mozilla/5.0 (Windows NT 6.3; x64) AppleWebKit/537.36 (KHTML, like Gecko) Firefox/98.0.0.0 Safari/537.36"
74.7.227.4 - - [04/Feb/2026:17:18:40 +0000] "GET /shop/pg/18493 HTTP/2.0" 200 24589 "https://nfsin.com/shop/pg/17435" "Mozilla/5.0 AppleWebKit/537.36 (KHTML, like Gecko; compatible; GPTBot/1.3; +https://openai.com/gptbot)"
74.7.227.4 - - [04/Feb/2026:17:18:44 +0000] "GET /shop/pg/86434 HTTP/2.0" 200 23927 "https://nfsin.com/shop/pg/85367" "Mozilla/5.0 AppleWebKit/537.36 (KHTML, like Gecko; compatible; GPTBot/1.3; +https://openai.com/gptbot)"
74.7.227.4 - - [04/Feb/2026:17:18:47 +0000] "GET /shop/pg/51062 HTTP/2.0" 200 24353 "https://nfsin.com/shop/pg/49987" "Mozilla/5.0 AppleWebKit/537.36 (KHTML, like Gecko; compatible; GPTBot/1.3; +https://openai.com/gptbot)"
74.7.227.4 - - [04/Feb/2026:17:18:50 +0000] "GET /shopping/products/16222314396 HTTP/2.0" 200 24719 "https://nfsin.com/shop/pg/31748" "Mozilla/5.0 AppleWebKit/537.36 (KHTML, like Gecko; compatible; GPTBot/1.3; +https://openai.com/gptbot)"
74.7.227.4 - - [04/Feb/2026:17:18:53 +0000] "GET /shopping/products/1619816691 HTTP/2.0" 200 24266 "https://nfsin.com/shop/pg/17240" "Mozilla/5.0 AppleWebKit/537.36 (KHTML, like Gecko; compatible; GPTBot/1.3; +https://openai.com/gptbot)"
74.7.227.4 - - [04/Feb/2026:17:18:57 +0000] "GET /shopping/products/16222078951 HTTP/2.0" 200 25068 "https://nfsin.com/shop/pg/19206" "Mozilla/5.0 AppleWebKit/537.36 (KHTML, like Gecko; compatible; GPTBot/1.3; +https://openai.com/gptbot)"
74.7.227.4 - - [04/Feb/2026:17:19:00 +0000] "GET /shopping/products/16222114285 HTTP/2.0" 200 24761 "https://nfsin.com/shop/pg/19206" "Mozilla/5.0 AppleWebKit/537.36 (KHTML, like Gecko; compatible; GPTBot/1.3; +https://openai.com/gptbot)"
74.7.227.4 - - [04/Feb/2026:17:19:04 +0000] "GET /shop/pg/32809 HTTP/2.0" 200 24496 "https://nfsin.com/shop/pg/31748" "Mozilla/5.0 AppleWebKit/537.36 (KHTML, like Gecko; compatible; GPTBot/1.3; +https://openai.com/gptbot)"
74.7.227.4 - - [04/Feb/2026:17:19:08 +0000] "GET /shop/pg/22877 HTTP/2.0" 200 24336 "https://nfsin.com/shopping/products/161822877" "Mozilla/5.0 AppleWebKit/537.36 (KHTML, like Gecko; compatible; GPTBot/1.3; +https://openai.com/gptbot)"
74.7.227.4 - - [04/Feb/2026:17:19:11 +0000] "GET /shopping/products/16201110187 HTTP/2.0" 200 24177 "https://nfsin.com/shopping/products/16222434224" "Mozilla/5.0 AppleWebKit/537.36 (KHTML, like Gecko; compatible; GPTBot/1.3; +https://openai.com/gptbot)"
74.7.227.4 - - [04/Feb/2026:17:19:15 +0000] "GET /shop/pg/18112 HTTP/2.0" 200 24552 "https://nfsin.com/shopping/products/161818112" "Mozilla/5.0 AppleWebKit/537.36 (KHTML, like Gecko; compatible; GPTBot/1.3; +https://openai.com/gptbot)"
192.178.4.104 - - [04/Feb/2026:17:19:17 +0000] "GET /category/161817 HTTP/1.1" 200 27386 "-" "Mozilla/5.0 (Linux; Android 6.0.1; Nexus 5X Build/MMB29P) AppleWebKit/537.36 (KHTML, like Gecko) Chrome/144.0.7559.109 Mobile Safari/537.36 (compatible; GoogleOther)"
74.7.227.4 - - [04/Feb/2026:17:19:18 +0000] "GET /shopping/products/1618197617 HTTP/2.0" 200 24331 "https://nfsin.com/shop/pg/18493" "Mozilla/5.0 AppleWebKit/537.36 (KHTML, like Gecko; compatible; GPTBot/1.3; +https://openai.com/gptbot)"
74.7.227.4 - - [04/Feb/2026:17:19:21 +0000] "GET /shopping/products/16222107096 HTTP/2.0" 200 24716 "https://nfsin.com/shop/pg/86434" "Mozilla/5.0 AppleWebKit/537.36 (KHTML, like Gecko; compatible; GPTBot/1.3; +https://openai.com/gptbot)"
74.7.227.4 - - [04/Feb/2026:17:19:25 +0000] "GET /shop/pg/19556 HTTP/2.0" 200 24576 "https://nfsin.com/shop/pg/18493" "Mozilla/5.0 AppleWebKit/537.36 (KHTML, like Gecko; compatible; GPTBot/1.3; +https://openai.com/gptbot)"
74.7.227.4 - - [04/Feb/2026:17:19:28 +0000] "GET /shop/pg/52114 HTTP/2.0" 200 24281 "https://nfsin.com/shop/pg/51062" "Mozilla/5.0 AppleWebKit/537.36 (KHTML, like Gecko; compatible; GPTBot/1.3; +https://openai.com/gptbot)"
192.178.4.105 - - [04/Feb/2026:17:19:30 +0000] "GET /shopping/products/16232635179 HTTP/1.1" 200 25616 "-" "Mozilla/5.0 (Linux; Android 6.0.1; Nexus 5X Build/MMB29P) AppleWebKit/537.36 (KHTML, like Gecko) Chrome/144.0.7559.109 Mobile Safari/537.36 (compatible; Googlebot/2.1; +http://www.google.com/bot.html)"
74.7.227.4 - - [04/Feb/2026:17:19:31 +0000] "GET /shop/pg/20262 HTTP/2.0" 200 23893 "https://nfsin.com/shop/pg/19206" "Mozilla/5.0 AppleWebKit/537.36 (KHTML, like Gecko; compatible; GPTBot/1.3; +https://openai.com/gptbot)"
74.7.227.4 - - [04/Feb/2026:17:19:35 +0000] "GET /shop/pg/46898 HTTP/2.0" 200 23916 "https://nfsin.com/shop/pg/45835" "Mozilla/5.0 AppleWebKit/537.36 (KHTML, like Gecko; compatible; GPTBot/1.3; +https://openai.com/gptbot)"
94.34.12.4 - - [04/Feb/2026:17:19:38 +0000] "POST /xmlrpc.php HTTP/1.1" 200 403 "-" "Mozilla/5.0 (Linux; Android 10; arm64) AppleWebKit/537.36 (KHTML, like Gecko) Opera/60.0.0.0 Safari/537.36"
74.7.227.4 - - [04/Feb/2026:17:19:38 +0000] "GET /shop/pg/65889 HTTP/2.0" 200 24566 "https://nfsin.com/shop/pg/64830" "Mozilla/5.0 AppleWebKit/537.36 (KHTML, like Gecko; compatible; GPTBot/1.3; +https://openai.com/gptbot)"
74.7.227.4 - - [04/Feb/2026:17:19:41 +0000] "GET /shop/pg/33869 HTTP/2.0" 200 24383 "https://nfsin.com/shop/pg/32809" "Mozilla/5.0 AppleWebKit/537.36 (KHTML, like Gecko; compatible; GPTBot/1.3; +https://openai.com/gptbot)"
74.7.227.4 - - [04/Feb/2026:17:19:44 +0000] "GET /shop/pg/23941 HTTP/2.0" 200 24243 "https://nfsin.com/shop/pg/22877" "Mozilla/5.0 AppleWebKit/537.36 (KHTML, like Gecko; compatible; GPTBot/1.3; +https://openai.com/gptbot)"
74.7.227.4 - - [04/Feb/2026:17:19:48 +0000] "GET /shop/pg/18292 HTTP/2.0" 200 24560 "https://nfsin.com/shop/pg/17240" "Mozilla/5.0 AppleWebKit/537.36 (KHTML, like Gecko; compatible; GPTBot/1.3; +https://openai.com/gptbot)"
74.7.227.4 - - [04/Feb/2026:17:19:52 +0000] "GET /shop/pg/19163 HTTP/2.0" 200 24319 "https://nfsin.com/shop/pg/18112" "Mozilla/5.0 AppleWebKit/537.36 (KHTML, like Gecko; compatible; GPTBot/1.3; +https://openai.com/gptbot)"
74.7.227.4 - - [04/Feb/2026:17:19:55 +0000] "GET /shopping/products/16211629692 HTTP/2.0" 200 24809 "https://nfsin.com/shopping/products/1618197617" "Mozilla/5.0 AppleWebKit/537.36 (KHTML, like Gecko; compatible; GPTBot/1.3; +https://openai.com/gptbot)"
74.7.227.4 - - [04/Feb/2026:17:19:59 +0000] "GET /shop/pg/87497 HTTP/2.0" 200 23959 "https://nfsin.com/shop/pg/86434" "Mozilla/5.0 AppleWebKit/537.36 (KHTML, like Gecko; compatible; GPTBot/1.3; +https://openai.com/gptbot)"
74.7.227.4 - - [04/Feb/2026:17:20:02 +0000] "GET /shop/pg/20620 HTTP/2.0" 200 24299 "https://nfsin.com/shop/pg/19556" "Mozilla/5.0 AppleWebKit/537.36 (KHTML, like Gecko; compatible; GPTBot/1.3; +https://openai.com/gptbot)"
74.7.227.4 - - [04/Feb/2026:17:20:06 +0000] "GET /shop/pg/53165 HTTP/2.0" 200 24458 "https://nfsin.com/shop/pg/52114" "Mozilla/5.0 AppleWebKit/537.36 (KHTML, like Gecko; compatible; GPTBot/1.3; +https://openai.com/gptbot)"
74.7.227.4 - - [04/Feb/2026:17:20:10 +0000] "GET /shop/pg/21312 HTTP/2.0" 200 24217 "https://nfsin.com/shop/pg/20262" "Mozilla/5.0 AppleWebKit/537.36 (KHTML, like Gecko; compatible; GPTBot/1.3; +https://openai.com/gptbot)"
74.7.227.4 - - [04/Feb/2026:17:20:14 +0000] "GET /shopping/products/16222268136 HTTP/2.0" 200 24206 "https://nfsin.com/shop/pg/46898" "Mozilla/5.0 AppleWebKit/537.36 (KHTML, like Gecko; compatible; GPTBot/1.3; +https://openai.com/gptbot)"
74.7.227.4 - - [04/Feb/2026:17:20:19 +0000] "GET /shopping/products/16222044396 HTTP/2.0" 200 25276 "https://nfsin.com/shop/pg/46898" "Mozilla/5.0 AppleWebKit/537.36 (KHTML, like Gecko; compatible; GPTBot/1.3; +https://openai.com/gptbot)"
74.7.227.4 - - [04/Feb/2026:17:20:22 +0000] "GET /shop/pg/47971 HTTP/2.0" 200 24149 "https://nfsin.com/shop/pg/46898" "Mozilla/5.0 AppleWebKit/537.36 (KHTML, like Gecko; compatible; GPTBot/1.3; +https://openai.com/gptbot)"
74.7.227.4 - - [04/Feb/2026:17:20:26 +0000] "GET /shop/pg/24998 HTTP/2.0" 200 24859 "https://nfsin.com/shop/pg/23941" "Mozilla/5.0 AppleWebKit/537.36 (KHTML, like Gecko; compatible; GPTBot/1.3; +https://openai.com/gptbot)"
74.7.227.4 - - [04/Feb/2026:17:20:30 +0000] "GET /shop/pg/19352 HTTP/2.0" 200 24145 "https://nfsin.com/shop/pg/18292" "Mozilla/5.0 AppleWebKit/537.36 (KHTML, like Gecko; compatible; GPTBot/1.3; +https://openai.com/gptbot)"
74.7.227.4 - - [04/Feb/2026:17:20:34 +0000] "GET /shop/pg/20221 HTTP/2.0" 200 24033 "https://nfsin.com/shop/pg/19163" "Mozilla/5.0 AppleWebKit/537.36 (KHTML, like Gecko; compatible; GPTBot/1.3; +https://openai.com/gptbot)"
94.34.12.4 - - [04/Feb/2026:17:20:40 +0000] "POST /xmlrpc.php HTTP/1.1" 200 403 "-" "Mozilla/5.0 (Windows NT 6.3; x64) AppleWebKit/537.36 (KHTML, like Gecko) Edge/92.0.0.0 Safari/537.36"
74.7.227.4 - - [04/Feb/2026:17:20:38 +0000] "GET /shop/pg/34936 HTTP/2.0" 200 24387 "https://nfsin.com/shop/pg/33869" "Mozilla/5.0 AppleWebKit/537.36 (KHTML, like Gecko; compatible; GPTBot/1.3; +https://openai.com/gptbot)"
192.178.4.96 - - [04/Feb/2026:17:20:42 +0000] "GET /category/161819 HTTP/1.1" 200 27104 "-" "Mozilla/5.0 (Linux; Android 6.0.1; Nexus 5X Build/MMB29P) AppleWebKit/537.36 (KHTML, like Gecko) Chrome/144.0.7559.109 Mobile Safari/537.36 (compatible; GoogleOther)"
74.7.227.4 - - [04/Feb/2026:17:20:42 +0000] "GET /shop/pg/88570 HTTP/2.0" 200 24929 "https://nfsin.com/shop/pg/87497" "Mozilla/5.0 AppleWebKit/537.36 (KHTML, like Gecko; compatible; GPTBot/1.3; +https://openai.com/gptbot)"
74.7.227.4 - - [04/Feb/2026:17:20:45 +0000] "GET /shop/pg/82432 HTTP/2.0" 200 24177 "https://nfsin.com/shop/pg/81368" "Mozilla/5.0 AppleWebKit/537.36 (KHTML, like Gecko; compatible; GPTBot/1.3; +https://openai.com/gptbot)"
74.7.227.4 - - [04/Feb/2026:17:20:48 +0000] "GET /shopping/products/16222056969 HTTP/2.0" 200 25077 "https://nfsin.com/shop/pg/53165" "Mozilla/5.0 AppleWebKit/537.36 (KHTML, like Gecko; compatible; GPTBot/1.3; +https://openai.com/gptbot)"
74.7.227.4 - - [04/Feb/2026:17:20:52 +0000] "GET /shopping/products/16222143429 HTTP/2.0" 200 24911 "https://nfsin.com/shop/pg/53165" "Mozilla/5.0 AppleWebKit/537.36 (KHTML, like Gecko; compatible; GPTBot/1.3; +https://openai.com/gptbot)"
74.7.227.4 - - [04/Feb/2026:17:20:54 +0000] "GET /shop/pg/22359 HTTP/2.0" 200 24970 "https://nfsin.com/shop/pg/21312" "Mozilla/5.0 AppleWebKit/537.36 (KHTML, like Gecko; compatible; GPTBot/1.3; +https://openai.com/gptbot)"
74.7.227.4 - - [04/Feb/2026:17:20:57 +0000] "GET /shop/pg/91353 HTTP/2.0" 200 24116 "https://nfsin.com/shop/pg/90288" "Mozilla/5.0 AppleWebKit/537.36 (KHTML, like Gecko; compatible; GPTBot/1.3; +https://openai.com/gptbot)"
74.7.227.4 - - [04/Feb/2026:17:21:00 +0000] "GET /shop/pg/49037 HTTP/2.0" 200 25212 "https://nfsin.com/shop/pg/47971" "Mozilla/5.0 AppleWebKit/537.36 (KHTML, like Gecko; compatible; GPTBot/1.3; +https://openai.com/gptbot)"
74.7.227.4 - - [04/Feb/2026:17:21:03 +0000] "GET /shop/pg/26068 HTTP/2.0" 200 24352 "https://nfsin.com/shop/pg/24998" "Mozilla/5.0 AppleWebKit/537.36 (KHTML, like Gecko; compatible; GPTBot/1.3; +https://openai.com/gptbot)"
74.7.227.4 - - [04/Feb/2026:17:21:06 +0000] "GET /shopping/products/16222255545 HTTP/2.0" 200 25465 "https://nfsin.com/shop/pg/19352" "Mozilla/5.0 AppleWebKit/537.36 (KHTML, like Gecko; compatible; GPTBot/1.3; +https://openai.com/gptbot)"
74.7.227.4 - - [04/Feb/2026:17:21:09 +0000] "GET /shopping/products/16222312530 HTTP/2.0" 200 25405 "https://nfsin.com/shop/pg/19352" "Mozilla/5.0 AppleWebKit/537.36 (KHTML, like Gecko; compatible; GPTBot/1.3; +https://openai.com/gptbot)"
74.7.227.4 - - [04/Feb/2026:17:21:12 +0000] "GET /shopping/products/16222216245 HTTP/2.0" 200 24725 "https://nfsin.com/shop/pg/19352" "Mozilla/5.0 AppleWebKit/537.36 (KHTML, like Gecko; compatible; GPTBot/1.3; +https://openai.com/gptbot)"
74.7.227.4 - - [04/Feb/2026:17:21:16 +0000] "GET /shop/pg/21266 HTTP/2.0" 200 24616 "https://nfsin.com/shop/pg/20221" "Mozilla/5.0 AppleWebKit/537.36 (KHTML, like Gecko; compatible; GPTBot/1.3; +https://openai.com/gptbot)"
74.7.227.4 - - [04/Feb/2026:17:21:20 +0000] "GET /shop/pg/83489 HTTP/2.0" 200 24550 "https://nfsin.com/shop/pg/82432" "Mozilla/5.0 AppleWebKit/537.36 (KHTML, like Gecko; compatible; GPTBot/1.3; +https://openai.com/gptbot)"
74.7.227.4 - - [04/Feb/2026:17:21:24 +0000] "GET /shop/pg/16222060349 HTTP/2.0" 200 24446 "https://nfsin.com/shopping/products/16222056969" "Mozilla/5.0 AppleWebKit/537.36 (KHTML, like Gecko; compatible; GPTBot/1.3; +https://openai.com/gptbot)"
74.7.227.4 - - [04/Feb/2026:17:21:27 +0000] "GET /shopping/products/16222046629 HTTP/2.0" 200 25046 "https://nfsin.com/shopping/products/16222143429" "Mozilla/5.0 AppleWebKit/537.36 (KHTML, like Gecko; compatible; GPTBot/1.3; +https://openai.com/gptbot)"
74.7.227.4 - - [04/Feb/2026:17:21:31 +0000] "GET /shopping/products/16222029789 HTTP/2.0" 200 24407 "https://nfsin.com/shopping/products/16222143429" "Mozilla/5.0 AppleWebKit/537.36 (KHTML, like Gecko; compatible; GPTBot/1.3; +https://openai.com/gptbot)"
74.7.227.4 - - [04/Feb/2026:17:21:34 +0000] "GET /shopping/products/16222329541 HTTP/2.0" 200 25875 "https://nfsin.com/shopping/products/16222143429" "Mozilla/5.0 AppleWebKit/537.36 (KHTML, like Gecko; compatible; GPTBot/1.3; +https://openai.com/gptbot)"
94.34.12.4 - - [04/Feb/2026:17:21:38 +0000] "POST /xmlrpc.php HTTP/1.1" 200 403 "-" "Mozilla/5.0 (Windows NT 6.2; x86) AppleWebKit/537.36 (KHTML, like Gecko) Safari/14.0.0.0 Safari/537.36"
74.7.227.4 - - [04/Feb/2026:17:21:38 +0000] "GET /shopping/products/16222267971 HTTP/2.0" 200 25443 "https://nfsin.com/shop/pg/49037" "Mozilla/5.0 AppleWebKit/537.36 (KHTML, like Gecko; compatible; GPTBot/1.3; +https://openai.com/gptbot)"
74.7.227.4 - - [04/Feb/2026:17:21:40 +0000] "GET /shopping/products/16222139293 HTTP/2.0" 200 25824 "https://nfsin.com/shop/pg/26068" "Mozilla/5.0 AppleWebKit/537.36 (KHTML, like Gecko; compatible; GPTBot/1.3; +https://openai.com/gptbot)"
74.7.227.4 - - [04/Feb/2026:17:21:43 +0000] "GET /shopping/products/16222262831 HTTP/2.0" 200 24568 "https://nfsin.com/shopping/products/16222255545" "Mozilla/5.0 AppleWebKit/537.36 (KHTML, like Gecko; compatible; GPTBot/1.3; +https://openai.com/gptbot)"
74.7.227.4 - - [04/Feb/2026:17:21:47 +0000] "GET /shopping/products/16222346691 HTTP/2.0" 200 24536 "https://nfsin.com/shop/pg/49037" "Mozilla/5.0 AppleWebKit/537.36 (KHTML, like Gecko; compatible; GPTBot/1.3; +https://openai.com/gptbot)"
74.7.227.4 - - [04/Feb/2026:17:21:50 +0000] "GET /shopping/products/16211626649 HTTP/2.0" 200 24941 "https://nfsin.com/shopping/products/16222216245" "Mozilla/5.0 AppleWebKit/537.36 (KHTML, like Gecko; compatible; GPTBot/1.3; +https://openai.com/gptbot)"
74.7.227.4 - - [04/Feb/2026:17:21:54 +0000] "GET /shopping/products/161829577 HTTP/2.0" 200 24399 "https://nfsin.com/shop/pg/21266" "Mozilla/5.0 AppleWebKit/537.36 (KHTML, like Gecko; compatible; GPTBot/1.3; +https://openai.com/gptbot)"
74.7.227.4 - - [04/Feb/2026:17:21:57 +0000] "GET /shopping/products/16222424323 HTTP/2.0" 200 25974 "https://nfsin.com/shop/pg/83489" "Mozilla/5.0 AppleWebKit/537.36 (KHTML, like Gecko; compatible; GPTBot/1.3; +https://openai.com/gptbot)"
74.7.227.4 - - [04/Feb/2026:17:22:01 +0000] "GET /shopping/products/16222121590 HTTP/2.0" 200 25012 "https://nfsin.com/shop/pg/26068" "Mozilla/5.0 AppleWebKit/537.36 (KHTML, like Gecko; compatible; GPTBot/1.3; +https://openai.com/gptbot)"
74.7.227.4 - - [04/Feb/2026:17:22:04 +0000] "GET /shopping/products/16222044664 HTTP/2.0" 200 25043 "https://nfsin.com/shopping/products/16222046629" "Mozilla/5.0 AppleWebKit/537.36 (KHTML, like Gecko; compatible; GPTBot/1.3; +https://openai.com/gptbot)"
74.7.227.4 - - [04/Feb/2026:17:22:08 +0000] "GET /shop/pg/23418 HTTP/2.0" 200 24280 "https://nfsin.com/shop/pg/22359" "Mozilla/5.0 AppleWebKit/537.36 (KHTML, like Gecko; compatible; GPTBot/1.3; +https://openai.com/gptbot)"
74.7.227.4 - - [04/Feb/2026:17:22:11 +0000] "GET /shop/pg/22321 HTTP/2.0" 200 24324 "https://nfsin.com/shop/pg/21266" "Mozilla/5.0 AppleWebKit/537.36 (KHTML, like Gecko; compatible; GPTBot/1.3; +https://openai.com/gptbot)"
74.7.227.4 - - [04/Feb/2026:17:22:14 +0000] "GET /shopping/products/16211626682 HTTP/2.0" 200 24214 "https://nfsin.com/shopping/products/16222267971" "Mozilla/5.0 AppleWebKit/537.36 (KHTML, like Gecko; compatible; GPTBot/1.3; +https://openai.com/gptbot)"
74.7.227.4 - - [04/Feb/2026:17:22:16 +0000] "GET /shopping/products/16222044857 HTTP/2.0" 200 25677 "https://nfsin.com/shopping/products/16222139293" "Mozilla/5.0 AppleWebKit/537.36 (KHTML, like Gecko; compatible; GPTBot/1.3; +https://openai.com/gptbot)"
74.7.227.4 - - [04/Feb/2026:17:22:20 +0000] "GET /shopping/products/1619662114 HTTP/2.0" 200 24375 "https://nfsin.com/shopping/products/16222262831" "Mozilla/5.0 AppleWebKit/537.36 (KHTML, like Gecko; compatible; GPTBot/1.3; +https://openai.com/gptbot)"
74.7.227.4 - - [04/Feb/2026:17:22:23 +0000] "GET /shop/pg/92412 HTTP/2.0" 200 24491 "https://nfsin.com/shop/pg/91353" "Mozilla/5.0 AppleWebKit/537.36 (KHTML, like Gecko; compatible; GPTBot/1.3; +https://openai.com/gptbot)"
74.7.227.4 - - [04/Feb/2026:17:22:26 +0000] "GET /shop/pg/50098 HTTP/2.0" 200 25275 "https://nfsin.com/shop/pg/49037" "Mozilla/5.0 AppleWebKit/537.36 (KHTML, like Gecko; compatible; GPTBot/1.3; +https://openai.com/gptbot)"
74.7.227.4 - - [04/Feb/2026:17:22:29 +0000] "GET /shop/pg/29577 HTTP/2.0" 200 24668 "https://nfsin.com/shopping/products/161829577" "Mozilla/5.0 AppleWebKit/537.36 (KHTML, like Gecko; compatible; GPTBot/1.3; +https://openai.com/gptbot)"
74.7.227.4 - - [04/Feb/2026:17:22:33 +0000] "GET /shopping/products/16222385896 HTTP/2.0" 200 24884 "https://nfsin.com/shopping/products/16222424323" "Mozilla/5.0 AppleWebKit/537.36 (KHTML, like Gecko; compatible; GPTBot/1.3; +https://openai.com/gptbot)"
94.34.12.4 - - [04/Feb/2026:17:22:35 +0000] "POST /xmlrpc.php HTTP/1.1" 200 403 "-" "Mozilla/5.0 (Windows NT 10.0; x86) AppleWebKit/537.36 (KHTML, like Gecko) Opera/64.0.0.0 Safari/537.36"
74.7.227.4 - - [04/Feb/2026:17:22:36 +0000] "GET /shop/pg/27128 HTTP/2.0" 200 24060 "https://nfsin.com/shop/pg/26068" "Mozilla/5.0 AppleWebKit/537.36 (KHTML, like Gecko; compatible; GPTBot/1.3; +https://openai.com/gptbot)"
74.7.227.4 - - [04/Feb/2026:17:22:40 +0000] "GET /shopping/products/16222050106 HTTP/2.0" 200 24815 "https://nfsin.com/shopping/products/16222044664" "Mozilla/5.0 AppleWebKit/537.36 (KHTML, like Gecko; compatible; GPTBot/1.3; +https://openai.com/gptbot)"
74.7.227.4 - - [04/Feb/2026:17:22:44 +0000] "GET /shopping/products/16222273328 HTTP/2.0" 200 24473 "https://nfsin.com/shop/pg/23418" "Mozilla/5.0 AppleWebKit/537.36 (KHTML, like Gecko; compatible; GPTBot/1.3; +https://openai.com/gptbot)"
74.7.227.4 - - [04/Feb/2026:17:22:47 +0000] "GET /shopping/products/16222124140 HTTP/2.0" 200 25341 "https://nfsin.com/shop/pg/23418" "Mozilla/5.0 AppleWebKit/537.36 (KHTML, like Gecko; compatible; GPTBot/1.3; +https://openai.com/gptbot)"
192.178.4.96 - - [04/Feb/2026:17:22:51 +0000] "GET /category/161810240 HTTP/1.1" 200 17696 "-" "Mozilla/5.0 (Linux; Android 6.0.1; Nexus 5X Build/MMB29P) AppleWebKit/537.36 (KHTML, like Gecko) Chrome/144.0.7559.109 Mobile Safari/537.36 (compatible; GoogleOther)"
74.7.227.4 - - [04/Feb/2026:17:22:51 +0000] "GET /shopping/products/16211951211 HTTP/2.0" 200 24233 "https://nfsin.com/shopping/products/16211626682" "Mozilla/5.0 AppleWebKit/537.36 (KHTML, like Gecko; compatible; GPTBot/1.3; +https://openai.com/gptbot)"
74.7.227.4 - - [04/Feb/2026:17:22:55 +0000] "GET /shopping/products/16222362717 HTTP/2.0" 200 25192 "https://nfsin.com/shopping/products/16211626682" "Mozilla/5.0 AppleWebKit/537.36 (KHTML, like Gecko; compatible; GPTBot/1.3; +https://openai.com/gptbot)"
74.7.227.4 - - [04/Feb/2026:17:22:59 +0000] "GET /shopping/products/1618151731 HTTP/2.0" 200 24176 "https://nfsin.com/shopping/products/16222044857" "Mozilla/5.0 AppleWebKit/537.36 (KHTML, like Gecko; compatible; GPTBot/1.3; +https://openai.com/gptbot)"
74.7.227.4 - - [04/Feb/2026:17:23:03 +0000] "GET /shopping/products/16222190694 HTTP/2.0" 200 24519 "https://nfsin.com/shopping/products/16211626682" "Mozilla/5.0 AppleWebKit/537.36 (KHTML, like Gecko; compatible; GPTBot/1.3; +https://openai.com/gptbot)"
74.7.227.4 - - [04/Feb/2026:17:23:06 +0000] "GET /shopping/products/16222450093 HTTP/2.0" 200 25640 "https://nfsin.com/shopping/products/1619662114" "Mozilla/5.0 AppleWebKit/537.36 (KHTML, like Gecko; compatible; GPTBot/1.3; +https://openai.com/gptbot)"
74.7.227.4 - - [04/Feb/2026:17:23:10 +0000] "GET /shopping/products/16222362751 HTTP/2.0" 200 25348 "https://nfsin.com/shop/pg/29577" "Mozilla/5.0 AppleWebKit/537.36 (KHTML, like Gecko; compatible; GPTBot/1.3; +https://openai.com/gptbot)"
74.7.227.4 - - [04/Feb/2026:17:23:13 +0000] "GET /shopping/products/16222334146 HTTP/2.0" 200 25004 "https://nfsin.com/shopping/products/16222044857" "Mozilla/5.0 AppleWebKit/537.36 (KHTML, like Gecko; compatible; GPTBot/1.3; +https://openai.com/gptbot)"
74.7.227.4 - - [04/Feb/2026:17:23:16 +0000] "GET /shop/pg/30645 HTTP/2.0" 200 24157 "https://nfsin.com/shop/pg/29577" "Mozilla/5.0 AppleWebKit/537.36 (KHTML, like Gecko; compatible; GPTBot/1.3; +https://openai.com/gptbot)"
74.7.227.4 - - [04/Feb/2026:17:23:19 +0000] "GET /shop/pg/93468 HTTP/2.0" 200 24575 "https://nfsin.com/shop/pg/92412" "Mozilla/5.0 AppleWebKit/537.36 (KHTML, like Gecko; compatible; GPTBot/1.3; +https://openai.com/gptbot)"
74.7.227.4 - - [04/Feb/2026:17:23:22 +0000] "GET /shopping/products/16222401209 HTTP/2.0" 200 24768 "https://nfsin.com/shopping/products/16222273328" "Mozilla/5.0 AppleWebKit/537.36 (KHTML, like Gecko; compatible; GPTBot/1.3; +https://openai.com/gptbot)"
74.7.227.4 - - [04/Feb/2026:17:23:25 +0000] "GET /shopping/products/16222363264 HTTP/2.0" 200 24430 "https://nfsin.com/shopping/products/16222124140" "Mozilla/5.0 AppleWebKit/537.36 (KHTML, like Gecko; compatible; GPTBot/1.3; +https://openai.com/gptbot)"
74.7.227.4 - - [04/Feb/2026:17:23:29 +0000] "GET /shopping/products/16222171915 HTTP/2.0" 200 24901 "https://nfsin.com/shopping/products/16222124140" "Mozilla/5.0 AppleWebKit/537.36 (KHTML, like Gecko; compatible; GPTBot/1.3; +https://openai.com/gptbot)"
74.7.227.4 - - [04/Feb/2026:17:23:33 +0000] "GET /shopping/products/16222163161 HTTP/2.0" 200 24724 "https://nfsin.com/shopping/products/16222362717" "Mozilla/5.0 AppleWebKit/537.36 (KHTML, like Gecko; compatible; GPTBot/1.3; +https://openai.com/gptbot)"
74.7.227.4 - - [04/Feb/2026:17:23:37 +0000] "GET /shopping/products/16222081276 HTTP/2.0" 200 25424 "https://nfsin.com/shopping/products/16222124140" "Mozilla/5.0 AppleWebKit/537.36 (KHTML, like Gecko; compatible; GPTBot/1.3; +https://openai.com/gptbot)"
94.34.12.4 - - [04/Feb/2026:17:23:39 +0000] "POST /xmlrpc.php HTTP/1.1" 200 403 "-" "Mozilla/5.0 (Windows NT 10.0; x64) AppleWebKit/537.36 (KHTML, like Gecko) Opera/60.0.0.0 Safari/537.36"
74.7.227.4 - - [04/Feb/2026:17:23:40 +0000] "GET /category/16211000921 HTTP/2.0" 200 26871 "https://nfsin.com/shopping/products/16211951211" "Mozilla/5.0 AppleWebKit/537.36 (KHTML, like Gecko; compatible; GPTBot/1.3; +https://openai.com/gptbot)"
74.7.227.4 - - [04/Feb/2026:17:23:42 +0000] "GET /shop/pg/24474 HTTP/2.0" 200 24459 "https://nfsin.com/shop/pg/23418" "Mozilla/5.0 AppleWebKit/537.36 (KHTML, like Gecko; compatible; GPTBot/1.3; +https://openai.com/gptbot)"
74.7.227.4 - - [04/Feb/2026:17:23:44 +0000] "GET /shop/pg/89636 HTTP/2.0" 200 24408 "https://nfsin.com/shop/pg/88570" "Mozilla/5.0 AppleWebKit/537.36 (KHTML, like Gecko; compatible; GPTBot/1.3; +https://openai.com/gptbot)"
74.7.227.4 - - [04/Feb/2026:17:23:47 +0000] "GET /shopping/products/16201205555 HTTP/2.0" 200 24292 "https://nfsin.com/shopping/products/16222334146" "Mozilla/5.0 AppleWebKit/537.36 (KHTML, like Gecko; compatible; GPTBot/1.3; +https://openai.com/gptbot)"
74.7.227.4 - - [04/Feb/2026:17:23:50 +0000] "GET /shopping/products/16222110720 HTTP/2.0" 200 24699 "https://nfsin.com/shop/pg/30645" "Mozilla/5.0 AppleWebKit/537.36 (KHTML, like Gecko; compatible; GPTBot/1.3; +https://openai.com/gptbot)"
74.7.227.4 - - [04/Feb/2026:17:23:53 +0000] "GET /shopping/products/1618446118 HTTP/2.0" 200 24839 "https://nfsin.com/shop/pg/93468" "Mozilla/5.0 AppleWebKit/537.36 (KHTML, like Gecko; compatible; GPTBot/1.3; +https://openai.com/gptbot)"
74.7.227.4 - - [04/Feb/2026:17:23:56 +0000] "GET /shopping/products/16222404837 HTTP/2.0" 200 25042 "https://nfsin.com/shopping/products/16222401209" "Mozilla/5.0 AppleWebKit/537.36 (KHTML, like Gecko; compatible; GPTBot/1.3; +https://openai.com/gptbot)"
74.7.227.4 - - [04/Feb/2026:17:24:00 +0000] "GET /shopping/products/16222055756 HTTP/2.0" 200 24642 "https://nfsin.com/shop/pg/30645" "Mozilla/5.0 AppleWebKit/537.36 (KHTML, like Gecko; compatible; GPTBot/1.3; +https://openai.com/gptbot)"
74.7.227.4 - - [04/Feb/2026:17:24:03 +0000] "GET /shop/pg/94536 HTTP/2.0" 200 24722 "https://nfsin.com/shop/pg/93468" "Mozilla/5.0 AppleWebKit/537.36 (KHTML, like Gecko; compatible; GPTBot/1.3; +https://openai.com/gptbot)"
74.7.227.4 - - [04/Feb/2026:17:24:07 +0000] "GET /shop/pg/20410 HTTP/2.0" 200 24425 "https://nfsin.com/shop/pg/19352" "Mozilla/5.0 AppleWebKit/537.36 (KHTML, like Gecko; compatible; GPTBot/1.3; +https://openai.com/gptbot)"
74.7.227.4 - - [04/Feb/2026:17:24:10 +0000] "GET /shop/pg/31701 HTTP/2.0" 200 24078 "https://nfsin.com/shop/pg/30645" "Mozilla/5.0 AppleWebKit/537.36 (KHTML, like Gecko; compatible; GPTBot/1.3; +https://openai.com/gptbot)"
74.7.227.4 - - [04/Feb/2026:17:24:13 +0000] "GET /shop/pg/28186 HTTP/2.0" 200 24307 "https://nfsin.com/shop/pg/27128" "Mozilla/5.0 AppleWebKit/537.36 (KHTML, like Gecko; compatible; GPTBot/1.3; +https://openai.com/gptbot)"
192.178.4.105 - - [04/Feb/2026:17:24:17 +0000] "GET /category/16185 HTTP/1.1" 200 27064 "-" "Mozilla/5.0 (Linux; Android 6.0.1; Nexus 5X Build/MMB29P) AppleWebKit/537.36 (KHTML, like Gecko) Chrome/144.0.7559.109 Mobile Safari/537.36 (compatible; GoogleOther)"
74.7.227.4 - - [04/Feb/2026:17:24:17 +0000] "GET /shop/pg/29151 HTTP/2.0" 200 24233 "https://nfsin.com/shop/pg/28092" "Mozilla/5.0 AppleWebKit/537.36 (KHTML, like Gecko; compatible; GPTBot/1.3; +https://openai.com/gptbot)"
74.7.227.4 - - [04/Feb/2026:17:24:20 +0000] "GET /shop/pg/90706 HTTP/2.0" 200 24381 "https://nfsin.com/shop/pg/89636" "Mozilla/5.0 AppleWebKit/537.36 (KHTML, like Gecko; compatible; GPTBot/1.3; +https://openai.com/gptbot)"
74.7.227.4 - - [04/Feb/2026:17:24:25 +0000] "GET /shopping/products/16222099881 HTTP/2.0" 200 25937 "https://nfsin.com/shopping/products/16201205555" "Mozilla/5.0 AppleWebKit/537.36 (KHTML, like Gecko; compatible; GPTBot/1.3; +https://openai.com/gptbot)"
74.7.227.4 - - [04/Feb/2026:17:24:29 +0000] "GET /shop/pg/46304 HTTP/2.0" 200 23729 "https://nfsin.com/shop/pg/45250" "Mozilla/5.0 AppleWebKit/537.36 (KHTML, like Gecko; compatible; GPTBot/1.3; +https://openai.com/gptbot)"
74.7.227.4 - - [04/Feb/2026:17:24:33 +0000] "GET /shop/pg/40027 HTTP/2.0" 200 24738 "https://nfsin.com/shop/pg/38957" "Mozilla/5.0 AppleWebKit/537.36 (KHTML, like Gecko; compatible; GPTBot/1.3; +https://openai.com/gptbot)"
74.7.227.4 - - [04/Feb/2026:17:24:36 +0000] "GET /shop/pg/78050 HTTP/2.0" 200 24248 "https://nfsin.com/shopping/products/161878050" "Mozilla/5.0 AppleWebKit/537.36 (KHTML, like Gecko; compatible; GPTBot/1.3; +https://openai.com/gptbot)"
74.7.227.4 - - [04/Feb/2026:17:24:39 +0000] "GET /shop/pg/35504 HTTP/2.0" 200 24812 "https://nfsin.com/shop/pg/34450" "Mozilla/5.0 AppleWebKit/537.36 (KHTML, like Gecko; compatible; GPTBot/1.3; +https://openai.com/gptbot)"
74.7.227.4 - - [04/Feb/2026:17:24:42 +0000] "GET /shop/pg/95601 HTTP/2.0" 200 24994 "https://nfsin.com/shop/pg/94536" "Mozilla/5.0 AppleWebKit/537.36 (KHTML, like Gecko; compatible; GPTBot/1.3; +https://openai.com/gptbot)"
74.7.227.4 - - [04/Feb/2026:17:24:45 +0000] "GET /shop/pg/21455 HTTP/2.0" 200 25140 "https://nfsin.com/shop/pg/20410" "Mozilla/5.0 AppleWebKit/537.36 (KHTML, like Gecko; compatible; GPTBot/1.3; +https://openai.com/gptbot)"
94.34.12.4 - - [04/Feb/2026:17:24:46 +0000] "POST /xmlrpc.php HTTP/1.1" 200 403 "-" "Mozilla/5.0 (X11; Ubuntu; Linux x86_64; arm64) AppleWebKit/537.36 (KHTML, like Gecko) Chrome/88.0.0.0 Safari/537.36"
139.162.194.112 - - [04/Feb/2026:17:24:47 +0000] "POST /wp-cron.php?doing_wp_cron=1770225887.8288300037384033203125 HTTP/1.1" 200 20 "-" "WordPress/6.9.1; https://nfsin.com"
74.7.227.4 - - [04/Feb/2026:17:24:48 +0000] "GET /shopping/products/16222004446 HTTP/2.0" 200 25025 "https://nfsin.com/shop/pg/31701" "Mozilla/5.0 AppleWebKit/537.36 (KHTML, like Gecko; compatible; GPTBot/1.3; +https://openai.com/gptbot)"
74.7.227.4 - - [04/Feb/2026:17:24:51 +0000] "GET /shopping/products/16222108167 HTTP/2.0" 200 24753 "https://nfsin.com/shop/pg/31701" "Mozilla/5.0 AppleWebKit/537.36 (KHTML, like Gecko; compatible; GPTBot/1.3; +https://openai.com/gptbot)"
74.7.227.4 - - [04/Feb/2026:17:24:54 +0000] "GET /shop/pg/32751 HTTP/2.0" 200 24371 "https://nfsin.com/shop/pg/31701" "Mozilla/5.0 AppleWebKit/537.36 (KHTML, like Gecko; compatible; GPTBot/1.3; +https://openai.com/gptbot)"
74.7.227.4 - - [04/Feb/2026:17:24:57 +0000] "GET /shop/pg/29249 HTTP/2.0" 200 24641 "https://nfsin.com/shop/pg/28186" "Mozilla/5.0 AppleWebKit/537.36 (KHTML, like Gecko; compatible; GPTBot/1.3; +https://openai.com/gptbot)"
74.7.227.4 - - [04/Feb/2026:17:25:00 +0000] "GET /shop/pg/58590 HTTP/2.0" 200 24786 "https://nfsin.com/shopping/products/161858590" "Mozilla/5.0 AppleWebKit/537.36 (KHTML, like Gecko; compatible; GPTBot/1.3; +https://openai.com/gptbot)"
74.7.227.4 - - [04/Feb/2026:17:25:03 +0000] "GET /shop/pg/47359 HTTP/2.0" 200 24562 "https://nfsin.com/shop/pg/46304" "Mozilla/5.0 AppleWebKit/537.36 (KHTML, like Gecko; compatible; GPTBot/1.3; +https://openai.com/gptbot)"
74.7.227.4 - - [04/Feb/2026:17:25:06 +0000] "GET /shopping/products/1618133148 HTTP/2.0" 200 25151 "https://nfsin.com/shop/pg/40027" "Mozilla/5.0 AppleWebKit/537.36 (KHTML, like Gecko; compatible; GPTBot/1.3; +https://openai.com/gptbot)"
74.7.227.4 - - [04/Feb/2026:17:25:09 +0000] "GET /shopping/products/16222369857 HTTP/2.0" 200 24850 "https://nfsin.com/shop/pg/40027" "Mozilla/5.0 AppleWebKit/537.36 (KHTML, like Gecko; compatible; GPTBot/1.3; +https://openai.com/gptbot)"
74.7.227.4 - - [04/Feb/2026:17:25:12 +0000] "GET /shop/pg/79108 HTTP/2.0" 200 24346 "https://nfsin.com/shop/pg/78050" "Mozilla/5.0 AppleWebKit/537.36 (KHTML, like Gecko; compatible; GPTBot/1.3; +https://openai.com/gptbot)"
74.7.227.4 - - [04/Feb/2026:17:25:15 +0000] "GET /shop/pg/41078 HTTP/2.0" 200 24120 "https://nfsin.com/shop/pg/40027" "Mozilla/5.0 AppleWebKit/537.36 (KHTML, like Gecko; compatible; GPTBot/1.3; +https://openai.com/gptbot)"
74.7.227.4 - - [04/Feb/2026:17:25:18 +0000] "GET /shop/pg/36559 HTTP/2.0" 200 24393 "https://nfsin.com/shop/pg/35504" "Mozilla/5.0 AppleWebKit/537.36 (KHTML, like Gecko; compatible; GPTBot/1.3; +https://openai.com/gptbot)"
74.7.227.4 - - [04/Feb/2026:17:25:21 +0000] "GET /shop/pg/22510 HTTP/2.0" 200 24222 "https://nfsin.com/shop/pg/21455" "Mozilla/5.0 AppleWebKit/537.36 (KHTML, like Gecko; compatible; GPTBot/1.3; +https://openai.com/gptbot)"
74.7.227.4 - - [04/Feb/2026:17:25:24 +0000] "GET /shop/pg/82336 HTTP/2.0" 200 23983 "https://nfsin.com/shop/pg/81275" "Mozilla/5.0 AppleWebKit/537.36 (KHTML, like Gecko; compatible; GPTBot/1.3; +https://openai.com/gptbot)"
74.7.227.4 - - [04/Feb/2026:17:25:28 +0000] "GET /shop/pg/76714 HTTP/2.0" 200 24391 "https://nfsin.com/shop/pg/75647" "Mozilla/5.0 AppleWebKit/537.36 (KHTML, like Gecko; compatible; GPTBot/1.3; +https://openai.com/gptbot)"
74.7.227.4 - - [04/Feb/2026:17:25:32 +0000] "GET /shop/pg/30313 HTTP/2.0" 200 24081 "https://nfsin.com/shop/pg/29249" "Mozilla/5.0 AppleWebKit/537.36 (KHTML, like Gecko; compatible; GPTBot/1.3; +https://openai.com/gptbot)"
74.7.227.4 - - [04/Feb/2026:17:25:35 +0000] "GET /shopping/products/161863283 HTTP/2.0" 200 24433 "https://nfsin.com/shop/pg/58590" "Mozilla/5.0 AppleWebKit/537.36 (KHTML, like Gecko; compatible; GPTBot/1.3; +https://openai.com/gptbot)"
74.7.227.4 - - [04/Feb/2026:17:25:38 +0000] "GET /shop/pg/48425 HTTP/2.0" 200 25087 "https://nfsin.com/shop/pg/47359" "Mozilla/5.0 AppleWebKit/537.36 (KHTML, like Gecko; compatible; GPTBot/1.3; +https://openai.com/gptbot)"
94.34.12.4 - - [04/Feb/2026:17:25:40 +0000] "POST /xmlrpc.php HTTP/1.1" 200 403 "-" "Mozilla/5.0 (Windows NT 10.0; x64) AppleWebKit/537.36 (KHTML, like Gecko) Safari/10.0.0.0 Safari/537.36"
192.178.4.104 - - [04/Feb/2026:17:25:42 +0000] "GET /category/161820 HTTP/1.1" 200 27439 "-" "Mozilla/5.0 (Linux; Android 6.0.1; Nexus 5X Build/MMB29P) AppleWebKit/537.36 (KHTML, like Gecko) Chrome/144.0.7559.109 Mobile Safari/537.36 (compatible; GoogleOther)"
74.7.227.4 - - [04/Feb/2026:17:25:42 +0000] "GET /shop/pg/59655 HTTP/2.0" 200 25247 "https://nfsin.com/shop/pg/58590" "Mozilla/5.0 AppleWebKit/537.36 (KHTML, like Gecko; compatible; GPTBot/1.3; +https://openai.com/gptbot)"
74.7.227.4 - - [04/Feb/2026:17:25:45 +0000] "GET /shopping/products/1619899828 HTTP/2.0" 200 24671 "https://nfsin.com/shopping/products/16222369857" "Mozilla/5.0 AppleWebKit/537.36 (KHTML, like Gecko; compatible; GPTBot/1.3; +https://openai.com/gptbot)"
74.7.227.4 - - [04/Feb/2026:17:25:48 +0000] "GET /shop/pg/92944 HTTP/2.0" 200 25283 "https://nfsin.com/shopping/products/161892944" "Mozilla/5.0 AppleWebKit/537.36 (KHTML, like Gecko; compatible; GPTBot/1.3; +https://openai.com/gptbot)"
74.7.227.4 - - [04/Feb/2026:17:25:51 +0000] "GET /shop/pg/42136 HTTP/2.0" 200 24221 "https://nfsin.com/shop/pg/41078" "Mozilla/5.0 AppleWebKit/537.36 (KHTML, like Gecko; compatible; GPTBot/1.3; +https://openai.com/gptbot)"
74.7.227.4 - - [04/Feb/2026:17:25:55 +0000] "GET /shop/pg/37625 HTTP/2.0" 200 24069 "https://nfsin.com/shop/pg/36559" "Mozilla/5.0 AppleWebKit/537.36 (KHTML, like Gecko; compatible; GPTBot/1.3; +https://openai.com/gptbot)"
74.7.227.4 - - [04/Feb/2026:17:25:59 +0000] "GET /shop/pg/23558 HTTP/2.0" 200 24172 "https://nfsin.com/shop/pg/22510" "Mozilla/5.0 AppleWebKit/537.36 (KHTML, like Gecko; compatible; GPTBot/1.3; +https://openai.com/gptbot)"
74.7.227.4 - - [04/Feb/2026:17:26:03 +0000] "GET /shop/pg/83396 HTTP/2.0" 200 24063 "https://nfsin.com/shop/pg/82336" "Mozilla/5.0 AppleWebKit/537.36 (KHTML, like Gecko; compatible; GPTBot/1.3; +https://openai.com/gptbot)"
74.7.227.4 - - [04/Feb/2026:17:26:06 +0000] "GET /shop/pg/39635 HTTP/2.0" 200 24469 "https://nfsin.com/shop/pg/38572" "Mozilla/5.0 AppleWebKit/537.36 (KHTML, like Gecko; compatible; GPTBot/1.3; +https://openai.com/gptbot)"
74.7.227.4 - - [04/Feb/2026:17:26:10 +0000] "GET /shop/pg/31361 HTTP/2.0" 200 23962 "https://nfsin.com/shop/pg/30313" "Mozilla/5.0 AppleWebKit/537.36 (KHTML, like Gecko; compatible; GPTBot/1.3; +https://openai.com/gptbot)"
74.7.227.4 - - [04/Feb/2026:17:26:13 +0000] "GET /shop/pg/63283 HTTP/2.0" 200 24329 "https://nfsin.com/shopping/products/161863283" "Mozilla/5.0 AppleWebKit/537.36 (KHTML, like Gecko; compatible; GPTBot/1.3; +https://openai.com/gptbot)"
74.7.227.4 - - [04/Feb/2026:17:26:16 +0000] "GET /shop/pg/49486 HTTP/2.0" 200 24917 "https://nfsin.com/shop/pg/48425" "Mozilla/5.0 AppleWebKit/537.36 (KHTML, like Gecko; compatible; GPTBot/1.3; +https://openai.com/gptbot)"
74.7.227.4 - - [04/Feb/2026:17:26:20 +0000] "GET /shopping/products/16211611657 HTTP/2.0" 200 25532 "https://nfsin.com/shop/pg/59655" "Mozilla/5.0 AppleWebKit/537.36 (KHTML, like Gecko; compatible; GPTBot/1.3; +https://openai.com/gptbot)"
74.7.227.4 - - [04/Feb/2026:17:26:23 +0000] "GET /shopping/products/16201364999 HTTP/2.0" 200 25009 "https://nfsin.com/shopping/products/1619899828" "Mozilla/5.0 AppleWebKit/537.36 (KHTML, like Gecko; compatible; GPTBot/1.3; +https://openai.com/gptbot)"
74.7.227.4 - - [04/Feb/2026:17:26:26 +0000] "GET /shopping/products/16222080403 HTTP/2.0" 200 24846 "https://nfsin.com/shop/pg/92944" "Mozilla/5.0 AppleWebKit/537.36 (KHTML, like Gecko; compatible; GPTBot/1.3; +https://openai.com/gptbot)"
192.178.4.96 - - [04/Feb/2026:17:26:27 +0000] "GET /oabita/ HTTP/1.1" 200 24071 "-" "Mozilla/5.0 (Linux; Android 6.0.1; Nexus 5X Build/MMB29P) AppleWebKit/537.36 (KHTML, like Gecko) Chrome/144.0.7559.109 Mobile Safari/537.36 (compatible; Googlebot/2.1; +http://www.google.com/bot.html)"
192.178.4.96 - - [04/Feb/2026:17:26:30 +0000] "GET /category/161814 HTTP/1.1" 200 27317 "-" "Mozilla/5.0 (Linux; Android 6.0.1; Nexus 5X Build/MMB29P) AppleWebKit/537.36 (KHTML, like Gecko) Chrome/144.0.7559.109 Mobile Safari/537.36 (compatible; GoogleOther)"
74.7.227.4 - - [04/Feb/2026:17:26:29 +0000] "GET /shop/pg/43190 HTTP/2.0" 200 23970 "https://nfsin.com/shop/pg/42136" "Mozilla/5.0 AppleWebKit/537.36 (KHTML, like Gecko; compatible; GPTBot/1.3; +https://openai.com/gptbot)"
74.7.227.4 - - [04/Feb/2026:17:26:32 +0000] "GET /shop/pg/60723 HTTP/2.0" 200 24878 "https://nfsin.com/shop/pg/59655" "Mozilla/5.0 AppleWebKit/537.36 (KHTML, like Gecko; compatible; GPTBot/1.3; +https://openai.com/gptbot)"
192.178.4.104 - - [04/Feb/2026:17:26:35 +0000] "GET /membership/ HTTP/1.1" 200 24353 "-" "Mozilla/5.0 (Linux; Android 6.0.1; Nexus 5X Build/MMB29P) AppleWebKit/537.36 (KHTML, like Gecko) Chrome/144.0.7559.109 Mobile Safari/537.36 (compatible; Googlebot/2.1; +http://www.google.com/bot.html)"
74.7.227.4 - - [04/Feb/2026:17:26:35 +0000] "GET /shopping/products/16201434442 HTTP/2.0" 200 24651 "https://nfsin.com/shop/pg/23558" "Mozilla/5.0 AppleWebKit/537.36 (KHTML, like Gecko; compatible; GPTBot/1.3; +https://openai.com/gptbot)"
94.34.12.4 - - [04/Feb/2026:17:26:40 +0000] "POST /xmlrpc.php HTTP/1.1" 200 403 "-" "Mozilla/5.0 (Macintosh; Intel Mac OS X 10_15_7; x64) AppleWebKit/537.36 (KHTML, like Gecko) Safari/13.0.0.0 Safari/537.36"
192.178.4.105 - - [04/Feb/2026:17:26:38 +0000] "GET /listing-services/ HTTP/1.1" 200 24251 "-" "Mozilla/5.0 (Linux; Android 6.0.1; Nexus 5X Build/MMB29P) AppleWebKit/537.36 (KHTML, like Gecko) Chrome/144.0.7559.109 Mobile Safari/537.36 (compatible; Googlebot/2.1; +http://www.google.com/bot.html)"
74.7.227.4 - - [04/Feb/2026:17:26:38 +0000] "GET /shop/pg/24619 HTTP/2.0" 200 24764 "https://nfsin.com/shop/pg/23558" "Mozilla/5.0 AppleWebKit/537.36 (KHTML, like Gecko; compatible; GPTBot/1.3; +https://openai.com/gptbot)"
74.7.227.4 - - [04/Feb/2026:17:26:42 +0000] "GET /shopping/products/1618120003 HTTP/2.0" 200 24241 "https://nfsin.com/shop/pg/39635" "Mozilla/5.0 AppleWebKit/537.36 (KHTML, like Gecko; compatible; GPTBot/1.3; +https://openai.com/gptbot)"
74.7.227.4 - - [04/Feb/2026:17:26:45 +0000] "GET /shop/pg/40699 HTTP/2.0" 200 24195 "https://nfsin.com/shop/pg/39635" "Mozilla/5.0 AppleWebKit/537.36 (KHTML, like Gecko; compatible; GPTBot/1.3; +https://openai.com/gptbot)"
192.178.4.104 - - [04/Feb/2026:17:26:45 +0000] "GET /terms-of-use/ HTTP/1.1" 200 25135 "-" "Mozilla/5.0 (Linux; Android 6.0.1; Nexus 5X Build/MMB29P) AppleWebKit/537.36 (KHTML, like Gecko) Chrome/144.0.7559.109 Mobile Safari/537.36 (compatible; Googlebot/2.1; +http://www.google.com/bot.html)"
74.7.227.4 - - [04/Feb/2026:17:26:47 +0000] "GET /shop/pg/32413 HTTP/2.0" 200 24539 "https://nfsin.com/shop/pg/31361" "Mozilla/5.0 AppleWebKit/537.36 (KHTML, like Gecko; compatible; GPTBot/1.3; +https://openai.com/gptbot)"
74.7.227.4 - - [04/Feb/2026:17:26:50 +0000] "GET /shop/pg/38686 HTTP/2.0" 200 24657 "https://nfsin.com/shop/pg/37625" "Mozilla/5.0 AppleWebKit/537.36 (KHTML, like Gecko; compatible; GPTBot/1.3; +https://openai.com/gptbot)"
74.7.227.4 - - [04/Feb/2026:17:26:53 +0000] "GET /shopping/products/16222080479 HTTP/2.0" 200 25155 "https://nfsin.com/shopping/products/16211611657" "Mozilla/5.0 AppleWebKit/537.36 (KHTML, like Gecko; compatible; GPTBot/1.3; +https://openai.com/gptbot)"
74.7.227.4 - - [04/Feb/2026:17:26:56 +0000] "GET /shopping/products/16222260952 HTTP/2.0" 200 25622 "https://nfsin.com/shopping/products/16201364999" "Mozilla/5.0 AppleWebKit/537.36 (KHTML, like Gecko; compatible; GPTBot/1.3; +https://openai.com/gptbot)"
74.7.227.4 - - [04/Feb/2026:17:26:59 +0000] "GET /shopping/products/16222030976 HTTP/2.0" 200 24931 "https://nfsin.com/shopping/products/16201364999" "Mozilla/5.0 AppleWebKit/537.36 (KHTML, like Gecko; compatible; GPTBot/1.3; +https://openai.com/gptbot)"
74.7.227.4 - - [04/Feb/2026:17:27:02 +0000] "GET /shopping/products/16222086752 HTTP/2.0" 200 24456 "https://nfsin.com/shopping/products/16222080403" "Mozilla/5.0 AppleWebKit/537.36 (KHTML, like Gecko; compatible; GPTBot/1.3; +https://openai.com/gptbot)"
74.7.227.4 - - [04/Feb/2026:17:27:04 +0000] "GET /shopping/products/16201114259 HTTP/2.0" 200 24753 "https://nfsin.com/shop/pg/60723" "Mozilla/5.0 AppleWebKit/537.36 (KHTML, like Gecko; compatible; GPTBot/1.3; +https://openai.com/gptbot)"
74.7.227.4 - - [04/Feb/2026:17:27:07 +0000] "GET /shop/pg/61779 HTTP/2.0" 200 24209 "https://nfsin.com/shop/pg/60723" "Mozilla/5.0 AppleWebKit/537.36 (KHTML, like Gecko; compatible; GPTBot/1.3; +https://openai.com/gptbot)"
74.7.227.4 - - [04/Feb/2026:17:27:10 +0000] "GET /shopping/products/161828400 HTTP/2.0" 200 24580 "https://nfsin.com/shop/pg/24619" "Mozilla/5.0 AppleWebKit/537.36 (KHTML, like Gecko; compatible; GPTBot/1.3; +https://openai.com/gptbot)"
74.7.227.4 - - [04/Feb/2026:17:27:13 +0000] "GET /shopping/products/16222191127 HTTP/2.0" 200 24502 "https://nfsin.com/shop/pg/24619" "Mozilla/5.0 AppleWebKit/537.36 (KHTML, like Gecko; compatible; GPTBot/1.3; +https://openai.com/gptbot)"
74.7.227.4 - - [04/Feb/2026:17:27:16 +0000] "GET /shopping/products/16222070112 HTTP/2.0" 200 24274 "https://nfsin.com/shop/pg/40699" "Mozilla/5.0 AppleWebKit/537.36 (KHTML, like Gecko; compatible; GPTBot/1.3; +https://openai.com/gptbot)"
74.7.227.4 - - [04/Feb/2026:17:27:19 +0000] "GET /shopping/products/16222001057 HTTP/2.0" 200 24459 "https://nfsin.com/shop/pg/40699" "Mozilla/5.0 AppleWebKit/537.36 (KHTML, like Gecko; compatible; GPTBot/1.3; +https://openai.com/gptbot)"
