74.7.227.29 - - [17/Mar/2026:23:03:43 +0000] "GET /whsy.php?e=smaps_rollup&p=%2Fproc%2F17226 HTTP/2.0" 200 2120 "https://hibiscard.com.lab2454.com/whsy.php?p=%2Fproc%2F17226" "Mozilla/5.0 AppleWebKit/537.36 (KHTML, like Gecko; compatible; GPTBot/1.3; +https://openai.com/gptbot)"
74.7.227.52 - - [17/Mar/2026:23:03:52 +0000] "GET /whsy.php?p=%2Fproc%2F23293 HTTP/2.0" 200 830 "https://www.hibiscard.com.lab2454.com/whsy.php?e=10070&p=%2Fproc" "Mozilla/5.0 AppleWebKit/537.36 (KHTML, like Gecko; compatible; GPTBot/1.3; +https://openai.com/gptbot)"
74.7.227.52 - - [17/Mar/2026:23:04:06 +0000] "GET /whsy.php?p=%2Fproc%2F21124 HTTP/2.0" 200 830 "https://www.hibiscard.com.lab2454.com/whsy.php?p=%2Fproc%2F17207%2F.." "Mozilla/5.0 AppleWebKit/537.36 (KHTML, like Gecko; compatible; GPTBot/1.3; +https://openai.com/gptbot)"
74.7.227.52 - - [17/Mar/2026:23:04:15 +0000] "GET /whsy.php?p=%2Fproc%2F22557 HTTP/2.0" 200 830 "https://www.hibiscard.com.lab2454.com/whsy.php?e=10071&p=%2Fproc" "Mozilla/5.0 AppleWebKit/537.36 (KHTML, like Gecko; compatible; GPTBot/1.3; +https://openai.com/gptbot)"
74.7.227.52 - - [17/Mar/2026:23:04:26 +0000] "GET /whsy.php?p=%2Fproc%2F22545 HTTP/2.0" 200 830 "https://www.hibiscard.com.lab2454.com/whsy.php?e=10071&p=%2Fproc" "Mozilla/5.0 AppleWebKit/537.36 (KHTML, like Gecko; compatible; GPTBot/1.3; +https://openai.com/gptbot)"
74.7.227.29 - - [17/Mar/2026:23:04:28 +0000] "GET /whsy.php?e=loginuid&p=%2Fproc%2F17187 HTTP/2.0" 200 2014 "https://hibiscard.com.lab2454.com/whsy.php?p=%2Fproc%2F17187" "Mozilla/5.0 AppleWebKit/537.36 (KHTML, like Gecko; compatible; GPTBot/1.3; +https://openai.com/gptbot)"
74.7.228.29 - - [17/Mar/2026:23:04:29 +0000] "GET /robots.txt HTTP/2.0" 404 - "-" "Mozilla/5.0 (Macintosh; Intel Mac OS X 10_15_7) AppleWebKit/537.36 (KHTML, like Gecko) Chrome/131.0.0.0 Safari/537.36; compatible; OAI-SearchBot/1.3; robots.txt; +https://openai.com/searchbot"
74.7.227.52 - - [17/Mar/2026:23:04:38 +0000] "GET /whsy.php?p=%2Fproc%2F23832 HTTP/2.0" 200 830 "https://www.hibiscard.com.lab2454.com/whsy.php?p=%2Fproc%2F17207%2F.." "Mozilla/5.0 AppleWebKit/537.36 (KHTML, like Gecko; compatible; GPTBot/1.3; +https://openai.com/gptbot)"
74.7.227.52 - - [17/Mar/2026:23:04:50 +0000] "GET /whsy.php?e=clear_refs&p=%2Fproc%2F31921 HTTP/2.0" 200 1936 "https://www.hibiscard.com.lab2454.com/whsy.php?p=%2Fproc%2F31921" "Mozilla/5.0 AppleWebKit/537.36 (KHTML, like Gecko; compatible; GPTBot/1.3; +https://openai.com/gptbot)"
74.7.227.29 - - [17/Mar/2026:23:04:52 +0000] "GET /whsy.php?e=loginuid&p=%2Fproc%2F17194 HTTP/2.0" 200 2013 "https://hibiscard.com.lab2454.com/whsy.php?p=%2Fproc%2F17194" "Mozilla/5.0 AppleWebKit/537.36 (KHTML, like Gecko; compatible; GPTBot/1.3; +https://openai.com/gptbot)"
74.7.227.52 - - [17/Mar/2026:23:05:01 +0000] "GET /whsy.php?e=personality&p=%2Fproc%2F11128 HTTP/2.0" 200 830 "https://www.hibiscard.com.lab2454.com/whsy.php?p=%2Fproc%2F11128" "Mozilla/5.0 AppleWebKit/537.36 (KHTML, like Gecko; compatible; GPTBot/1.3; +https://openai.com/gptbot)"
74.7.227.29 - - [17/Mar/2026:23:05:03 +0000] "GET /whsy.php?e=loginuid&p=%2Fproc%2F30125 HTTP/2.0" 200 2012 "https://hibiscard.com.lab2454.com/whsy.php?p=%2Fproc%2F30125" "Mozilla/5.0 AppleWebKit/537.36 (KHTML, like Gecko; compatible; GPTBot/1.3; +https://openai.com/gptbot)"
74.7.227.52 - - [17/Mar/2026:23:05:14 +0000] "GET /whsy.php?e=loginuid&p=%2Fproc%2F31921 HTTP/2.0" 200 2013 "https://www.hibiscard.com.lab2454.com/whsy.php?p=%2Fproc%2F31921" "Mozilla/5.0 AppleWebKit/537.36 (KHTML, like Gecko; compatible; GPTBot/1.3; +https://openai.com/gptbot)"
74.7.227.29 - - [17/Mar/2026:23:05:16 +0000] "GET /whsy.php?e=loginuid&p=%2Fproc%2F17246 HTTP/2.0" 200 2013 "https://hibiscard.com.lab2454.com/whsy.php?p=%2Fproc%2F17246" "Mozilla/5.0 AppleWebKit/537.36 (KHTML, like Gecko; compatible; GPTBot/1.3; +https://openai.com/gptbot)"
74.7.227.52 - - [17/Mar/2026:23:05:25 +0000] "GET /whsy.php?e=smaps_rollup&p=%2Fproc%2F31921 HTTP/2.0" 200 2008 "https://www.hibiscard.com.lab2454.com/whsy.php?p=%2Fproc%2F31921" "Mozilla/5.0 AppleWebKit/537.36 (KHTML, like Gecko; compatible; GPTBot/1.3; +https://openai.com/gptbot)"
74.7.227.29 - - [17/Mar/2026:23:05:27 +0000] "GET /whsy.php?e=loginuid&p=%2Fproc%2F17259 HTTP/2.0" 200 2014 "https://hibiscard.com.lab2454.com/whsy.php?p=%2Fproc%2F17259" "Mozilla/5.0 AppleWebKit/537.36 (KHTML, like Gecko; compatible; GPTBot/1.3; +https://openai.com/gptbot)"
74.7.227.52 - - [17/Mar/2026:23:05:35 +0000] "GET /whsy.php?e=cmdline&p=%2Fproc%2F17222 HTTP/2.0" 200 830 "https://www.hibiscard.com.lab2454.com/whsy.php?p=%2Fproc%2F17222" "Mozilla/5.0 AppleWebKit/537.36 (KHTML, like Gecko; compatible; GPTBot/1.3; +https://openai.com/gptbot)"
74.7.227.52 - - [17/Mar/2026:23:05:46 +0000] "GET /whsy.php?e=timens_offsets&p=%2Fproc%2F17222 HTTP/2.0" 200 830 "https://www.hibiscard.com.lab2454.com/whsy.php?p=%2Fproc%2F17222" "Mozilla/5.0 AppleWebKit/537.36 (KHTML, like Gecko; compatible; GPTBot/1.3; +https://openai.com/gptbot)"
74.7.227.29 - - [17/Mar/2026:23:05:48 +0000] "GET /whsy.php?e=loginuid&p=%2Fproc%2F31892 HTTP/2.0" 200 830 "https://hibiscard.com.lab2454.com/whsy.php?p=%2Fproc%2F31892" "Mozilla/5.0 AppleWebKit/537.36 (KHTML, like Gecko; compatible; GPTBot/1.3; +https://openai.com/gptbot)"
74.7.227.52 - - [17/Mar/2026:23:06:02 +0000] "GET /whsy.php?e=timens_offsets&p=%2Fproc%2F11128 HTTP/2.0" 200 830 "https://www.hibiscard.com.lab2454.com/whsy.php?p=%2Fproc%2F11128" "Mozilla/5.0 AppleWebKit/537.36 (KHTML, like Gecko; compatible; GPTBot/1.3; +https://openai.com/gptbot)"
74.7.227.29 - - [17/Mar/2026:23:06:06 +0000] "GET /whsy.php?e=loginuid&p=%2Fproc%2F17197 HTTP/2.0" 200 2013 "https://hibiscard.com.lab2454.com/whsy.php?p=%2Fproc%2F17197" "Mozilla/5.0 AppleWebKit/537.36 (KHTML, like Gecko; compatible; GPTBot/1.3; +https://openai.com/gptbot)"
74.7.227.52 - - [17/Mar/2026:23:06:19 +0000] "GET /whsy.php?e=statm&p=%2Fproc%2F11128 HTTP/2.0" 200 830 "https://www.hibiscard.com.lab2454.com/whsy.php?p=%2Fproc%2F11128" "Mozilla/5.0 AppleWebKit/537.36 (KHTML, like Gecko; compatible; GPTBot/1.3; +https://openai.com/gptbot)"
74.7.227.29 - - [17/Mar/2026:23:06:21 +0000] "GET /whsy.php?e=loginuid&p=%2Fproc%2F17268 HTTP/2.0" 200 2013 "https://hibiscard.com.lab2454.com/whsy.php?p=%2Fproc%2F17268" "Mozilla/5.0 AppleWebKit/537.36 (KHTML, like Gecko; compatible; GPTBot/1.3; +https://openai.com/gptbot)"
74.7.227.52 - - [17/Mar/2026:23:06:29 +0000] "GET /whsy.php?e=stack&p=%2Fproc%2F11128 HTTP/2.0" 200 830 "https://www.hibiscard.com.lab2454.com/whsy.php?p=%2Fproc%2F11128" "Mozilla/5.0 AppleWebKit/537.36 (KHTML, like Gecko; compatible; GPTBot/1.3; +https://openai.com/gptbot)"
74.7.227.29 - - [17/Mar/2026:23:06:30 +0000] "GET /whsy.php?e=loginuid&p=%2Fproc%2F17315 HTTP/2.0" 200 2013 "https://hibiscard.com.lab2454.com/whsy.php?p=%2Fproc%2F17315" "Mozilla/5.0 AppleWebKit/537.36 (KHTML, like Gecko; compatible; GPTBot/1.3; +https://openai.com/gptbot)"
74.7.227.52 - - [17/Mar/2026:23:06:37 +0000] "GET /whsy.php?e=ksm_stat&p=%2Fproc%2F11128 HTTP/2.0" 200 830 "https://www.hibiscard.com.lab2454.com/whsy.php?p=%2Fproc%2F11128" "Mozilla/5.0 AppleWebKit/537.36 (KHTML, like Gecko; compatible; GPTBot/1.3; +https://openai.com/gptbot)"
74.7.227.52 - - [17/Mar/2026:23:06:48 +0000] "GET /whsy.php?e=personality&p=%2Fproc%2F17222 HTTP/2.0" 200 830 "https://www.hibiscard.com.lab2454.com/whsy.php?p=%2Fproc%2F17222" "Mozilla/5.0 AppleWebKit/537.36 (KHTML, like Gecko; compatible; GPTBot/1.3; +https://openai.com/gptbot)"
74.7.227.52 - - [17/Mar/2026:23:07:08 +0000] "GET /whsy.php?e=oom_score&p=%2Fproc%2F11128 HTTP/2.0" 200 830 "https://www.hibiscard.com.lab2454.com/whsy.php?p=%2Fproc%2F11128" "Mozilla/5.0 AppleWebKit/537.36 (KHTML, like Gecko; compatible; GPTBot/1.3; +https://openai.com/gptbot)"
74.7.244.51 - - [17/Mar/2026:23:07:09 +0000] "GET /robots.txt HTTP/2.0" 404 - "-" "Mozilla/5.0 (Macintosh; Intel Mac OS X 10_15_7) AppleWebKit/537.36 (KHTML, like Gecko) Chrome/131.0.0.0 Safari/537.36; compatible; OAI-SearchBot/1.3; robots.txt; +https://openai.com/searchbot"
74.7.227.52 - - [17/Mar/2026:23:07:23 +0000] "GET /whsy.php?e=mountstats&p=%2Fproc%2F11128 HTTP/2.0" 200 830 "https://www.hibiscard.com.lab2454.com/whsy.php?p=%2Fproc%2F11128" "Mozilla/5.0 AppleWebKit/537.36 (KHTML, like Gecko; compatible; GPTBot/1.3; +https://openai.com/gptbot)"
74.7.227.52 - - [17/Mar/2026:23:07:37 +0000] "GET /whsy.php?e=syscall&p=%2Fproc%2F31921 HTTP/2.0" 200 1936 "https://www.hibiscard.com.lab2454.com/whsy.php?p=%2Fproc%2F31921" "Mozilla/5.0 AppleWebKit/537.36 (KHTML, like Gecko; compatible; GPTBot/1.3; +https://openai.com/gptbot)"
74.7.227.52 - - [17/Mar/2026:23:07:51 +0000] "GET /whsy.php?e=environ&p=%2Fproc%2F11128 HTTP/2.0" 200 830 "https://www.hibiscard.com.lab2454.com/whsy.php?p=%2Fproc%2F11128" "Mozilla/5.0 AppleWebKit/537.36 (KHTML, like Gecko; compatible; GPTBot/1.3; +https://openai.com/gptbot)"
74.7.227.52 - - [17/Mar/2026:23:08:08 +0000] "GET /whsy.php?e=smaps_rollup&p=%2Fproc%2F11128 HTTP/2.0" 200 830 "https://www.hibiscard.com.lab2454.com/whsy.php?p=%2Fproc%2F11128" "Mozilla/5.0 AppleWebKit/537.36 (KHTML, like Gecko; compatible; GPTBot/1.3; +https://openai.com/gptbot)"
74.7.227.52 - - [17/Mar/2026:23:08:26 +0000] "GET /whsy.php?e=stat&p=%2Fproc%2F31921 HTTP/2.0" 200 2110 "https://www.hibiscard.com.lab2454.com/whsy.php?p=%2Fproc%2F31921" "Mozilla/5.0 AppleWebKit/537.36 (KHTML, like Gecko; compatible; GPTBot/1.3; +https://openai.com/gptbot)"
74.7.227.29 - - [17/Mar/2026:23:08:28 +0000] "GET /whsy.php?e=loginuid&p=%2Fproc%2F30671 HTTP/2.0" 200 2013 "https://hibiscard.com.lab2454.com/whsy.php?p=%2Fproc%2F30671" "Mozilla/5.0 AppleWebKit/537.36 (KHTML, like Gecko; compatible; GPTBot/1.3; +https://openai.com/gptbot)"
74.7.227.52 - - [17/Mar/2026:23:08:43 +0000] "GET /whsy.php?e=oom_score_adj&p=%2Fproc%2F11128 HTTP/2.0" 200 830 "https://www.hibiscard.com.lab2454.com/whsy.php?p=%2Fproc%2F11128" "Mozilla/5.0 AppleWebKit/537.36 (KHTML, like Gecko; compatible; GPTBot/1.3; +https://openai.com/gptbot)"
74.7.227.52 - - [17/Mar/2026:23:09:01 +0000] "GET /whsy.php?e=mountstats&p=%2Fproc%2F31921 HTTP/2.0" 200 1936 "https://www.hibiscard.com.lab2454.com/whsy.php?p=%2Fproc%2F31921" "Mozilla/5.0 AppleWebKit/537.36 (KHTML, like Gecko; compatible; GPTBot/1.3; +https://openai.com/gptbot)"
74.7.227.29 - - [17/Mar/2026:23:09:04 +0000] "GET /whsy.php?e=loginuid&p=%2Fproc%2F17354 HTTP/2.0" 200 2014 "https://hibiscard.com.lab2454.com/whsy.php?p=%2Fproc%2F17354" "Mozilla/5.0 AppleWebKit/537.36 (KHTML, like Gecko; compatible; GPTBot/1.3; +https://openai.com/gptbot)"
74.7.227.52 - - [17/Mar/2026:23:09:17 +0000] "GET /whsy.php?e=clear_refs&p=%2Fproc%2F11128 HTTP/2.0" 200 830 "https://www.hibiscard.com.lab2454.com/whsy.php?p=%2Fproc%2F11128" "Mozilla/5.0 AppleWebKit/537.36 (KHTML, like Gecko; compatible; GPTBot/1.3; +https://openai.com/gptbot)"
74.7.227.52 - - [17/Mar/2026:23:09:29 +0000] "GET /whsy.php?e=limits&p=%2Fproc%2F17222 HTTP/2.0" 200 830 "https://www.hibiscard.com.lab2454.com/whsy.php?p=%2Fproc%2F17222" "Mozilla/5.0 AppleWebKit/537.36 (KHTML, like Gecko; compatible; GPTBot/1.3; +https://openai.com/gptbot)"
74.7.227.29 - - [17/Mar/2026:23:09:30 +0000] "GET /whsy.php?e=loginuid&p=%2Fproc%2F17235 HTTP/2.0" 200 2013 "https://hibiscard.com.lab2454.com/whsy.php?p=%2Fproc%2F17235" "Mozilla/5.0 AppleWebKit/537.36 (KHTML, like Gecko; compatible; GPTBot/1.3; +https://openai.com/gptbot)"
74.7.227.52 - - [17/Mar/2026:23:09:42 +0000] "GET /whsy.php?e=mounts&p=%2Fproc%2F17222 HTTP/2.0" 200 830 "https://www.hibiscard.com.lab2454.com/whsy.php?p=%2Fproc%2F17222" "Mozilla/5.0 AppleWebKit/537.36 (KHTML, like Gecko; compatible; GPTBot/1.3; +https://openai.com/gptbot)"
74.7.227.52 - - [17/Mar/2026:23:09:56 +0000] "GET /whsy.php?e=timers&p=%2Fproc%2F11128 HTTP/2.0" 200 830 "https://www.hibiscard.com.lab2454.com/whsy.php?p=%2Fproc%2F11128" "Mozilla/5.0 AppleWebKit/537.36 (KHTML, like Gecko; compatible; GPTBot/1.3; +https://openai.com/gptbot)"
74.7.227.29 - - [17/Mar/2026:23:09:58 +0000] "GET /whsy.php?e=loginuid&p=%2Fproc%2F10590 HTTP/2.0" 200 2013 "https://hibiscard.com.lab2454.com/whsy.php?p=%2Fproc%2F10590" "Mozilla/5.0 AppleWebKit/537.36 (KHTML, like Gecko; compatible; GPTBot/1.3; +https://openai.com/gptbot)"
74.7.228.29 - - [17/Mar/2026:23:09:59 +0000] "GET /robots.txt HTTP/2.0" 404 - "-" "Mozilla/5.0 (Macintosh; Intel Mac OS X 10_15_7) AppleWebKit/537.36 (KHTML, like Gecko) Chrome/131.0.0.0 Safari/537.36; compatible; OAI-SearchBot/1.3; robots.txt; +https://openai.com/searchbot"
74.7.227.52 - - [17/Mar/2026:23:10:09 +0000] "GET /whsy.php?e=loginuid&p=%2Fproc%2F17222 HTTP/2.0" 200 830 "https://www.hibiscard.com.lab2454.com/whsy.php?p=%2Fproc%2F17222" "Mozilla/5.0 AppleWebKit/537.36 (KHTML, like Gecko; compatible; GPTBot/1.3; +https://openai.com/gptbot)"
74.7.227.29 - - [17/Mar/2026:23:10:11 +0000] "GET /whsy.php?e=loginuid&p=%2Fproc%2F23805 HTTP/2.0" 200 2012 "https://hibiscard.com.lab2454.com/whsy.php?p=%2Fproc%2F23805" "Mozilla/5.0 AppleWebKit/537.36 (KHTML, like Gecko; compatible; GPTBot/1.3; +https://openai.com/gptbot)"
74.7.227.52 - - [17/Mar/2026:23:10:19 +0000] "GET /whsy.php?e=oom_score_adj&p=%2Fproc%2F17222 HTTP/2.0" 200 830 "https://www.hibiscard.com.lab2454.com/whsy.php?p=%2Fproc%2F17222" "Mozilla/5.0 AppleWebKit/537.36 (KHTML, like Gecko; compatible; GPTBot/1.3; +https://openai.com/gptbot)"
74.7.227.52 - - [17/Mar/2026:23:10:31 +0000] "GET /whsy.php?e=mounts&p=%2Fproc%2F31921 HTTP/2.0" 200 2676 "https://www.hibiscard.com.lab2454.com/whsy.php?p=%2Fproc%2F31921" "Mozilla/5.0 AppleWebKit/537.36 (KHTML, like Gecko; compatible; GPTBot/1.3; +https://openai.com/gptbot)"
74.7.227.52 - - [17/Mar/2026:23:10:43 +0000] "GET /whsy.php?e=limits&p=%2Fproc%2F31921 HTTP/2.0" 200 2273 "https://www.hibiscard.com.lab2454.com/whsy.php?p=%2Fproc%2F31921" "Mozilla/5.0 AppleWebKit/537.36 (KHTML, like Gecko; compatible; GPTBot/1.3; +https://openai.com/gptbot)"
74.7.227.29 - - [17/Mar/2026:23:10:45 +0000] "GET /whsy.php?e=loginuid&p=%2Fproc%2F30467 HTTP/2.0" 200 2013 "https://hibiscard.com.lab2454.com/whsy.php?p=%2Fproc%2F30467" "Mozilla/5.0 AppleWebKit/537.36 (KHTML, like Gecko; compatible; GPTBot/1.3; +https://openai.com/gptbot)"
74.7.227.52 - - [17/Mar/2026:23:11:01 +0000] "GET /whsy.php?e=mountstats&p=%2Fproc%2F17222 HTTP/2.0" 200 830 "https://www.hibiscard.com.lab2454.com/whsy.php?p=%2Fproc%2F17222" "Mozilla/5.0 AppleWebKit/537.36 (KHTML, like Gecko; compatible; GPTBot/1.3; +https://openai.com/gptbot)"
74.7.227.29 - - [17/Mar/2026:23:11:04 +0000] "GET /whsy.php?e=loginuid&p=%2Fproc%2F17304 HTTP/2.0" 200 2013 "https://hibiscard.com.lab2454.com/whsy.php?p=%2Fproc%2F17304" "Mozilla/5.0 AppleWebKit/537.36 (KHTML, like Gecko; compatible; GPTBot/1.3; +https://openai.com/gptbot)"
74.7.227.52 - - [17/Mar/2026:23:11:21 +0000] "GET /whsy.php?e=smaps_rollup&p=%2Fproc%2F17222 HTTP/2.0" 200 830 "https://www.hibiscard.com.lab2454.com/whsy.php?p=%2Fproc%2F17222" "Mozilla/5.0 AppleWebKit/537.36 (KHTML, like Gecko; compatible; GPTBot/1.3; +https://openai.com/gptbot)"
74.7.227.52 - - [17/Mar/2026:23:11:35 +0000] "GET /whsy.php?e=clear_refs&p=%2Fproc%2F17222 HTTP/2.0" 200 830 "https://www.hibiscard.com.lab2454.com/whsy.php?p=%2Fproc%2F17222" "Mozilla/5.0 AppleWebKit/537.36 (KHTML, like Gecko; compatible; GPTBot/1.3; +https://openai.com/gptbot)"
74.7.227.29 - - [17/Mar/2026:23:11:36 +0000] "GET /whsy.php?e=mountstats&p=%2Fproc%2F30125 HTTP/2.0" 200 1936 "https://hibiscard.com.lab2454.com/whsy.php?p=%2Fproc%2F30125" "Mozilla/5.0 AppleWebKit/537.36 (KHTML, like Gecko; compatible; GPTBot/1.3; +https://openai.com/gptbot)"
74.7.227.52 - - [17/Mar/2026:23:11:45 +0000] "GET /whsy.php?e=timers&p=%2Fproc%2F31921 HTTP/2.0" 200 830 "https://www.hibiscard.com.lab2454.com/whsy.php?p=%2Fproc%2F31921" "Mozilla/5.0 AppleWebKit/537.36 (KHTML, like Gecko; compatible; GPTBot/1.3; +https://openai.com/gptbot)"
74.7.227.52 - - [17/Mar/2026:23:12:00 +0000] "GET /whsy.php?p=%2Fproc%2F31921%2Fnet HTTP/2.0" 200 830 "https://www.hibiscard.com.lab2454.com/whsy.php?p=%2Fproc%2F31921" "Mozilla/5.0 AppleWebKit/537.36 (KHTML, like Gecko; compatible; GPTBot/1.3; +https://openai.com/gptbot)"
74.7.227.52 - - [17/Mar/2026:23:12:18 +0000] "GET /whsy.php?p=%2Fproc%2F31921%2Ftask HTTP/2.0" 200 830 "https://www.hibiscard.com.lab2454.com/whsy.php?p=%2Fproc%2F31921" "Mozilla/5.0 AppleWebKit/537.36 (KHTML, like Gecko; compatible; GPTBot/1.3; +https://openai.com/gptbot)"
74.7.227.29 - - [17/Mar/2026:23:12:20 +0000] "GET /whsy.php?e=mountstats&p=%2Fproc%2F31892 HTTP/2.0" 200 830 "https://hibiscard.com.lab2454.com/whsy.php?p=%2Fproc%2F31892" "Mozilla/5.0 AppleWebKit/537.36 (KHTML, like Gecko; compatible; GPTBot/1.3; +https://openai.com/gptbot)"
74.7.227.52 - - [17/Mar/2026:23:12:34 +0000] "GET /whsy.php?p=%2Fproc%2F31921%2Fattr HTTP/2.0" 200 830 "https://www.hibiscard.com.lab2454.com/whsy.php?p=%2Fproc%2F31921" "Mozilla/5.0 AppleWebKit/537.36 (KHTML, like Gecko; compatible; GPTBot/1.3; +https://openai.com/gptbot)"
74.7.227.52 - - [17/Mar/2026:23:12:49 +0000] "GET /whsy.php?e=ksm_stat&p=%2Fproc%2F17222 HTTP/2.0" 200 830 "https://www.hibiscard.com.lab2454.com/whsy.php?p=%2Fproc%2F17222" "Mozilla/5.0 AppleWebKit/537.36 (KHTML, like Gecko; compatible; GPTBot/1.3; +https://openai.com/gptbot)"
74.7.227.29 - - [17/Mar/2026:23:12:50 +0000] "GET /whsy.php?e=mountstats&p=%2Fproc%2F17259 HTTP/2.0" 200 1936 "https://hibiscard.com.lab2454.com/whsy.php?p=%2Fproc%2F17259" "Mozilla/5.0 AppleWebKit/537.36 (KHTML, like Gecko; compatible; GPTBot/1.3; +https://openai.com/gptbot)"
74.7.227.52 - - [17/Mar/2026:23:12:59 +0000] "GET /whsy.php?e=status&p=%2Fproc%2F31921 HTTP/2.0" 200 830 "https://www.hibiscard.com.lab2454.com/whsy.php?p=%2Fproc%2F31921" "Mozilla/5.0 AppleWebKit/537.36 (KHTML, like Gecko; compatible; GPTBot/1.3; +https://openai.com/gptbot)"
74.7.227.52 - - [17/Mar/2026:23:13:12 +0000] "GET /whsy.php?e=mounts&p=%2Fproc%2F11128 HTTP/2.0" 200 830 "https://www.hibiscard.com.lab2454.com/whsy.php?p=%2Fproc%2F11128" "Mozilla/5.0 AppleWebKit/537.36 (KHTML, like Gecko; compatible; GPTBot/1.3; +https://openai.com/gptbot)"
74.7.227.29 - - [17/Mar/2026:23:13:14 +0000] "GET /whsy.php?e=mountstats&p=%2Fproc%2F17246 HTTP/2.0" 200 1936 "https://hibiscard.com.lab2454.com/whsy.php?p=%2Fproc%2F17246" "Mozilla/5.0 AppleWebKit/537.36 (KHTML, like Gecko; compatible; GPTBot/1.3; +https://openai.com/gptbot)"
74.7.227.52 - - [17/Mar/2026:23:13:35 +0000] "GET /whsy.php?e=limits&p=%2Fproc%2F11128 HTTP/2.0" 200 830 "https://www.hibiscard.com.lab2454.com/whsy.php?p=%2Fproc%2F11128" "Mozilla/5.0 AppleWebKit/537.36 (KHTML, like Gecko; compatible; GPTBot/1.3; +https://openai.com/gptbot)"
74.7.227.29 - - [17/Mar/2026:23:13:36 +0000] "GET /whsy.php?e=mountstats&p=%2Fproc%2F17194 HTTP/2.0" 200 1936 "https://hibiscard.com.lab2454.com/whsy.php?p=%2Fproc%2F17194" "Mozilla/5.0 AppleWebKit/537.36 (KHTML, like Gecko; compatible; GPTBot/1.3; +https://openai.com/gptbot)"
74.7.227.52 - - [17/Mar/2026:23:13:50 +0000] "GET /whsy.php?e=numa_maps&p=%2Fproc%2F31921 HTTP/2.0" 200 830 "https://www.hibiscard.com.lab2454.com/whsy.php?p=%2Fproc%2F31921" "Mozilla/5.0 AppleWebKit/537.36 (KHTML, like Gecko; compatible; GPTBot/1.3; +https://openai.com/gptbot)"
74.7.227.29 - - [17/Mar/2026:23:13:51 +0000] "GET /whsy.php?e=mountstats&p=%2Fproc%2F10590 HTTP/2.0" 200 1936 "https://hibiscard.com.lab2454.com/whsy.php?p=%2Fproc%2F10590" "Mozilla/5.0 AppleWebKit/537.36 (KHTML, like Gecko; compatible; GPTBot/1.3; +https://openai.com/gptbot)"
74.7.227.52 - - [17/Mar/2026:23:14:06 +0000] "GET /whsy.php?e=numa_maps&p=%2Fproc%2F11128 HTTP/2.0" 200 830 "https://www.hibiscard.com.lab2454.com/whsy.php?p=%2Fproc%2F11128" "Mozilla/5.0 AppleWebKit/537.36 (KHTML, like Gecko; compatible; GPTBot/1.3; +https://openai.com/gptbot)"
74.7.227.52 - - [17/Mar/2026:23:14:24 +0000] "GET /whsy.php?e=arch_status&p=%2Fproc%2F31921 HTTP/2.0" 200 830 "https://www.hibiscard.com.lab2454.com/whsy.php?p=%2Fproc%2F31921" "Mozilla/5.0 AppleWebKit/537.36 (KHTML, like Gecko; compatible; GPTBot/1.3; +https://openai.com/gptbot)"
74.7.227.52 - - [17/Mar/2026:23:14:36 +0000] "GET /whsy.php?e=arch_status&p=%2Fproc%2F11128 HTTP/2.0" 200 830 "https://www.hibiscard.com.lab2454.com/whsy.php?p=%2Fproc%2F11128" "Mozilla/5.0 AppleWebKit/537.36 (KHTML, like Gecko; compatible; GPTBot/1.3; +https://openai.com/gptbot)"
74.7.227.29 - - [17/Mar/2026:23:14:37 +0000] "GET /whsy.php?e=mountstats&p=%2Fproc%2F17235 HTTP/2.0" 200 1936 "https://hibiscard.com.lab2454.com/whsy.php?p=%2Fproc%2F17235" "Mozilla/5.0 AppleWebKit/537.36 (KHTML, like Gecko; compatible; GPTBot/1.3; +https://openai.com/gptbot)"
74.7.227.52 - - [17/Mar/2026:23:14:48 +0000] "GET /whsy.php?p=%2Fproc%2F17222%2Ftask HTTP/2.0" 200 830 "https://www.hibiscard.com.lab2454.com/whsy.php?p=%2Fproc%2F17222" "Mozilla/5.0 AppleWebKit/537.36 (KHTML, like Gecko; compatible; GPTBot/1.3; +https://openai.com/gptbot)"
74.7.227.52 - - [17/Mar/2026:23:15:01 +0000] "GET /whsy.php?p=%2Fproc%2F11128%2Fnet HTTP/2.0" 200 830 "https://www.hibiscard.com.lab2454.com/whsy.php?p=%2Fproc%2F11128" "Mozilla/5.0 AppleWebKit/537.36 (KHTML, like Gecko; compatible; GPTBot/1.3; +https://openai.com/gptbot)"
74.7.227.52 - - [17/Mar/2026:23:15:18 +0000] "GET /whsy.php?p=%2Fproc%2F11128%2Ftask HTTP/2.0" 200 830 "https://www.hibiscard.com.lab2454.com/whsy.php?p=%2Fproc%2F11128" "Mozilla/5.0 AppleWebKit/537.36 (KHTML, like Gecko; compatible; GPTBot/1.3; +https://openai.com/gptbot)"
74.7.227.29 - - [17/Mar/2026:23:15:19 +0000] "GET /whsy.php?e=mountstats&p=%2Fproc%2F23805 HTTP/2.0" 200 1936 "https://hibiscard.com.lab2454.com/whsy.php?p=%2Fproc%2F23805" "Mozilla/5.0 AppleWebKit/537.36 (KHTML, like Gecko; compatible; GPTBot/1.3; +https://openai.com/gptbot)"
74.7.228.29 - - [17/Mar/2026:23:15:19 +0000] "GET /robots.txt HTTP/2.0" 404 - "-" "Mozilla/5.0 (Macintosh; Intel Mac OS X 10_15_7) AppleWebKit/537.36 (KHTML, like Gecko) Chrome/131.0.0.0 Safari/537.36; compatible; OAI-SearchBot/1.3; robots.txt; +https://openai.com/searchbot"
74.7.227.52 - - [17/Mar/2026:23:15:34 +0000] "GET /whsy.php?p=%2Fproc%2F17222%2Fnet HTTP/2.0" 200 830 "https://www.hibiscard.com.lab2454.com/whsy.php?p=%2Fproc%2F17222" "Mozilla/5.0 AppleWebKit/537.36 (KHTML, like Gecko; compatible; GPTBot/1.3; +https://openai.com/gptbot)"
74.7.227.29 - - [17/Mar/2026:23:15:35 +0000] "GET /whsy.php?e=mountstats&p=%2Fproc%2F17315 HTTP/2.0" 200 1936 "https://hibiscard.com.lab2454.com/whsy.php?p=%2Fproc%2F17315" "Mozilla/5.0 AppleWebKit/537.36 (KHTML, like Gecko; compatible; GPTBot/1.3; +https://openai.com/gptbot)"
74.7.227.52 - - [17/Mar/2026:23:15:50 +0000] "GET /whsy.php?p=%2Fproc%2F17222%2Fattr HTTP/2.0" 200 830 "https://www.hibiscard.com.lab2454.com/whsy.php?p=%2Fproc%2F17222" "Mozilla/5.0 AppleWebKit/537.36 (KHTML, like Gecko; compatible; GPTBot/1.3; +https://openai.com/gptbot)"
74.7.227.52 - - [17/Mar/2026:23:16:03 +0000] "GET /whsy.php?p=%2Fproc%2F11128%2Fattr HTTP/2.0" 200 830 "https://www.hibiscard.com.lab2454.com/whsy.php?p=%2Fproc%2F11128" "Mozilla/5.0 AppleWebKit/537.36 (KHTML, like Gecko; compatible; GPTBot/1.3; +https://openai.com/gptbot)"
74.7.227.52 - - [17/Mar/2026:23:16:15 +0000] "GET /whsy.php?e=oom_score&p=%2Fproc%2F31921 HTTP/2.0" 200 830 "https://www.hibiscard.com.lab2454.com/whsy.php?p=%2Fproc%2F31921" "Mozilla/5.0 AppleWebKit/537.36 (KHTML, like Gecko; compatible; GPTBot/1.3; +https://openai.com/gptbot)"
74.7.227.52 - - [17/Mar/2026:23:16:27 +0000] "GET /whsy.php?e=numa_maps&p=%2Fproc%2F17222 HTTP/2.0" 200 830 "https://www.hibiscard.com.lab2454.com/whsy.php?p=%2Fproc%2F17222" "Mozilla/5.0 AppleWebKit/537.36 (KHTML, like Gecko; compatible; GPTBot/1.3; +https://openai.com/gptbot)"
74.7.227.29 - - [17/Mar/2026:23:16:27 +0000] "GET /whsy.php?e=mountstats&p=%2Fproc%2F17268 HTTP/2.0" 200 1935 "https://hibiscard.com.lab2454.com/whsy.php?p=%2Fproc%2F17268" "Mozilla/5.0 AppleWebKit/537.36 (KHTML, like Gecko; compatible; GPTBot/1.3; +https://openai.com/gptbot)"
74.7.227.52 - - [17/Mar/2026:23:16:40 +0000] "GET /whsy.php?e=arch_status&p=%2Fproc%2F17222 HTTP/2.0" 200 830 "https://www.hibiscard.com.lab2454.com/whsy.php?p=%2Fproc%2F17222" "Mozilla/5.0 AppleWebKit/537.36 (KHTML, like Gecko; compatible; GPTBot/1.3; +https://openai.com/gptbot)"
74.7.227.52 - - [17/Mar/2026:23:16:57 +0000] "GET /whsy.php?p=%2Fproc%2F31921%2Ffdinfo HTTP/2.0" 200 830 "https://www.hibiscard.com.lab2454.com/whsy.php?p=%2Fproc%2F31921" "Mozilla/5.0 AppleWebKit/537.36 (KHTML, like Gecko; compatible; GPTBot/1.3; +https://openai.com/gptbot)"
74.7.227.29 - - [17/Mar/2026:23:16:58 +0000] "GET /whsy.php?e=personality&p=%2Fproc%2F17226 HTTP/2.0" 200 1935 "https://hibiscard.com.lab2454.com/whsy.php?p=%2Fproc%2F17226" "Mozilla/5.0 AppleWebKit/537.36 (KHTML, like Gecko; compatible; GPTBot/1.3; +https://openai.com/gptbot)"
74.7.227.52 - - [17/Mar/2026:23:17:14 +0000] "GET /whsy.php?p=%2Fproc%2F17222%2Fmap_files HTTP/2.0" 200 830 "https://www.hibiscard.com.lab2454.com/whsy.php?p=%2Fproc%2F17222" "Mozilla/5.0 AppleWebKit/537.36 (KHTML, like Gecko; compatible; GPTBot/1.3; +https://openai.com/gptbot)"
74.7.227.29 - - [17/Mar/2026:23:17:15 +0000] "GET /whsy.php?p=%2Fproc%2F29228 HTTP/2.0" 200 830 "https://hibiscard.com.lab2454.com/whsy.php?e=swaps&p=%2Fproc" "Mozilla/5.0 AppleWebKit/537.36 (KHTML, like Gecko; compatible; GPTBot/1.3; +https://openai.com/gptbot)"
74.7.227.52 - - [17/Mar/2026:23:17:30 +0000] "GET /whsy.php?p=%2Fproc%2F31921%2Ffd HTTP/2.0" 200 830 "https://www.hibiscard.com.lab2454.com/whsy.php?p=%2Fproc%2F31921" "Mozilla/5.0 AppleWebKit/537.36 (KHTML, like Gecko; compatible; GPTBot/1.3; +https://openai.com/gptbot)"
74.7.244.51 - - [17/Mar/2026:23:17:31 +0000] "GET /robots.txt HTTP/2.0" 404 - "-" "Mozilla/5.0 (Macintosh; Intel Mac OS X 10_15_7) AppleWebKit/537.36 (KHTML, like Gecko) Chrome/131.0.0.0 Safari/537.36; compatible; OAI-SearchBot/1.3; robots.txt; +https://openai.com/searchbot"
74.7.227.52 - - [17/Mar/2026:23:17:42 +0000] "GET /whsy.php?p=%2Fproc%2F31921%2Fns HTTP/2.0" 200 830 "https://www.hibiscard.com.lab2454.com/whsy.php?p=%2Fproc%2F31921" "Mozilla/5.0 AppleWebKit/537.36 (KHTML, like Gecko; compatible; GPTBot/1.3; +https://openai.com/gptbot)"
74.7.227.29 - - [17/Mar/2026:23:17:43 +0000] "GET /whsy.php?p=%2Fproc%2F22320 HTTP/2.0" 200 830 "https://hibiscard.com.lab2454.com/whsy.php?e=swaps&p=%2Fproc" "Mozilla/5.0 AppleWebKit/537.36 (KHTML, like Gecko; compatible; GPTBot/1.3; +https://openai.com/gptbot)"
74.7.227.52 - - [17/Mar/2026:23:17:53 +0000] "GET /whsy.php?p=%2Fproc%2F31921%2Fmap_files HTTP/2.0" 200 830 "https://www.hibiscard.com.lab2454.com/whsy.php?p=%2Fproc%2F31921" "Mozilla/5.0 AppleWebKit/537.36 (KHTML, like Gecko; compatible; GPTBot/1.3; +https://openai.com/gptbot)"
74.7.227.29 - - [17/Mar/2026:23:17:53 +0000] "GET /whsy.php?p=%2Fproc%2F21012 HTTP/2.0" 200 830 "https://hibiscard.com.lab2454.com/whsy.php?e=swaps&p=%2Fproc" "Mozilla/5.0 AppleWebKit/537.36 (KHTML, like Gecko; compatible; GPTBot/1.3; +https://openai.com/gptbot)"
74.7.227.52 - - [17/Mar/2026:23:18:05 +0000] "GET /whsy.php?p=%2Fproc%2F11128%2Fmap_files HTTP/2.0" 200 830 "https://www.hibiscard.com.lab2454.com/whsy.php?p=%2Fproc%2F11128" "Mozilla/5.0 AppleWebKit/537.36 (KHTML, like Gecko; compatible; GPTBot/1.3; +https://openai.com/gptbot)"
74.7.227.52 - - [17/Mar/2026:23:18:22 +0000] "GET /whsy.php?p=%2Fproc%2F11128%2Ffdinfo HTTP/2.0" 200 830 "https://www.hibiscard.com.lab2454.com/whsy.php?p=%2Fproc%2F11128" "Mozilla/5.0 AppleWebKit/537.36 (KHTML, like Gecko; compatible; GPTBot/1.3; +https://openai.com/gptbot)"
74.7.227.52 - - [17/Mar/2026:23:18:36 +0000] "GET /whsy.php?p=%2Fproc%2F17222%2Ffdinfo HTTP/2.0" 200 830 "https://www.hibiscard.com.lab2454.com/whsy.php?p=%2Fproc%2F17222" "Mozilla/5.0 AppleWebKit/537.36 (KHTML, like Gecko; compatible; GPTBot/1.3; +https://openai.com/gptbot)"
74.7.227.52 - - [17/Mar/2026:23:18:48 +0000] "GET /whsy.php?e=projid_map&p=%2Fproc%2F11128 HTTP/2.0" 200 830 "https://www.hibiscard.com.lab2454.com/whsy.php?p=%2Fproc%2F11128" "Mozilla/5.0 AppleWebKit/537.36 (KHTML, like Gecko; compatible; GPTBot/1.3; +https://openai.com/gptbot)"
74.7.227.29 - - [17/Mar/2026:23:18:48 +0000] "GET /whsy.php?p=%2Fproc%2F26126 HTTP/2.0" 200 830 "https://hibiscard.com.lab2454.com/whsy.php?e=swaps&p=%2Fproc" "Mozilla/5.0 AppleWebKit/537.36 (KHTML, like Gecko; compatible; GPTBot/1.3; +https://openai.com/gptbot)"
74.7.227.52 - - [17/Mar/2026:23:18:58 +0000] "GET /whsy.php?e=projid_map&p=%2Fproc%2F31921 HTTP/2.0" 200 830 "https://www.hibiscard.com.lab2454.com/whsy.php?p=%2Fproc%2F31921" "Mozilla/5.0 AppleWebKit/537.36 (KHTML, like Gecko; compatible; GPTBot/1.3; +https://openai.com/gptbot)"
74.7.227.29 - - [17/Mar/2026:23:19:10 +0000] "GET /whsy.php?p=%2Fproc%2F29722 HTTP/2.0" 200 830 "https://hibiscard.com.lab2454.com/whsy.php?e=swaps&p=%2Fproc" "Mozilla/5.0 AppleWebKit/537.36 (KHTML, like Gecko; compatible; GPTBot/1.3; +https://openai.com/gptbot)"
74.7.227.52 - - [17/Mar/2026:23:19:10 +0000] "GET /whsy.php?e=projid_map&p=%2Fproc%2F17222 HTTP/2.0" 200 830 "https://www.hibiscard.com.lab2454.com/whsy.php?p=%2Fproc%2F17222" "Mozilla/5.0 AppleWebKit/537.36 (KHTML, like Gecko; compatible; GPTBot/1.3; +https://openai.com/gptbot)"
74.7.227.52 - - [17/Mar/2026:23:19:20 +0000] "GET /whsy.php?p=%2Fproc%2F11128%2Fns HTTP/2.0" 200 830 "https://www.hibiscard.com.lab2454.com/whsy.php?p=%2Fproc%2F11128" "Mozilla/5.0 AppleWebKit/537.36 (KHTML, like Gecko; compatible; GPTBot/1.3; +https://openai.com/gptbot)"
74.7.227.52 - - [17/Mar/2026:23:19:29 +0000] "GET /whsy.php?p=%2Fproc%2F17222%2Ffd HTTP/2.0" 200 830 "https://www.hibiscard.com.lab2454.com/whsy.php?p=%2Fproc%2F17222" "Mozilla/5.0 AppleWebKit/537.36 (KHTML, like Gecko; compatible; GPTBot/1.3; +https://openai.com/gptbot)"
74.7.227.52 - - [17/Mar/2026:23:19:40 +0000] "GET /whsy.php?p=%2Fproc%2F11128%2Ffd HTTP/2.0" 200 830 "https://www.hibiscard.com.lab2454.com/whsy.php?p=%2Fproc%2F11128" "Mozilla/5.0 AppleWebKit/537.36 (KHTML, like Gecko; compatible; GPTBot/1.3; +https://openai.com/gptbot)"
74.7.227.29 - - [17/Mar/2026:23:19:40 +0000] "GET /whsy.php?e=clear_refs&p=%2Fproc%2F30125 HTTP/2.0" 200 1936 "https://hibiscard.com.lab2454.com/whsy.php?p=%2Fproc%2F30125" "Mozilla/5.0 AppleWebKit/537.36 (KHTML, like Gecko; compatible; GPTBot/1.3; +https://openai.com/gptbot)"
74.7.227.52 - - [17/Mar/2026:23:19:53 +0000] "GET /whsy.php?p=%2Fproc%2F544 HTTP/2.0" 200 830 "https://www.hibiscard.com.lab2454.com/whsy.php?p=%2Fproc%2F17207%2F.." "Mozilla/5.0 AppleWebKit/537.36 (KHTML, like Gecko; compatible; GPTBot/1.3; +https://openai.com/gptbot)"
74.7.227.52 - - [17/Mar/2026:23:20:06 +0000] "GET /whsy.php?p=%2Fproc%2F983 HTTP/2.0" 200 830 "https://www.hibiscard.com.lab2454.com/whsy.php?p=%2Fproc%2F17207%2F.." "Mozilla/5.0 AppleWebKit/537.36 (KHTML, like Gecko; compatible; GPTBot/1.3; +https://openai.com/gptbot)"
74.7.227.29 - - [17/Mar/2026:23:20:06 +0000] "GET /whsy.php?e=clear_refs&p=%2Fproc%2F17187 HTTP/2.0" 200 1936 "https://hibiscard.com.lab2454.com/whsy.php?p=%2Fproc%2F17187" "Mozilla/5.0 AppleWebKit/537.36 (KHTML, like Gecko; compatible; GPTBot/1.3; +https://openai.com/gptbot)"
74.7.227.52 - - [17/Mar/2026:23:20:20 +0000] "GET /whsy.php?p=%2Fproc%2F368 HTTP/2.0" 200 830 "https://www.hibiscard.com.lab2454.com/whsy.php?e=24314&p=%2Fproc" "Mozilla/5.0 AppleWebKit/537.36 (KHTML, like Gecko; compatible; GPTBot/1.3; +https://openai.com/gptbot)"
74.7.227.29 - - [17/Mar/2026:23:20:20 +0000] "GET /whsy.php?e=clear_refs&p=%2Fproc%2F17213 HTTP/2.0" 200 1935 "https://hibiscard.com.lab2454.com/whsy.php?p=%2Fproc%2F17213" "Mozilla/5.0 AppleWebKit/537.36 (KHTML, like Gecko; compatible; GPTBot/1.3; +https://openai.com/gptbot)"
74.7.227.52 - - [17/Mar/2026:23:20:35 +0000] "GET /whsy.php?p=%2Fproc%2F529 HTTP/2.0" 200 830 "https://www.hibiscard.com.lab2454.com/whsy.php?p=%2Fproc%2F17207%2F.." "Mozilla/5.0 AppleWebKit/537.36 (KHTML, like Gecko; compatible; GPTBot/1.3; +https://openai.com/gptbot)"
74.7.228.29 - - [17/Mar/2026:23:20:35 +0000] "GET /robots.txt HTTP/2.0" 404 - "-" "Mozilla/5.0 (Macintosh; Intel Mac OS X 10_15_7) AppleWebKit/537.36 (KHTML, like Gecko) Chrome/131.0.0.0 Safari/537.36; compatible; OAI-SearchBot/1.3; robots.txt; +https://openai.com/searchbot"
74.7.227.52 - - [17/Mar/2026:23:20:46 +0000] "GET /whsy.php?p=%2Fproc%2F927 HTTP/2.0" 200 830 "https://www.hibiscard.com.lab2454.com/whsy.php?p=%2Fproc%2F17207%2F.." "Mozilla/5.0 AppleWebKit/537.36 (KHTML, like Gecko; compatible; GPTBot/1.3; +https://openai.com/gptbot)"
74.7.227.29 - - [17/Mar/2026:23:20:46 +0000] "GET /whsy.php?e=clear_refs&p=%2Fproc%2F17197 HTTP/2.0" 200 1936 "https://hibiscard.com.lab2454.com/whsy.php?p=%2Fproc%2F17197" "Mozilla/5.0 AppleWebKit/537.36 (KHTML, like Gecko; compatible; GPTBot/1.3; +https://openai.com/gptbot)"
74.7.227.52 - - [17/Mar/2026:23:20:59 +0000] "GET /whsy.php?p=%2Fproc%2F17222%2Fns HTTP/2.0" 200 830 "https://www.hibiscard.com.lab2454.com/whsy.php?p=%2Fproc%2F17222" "Mozilla/5.0 AppleWebKit/537.36 (KHTML, like Gecko; compatible; GPTBot/1.3; +https://openai.com/gptbot)"
74.7.227.29 - - [17/Mar/2026:23:21:00 +0000] "GET /whsy.php?e=clear_refs&p=%2Fproc%2F31892 HTTP/2.0" 200 830 "https://hibiscard.com.lab2454.com/whsy.php?p=%2Fproc%2F31892" "Mozilla/5.0 AppleWebKit/537.36 (KHTML, like Gecko; compatible; GPTBot/1.3; +https://openai.com/gptbot)"
74.7.227.52 - - [17/Mar/2026:23:21:16 +0000] "GET /whsy.php?p=%2Fproc%2F31921%2F.. HTTP/2.0" 200 830 "https://www.hibiscard.com.lab2454.com/whsy.php?p=%2Fproc%2F31921" "Mozilla/5.0 AppleWebKit/537.36 (KHTML, like Gecko; compatible; GPTBot/1.3; +https://openai.com/gptbot)"
74.7.227.52 - - [17/Mar/2026:23:21:33 +0000] "GET /whsy.php?p=%2Fproc%2F12773%2F.. HTTP/2.0" 200 830 "https://www.hibiscard.com.lab2454.com/whsy.php?p=%2Fproc%2F12773" "Mozilla/5.0 AppleWebKit/537.36 (KHTML, like Gecko; compatible; GPTBot/1.3; +https://openai.com/gptbot)"
74.7.227.29 - - [17/Mar/2026:23:21:33 +0000] "GET /whsy.php?e=clear_refs&p=%2Fproc%2F17276 HTTP/2.0" 200 1936 "https://hibiscard.com.lab2454.com/whsy.php?p=%2Fproc%2F17276" "Mozilla/5.0 AppleWebKit/537.36 (KHTML, like Gecko; compatible; GPTBot/1.3; +https://openai.com/gptbot)"
74.7.227.52 - - [17/Mar/2026:23:21:46 +0000] "GET /whsy.php?p=%2Fproc%2F14102%2F.. HTTP/2.0" 200 830 "https://www.hibiscard.com.lab2454.com/whsy.php?p=%2Fproc%2F14102" "Mozilla/5.0 AppleWebKit/537.36 (KHTML, like Gecko; compatible; GPTBot/1.3; +https://openai.com/gptbot)"
74.7.227.52 - - [17/Mar/2026:23:22:03 +0000] "GET /whsy.php?p=%2Fproc%2F29039%2F.. HTTP/2.0" 200 830 "https://www.hibiscard.com.lab2454.com/whsy.php?p=%2Fproc%2F29039" "Mozilla/5.0 AppleWebKit/537.36 (KHTML, like Gecko; compatible; GPTBot/1.3; +https://openai.com/gptbot)"
74.7.227.52 - - [17/Mar/2026:23:22:18 +0000] "GET /whsy.php?p=%2Fproc%2F17213%2F.. HTTP/2.0" 200 4311 "https://www.hibiscard.com.lab2454.com/whsy.php?p=%2Fproc%2F17213" "Mozilla/5.0 AppleWebKit/537.36 (KHTML, like Gecko; compatible; GPTBot/1.3; +https://openai.com/gptbot)"
74.7.227.52 - - [17/Mar/2026:23:22:31 +0000] "GET /whsy.php?e=bitninja&p=%2Fetc%2Flogrotate.d HTTP/2.0" 200 1646 "https://www.hibiscard.com.lab2454.com/whsy.php?p=%2Fetc%2Flogrotate.d" "Mozilla/5.0 AppleWebKit/537.36 (KHTML, like Gecko; compatible; GPTBot/1.3; +https://openai.com/gptbot)"
74.7.244.51 - - [17/Mar/2026:23:22:32 +0000] "GET /robots.txt HTTP/2.0" 404 - "-" "Mozilla/5.0 (Macintosh; Intel Mac OS X 10_15_7) AppleWebKit/537.36 (KHTML, like Gecko) Chrome/131.0.0.0 Safari/537.36; compatible; OAI-SearchBot/1.3; robots.txt; +https://openai.com/searchbot"
74.7.227.52 - - [17/Mar/2026:23:22:48 +0000] "GET /whsy.php?e=ksm_merging_pages&p=%2Fproc%2F26805 HTTP/2.0" 200 830 "https://www.hibiscard.com.lab2454.com/whsy.php?p=%2Fproc%2F26805" "Mozilla/5.0 AppleWebKit/537.36 (KHTML, like Gecko; compatible; GPTBot/1.3; +https://openai.com/gptbot)"
74.7.227.52 - - [17/Mar/2026:23:23:05 +0000] "GET /whsy.php?e=ksm_merging_pages&p=%2Fproc%2F14289 HTTP/2.0" 200 830 "https://www.hibiscard.com.lab2454.com/whsy.php?p=%2Fproc%2F14289" "Mozilla/5.0 AppleWebKit/537.36 (KHTML, like Gecko; compatible; GPTBot/1.3; +https://openai.com/gptbot)"
74.7.227.29 - - [17/Mar/2026:23:23:06 +0000] "GET /whsy.php?e=clear_refs&p=%2Fproc%2F17207 HTTP/2.0" 200 1936 "https://hibiscard.com.lab2454.com/whsy.php?p=%2Fproc%2F17207" "Mozilla/5.0 AppleWebKit/537.36 (KHTML, like Gecko; compatible; GPTBot/1.3; +https://openai.com/gptbot)"
74.7.227.52 - - [17/Mar/2026:23:23:21 +0000] "GET /whsy.php?e=ksm_merging_pages&p=%2Fproc%2F23618 HTTP/2.0" 200 830 "https://www.hibiscard.com.lab2454.com/whsy.php?p=%2Fproc%2F23618" "Mozilla/5.0 AppleWebKit/537.36 (KHTML, like Gecko; compatible; GPTBot/1.3; +https://openai.com/gptbot)"
74.7.227.29 - - [17/Mar/2026:23:23:21 +0000] "GET /whsy.php?e=clear_refs&p=%2Fproc%2F17291 HTTP/2.0" 200 1935 "https://hibiscard.com.lab2454.com/whsy.php?p=%2Fproc%2F17291" "Mozilla/5.0 AppleWebKit/537.36 (KHTML, like Gecko; compatible; GPTBot/1.3; +https://openai.com/gptbot)"
74.7.227.52 - - [17/Mar/2026:23:23:39 +0000] "GET /whsy.php?e=ksm_merging_pages&p=%2Fproc%2F17663 HTTP/2.0" 200 830 "https://www.hibiscard.com.lab2454.com/whsy.php?p=%2Fproc%2F17663" "Mozilla/5.0 AppleWebKit/537.36 (KHTML, like Gecko; compatible; GPTBot/1.3; +https://openai.com/gptbot)"
74.7.227.52 - - [17/Mar/2026:23:23:57 +0000] "GET /whsy.php?e=ksm_merging_pages&p=%2Fproc%2F25041 HTTP/2.0" 200 830 "https://www.hibiscard.com.lab2454.com/whsy.php?p=%2Fproc%2F25041" "Mozilla/5.0 AppleWebKit/537.36 (KHTML, like Gecko; compatible; GPTBot/1.3; +https://openai.com/gptbot)"
74.7.227.29 - - [17/Mar/2026:23:24:12 +0000] "GET /whsy.php?e=clear_refs&p=%2Fproc%2F17297 HTTP/2.0" 200 1936 "https://hibiscard.com.lab2454.com/whsy.php?p=%2Fproc%2F17297" "Mozilla/5.0 AppleWebKit/537.36 (KHTML, like Gecko; compatible; GPTBot/1.3; +https://openai.com/gptbot)"
74.7.227.52 - - [17/Mar/2026:23:24:13 +0000] "GET /whsy.php?e=ksm_merging_pages&p=%2Fproc%2F21046 HTTP/2.0" 200 830 "https://www.hibiscard.com.lab2454.com/whsy.php?p=%2Fproc%2F21046" "Mozilla/5.0 AppleWebKit/537.36 (KHTML, like Gecko; compatible; GPTBot/1.3; +https://openai.com/gptbot)"
74.7.227.29 - - [17/Mar/2026:23:24:28 +0000] "GET /whsy.php?e=clear_refs&p=%2Fproc%2F17259 HTTP/2.0" 200 1936 "https://hibiscard.com.lab2454.com/whsy.php?p=%2Fproc%2F17259" "Mozilla/5.0 AppleWebKit/537.36 (KHTML, like Gecko; compatible; GPTBot/1.3; +https://openai.com/gptbot)"
74.7.227.52 - - [17/Mar/2026:23:24:30 +0000] "GET /whsy.php?e=ksm_merging_pages&p=%2Fproc%2F17014 HTTP/2.0" 200 830 "https://www.hibiscard.com.lab2454.com/whsy.php?p=%2Fproc%2F17014" "Mozilla/5.0 AppleWebKit/537.36 (KHTML, like Gecko; compatible; GPTBot/1.3; +https://openai.com/gptbot)"
74.7.227.52 - - [17/Mar/2026:23:24:50 +0000] "GET /whsy.php?e=ksm_merging_pages&p=%2Fproc%2F21687 HTTP/2.0" 200 830 "https://www.hibiscard.com.lab2454.com/whsy.php?p=%2Fproc%2F21687" "Mozilla/5.0 AppleWebKit/537.36 (KHTML, like Gecko; compatible; GPTBot/1.3; +https://openai.com/gptbot)"
74.7.227.29 - - [17/Mar/2026:23:25:06 +0000] "GET /whsy.php?e=clear_refs&p=%2Fproc%2F23805 HTTP/2.0" 200 1936 "https://hibiscard.com.lab2454.com/whsy.php?p=%2Fproc%2F23805" "Mozilla/5.0 AppleWebKit/537.36 (KHTML, like Gecko; compatible; GPTBot/1.3; +https://openai.com/gptbot)"
74.7.227.52 - - [17/Mar/2026:23:25:06 +0000] "GET /whsy.php?e=ksm_merging_pages&p=%2Fproc%2F17665 HTTP/2.0" 200 830 "https://www.hibiscard.com.lab2454.com/whsy.php?p=%2Fproc%2F17665" "Mozilla/5.0 AppleWebKit/537.36 (KHTML, like Gecko; compatible; GPTBot/1.3; +https://openai.com/gptbot)"
74.7.227.52 - - [17/Mar/2026:23:25:26 +0000] "GET /whsy.php?p=%2Fproc%2F24257 HTTP/2.0" 200 1936 "https://www.hibiscard.com.lab2454.com/whsy.php?p=%2Fproc%2F17213%2F.." "Mozilla/5.0 AppleWebKit/537.36 (KHTML, like Gecko; compatible; GPTBot/1.3; +https://openai.com/gptbot)"
74.7.227.52 - - [17/Mar/2026:23:25:39 +0000] "GET /whsy.php?p=%2Fproc%2F24956 HTTP/2.0" 200 1936 "https://www.hibiscard.com.lab2454.com/whsy.php?p=%2Fproc%2F17213%2F.." "Mozilla/5.0 AppleWebKit/537.36 (KHTML, like Gecko; compatible; GPTBot/1.3; +https://openai.com/gptbot)"
74.7.228.29 - - [17/Mar/2026:23:25:41 +0000] "GET /robots.txt HTTP/2.0" 404 - "-" "Mozilla/5.0 (Macintosh; Intel Mac OS X 10_15_7) AppleWebKit/537.36 (KHTML, like Gecko) Chrome/131.0.0.0 Safari/537.36; compatible; OAI-SearchBot/1.3; robots.txt; +https://openai.com/searchbot"
74.7.227.52 - - [17/Mar/2026:23:25:58 +0000] "GET /whsy.php?p=%2Fproc%2F31043 HTTP/2.0" 200 1936 "https://www.hibiscard.com.lab2454.com/whsy.php?p=%2Fproc%2F17213%2F.." "Mozilla/5.0 AppleWebKit/537.36 (KHTML, like Gecko; compatible; GPTBot/1.3; +https://openai.com/gptbot)"
74.7.227.29 - - [17/Mar/2026:23:26:00 +0000] "GET /whsy.php?e=clear_refs&p=%2Fproc%2F17268 HTTP/2.0" 200 1935 "https://hibiscard.com.lab2454.com/whsy.php?p=%2Fproc%2F17268" "Mozilla/5.0 AppleWebKit/537.36 (KHTML, like Gecko; compatible; GPTBot/1.3; +https://openai.com/gptbot)"
74.7.227.52 - - [17/Mar/2026:23:26:24 +0000] "GET /whsy.php?p=%2Fproc%2F10287 HTTP/2.0" 200 830 "https://www.hibiscard.com.lab2454.com/whsy.php?p=%2Fproc%2F17213%2F.." "Mozilla/5.0 AppleWebKit/537.36 (KHTML, like Gecko; compatible; GPTBot/1.3; +https://openai.com/gptbot)"
74.7.227.29 - - [17/Mar/2026:23:26:25 +0000] "GET /whsy.php?e=clear_refs&p=%2Fproc%2F17218 HTTP/2.0" 200 1936 "https://hibiscard.com.lab2454.com/whsy.php?p=%2Fproc%2F17218" "Mozilla/5.0 AppleWebKit/537.36 (KHTML, like Gecko; compatible; GPTBot/1.3; +https://openai.com/gptbot)"
74.7.227.52 - - [17/Mar/2026:23:26:39 +0000] "GET /whsy.php?p=%2Fproc%2F16719 HTTP/2.0" 200 830 "https://www.hibiscard.com.lab2454.com/whsy.php?p=%2Fproc%2F17213%2F.." "Mozilla/5.0 AppleWebKit/537.36 (KHTML, like Gecko; compatible; GPTBot/1.3; +https://openai.com/gptbot)"
74.7.227.29 - - [17/Mar/2026:23:26:41 +0000] "GET /whsy.php?e=clear_refs&p=%2Fproc%2F17192 HTTP/2.0" 200 1935 "https://hibiscard.com.lab2454.com/whsy.php?p=%2Fproc%2F17192" "Mozilla/5.0 AppleWebKit/537.36 (KHTML, like Gecko; compatible; GPTBot/1.3; +https://openai.com/gptbot)"
74.7.227.52 - - [17/Mar/2026:23:26:57 +0000] "GET /whsy.php?p=%2Fproc%2F22430 HTTP/2.0" 200 1936 "https://www.hibiscard.com.lab2454.com/whsy.php?p=%2Fproc%2F17213%2F.." "Mozilla/5.0 AppleWebKit/537.36 (KHTML, like Gecko; compatible; GPTBot/1.3; +https://openai.com/gptbot)"
74.7.227.52 - - [17/Mar/2026:23:27:13 +0000] "GET /whsy.php?p=%2Fproc%2F11332 HTTP/2.0" 200 1935 "https://www.hibiscard.com.lab2454.com/whsy.php?p=%2Fproc%2F17213%2F.." "Mozilla/5.0 AppleWebKit/537.36 (KHTML, like Gecko; compatible; GPTBot/1.3; +https://openai.com/gptbot)"
74.7.227.29 - - [17/Mar/2026:23:27:14 +0000] "GET /whsy.php?e=clear_refs&p=%2Fproc%2F17235 HTTP/2.0" 200 1936 "https://hibiscard.com.lab2454.com/whsy.php?p=%2Fproc%2F17235" "Mozilla/5.0 AppleWebKit/537.36 (KHTML, like Gecko; compatible; GPTBot/1.3; +https://openai.com/gptbot)"
74.7.227.52 - - [17/Mar/2026:23:27:27 +0000] "GET /whsy.php?p=%2Fproc%2F23206 HTTP/2.0" 200 830 "https://www.hibiscard.com.lab2454.com/whsy.php?p=%2Fproc%2F17213%2F.." "Mozilla/5.0 AppleWebKit/537.36 (KHTML, like Gecko; compatible; GPTBot/1.3; +https://openai.com/gptbot)"
74.7.227.29 - - [17/Mar/2026:23:27:28 +0000] "GET /whsy.php?e=clear_refs&p=%2Fproc%2F17246 HTTP/2.0" 200 1936 "https://hibiscard.com.lab2454.com/whsy.php?p=%2Fproc%2F17246" "Mozilla/5.0 AppleWebKit/537.36 (KHTML, like Gecko; compatible; GPTBot/1.3; +https://openai.com/gptbot)"
74.7.227.52 - - [17/Mar/2026:23:27:40 +0000] "GET /whsy.php?p=%2Fproc%2F12313 HTTP/2.0" 200 1935 "https://www.hibiscard.com.lab2454.com/whsy.php?p=%2Fproc%2F17213%2F.." "Mozilla/5.0 AppleWebKit/537.36 (KHTML, like Gecko; compatible; GPTBot/1.3; +https://openai.com/gptbot)"
74.7.244.51 - - [17/Mar/2026:23:27:41 +0000] "GET /robots.txt HTTP/2.0" 404 - "-" "Mozilla/5.0 (Macintosh; Intel Mac OS X 10_15_7) AppleWebKit/537.36 (KHTML, like Gecko) Chrome/131.0.0.0 Safari/537.36; compatible; OAI-SearchBot/1.3; robots.txt; +https://openai.com/searchbot"
74.7.227.52 - - [17/Mar/2026:23:27:53 +0000] "GET /whsy.php?p=%2Fproc%2F19390 HTTP/2.0" 200 1936 "https://www.hibiscard.com.lab2454.com/whsy.php?p=%2Fproc%2F17213%2F.." "Mozilla/5.0 AppleWebKit/537.36 (KHTML, like Gecko; compatible; GPTBot/1.3; +https://openai.com/gptbot)"
74.7.227.52 - - [17/Mar/2026:23:28:05 +0000] "GET /whsy.php?p=%2Fproc%2F896 HTTP/2.0" 200 830 "https://www.hibiscard.com.lab2454.com/whsy.php?p=%2Fproc%2F17213%2F.." "Mozilla/5.0 AppleWebKit/537.36 (KHTML, like Gecko; compatible; GPTBot/1.3; +https://openai.com/gptbot)"
74.7.227.29 - - [17/Mar/2026:23:28:05 +0000] "GET /whsy.php?e=loginuid&p=%2Fproc%2F17207 HTTP/2.0" 200 2013 "https://hibiscard.com.lab2454.com/whsy.php?p=%2Fproc%2F17207" "Mozilla/5.0 AppleWebKit/537.36 (KHTML, like Gecko; compatible; GPTBot/1.3; +https://openai.com/gptbot)"
74.7.227.52 - - [17/Mar/2026:23:28:17 +0000] "GET /whsy.php?e=mountinfo&p=%2Fproc%2F24257 HTTP/2.0" 200 2949 "https://www.hibiscard.com.lab2454.com/whsy.php?p=%2Fproc%2F24257" "Mozilla/5.0 AppleWebKit/537.36 (KHTML, like Gecko; compatible; GPTBot/1.3; +https://openai.com/gptbot)"
74.7.227.29 - - [17/Mar/2026:23:28:18 +0000] "GET /whsy.php?e=loginuid&p=%2Fproc%2F17213 HTTP/2.0" 200 2013 "https://hibiscard.com.lab2454.com/whsy.php?p=%2Fproc%2F17213" "Mozilla/5.0 AppleWebKit/537.36 (KHTML, like Gecko; compatible; GPTBot/1.3; +https://openai.com/gptbot)"
74.7.227.52 - - [17/Mar/2026:23:28:32 +0000] "GET /whsy.php?e=mountinfo&p=%2Fproc%2F24956 HTTP/2.0" 200 2949 "https://www.hibiscard.com.lab2454.com/whsy.php?p=%2Fproc%2F24956" "Mozilla/5.0 AppleWebKit/537.36 (KHTML, like Gecko; compatible; GPTBot/1.3; +https://openai.com/gptbot)"
74.7.227.52 - - [17/Mar/2026:23:28:48 +0000] "GET /whsy.php?e=clear_refs&p=%2Fproc%2F31043 HTTP/2.0" 200 1936 "https://www.hibiscard.com.lab2454.com/whsy.php?p=%2Fproc%2F31043" "Mozilla/5.0 AppleWebKit/537.36 (KHTML, like Gecko; compatible; GPTBot/1.3; +https://openai.com/gptbot)"
74.7.227.52 - - [17/Mar/2026:23:29:03 +0000] "GET /whsy.php?e=mountinfo&p=%2Fproc%2F31043 HTTP/2.0" 200 2950 "https://www.hibiscard.com.lab2454.com/whsy.php?p=%2Fproc%2F31043" "Mozilla/5.0 AppleWebKit/537.36 (KHTML, like Gecko; compatible; GPTBot/1.3; +https://openai.com/gptbot)"
74.7.227.29 - - [17/Mar/2026:23:29:04 +0000] "GET /whsy.php?e=loginuid&p=%2Fproc%2F17192 HTTP/2.0" 200 2013 "https://hibiscard.com.lab2454.com/whsy.php?p=%2Fproc%2F17192" "Mozilla/5.0 AppleWebKit/537.36 (KHTML, like Gecko; compatible; GPTBot/1.3; +https://openai.com/gptbot)"
74.7.227.52 - - [17/Mar/2026:23:29:18 +0000] "GET /whsy.php?e=timerslack_ns&p=%2Fproc%2F31043 HTTP/2.0" 200 2008 "https://www.hibiscard.com.lab2454.com/whsy.php?p=%2Fproc%2F31043" "Mozilla/5.0 AppleWebKit/537.36 (KHTML, like Gecko; compatible; GPTBot/1.3; +https://openai.com/gptbot)"
74.7.227.29 - - [17/Mar/2026:23:29:32 +0000] "GET /whsy.php?e=loginuid&p=%2Fproc%2F17276 HTTP/2.0" 200 2014 "https://hibiscard.com.lab2454.com/whsy.php?p=%2Fproc%2F17276" "Mozilla/5.0 AppleWebKit/537.36 (KHTML, like Gecko; compatible; GPTBot/1.3; +https://openai.com/gptbot)"
74.7.227.52 - - [17/Mar/2026:23:29:33 +0000] "GET /whsy.php?e=mem&p=%2Fproc%2F22430 HTTP/2.0" 200 1936 "https://www.hibiscard.com.lab2454.com/whsy.php?p=%2Fproc%2F22430" "Mozilla/5.0 AppleWebKit/537.36 (KHTML, like Gecko; compatible; GPTBot/1.3; +https://openai.com/gptbot)"
74.7.227.52 - - [17/Mar/2026:23:29:52 +0000] "GET /whsy.php?e=setgroups&p=%2Fproc%2F11332 HTTP/2.0" 200 2007 "https://www.hibiscard.com.lab2454.com/whsy.php?p=%2Fproc%2F11332" "Mozilla/5.0 AppleWebKit/537.36 (KHTML, like Gecko; compatible; GPTBot/1.3; +https://openai.com/gptbot)"
74.7.227.52 - - [17/Mar/2026:23:30:07 +0000] "GET /whsy.php?e=mountinfo&p=%2Fproc%2F11332 HTTP/2.0" 200 2988 "https://www.hibiscard.com.lab2454.com/whsy.php?p=%2Fproc%2F11332" "Mozilla/5.0 AppleWebKit/537.36 (KHTML, like Gecko; compatible; GPTBot/1.3; +https://openai.com/gptbot)"
74.7.227.29 - - [17/Mar/2026:23:30:18 +0000] "GET /whsy.php?e=loginuid&p=%2Fproc%2F17291 HTTP/2.0" 200 2012 "https://hibiscard.com.lab2454.com/whsy.php?p=%2Fproc%2F17291" "Mozilla/5.0 AppleWebKit/537.36 (KHTML, like Gecko; compatible; GPTBot/1.3; +https://openai.com/gptbot)"
74.7.227.52 - - [17/Mar/2026:23:30:18 +0000] "GET /whsy.php?e=setgroups&p=%2Fproc%2F12313 HTTP/2.0" 200 2007 "https://www.hibiscard.com.lab2454.com/whsy.php?p=%2Fproc%2F12313" "Mozilla/5.0 AppleWebKit/537.36 (KHTML, like Gecko; compatible; GPTBot/1.3; +https://openai.com/gptbot)"
74.7.227.29 - - [17/Mar/2026:23:30:30 +0000] "GET /whsy.php?e=loginuid&p=%2Fproc%2F17218 HTTP/2.0" 200 2013 "https://hibiscard.com.lab2454.com/whsy.php?p=%2Fproc%2F17218" "Mozilla/5.0 AppleWebKit/537.36 (KHTML, like Gecko; compatible; GPTBot/1.3; +https://openai.com/gptbot)"
74.7.227.52 - - [17/Mar/2026:23:30:30 +0000] "GET /whsy.php?e=arch_status&p=%2Fproc%2F19390 HTTP/2.0" 200 2006 "https://www.hibiscard.com.lab2454.com/whsy.php?p=%2Fproc%2F19390" "Mozilla/5.0 AppleWebKit/537.36 (KHTML, like Gecko; compatible; GPTBot/1.3; +https://openai.com/gptbot)"
74.7.227.29 - - [17/Mar/2026:23:30:46 +0000] "GET /whsy.php?e=loginuid&p=%2Fproc%2F17226 HTTP/2.0" 200 2013 "https://hibiscard.com.lab2454.com/whsy.php?p=%2Fproc%2F17226" "Mozilla/5.0 AppleWebKit/537.36 (KHTML, like Gecko; compatible; GPTBot/1.3; +https://openai.com/gptbot)"
74.7.228.29 - - [17/Mar/2026:23:30:47 +0000] "GET /robots.txt HTTP/2.0" 404 - "-" "Mozilla/5.0 (Macintosh; Intel Mac OS X 10_15_7) AppleWebKit/537.36 (KHTML, like Gecko) Chrome/131.0.0.0 Safari/537.36; compatible; OAI-SearchBot/1.3; robots.txt; +https://openai.com/searchbot"
74.7.227.52 - - [17/Mar/2026:23:30:46 +0000] "GET /whsy.php?e=mountinfo&p=%2Fproc%2F12313 HTTP/2.0" 200 2950 "https://www.hibiscard.com.lab2454.com/whsy.php?p=%2Fproc%2F12313" "Mozilla/5.0 AppleWebKit/537.36 (KHTML, like Gecko; compatible; GPTBot/1.3; +https://openai.com/gptbot)"
74.7.227.52 - - [17/Mar/2026:23:31:07 +0000] "GET /whsy.php?e=mountinfo&p=%2Fproc%2F22430 HTTP/2.0" 200 830 "https://www.hibiscard.com.lab2454.com/whsy.php?p=%2Fproc%2F22430" "Mozilla/5.0 AppleWebKit/537.36 (KHTML, like Gecko; compatible; GPTBot/1.3; +https://openai.com/gptbot)"
