74.7.227.29 - - [17/Mar/2026:19:30:14 +0000] "GET /whsy.php?e=wchan&p=%2Fproc%2F17268 HTTP/2.0" 200 2004 "https://hibiscard.com.lab2454.com/whsy.php?p=%2Fproc%2F17268" "Mozilla/5.0 AppleWebKit/537.36 (KHTML, like Gecko; compatible; GPTBot/1.3; +https://openai.com/gptbot)"
74.7.227.52 - - [17/Mar/2026:19:30:15 +0000] "GET /whsy.php?e=setgroups&p=%2Fproc%2F10690 HTTP/2.0" 200 830 "https://www.hibiscard.com.lab2454.com/whsy.php?p=%2Fproc%2F10690" "Mozilla/5.0 AppleWebKit/537.36 (KHTML, like Gecko; compatible; GPTBot/1.3; +https://openai.com/gptbot)"
74.7.228.29 - - [17/Mar/2026:19:30:31 +0000] "GET /robots.txt HTTP/2.0" 404 - "-" "Mozilla/5.0 (Macintosh; Intel Mac OS X 10_15_7) AppleWebKit/537.36 (KHTML, like Gecko) Chrome/131.0.0.0 Safari/537.36; compatible; OAI-SearchBot/1.3; robots.txt; +https://openai.com/searchbot"
74.7.227.52 - - [17/Mar/2026:19:30:31 +0000] "GET /whsy.php?e=autogroup&p=%2Fproc%2F14800 HTTP/2.0" 200 830 "https://www.hibiscard.com.lab2454.com/whsy.php?p=%2Fproc%2F14800" "Mozilla/5.0 AppleWebKit/537.36 (KHTML, like Gecko; compatible; GPTBot/1.3; +https://openai.com/gptbot)"
74.7.227.52 - - [17/Mar/2026:19:30:47 +0000] "GET /whsy.php?e=schedstat&p=%2Fproc%2F14800 HTTP/2.0" 200 830 "https://www.hibiscard.com.lab2454.com/whsy.php?p=%2Fproc%2F14800" "Mozilla/5.0 AppleWebKit/537.36 (KHTML, like Gecko; compatible; GPTBot/1.3; +https://openai.com/gptbot)"
74.7.227.29 - - [17/Mar/2026:19:31:12 +0000] "GET /whsy.php?e=comm&p=%2Fproc%2F30467 HTTP/2.0" 200 2016 "https://hibiscard.com.lab2454.com/whsy.php?p=%2Fproc%2F30467" "Mozilla/5.0 AppleWebKit/537.36 (KHTML, like Gecko; compatible; GPTBot/1.3; +https://openai.com/gptbot)"
74.7.227.52 - - [17/Mar/2026:19:31:13 +0000] "GET /whsy.php?e=sessionid&p=%2Fproc%2F14800 HTTP/2.0" 200 830 "https://www.hibiscard.com.lab2454.com/whsy.php?p=%2Fproc%2F14800" "Mozilla/5.0 AppleWebKit/537.36 (KHTML, like Gecko; compatible; GPTBot/1.3; +https://openai.com/gptbot)"
74.7.227.29 - - [17/Mar/2026:19:31:31 +0000] "GET /whsy.php?e=maps&p=%2Fproc%2F30467 HTTP/2.0" 200 2119 "https://hibiscard.com.lab2454.com/whsy.php?p=%2Fproc%2F30467" "Mozilla/5.0 AppleWebKit/537.36 (KHTML, like Gecko; compatible; GPTBot/1.3; +https://openai.com/gptbot)"
74.7.227.52 - - [17/Mar/2026:19:31:31 +0000] "GET /whsy.php?e=autogroup&p=%2Fproc%2F17014 HTTP/2.0" 200 830 "https://www.hibiscard.com.lab2454.com/whsy.php?p=%2Fproc%2F17014" "Mozilla/5.0 AppleWebKit/537.36 (KHTML, like Gecko; compatible; GPTBot/1.3; +https://openai.com/gptbot)"
74.7.227.52 - - [17/Mar/2026:19:31:48 +0000] "GET /whsy.php?e=schedstat&p=%2Fproc%2F17014 HTTP/2.0" 200 830 "https://www.hibiscard.com.lab2454.com/whsy.php?p=%2Fproc%2F17014" "Mozilla/5.0 AppleWebKit/537.36 (KHTML, like Gecko; compatible; GPTBot/1.3; +https://openai.com/gptbot)"
74.7.227.29 - - [17/Mar/2026:19:32:05 +0000] "GET /whsy.php?e=oom_adj&p=%2Fproc%2F30467 HTTP/2.0" 200 2006 "https://hibiscard.com.lab2454.com/whsy.php?p=%2Fproc%2F30467" "Mozilla/5.0 AppleWebKit/537.36 (KHTML, like Gecko; compatible; GPTBot/1.3; +https://openai.com/gptbot)"
74.7.227.52 - - [17/Mar/2026:19:32:06 +0000] "GET /whsy.php?e=autogroup&p=%2Fproc%2F10690 HTTP/2.0" 200 830 "https://www.hibiscard.com.lab2454.com/whsy.php?p=%2Fproc%2F10690" "Mozilla/5.0 AppleWebKit/537.36 (KHTML, like Gecko; compatible; GPTBot/1.3; +https://openai.com/gptbot)"
74.7.227.29 - - [17/Mar/2026:19:32:29 +0000] "GET /whsy.php?e=gid_map&p=%2Fproc%2F30467 HTTP/2.0" 200 2025 "https://hibiscard.com.lab2454.com/whsy.php?p=%2Fproc%2F30467" "Mozilla/5.0 AppleWebKit/537.36 (KHTML, like Gecko; compatible; GPTBot/1.3; +https://openai.com/gptbot)"
74.7.227.52 - - [17/Mar/2026:19:32:30 +0000] "GET /whsy.php?e=schedstat&p=%2Fproc%2F10690 HTTP/2.0" 200 830 "https://www.hibiscard.com.lab2454.com/whsy.php?p=%2Fproc%2F10690" "Mozilla/5.0 AppleWebKit/537.36 (KHTML, like Gecko; compatible; GPTBot/1.3; +https://openai.com/gptbot)"
74.7.227.29 - - [17/Mar/2026:19:32:53 +0000] "GET /whsy.php?e=uid_map&p=%2Fproc%2F30467 HTTP/2.0" 200 2022 "https://hibiscard.com.lab2454.com/whsy.php?p=%2Fproc%2F30467" "Mozilla/5.0 AppleWebKit/537.36 (KHTML, like Gecko; compatible; GPTBot/1.3; +https://openai.com/gptbot)"
74.7.227.52 - - [17/Mar/2026:19:32:54 +0000] "GET /whsy.php?e=gid_map&p=%2Fproc%2F27379 HTTP/2.0" 200 830 "https://www.hibiscard.com.lab2454.com/whsy.php?p=%2Fproc%2F27379" "Mozilla/5.0 AppleWebKit/537.36 (KHTML, like Gecko; compatible; GPTBot/1.3; +https://openai.com/gptbot)"
74.7.227.52 - - [17/Mar/2026:19:33:12 +0000] "GET /whsy.php?e=uid_map&p=%2Fproc%2F27379 HTTP/2.0" 200 830 "https://www.hibiscard.com.lab2454.com/whsy.php?p=%2Fproc%2F27379" "Mozilla/5.0 AppleWebKit/537.36 (KHTML, like Gecko; compatible; GPTBot/1.3; +https://openai.com/gptbot)"
74.7.227.52 - - [17/Mar/2026:19:33:50 +0000] "GET /whsy.php?e=comm&p=%2Fproc%2F10456 HTTP/2.0" 200 2019 "https://www.hibiscard.com.lab2454.com/whsy.php?p=%2Fproc%2F10456" "Mozilla/5.0 AppleWebKit/537.36 (KHTML, like Gecko; compatible; GPTBot/1.3; +https://openai.com/gptbot)"
74.7.227.29 - - [17/Mar/2026:19:34:02 +0000] "GET /whsy.php?e=uid_map&p=%2Fproc%2F17268 HTTP/2.0" 200 2022 "https://hibiscard.com.lab2454.com/whsy.php?p=%2Fproc%2F17268" "Mozilla/5.0 AppleWebKit/537.36 (KHTML, like Gecko; compatible; GPTBot/1.3; +https://openai.com/gptbot)"
74.7.227.52 - - [17/Mar/2026:19:34:04 +0000] "GET /whsy.php?e=stat&p=%2Fproc%2F10690 HTTP/2.0" 200 830 "https://www.hibiscard.com.lab2454.com/whsy.php?p=%2Fproc%2F10690" "Mozilla/5.0 AppleWebKit/537.36 (KHTML, like Gecko; compatible; GPTBot/1.3; +https://openai.com/gptbot)"
74.7.227.29 - - [17/Mar/2026:19:34:27 +0000] "GET /whsy.php?e=gid_map&p=%2Fproc%2F17268 HTTP/2.0" 200 2025 "https://hibiscard.com.lab2454.com/whsy.php?p=%2Fproc%2F17268" "Mozilla/5.0 AppleWebKit/537.36 (KHTML, like Gecko; compatible; GPTBot/1.3; +https://openai.com/gptbot)"
74.7.227.52 - - [17/Mar/2026:19:34:29 +0000] "GET /whsy.php?e=stat&p=%2Fproc%2F14800 HTTP/2.0" 200 830 "https://www.hibiscard.com.lab2454.com/whsy.php?p=%2Fproc%2F14800" "Mozilla/5.0 AppleWebKit/537.36 (KHTML, like Gecko; compatible; GPTBot/1.3; +https://openai.com/gptbot)"
74.7.227.29 - - [17/Mar/2026:19:34:47 +0000] "GET /whsy.php?e=oom_adj&p=%2Fproc%2F17268 HTTP/2.0" 200 2006 "https://hibiscard.com.lab2454.com/whsy.php?p=%2Fproc%2F17268" "Mozilla/5.0 AppleWebKit/537.36 (KHTML, like Gecko; compatible; GPTBot/1.3; +https://openai.com/gptbot)"
74.7.227.52 - - [17/Mar/2026:19:34:49 +0000] "GET /whsy.php?e=stat&p=%2Fproc%2F17014 HTTP/2.0" 200 830 "https://www.hibiscard.com.lab2454.com/whsy.php?p=%2Fproc%2F17014" "Mozilla/5.0 AppleWebKit/537.36 (KHTML, like Gecko; compatible; GPTBot/1.3; +https://openai.com/gptbot)"
74.7.227.52 - - [17/Mar/2026:19:35:18 +0000] "GET /whsy.php?e=maps&p=%2Fproc%2F10456 HTTP/2.0" 200 2004 "https://www.hibiscard.com.lab2454.com/whsy.php?p=%2Fproc%2F10456" "Mozilla/5.0 AppleWebKit/537.36 (KHTML, like Gecko; compatible; GPTBot/1.3; +https://openai.com/gptbot)"
74.7.227.29 - - [17/Mar/2026:19:35:33 +0000] "GET /whsy.php?e=stat&p=%2Fproc%2F30467 HTTP/2.0" 200 2132 "https://hibiscard.com.lab2454.com/whsy.php?p=%2Fproc%2F30467" "Mozilla/5.0 AppleWebKit/537.36 (KHTML, like Gecko; compatible; GPTBot/1.3; +https://openai.com/gptbot)"
74.7.228.29 - - [17/Mar/2026:19:35:34 +0000] "GET /robots.txt HTTP/2.0" 404 - "-" "Mozilla/5.0 (Macintosh; Intel Mac OS X 10_15_7) AppleWebKit/537.36 (KHTML, like Gecko) Chrome/131.0.0.0 Safari/537.36; compatible; OAI-SearchBot/1.3; robots.txt; +https://openai.com/searchbot"
74.7.227.52 - - [17/Mar/2026:19:35:34 +0000] "GET /whsy.php?e=schedstat&p=%2Fproc%2F27379 HTTP/2.0" 200 830 "https://www.hibiscard.com.lab2454.com/whsy.php?p=%2Fproc%2F27379" "Mozilla/5.0 AppleWebKit/537.36 (KHTML, like Gecko; compatible; GPTBot/1.3; +https://openai.com/gptbot)"
74.7.227.29 - - [17/Mar/2026:19:35:48 +0000] "GET /whsy.php?e=io&p=%2Fproc%2F30467 HTTP/2.0" 200 1936 "https://hibiscard.com.lab2454.com/whsy.php?p=%2Fproc%2F30467" "Mozilla/5.0 AppleWebKit/537.36 (KHTML, like Gecko; compatible; GPTBot/1.3; +https://openai.com/gptbot)"
74.7.227.52 - - [17/Mar/2026:19:35:48 +0000] "GET /whsy.php?e=gid_map&p=%2Fproc%2F10456 HTTP/2.0" 200 2026 "https://www.hibiscard.com.lab2454.com/whsy.php?p=%2Fproc%2F10456" "Mozilla/5.0 AppleWebKit/537.36 (KHTML, like Gecko; compatible; GPTBot/1.3; +https://openai.com/gptbot)"
74.7.227.52 - - [17/Mar/2026:19:36:05 +0000] "GET /whsy.php?e=gid_map&p=%2Fproc%2F14800 HTTP/2.0" 200 830 "https://www.hibiscard.com.lab2454.com/whsy.php?p=%2Fproc%2F14800" "Mozilla/5.0 AppleWebKit/537.36 (KHTML, like Gecko; compatible; GPTBot/1.3; +https://openai.com/gptbot)"
74.7.227.52 - - [17/Mar/2026:19:36:21 +0000] "GET /whsy.php?e=uid_map&p=%2Fproc%2F14800 HTTP/2.0" 200 830 "https://www.hibiscard.com.lab2454.com/whsy.php?p=%2Fproc%2F14800" "Mozilla/5.0 AppleWebKit/537.36 (KHTML, like Gecko; compatible; GPTBot/1.3; +https://openai.com/gptbot)"
74.7.227.52 - - [17/Mar/2026:19:36:40 +0000] "GET /whsy.php?e=gid_map&p=%2Fproc%2F17014 HTTP/2.0" 200 830 "https://www.hibiscard.com.lab2454.com/whsy.php?p=%2Fproc%2F17014" "Mozilla/5.0 AppleWebKit/537.36 (KHTML, like Gecko; compatible; GPTBot/1.3; +https://openai.com/gptbot)"
74.7.227.52 - - [17/Mar/2026:19:36:57 +0000] "GET /whsy.php?e=uid_map&p=%2Fproc%2F17014 HTTP/2.0" 200 830 "https://www.hibiscard.com.lab2454.com/whsy.php?p=%2Fproc%2F17014" "Mozilla/5.0 AppleWebKit/537.36 (KHTML, like Gecko; compatible; GPTBot/1.3; +https://openai.com/gptbot)"
74.7.227.52 - - [17/Mar/2026:19:37:15 +0000] "GET /whsy.php?e=uid_map&p=%2Fproc%2F10456 HTTP/2.0" 200 2022 "https://www.hibiscard.com.lab2454.com/whsy.php?p=%2Fproc%2F10456" "Mozilla/5.0 AppleWebKit/537.36 (KHTML, like Gecko; compatible; GPTBot/1.3; +https://openai.com/gptbot)"
74.7.244.51 - - [17/Mar/2026:19:37:16 +0000] "GET /robots.txt HTTP/2.0" 404 - "-" "Mozilla/5.0 (Macintosh; Intel Mac OS X 10_15_7) AppleWebKit/537.36 (KHTML, like Gecko) Chrome/131.0.0.0 Safari/537.36; compatible; OAI-SearchBot/1.3; robots.txt; +https://openai.com/searchbot"
74.7.227.29 - - [17/Mar/2026:19:37:34 +0000] "GET /whsy.php?e=stat&p=%2Fproc%2F17268 HTTP/2.0" 200 2123 "https://hibiscard.com.lab2454.com/whsy.php?p=%2Fproc%2F17268" "Mozilla/5.0 AppleWebKit/537.36 (KHTML, like Gecko; compatible; GPTBot/1.3; +https://openai.com/gptbot)"
74.7.227.52 - - [17/Mar/2026:19:37:35 +0000] "GET /whsy.php?e=gid_map&p=%2Fproc%2F10690 HTTP/2.0" 200 830 "https://www.hibiscard.com.lab2454.com/whsy.php?p=%2Fproc%2F10690" "Mozilla/5.0 AppleWebKit/537.36 (KHTML, like Gecko; compatible; GPTBot/1.3; +https://openai.com/gptbot)"
74.7.227.29 - - [17/Mar/2026:19:37:52 +0000] "GET /whsy.php?e=root&p=%2Fproc%2F30467 HTTP/2.0" 200 1936 "https://hibiscard.com.lab2454.com/whsy.php?p=%2Fproc%2F30467" "Mozilla/5.0 AppleWebKit/537.36 (KHTML, like Gecko; compatible; GPTBot/1.3; +https://openai.com/gptbot)"
74.7.227.52 - - [17/Mar/2026:19:37:52 +0000] "GET /whsy.php?e=oom_adj&p=%2Fproc%2F10456 HTTP/2.0" 200 2006 "https://www.hibiscard.com.lab2454.com/whsy.php?p=%2Fproc%2F10456" "Mozilla/5.0 AppleWebKit/537.36 (KHTML, like Gecko; compatible; GPTBot/1.3; +https://openai.com/gptbot)"
74.7.227.52 - - [17/Mar/2026:19:38:13 +0000] "GET /whsy.php?e=sched&p=%2Fproc%2F27379 HTTP/2.0" 200 830 "https://www.hibiscard.com.lab2454.com/whsy.php?p=%2Fproc%2F27379" "Mozilla/5.0 AppleWebKit/537.36 (KHTML, like Gecko; compatible; GPTBot/1.3; +https://openai.com/gptbot)"
74.7.227.29 - - [17/Mar/2026:19:38:36 +0000] "GET /whsy.php?e=exe&p=%2Fproc%2F17268 HTTP/2.0" 200 1935 "https://hibiscard.com.lab2454.com/whsy.php?p=%2Fproc%2F17268" "Mozilla/5.0 AppleWebKit/537.36 (KHTML, like Gecko; compatible; GPTBot/1.3; +https://openai.com/gptbot)"
74.7.227.52 - - [17/Mar/2026:19:38:36 +0000] "GET /whsy.php?e=smaps&p=%2Fproc%2F27379 HTTP/2.0" 200 830 "https://www.hibiscard.com.lab2454.com/whsy.php?p=%2Fproc%2F27379" "Mozilla/5.0 AppleWebKit/537.36 (KHTML, like Gecko; compatible; GPTBot/1.3; +https://openai.com/gptbot)"
74.7.227.52 - - [17/Mar/2026:19:38:53 +0000] "GET /whsy.php?e=smaps&p=%2Fproc%2F17014 HTTP/2.0" 200 830 "https://www.hibiscard.com.lab2454.com/whsy.php?p=%2Fproc%2F17014" "Mozilla/5.0 AppleWebKit/537.36 (KHTML, like Gecko; compatible; GPTBot/1.3; +https://openai.com/gptbot)"
74.7.227.52 - - [17/Mar/2026:19:39:10 +0000] "GET /whsy.php?e=smaps&p=%2Fproc%2F14800 HTTP/2.0" 200 830 "https://www.hibiscard.com.lab2454.com/whsy.php?p=%2Fproc%2F14800" "Mozilla/5.0 AppleWebKit/537.36 (KHTML, like Gecko; compatible; GPTBot/1.3; +https://openai.com/gptbot)"
74.7.227.29 - - [17/Mar/2026:19:39:10 +0000] "GET /whsy.php?e=oom_score_adj&p=%2Fproc%2F30467 HTTP/2.0" 200 2008 "https://hibiscard.com.lab2454.com/whsy.php?p=%2Fproc%2F30467" "Mozilla/5.0 AppleWebKit/537.36 (KHTML, like Gecko; compatible; GPTBot/1.3; +https://openai.com/gptbot)"
74.7.227.52 - - [17/Mar/2026:19:39:22 +0000] "GET /whsy.php?e=smaps&p=%2Fproc%2F10690 HTTP/2.0" 200 830 "https://www.hibiscard.com.lab2454.com/whsy.php?p=%2Fproc%2F10690" "Mozilla/5.0 AppleWebKit/537.36 (KHTML, like Gecko; compatible; GPTBot/1.3; +https://openai.com/gptbot)"
74.7.227.29 - - [17/Mar/2026:19:39:22 +0000] "GET /whsy.php?e=ksm_stat&p=%2Fproc%2F30467 HTTP/2.0" 200 1936 "https://hibiscard.com.lab2454.com/whsy.php?p=%2Fproc%2F30467" "Mozilla/5.0 AppleWebKit/537.36 (KHTML, like Gecko; compatible; GPTBot/1.3; +https://openai.com/gptbot)"
74.7.227.52 - - [17/Mar/2026:19:39:39 +0000] "GET /whsy.php?e=oom_adj&p=%2Fproc%2F10690 HTTP/2.0" 200 830 "https://www.hibiscard.com.lab2454.com/whsy.php?p=%2Fproc%2F10690" "Mozilla/5.0 AppleWebKit/537.36 (KHTML, like Gecko; compatible; GPTBot/1.3; +https://openai.com/gptbot)"
74.7.227.52 - - [17/Mar/2026:19:39:55 +0000] "GET /whsy.php?e=oom_adj&p=%2Fproc%2F17014 HTTP/2.0" 200 830 "https://www.hibiscard.com.lab2454.com/whsy.php?p=%2Fproc%2F17014" "Mozilla/5.0 AppleWebKit/537.36 (KHTML, like Gecko; compatible; GPTBot/1.3; +https://openai.com/gptbot)"
74.7.227.29 - - [17/Mar/2026:19:39:56 +0000] "GET /whsy.php?e=ksm_stat&p=%2Fproc%2F17268 HTTP/2.0" 200 1935 "https://hibiscard.com.lab2454.com/whsy.php?p=%2Fproc%2F17268" "Mozilla/5.0 AppleWebKit/537.36 (KHTML, like Gecko; compatible; GPTBot/1.3; +https://openai.com/gptbot)"
74.7.227.52 - - [17/Mar/2026:19:40:10 +0000] "GET /whsy.php?e=stat&p=%2Fproc%2F10456 HTTP/2.0" 200 2103 "https://www.hibiscard.com.lab2454.com/whsy.php?p=%2Fproc%2F10456" "Mozilla/5.0 AppleWebKit/537.36 (KHTML, like Gecko; compatible; GPTBot/1.3; +https://openai.com/gptbot)"
74.7.227.52 - - [17/Mar/2026:19:40:22 +0000] "GET /whsy.php?e=auxv&p=%2Fproc%2F27379 HTTP/2.0" 200 830 "https://www.hibiscard.com.lab2454.com/whsy.php?p=%2Fproc%2F27379" "Mozilla/5.0 AppleWebKit/537.36 (KHTML, like Gecko; compatible; GPTBot/1.3; +https://openai.com/gptbot)"
74.7.227.29 - - [17/Mar/2026:19:40:22 +0000] "GET /whsy.php?e=root&p=%2Fproc%2F17268 HTTP/2.0" 200 1935 "https://hibiscard.com.lab2454.com/whsy.php?p=%2Fproc%2F17268" "Mozilla/5.0 AppleWebKit/537.36 (KHTML, like Gecko; compatible; GPTBot/1.3; +https://openai.com/gptbot)"
74.7.227.52 - - [17/Mar/2026:19:40:37 +0000] "GET /whsy.php?e=io&p=%2Fproc%2F10456 HTTP/2.0" 200 1936 "https://www.hibiscard.com.lab2454.com/whsy.php?p=%2Fproc%2F10456" "Mozilla/5.0 AppleWebKit/537.36 (KHTML, like Gecko; compatible; GPTBot/1.3; +https://openai.com/gptbot)"
74.7.228.29 - - [17/Mar/2026:19:40:38 +0000] "GET /robots.txt HTTP/2.0" 404 - "-" "Mozilla/5.0 (Macintosh; Intel Mac OS X 10_15_7) AppleWebKit/537.36 (KHTML, like Gecko) Chrome/131.0.0.0 Safari/537.36; compatible; OAI-SearchBot/1.3; robots.txt; +https://openai.com/searchbot"
74.7.227.29 - - [17/Mar/2026:19:40:54 +0000] "GET /whsy.php?e=oom_score_adj&p=%2Fproc%2F17268 HTTP/2.0" 200 2007 "https://hibiscard.com.lab2454.com/whsy.php?p=%2Fproc%2F17268" "Mozilla/5.0 AppleWebKit/537.36 (KHTML, like Gecko; compatible; GPTBot/1.3; +https://openai.com/gptbot)"
74.7.227.52 - - [17/Mar/2026:19:40:54 +0000] "GET /whsy.php?e=sessionid&p=%2Fproc%2F27379 HTTP/2.0" 200 830 "https://www.hibiscard.com.lab2454.com/whsy.php?p=%2Fproc%2F27379" "Mozilla/5.0 AppleWebKit/537.36 (KHTML, like Gecko; compatible; GPTBot/1.3; +https://openai.com/gptbot)"
74.7.227.52 - - [17/Mar/2026:19:41:12 +0000] "GET /whsy.php?e=setgroups&p=%2Fproc%2F27379 HTTP/2.0" 200 830 "https://www.hibiscard.com.lab2454.com/whsy.php?p=%2Fproc%2F27379" "Mozilla/5.0 AppleWebKit/537.36 (KHTML, like Gecko; compatible; GPTBot/1.3; +https://openai.com/gptbot)"
74.7.227.52 - - [17/Mar/2026:19:41:25 +0000] "GET /whsy.php?e=cwd&p=%2Fproc%2F27379 HTTP/2.0" 200 830 "https://www.hibiscard.com.lab2454.com/whsy.php?p=%2Fproc%2F27379" "Mozilla/5.0 AppleWebKit/537.36 (KHTML, like Gecko; compatible; GPTBot/1.3; +https://openai.com/gptbot)"
74.7.227.52 - - [17/Mar/2026:19:41:39 +0000] "GET /whsy.php?e=mem&p=%2Fproc%2F27379 HTTP/2.0" 200 830 "https://www.hibiscard.com.lab2454.com/whsy.php?p=%2Fproc%2F27379" "Mozilla/5.0 AppleWebKit/537.36 (KHTML, like Gecko; compatible; GPTBot/1.3; +https://openai.com/gptbot)"
74.7.227.52 - - [17/Mar/2026:19:41:57 +0000] "GET /whsy.php?e=exe&p=%2Fproc%2F27379 HTTP/2.0" 200 830 "https://www.hibiscard.com.lab2454.com/whsy.php?p=%2Fproc%2F27379" "Mozilla/5.0 AppleWebKit/537.36 (KHTML, like Gecko; compatible; GPTBot/1.3; +https://openai.com/gptbot)"
74.7.227.52 - - [17/Mar/2026:19:42:14 +0000] "GET /whsy.php?e=root&p=%2Fproc%2F10456 HTTP/2.0" 200 1936 "https://www.hibiscard.com.lab2454.com/whsy.php?p=%2Fproc%2F10456" "Mozilla/5.0 AppleWebKit/537.36 (KHTML, like Gecko; compatible; GPTBot/1.3; +https://openai.com/gptbot)"
74.7.227.29 - - [17/Mar/2026:19:42:29 +0000] "GET /whsy.php?e=cmdline&p=%2Fproc%2F30467 HTTP/2.0" 200 2048 "https://hibiscard.com.lab2454.com/whsy.php?p=%2Fproc%2F30467" "Mozilla/5.0 AppleWebKit/537.36 (KHTML, like Gecko; compatible; GPTBot/1.3; +https://openai.com/gptbot)"
74.7.227.52 - - [17/Mar/2026:19:42:30 +0000] "GET /whsy.php?e=ksm_stat&p=%2Fproc%2F27379 HTTP/2.0" 200 830 "https://www.hibiscard.com.lab2454.com/whsy.php?p=%2Fproc%2F27379" "Mozilla/5.0 AppleWebKit/537.36 (KHTML, like Gecko; compatible; GPTBot/1.3; +https://openai.com/gptbot)"
74.7.244.51 - - [17/Mar/2026:19:42:31 +0000] "GET /robots.txt HTTP/2.0" 404 - "-" "Mozilla/5.0 (Macintosh; Intel Mac OS X 10_15_7) AppleWebKit/537.36 (KHTML, like Gecko) Chrome/131.0.0.0 Safari/537.36; compatible; OAI-SearchBot/1.3; robots.txt; +https://openai.com/searchbot"
74.7.227.29 - - [17/Mar/2026:19:42:48 +0000] "GET /whsy.php?e=timens_offsets&p=%2Fproc%2F17268 HTTP/2.0" 200 2022 "https://hibiscard.com.lab2454.com/whsy.php?p=%2Fproc%2F17268" "Mozilla/5.0 AppleWebKit/537.36 (KHTML, like Gecko; compatible; GPTBot/1.3; +https://openai.com/gptbot)"
74.7.227.52 - - [17/Mar/2026:19:42:50 +0000] "GET /whsy.php?e=oom_adj&p=%2Fproc%2F27379 HTTP/2.0" 200 830 "https://www.hibiscard.com.lab2454.com/whsy.php?p=%2Fproc%2F27379" "Mozilla/5.0 AppleWebKit/537.36 (KHTML, like Gecko; compatible; GPTBot/1.3; +https://openai.com/gptbot)"
74.7.227.29 - - [17/Mar/2026:19:43:08 +0000] "GET /whsy.php?e=cmdline&p=%2Fproc%2F17268 HTTP/2.0" 200 2026 "https://hibiscard.com.lab2454.com/whsy.php?p=%2Fproc%2F17268" "Mozilla/5.0 AppleWebKit/537.36 (KHTML, like Gecko; compatible; GPTBot/1.3; +https://openai.com/gptbot)"
74.7.227.52 - - [17/Mar/2026:19:43:09 +0000] "GET /whsy.php?e=oom_score_adj&p=%2Fproc%2F10456 HTTP/2.0" 200 2008 "https://www.hibiscard.com.lab2454.com/whsy.php?p=%2Fproc%2F10456" "Mozilla/5.0 AppleWebKit/537.36 (KHTML, like Gecko; compatible; GPTBot/1.3; +https://openai.com/gptbot)"
74.7.227.29 - - [17/Mar/2026:19:43:23 +0000] "GET /whsy.php?e=environ&p=%2Fproc%2F30467 HTTP/2.0" 200 1936 "https://hibiscard.com.lab2454.com/whsy.php?p=%2Fproc%2F30467" "Mozilla/5.0 AppleWebKit/537.36 (KHTML, like Gecko; compatible; GPTBot/1.3; +https://openai.com/gptbot)"
74.7.227.52 - - [17/Mar/2026:19:43:24 +0000] "GET /whsy.php?e=ksm_stat&p=%2Fproc%2F10456 HTTP/2.0" 200 1936 "https://www.hibiscard.com.lab2454.com/whsy.php?p=%2Fproc%2F10456" "Mozilla/5.0 AppleWebKit/537.36 (KHTML, like Gecko; compatible; GPTBot/1.3; +https://openai.com/gptbot)"
74.7.227.29 - - [17/Mar/2026:19:43:39 +0000] "GET /whsy.php?e=smaps_rollup&p=%2Fproc%2F30467 HTTP/2.0" 200 2120 "https://hibiscard.com.lab2454.com/whsy.php?p=%2Fproc%2F30467" "Mozilla/5.0 AppleWebKit/537.36 (KHTML, like Gecko; compatible; GPTBot/1.3; +https://openai.com/gptbot)"
74.7.227.52 - - [17/Mar/2026:19:43:39 +0000] "GET /whsy.php?e=cmdline&p=%2Fproc%2F27379 HTTP/2.0" 200 830 "https://www.hibiscard.com.lab2454.com/whsy.php?p=%2Fproc%2F27379" "Mozilla/5.0 AppleWebKit/537.36 (KHTML, like Gecko; compatible; GPTBot/1.3; +https://openai.com/gptbot)"
74.7.227.52 - - [17/Mar/2026:19:43:57 +0000] "GET /whsy.php?e=ksm_stat&p=%2Fproc%2F10690 HTTP/2.0" 200 830 "https://www.hibiscard.com.lab2454.com/whsy.php?p=%2Fproc%2F10690" "Mozilla/5.0 AppleWebKit/537.36 (KHTML, like Gecko; compatible; GPTBot/1.3; +https://openai.com/gptbot)"
74.7.227.52 - - [17/Mar/2026:19:44:17 +0000] "GET /whsy.php?e=ksm_stat&p=%2Fproc%2F17014 HTTP/2.0" 200 830 "https://www.hibiscard.com.lab2454.com/whsy.php?p=%2Fproc%2F17014" "Mozilla/5.0 AppleWebKit/537.36 (KHTML, like Gecko; compatible; GPTBot/1.3; +https://openai.com/gptbot)"
74.7.227.29 - - [17/Mar/2026:19:44:30 +0000] "GET /whsy.php?e=personality&p=%2Fproc%2F30467 HTTP/2.0" 200 1936 "https://hibiscard.com.lab2454.com/whsy.php?p=%2Fproc%2F30467" "Mozilla/5.0 AppleWebKit/537.36 (KHTML, like Gecko; compatible; GPTBot/1.3; +https://openai.com/gptbot)"
74.7.227.52 - - [17/Mar/2026:19:44:30 +0000] "GET /whsy.php?e=ksm_stat&p=%2Fproc%2F14800 HTTP/2.0" 200 830 "https://www.hibiscard.com.lab2454.com/whsy.php?p=%2Fproc%2F14800" "Mozilla/5.0 AppleWebKit/537.36 (KHTML, like Gecko; compatible; GPTBot/1.3; +https://openai.com/gptbot)"
74.7.227.29 - - [17/Mar/2026:19:44:45 +0000] "GET /whsy.php?e=cwd&p=%2Fproc%2F17268 HTTP/2.0" 200 1935 "https://hibiscard.com.lab2454.com/whsy.php?p=%2Fproc%2F17268" "Mozilla/5.0 AppleWebKit/537.36 (KHTML, like Gecko; compatible; GPTBot/1.3; +https://openai.com/gptbot)"
74.7.227.52 - - [17/Mar/2026:19:44:45 +0000] "GET /whsy.php?e=oom_score_adj&p=%2Fproc%2F27379 HTTP/2.0" 200 830 "https://www.hibiscard.com.lab2454.com/whsy.php?p=%2Fproc%2F27379" "Mozilla/5.0 AppleWebKit/537.36 (KHTML, like Gecko; compatible; GPTBot/1.3; +https://openai.com/gptbot)"
74.7.227.29 - - [17/Mar/2026:19:45:05 +0000] "GET /whsy.php?e=mem&p=%2Fproc%2F17268 HTTP/2.0" 200 1935 "https://hibiscard.com.lab2454.com/whsy.php?p=%2Fproc%2F17268" "Mozilla/5.0 AppleWebKit/537.36 (KHTML, like Gecko; compatible; GPTBot/1.3; +https://openai.com/gptbot)"
74.7.227.52 - - [17/Mar/2026:19:45:06 +0000] "GET /whsy.php?e=personality&p=%2Fproc%2F27379 HTTP/2.0" 200 830 "https://www.hibiscard.com.lab2454.com/whsy.php?p=%2Fproc%2F27379" "Mozilla/5.0 AppleWebKit/537.36 (KHTML, like Gecko; compatible; GPTBot/1.3; +https://openai.com/gptbot)"
74.7.227.29 - - [17/Mar/2026:19:45:23 +0000] "GET /whsy.php?e=personality&p=%2Fproc%2F17268 HTTP/2.0" 200 1935 "https://hibiscard.com.lab2454.com/whsy.php?p=%2Fproc%2F17268" "Mozilla/5.0 AppleWebKit/537.36 (KHTML, like Gecko; compatible; GPTBot/1.3; +https://openai.com/gptbot)"
74.7.227.52 - - [17/Mar/2026:19:45:23 +0000] "GET /whsy.php?e=oom_score_adj&p=%2Fproc%2F14800 HTTP/2.0" 200 830 "https://www.hibiscard.com.lab2454.com/whsy.php?p=%2Fproc%2F14800" "Mozilla/5.0 AppleWebKit/537.36 (KHTML, like Gecko; compatible; GPTBot/1.3; +https://openai.com/gptbot)"
74.7.227.29 - - [17/Mar/2026:19:45:39 +0000] "GET /whsy.php?e=clear_refs&p=%2Fproc%2F30467 HTTP/2.0" 200 1936 "https://hibiscard.com.lab2454.com/whsy.php?p=%2Fproc%2F30467" "Mozilla/5.0 AppleWebKit/537.36 (KHTML, like Gecko; compatible; GPTBot/1.3; +https://openai.com/gptbot)"
74.7.227.52 - - [17/Mar/2026:19:45:39 +0000] "GET /whsy.php?e=oom_score_adj&p=%2Fproc%2F17014 HTTP/2.0" 200 830 "https://www.hibiscard.com.lab2454.com/whsy.php?p=%2Fproc%2F17014" "Mozilla/5.0 AppleWebKit/537.36 (KHTML, like Gecko; compatible; GPTBot/1.3; +https://openai.com/gptbot)"
74.7.227.29 - - [17/Mar/2026:19:45:55 +0000] "GET /whsy.php?e=smaps&p=%2Fproc%2F17268 HTTP/2.0" 200 2120 "https://hibiscard.com.lab2454.com/whsy.php?p=%2Fproc%2F17268" "Mozilla/5.0 AppleWebKit/537.36 (KHTML, like Gecko; compatible; GPTBot/1.3; +https://openai.com/gptbot)"
74.7.228.29 - - [17/Mar/2026:19:45:56 +0000] "GET /robots.txt HTTP/2.0" 404 - "-" "Mozilla/5.0 (Macintosh; Intel Mac OS X 10_15_7) AppleWebKit/537.36 (KHTML, like Gecko) Chrome/131.0.0.0 Safari/537.36; compatible; OAI-SearchBot/1.3; robots.txt; +https://openai.com/searchbot"
74.7.227.52 - - [17/Mar/2026:19:45:56 +0000] "GET /whsy.php?e=oom_score_adj&p=%2Fproc%2F10690 HTTP/2.0" 200 830 "https://www.hibiscard.com.lab2454.com/whsy.php?p=%2Fproc%2F10690" "Mozilla/5.0 AppleWebKit/537.36 (KHTML, like Gecko; compatible; GPTBot/1.3; +https://openai.com/gptbot)"
74.7.227.52 - - [17/Mar/2026:19:46:15 +0000] "GET /whsy.php?e=root&p=%2Fproc%2F27379 HTTP/2.0" 200 830 "https://www.hibiscard.com.lab2454.com/whsy.php?p=%2Fproc%2F27379" "Mozilla/5.0 AppleWebKit/537.36 (KHTML, like Gecko; compatible; GPTBot/1.3; +https://openai.com/gptbot)"
74.7.227.29 - - [17/Mar/2026:19:46:26 +0000] "GET /whsy.php?e=sched&p=%2Fproc%2F17268 HTTP/2.0" 200 2464 "https://hibiscard.com.lab2454.com/whsy.php?p=%2Fproc%2F17268" "Mozilla/5.0 AppleWebKit/537.36 (KHTML, like Gecko; compatible; GPTBot/1.3; +https://openai.com/gptbot)"
74.7.227.52 - - [17/Mar/2026:19:46:26 +0000] "GET /whsy.php?e=comm&p=%2Fproc%2F27379 HTTP/2.0" 200 830 "https://www.hibiscard.com.lab2454.com/whsy.php?p=%2Fproc%2F27379" "Mozilla/5.0 AppleWebKit/537.36 (KHTML, like Gecko; compatible; GPTBot/1.3; +https://openai.com/gptbot)"
74.7.227.52 - - [17/Mar/2026:19:46:40 +0000] "GET /whsy.php?e=maps&p=%2Fproc%2F27379 HTTP/2.0" 200 830 "https://www.hibiscard.com.lab2454.com/whsy.php?p=%2Fproc%2F27379" "Mozilla/5.0 AppleWebKit/537.36 (KHTML, like Gecko; compatible; GPTBot/1.3; +https://openai.com/gptbot)"
74.7.227.29 - - [17/Mar/2026:19:46:56 +0000] "GET /whsy.php?e=syscall&p=%2Fproc%2F30467 HTTP/2.0" 200 1936 "https://hibiscard.com.lab2454.com/whsy.php?p=%2Fproc%2F30467" "Mozilla/5.0 AppleWebKit/537.36 (KHTML, like Gecko; compatible; GPTBot/1.3; +https://openai.com/gptbot)"
74.7.227.52 - - [17/Mar/2026:19:46:57 +0000] "GET /whsy.php?e=clear_refs&p=%2Fproc%2F14800 HTTP/2.0" 200 830 "https://www.hibiscard.com.lab2454.com/whsy.php?p=%2Fproc%2F14800" "Mozilla/5.0 AppleWebKit/537.36 (KHTML, like Gecko; compatible; GPTBot/1.3; +https://openai.com/gptbot)"
74.7.227.29 - - [17/Mar/2026:19:47:10 +0000] "GET /whsy.php?e=environ&p=%2Fproc%2F17268 HTTP/2.0" 200 1935 "https://hibiscard.com.lab2454.com/whsy.php?p=%2Fproc%2F17268" "Mozilla/5.0 AppleWebKit/537.36 (KHTML, like Gecko; compatible; GPTBot/1.3; +https://openai.com/gptbot)"
74.7.227.52 - - [17/Mar/2026:19:47:11 +0000] "GET /whsy.php?e=clear_refs&p=%2Fproc%2F17014 HTTP/2.0" 200 830 "https://www.hibiscard.com.lab2454.com/whsy.php?p=%2Fproc%2F17014" "Mozilla/5.0 AppleWebKit/537.36 (KHTML, like Gecko; compatible; GPTBot/1.3; +https://openai.com/gptbot)"
74.7.227.29 - - [17/Mar/2026:19:47:22 +0000] "GET /whsy.php?e=pagemap&p=%2Fproc%2F30467 HTTP/2.0" 200 1936 "https://hibiscard.com.lab2454.com/whsy.php?p=%2Fproc%2F30467" "Mozilla/5.0 AppleWebKit/537.36 (KHTML, like Gecko; compatible; GPTBot/1.3; +https://openai.com/gptbot)"
74.7.227.52 - - [17/Mar/2026:19:47:23 +0000] "GET /whsy.php?e=clear_refs&p=%2Fproc%2F10690 HTTP/2.0" 200 830 "https://www.hibiscard.com.lab2454.com/whsy.php?p=%2Fproc%2F10690" "Mozilla/5.0 AppleWebKit/537.36 (KHTML, like Gecko; compatible; GPTBot/1.3; +https://openai.com/gptbot)"
74.7.227.29 - - [17/Mar/2026:19:47:34 +0000] "GET /whsy.php?p=%2Fproc%2F12374 HTTP/2.0" 200 830 "https://hibiscard.com.lab2454.com/whsy.php?e=swaps&p=%2Fproc" "Mozilla/5.0 AppleWebKit/537.36 (KHTML, like Gecko; compatible; GPTBot/1.3; +https://openai.com/gptbot)"
74.7.227.52 - - [17/Mar/2026:19:47:35 +0000] "GET /whsy.php?e=comm&p=%2Fproc%2F10690 HTTP/2.0" 200 830 "https://www.hibiscard.com.lab2454.com/whsy.php?p=%2Fproc%2F10690" "Mozilla/5.0 AppleWebKit/537.36 (KHTML, like Gecko; compatible; GPTBot/1.3; +https://openai.com/gptbot)"
74.7.244.51 - - [17/Mar/2026:19:47:36 +0000] "GET /robots.txt HTTP/2.0" 404 - "-" "Mozilla/5.0 (Macintosh; Intel Mac OS X 10_15_7) AppleWebKit/537.36 (KHTML, like Gecko) Chrome/131.0.0.0 Safari/537.36; compatible; OAI-SearchBot/1.3; robots.txt; +https://openai.com/searchbot"
74.7.227.29 - - [17/Mar/2026:19:47:50 +0000] "GET /whsy.php?p=%2Fproc%2F14967 HTTP/2.0" 200 830 "https://hibiscard.com.lab2454.com/whsy.php?e=swaps&p=%2Fproc" "Mozilla/5.0 AppleWebKit/537.36 (KHTML, like Gecko; compatible; GPTBot/1.3; +https://openai.com/gptbot)"
74.7.227.52 - - [17/Mar/2026:19:47:51 +0000] "GET /whsy.php?e=comm&p=%2Fproc%2F17014 HTTP/2.0" 200 830 "https://www.hibiscard.com.lab2454.com/whsy.php?p=%2Fproc%2F17014" "Mozilla/5.0 AppleWebKit/537.36 (KHTML, like Gecko; compatible; GPTBot/1.3; +https://openai.com/gptbot)"
74.7.227.52 - - [17/Mar/2026:19:48:13 +0000] "GET /whsy.php?e=maps&p=%2Fproc%2F17014 HTTP/2.0" 200 830 "https://www.hibiscard.com.lab2454.com/whsy.php?p=%2Fproc%2F17014" "Mozilla/5.0 AppleWebKit/537.36 (KHTML, like Gecko; compatible; GPTBot/1.3; +https://openai.com/gptbot)"
74.7.227.29 - - [17/Mar/2026:19:48:28 +0000] "GET /whsy.php?p=%2Fproc%2F17187 HTTP/2.0" 200 1936 "https://hibiscard.com.lab2454.com/whsy.php?e=swaps&p=%2Fproc" "Mozilla/5.0 AppleWebKit/537.36 (KHTML, like Gecko; compatible; GPTBot/1.3; +https://openai.com/gptbot)"
74.7.227.52 - - [17/Mar/2026:19:48:28 +0000] "GET /whsy.php?e=maps&p=%2Fproc%2F10690 HTTP/2.0" 200 830 "https://www.hibiscard.com.lab2454.com/whsy.php?p=%2Fproc%2F10690" "Mozilla/5.0 AppleWebKit/537.36 (KHTML, like Gecko; compatible; GPTBot/1.3; +https://openai.com/gptbot)"
74.7.227.52 - - [17/Mar/2026:19:48:46 +0000] "GET /whsy.php?e=comm&p=%2Fproc%2F14800 HTTP/2.0" 200 830 "https://www.hibiscard.com.lab2454.com/whsy.php?p=%2Fproc%2F14800" "Mozilla/5.0 AppleWebKit/537.36 (KHTML, like Gecko; compatible; GPTBot/1.3; +https://openai.com/gptbot)"
74.7.227.29 - - [17/Mar/2026:19:49:06 +0000] "GET /whsy.php?p=%2Fproc%2F17197 HTTP/2.0" 200 1936 "https://hibiscard.com.lab2454.com/whsy.php?e=swaps&p=%2Fproc" "Mozilla/5.0 AppleWebKit/537.36 (KHTML, like Gecko; compatible; GPTBot/1.3; +https://openai.com/gptbot)"
74.7.227.52 - - [17/Mar/2026:19:49:07 +0000] "GET /whsy.php?e=maps&p=%2Fproc%2F14800 HTTP/2.0" 200 830 "https://www.hibiscard.com.lab2454.com/whsy.php?p=%2Fproc%2F14800" "Mozilla/5.0 AppleWebKit/537.36 (KHTML, like Gecko; compatible; GPTBot/1.3; +https://openai.com/gptbot)"
74.7.227.29 - - [17/Mar/2026:19:49:24 +0000] "GET /whsy.php?p=%2Fproc%2F10590 HTTP/2.0" 200 1936 "https://hibiscard.com.lab2454.com/whsy.php?e=swaps&p=%2Fproc" "Mozilla/5.0 AppleWebKit/537.36 (KHTML, like Gecko; compatible; GPTBot/1.3; +https://openai.com/gptbot)"
74.7.227.52 - - [17/Mar/2026:19:49:25 +0000] "GET /whsy.php?e=cgroup&p=%2Fproc%2F27379 HTTP/2.0" 200 830 "https://www.hibiscard.com.lab2454.com/whsy.php?p=%2Fproc%2F27379" "Mozilla/5.0 AppleWebKit/537.36 (KHTML, like Gecko; compatible; GPTBot/1.3; +https://openai.com/gptbot)"
74.7.227.29 - - [17/Mar/2026:19:49:41 +0000] "GET /whsy.php?p=%2Fproc%2F23535 HTTP/2.0" 200 830 "https://hibiscard.com.lab2454.com/whsy.php?e=swaps&p=%2Fproc" "Mozilla/5.0 AppleWebKit/537.36 (KHTML, like Gecko; compatible; GPTBot/1.3; +https://openai.com/gptbot)"
74.7.227.52 - - [17/Mar/2026:19:49:42 +0000] "GET /whsy.php?e=cpuset&p=%2Fproc%2F27379 HTTP/2.0" 200 830 "https://www.hibiscard.com.lab2454.com/whsy.php?p=%2Fproc%2F27379" "Mozilla/5.0 AppleWebKit/537.36 (KHTML, like Gecko; compatible; GPTBot/1.3; +https://openai.com/gptbot)"
74.7.227.52 - - [17/Mar/2026:19:50:00 +0000] "GET /whsy.php?e=cmdline&p=%2Fproc%2F10456 HTTP/2.0" 200 2002 "https://www.hibiscard.com.lab2454.com/whsy.php?p=%2Fproc%2F10456" "Mozilla/5.0 AppleWebKit/537.36 (KHTML, like Gecko; compatible; GPTBot/1.3; +https://openai.com/gptbot)"
74.7.227.52 - - [17/Mar/2026:19:50:18 +0000] "GET /whsy.php?e=cmdline&p=%2Fproc%2F10690 HTTP/2.0" 200 830 "https://www.hibiscard.com.lab2454.com/whsy.php?p=%2Fproc%2F10690" "Mozilla/5.0 AppleWebKit/537.36 (KHTML, like Gecko; compatible; GPTBot/1.3; +https://openai.com/gptbot)"
74.7.227.29 - - [17/Mar/2026:19:50:40 +0000] "GET /whsy.php?p=%2Fproc%2F14979 HTTP/2.0" 200 830 "https://hibiscard.com.lab2454.com/whsy.php?e=swaps&p=%2Fproc" "Mozilla/5.0 AppleWebKit/537.36 (KHTML, like Gecko; compatible; GPTBot/1.3; +https://openai.com/gptbot)"
74.7.227.52 - - [17/Mar/2026:19:50:41 +0000] "GET /whsy.php?e=cmdline&p=%2Fproc%2F17014 HTTP/2.0" 200 830 "https://www.hibiscard.com.lab2454.com/whsy.php?p=%2Fproc%2F17014" "Mozilla/5.0 AppleWebKit/537.36 (KHTML, like Gecko; compatible; GPTBot/1.3; +https://openai.com/gptbot)"
74.7.227.29 - - [17/Mar/2026:19:50:55 +0000] "GET /whsy.php?p=%2Fproc%2F24151 HTTP/2.0" 200 830 "https://hibiscard.com.lab2454.com/whsy.php?e=swaps&p=%2Fproc" "Mozilla/5.0 AppleWebKit/537.36 (KHTML, like Gecko; compatible; GPTBot/1.3; +https://openai.com/gptbot)"
74.7.227.52 - - [17/Mar/2026:19:50:56 +0000] "GET /whsy.php?e=cmdline&p=%2Fproc%2F14800 HTTP/2.0" 200 830 "https://www.hibiscard.com.lab2454.com/whsy.php?p=%2Fproc%2F14800" "Mozilla/5.0 AppleWebKit/537.36 (KHTML, like Gecko; compatible; GPTBot/1.3; +https://openai.com/gptbot)"
74.7.227.52 - - [17/Mar/2026:19:51:19 +0000] "GET /whsy.php?e=smaps_rollup&p=%2Fproc%2F14800 HTTP/2.0" 200 830 "https://www.hibiscard.com.lab2454.com/whsy.php?p=%2Fproc%2F14800" "Mozilla/5.0 AppleWebKit/537.36 (KHTML, like Gecko; compatible; GPTBot/1.3; +https://openai.com/gptbot)"
74.7.227.52 - - [17/Mar/2026:19:51:36 +0000] "GET /whsy.php?e=smaps_rollup&p=%2Fproc%2F17014 HTTP/2.0" 200 830 "https://www.hibiscard.com.lab2454.com/whsy.php?p=%2Fproc%2F17014" "Mozilla/5.0 AppleWebKit/537.36 (KHTML, like Gecko; compatible; GPTBot/1.3; +https://openai.com/gptbot)"
74.7.227.29 - - [17/Mar/2026:19:51:54 +0000] "GET /whsy.php?e=statm&p=%2Fproc%2F17187 HTTP/2.0" 200 2031 "https://hibiscard.com.lab2454.com/whsy.php?p=%2Fproc%2F17187" "Mozilla/5.0 AppleWebKit/537.36 (KHTML, like Gecko; compatible; GPTBot/1.3; +https://openai.com/gptbot)"
74.7.227.52 - - [17/Mar/2026:19:51:55 +0000] "GET /whsy.php?e=smaps_rollup&p=%2Fproc%2F10690 HTTP/2.0" 200 830 "https://www.hibiscard.com.lab2454.com/whsy.php?p=%2Fproc%2F10690" "Mozilla/5.0 AppleWebKit/537.36 (KHTML, like Gecko; compatible; GPTBot/1.3; +https://openai.com/gptbot)"
74.7.227.29 - - [17/Mar/2026:19:52:14 +0000] "GET /whsy.php?e=stack&p=%2Fproc%2F17187 HTTP/2.0" 200 1936 "https://hibiscard.com.lab2454.com/whsy.php?p=%2Fproc%2F17187" "Mozilla/5.0 AppleWebKit/537.36 (KHTML, like Gecko; compatible; GPTBot/1.3; +https://openai.com/gptbot)"
74.7.227.52 - - [17/Mar/2026:19:52:14 +0000] "GET /whsy.php?e=timens_offsets&p=%2Fproc%2F14800 HTTP/2.0" 200 830 "https://www.hibiscard.com.lab2454.com/whsy.php?p=%2Fproc%2F14800" "Mozilla/5.0 AppleWebKit/537.36 (KHTML, like Gecko; compatible; GPTBot/1.3; +https://openai.com/gptbot)"
74.7.227.29 - - [17/Mar/2026:19:52:30 +0000] "GET /whsy.php?e=stack&p=%2Fproc%2F17197 HTTP/2.0" 200 1936 "https://hibiscard.com.lab2454.com/whsy.php?p=%2Fproc%2F17197" "Mozilla/5.0 AppleWebKit/537.36 (KHTML, like Gecko; compatible; GPTBot/1.3; +https://openai.com/gptbot)"
74.7.227.52 - - [17/Mar/2026:19:52:31 +0000] "GET /whsy.php?e=timens_offsets&p=%2Fproc%2F17014 HTTP/2.0" 200 830 "https://www.hibiscard.com.lab2454.com/whsy.php?p=%2Fproc%2F17014" "Mozilla/5.0 AppleWebKit/537.36 (KHTML, like Gecko; compatible; GPTBot/1.3; +https://openai.com/gptbot)"
74.7.227.29 - - [17/Mar/2026:19:52:46 +0000] "GET /whsy.php?e=statm&p=%2Fproc%2F17197 HTTP/2.0" 200 2031 "https://hibiscard.com.lab2454.com/whsy.php?p=%2Fproc%2F17197" "Mozilla/5.0 AppleWebKit/537.36 (KHTML, like Gecko; compatible; GPTBot/1.3; +https://openai.com/gptbot)"
74.7.227.52 - - [17/Mar/2026:19:52:47 +0000] "GET /whsy.php?e=timens_offsets&p=%2Fproc%2F10690 HTTP/2.0" 200 830 "https://www.hibiscard.com.lab2454.com/whsy.php?p=%2Fproc%2F10690" "Mozilla/5.0 AppleWebKit/537.36 (KHTML, like Gecko; compatible; GPTBot/1.3; +https://openai.com/gptbot)"
74.7.227.29 - - [17/Mar/2026:19:53:02 +0000] "GET /whsy.php?e=mountinfo&p=%2Fproc%2F10590 HTTP/2.0" 200 2949 "https://hibiscard.com.lab2454.com/whsy.php?p=%2Fproc%2F10590" "Mozilla/5.0 AppleWebKit/537.36 (KHTML, like Gecko; compatible; GPTBot/1.3; +https://openai.com/gptbot)"
74.7.227.52 - - [17/Mar/2026:19:53:02 +0000] "GET /whsy.php?e=environ&p=%2Fproc%2F10456 HTTP/2.0" 200 1936 "https://www.hibiscard.com.lab2454.com/whsy.php?p=%2Fproc%2F10456" "Mozilla/5.0 AppleWebKit/537.36 (KHTML, like Gecko; compatible; GPTBot/1.3; +https://openai.com/gptbot)"
74.7.227.29 - - [17/Mar/2026:19:53:21 +0000] "GET /whsy.php?e=timerslack_ns&p=%2Fproc%2F10590 HTTP/2.0" 200 2008 "https://hibiscard.com.lab2454.com/whsy.php?p=%2Fproc%2F10590" "Mozilla/5.0 AppleWebKit/537.36 (KHTML, like Gecko; compatible; GPTBot/1.3; +https://openai.com/gptbot)"
74.7.227.52 - - [17/Mar/2026:19:53:21 +0000] "GET /whsy.php?e=smaps_rollup&p=%2Fproc%2F10456 HTTP/2.0" 200 2008 "https://www.hibiscard.com.lab2454.com/whsy.php?p=%2Fproc%2F10456" "Mozilla/5.0 AppleWebKit/537.36 (KHTML, like Gecko; compatible; GPTBot/1.3; +https://openai.com/gptbot)"
74.7.227.29 - - [17/Mar/2026:19:53:36 +0000] "GET /whsy.php?e=mountinfo&p=%2Fproc%2F17197 HTTP/2.0" 200 2950 "https://hibiscard.com.lab2454.com/whsy.php?p=%2Fproc%2F17197" "Mozilla/5.0 AppleWebKit/537.36 (KHTML, like Gecko; compatible; GPTBot/1.3; +https://openai.com/gptbot)"
74.7.227.52 - - [17/Mar/2026:19:53:36 +0000] "GET /whsy.php?e=timens_offsets&p=%2Fproc%2F27379 HTTP/2.0" 200 830 "https://www.hibiscard.com.lab2454.com/whsy.php?p=%2Fproc%2F27379" "Mozilla/5.0 AppleWebKit/537.36 (KHTML, like Gecko; compatible; GPTBot/1.3; +https://openai.com/gptbot)"
74.7.227.29 - - [17/Mar/2026:19:53:52 +0000] "GET /whsy.php?e=mountinfo&p=%2Fproc%2F17187 HTTP/2.0" 200 2951 "https://hibiscard.com.lab2454.com/whsy.php?p=%2Fproc%2F17187" "Mozilla/5.0 AppleWebKit/537.36 (KHTML, like Gecko; compatible; GPTBot/1.3; +https://openai.com/gptbot)"
74.7.227.52 - - [17/Mar/2026:19:53:52 +0000] "GET /whsy.php?e=io&p=%2Fproc%2F27379 HTTP/2.0" 200 830 "https://www.hibiscard.com.lab2454.com/whsy.php?p=%2Fproc%2F27379" "Mozilla/5.0 AppleWebKit/537.36 (KHTML, like Gecko; compatible; GPTBot/1.3; +https://openai.com/gptbot)"
74.7.227.29 - - [17/Mar/2026:19:54:08 +0000] "GET /whsy.php?e=stack&p=%2Fproc%2F10590 HTTP/2.0" 200 1936 "https://hibiscard.com.lab2454.com/whsy.php?p=%2Fproc%2F10590" "Mozilla/5.0 AppleWebKit/537.36 (KHTML, like Gecko; compatible; GPTBot/1.3; +https://openai.com/gptbot)"
74.7.227.52 - - [17/Mar/2026:19:54:09 +0000] "GET /whsy.php?e=personality&p=%2Fproc%2F10456 HTTP/2.0" 200 1936 "https://www.hibiscard.com.lab2454.com/whsy.php?p=%2Fproc%2F10456" "Mozilla/5.0 AppleWebKit/537.36 (KHTML, like Gecko; compatible; GPTBot/1.3; +https://openai.com/gptbot)"
74.7.227.29 - - [17/Mar/2026:19:54:21 +0000] "GET /whsy.php?e=statm&p=%2Fproc%2F10590 HTTP/2.0" 200 2029 "https://hibiscard.com.lab2454.com/whsy.php?p=%2Fproc%2F10590" "Mozilla/5.0 AppleWebKit/537.36 (KHTML, like Gecko; compatible; GPTBot/1.3; +https://openai.com/gptbot)"
74.7.227.52 - - [17/Mar/2026:19:54:27 +0000] "GET /whsy.php?e=mem&p=%2Fproc%2F17014 HTTP/2.0" 200 830 "https://www.hibiscard.com.lab2454.com/whsy.php?p=%2Fproc%2F17014" "Mozilla/5.0 AppleWebKit/537.36 (KHTML, like Gecko; compatible; GPTBot/1.3; +https://openai.com/gptbot)"
74.7.227.52 - - [17/Mar/2026:19:54:38 +0000] "GET /whsy.php?e=exe&p=%2Fproc%2F14800 HTTP/2.0" 200 830 "https://www.hibiscard.com.lab2454.com/whsy.php?p=%2Fproc%2F14800" "Mozilla/5.0 AppleWebKit/537.36 (KHTML, like Gecko; compatible; GPTBot/1.3; +https://openai.com/gptbot)"
74.7.227.52 - - [17/Mar/2026:19:54:52 +0000] "GET /whsy.php?e=mem&p=%2Fproc%2F14800 HTTP/2.0" 200 830 "https://www.hibiscard.com.lab2454.com/whsy.php?p=%2Fproc%2F14800" "Mozilla/5.0 AppleWebKit/537.36 (KHTML, like Gecko; compatible; GPTBot/1.3; +https://openai.com/gptbot)"
74.7.227.52 - - [17/Mar/2026:19:55:08 +0000] "GET /whsy.php?e=cwd&p=%2Fproc%2F17014 HTTP/2.0" 200 830 "https://www.hibiscard.com.lab2454.com/whsy.php?p=%2Fproc%2F17014" "Mozilla/5.0 AppleWebKit/537.36 (KHTML, like Gecko; compatible; GPTBot/1.3; +https://openai.com/gptbot)"
74.7.227.52 - - [17/Mar/2026:19:55:26 +0000] "GET /whsy.php?e=exe&p=%2Fproc%2F10690 HTTP/2.0" 200 830 "https://www.hibiscard.com.lab2454.com/whsy.php?p=%2Fproc%2F10690" "Mozilla/5.0 AppleWebKit/537.36 (KHTML, like Gecko; compatible; GPTBot/1.3; +https://openai.com/gptbot)"
74.7.227.29 - - [17/Mar/2026:19:55:37 +0000] "GET /whsy.php?e=auxv&p=%2Fproc%2F10590 HTTP/2.0" 200 1936 "https://hibiscard.com.lab2454.com/whsy.php?p=%2Fproc%2F10590" "Mozilla/5.0 AppleWebKit/537.36 (KHTML, like Gecko; compatible; GPTBot/1.3; +https://openai.com/gptbot)"
74.7.227.52 - - [17/Mar/2026:19:55:45 +0000] "GET /whsy.php?e=mem&p=%2Fproc%2F10690 HTTP/2.0" 200 830 "https://www.hibiscard.com.lab2454.com/whsy.php?p=%2Fproc%2F10690" "Mozilla/5.0 AppleWebKit/537.36 (KHTML, like Gecko; compatible; GPTBot/1.3; +https://openai.com/gptbot)"
74.7.227.29 - - [17/Mar/2026:19:55:51 +0000] "GET /whsy.php?e=wchan&p=%2Fproc%2F10590 HTTP/2.0" 200 2004 "https://hibiscard.com.lab2454.com/whsy.php?p=%2Fproc%2F10590" "Mozilla/5.0 AppleWebKit/537.36 (KHTML, like Gecko; compatible; GPTBot/1.3; +https://openai.com/gptbot)"
74.7.227.52 - - [17/Mar/2026:19:56:03 +0000] "GET /whsy.php?e=cwd&p=%2Fproc%2F14800 HTTP/2.0" 200 830 "https://www.hibiscard.com.lab2454.com/whsy.php?p=%2Fproc%2F14800" "Mozilla/5.0 AppleWebKit/537.36 (KHTML, like Gecko; compatible; GPTBot/1.3; +https://openai.com/gptbot)"
74.7.227.29 - - [17/Mar/2026:19:56:16 +0000] "GET /whsy.php?e=timerslack_ns&p=%2Fproc%2F17197 HTTP/2.0" 200 2008 "https://hibiscard.com.lab2454.com/whsy.php?p=%2Fproc%2F17197" "Mozilla/5.0 AppleWebKit/537.36 (KHTML, like Gecko; compatible; GPTBot/1.3; +https://openai.com/gptbot)"
74.7.227.52 - - [17/Mar/2026:19:56:26 +0000] "GET /whsy.php?e=exe&p=%2Fproc%2F17014 HTTP/2.0" 200 830 "https://www.hibiscard.com.lab2454.com/whsy.php?p=%2Fproc%2F17014" "Mozilla/5.0 AppleWebKit/537.36 (KHTML, like Gecko; compatible; GPTBot/1.3; +https://openai.com/gptbot)"
74.7.227.29 - - [17/Mar/2026:19:56:35 +0000] "GET /whsy.php?e=timerslack_ns&p=%2Fproc%2F17187 HTTP/2.0" 200 2008 "https://hibiscard.com.lab2454.com/whsy.php?p=%2Fproc%2F17187" "Mozilla/5.0 AppleWebKit/537.36 (KHTML, like Gecko; compatible; GPTBot/1.3; +https://openai.com/gptbot)"
74.7.227.52 - - [17/Mar/2026:19:56:41 +0000] "GET /whsy.php?e=cwd&p=%2Fproc%2F10690 HTTP/2.0" 200 830 "https://www.hibiscard.com.lab2454.com/whsy.php?p=%2Fproc%2F10690" "Mozilla/5.0 AppleWebKit/537.36 (KHTML, like Gecko; compatible; GPTBot/1.3; +https://openai.com/gptbot)"
74.7.227.52 - - [17/Mar/2026:19:57:02 +0000] "GET /whsy.php?e=personality&p=%2Fproc%2F14800 HTTP/2.0" 200 830 "https://www.hibiscard.com.lab2454.com/whsy.php?p=%2Fproc%2F14800" "Mozilla/5.0 AppleWebKit/537.36 (KHTML, like Gecko; compatible; GPTBot/1.3; +https://openai.com/gptbot)"
74.7.227.29 - - [17/Mar/2026:19:57:11 +0000] "GET /whsy.php?e=schedstat&p=%2Fproc%2F10590 HTTP/2.0" 200 2025 "https://hibiscard.com.lab2454.com/whsy.php?p=%2Fproc%2F10590" "Mozilla/5.0 AppleWebKit/537.36 (KHTML, like Gecko; compatible; GPTBot/1.3; +https://openai.com/gptbot)"
74.7.227.52 - - [17/Mar/2026:19:57:19 +0000] "GET /whsy.php?e=personality&p=%2Fproc%2F17014 HTTP/2.0" 200 830 "https://www.hibiscard.com.lab2454.com/whsy.php?p=%2Fproc%2F17014" "Mozilla/5.0 AppleWebKit/537.36 (KHTML, like Gecko; compatible; GPTBot/1.3; +https://openai.com/gptbot)"
74.7.227.29 - - [17/Mar/2026:19:57:27 +0000] "GET /whsy.php?e=setgroups&p=%2Fproc%2F10590 HTTP/2.0" 200 2006 "https://hibiscard.com.lab2454.com/whsy.php?p=%2Fproc%2F10590" "Mozilla/5.0 AppleWebKit/537.36 (KHTML, like Gecko; compatible; GPTBot/1.3; +https://openai.com/gptbot)"
74.7.227.52 - - [17/Mar/2026:19:57:34 +0000] "GET /whsy.php?e=personality&p=%2Fproc%2F10690 HTTP/2.0" 200 830 "https://www.hibiscard.com.lab2454.com/whsy.php?p=%2Fproc%2F10690" "Mozilla/5.0 AppleWebKit/537.36 (KHTML, like Gecko; compatible; GPTBot/1.3; +https://openai.com/gptbot)"
74.7.227.29 - - [17/Mar/2026:19:57:40 +0000] "GET /whsy.php?e=autogroup&p=%2Fproc%2F17187 HTTP/2.0" 200 2022 "https://hibiscard.com.lab2454.com/whsy.php?p=%2Fproc%2F17187" "Mozilla/5.0 AppleWebKit/537.36 (KHTML, like Gecko; compatible; GPTBot/1.3; +https://openai.com/gptbot)"
74.7.227.52 - - [17/Mar/2026:19:57:47 +0000] "GET /whsy.php?e=clear_refs&p=%2Fproc%2F10456 HTTP/2.0" 200 1936 "https://www.hibiscard.com.lab2454.com/whsy.php?p=%2Fproc%2F10456" "Mozilla/5.0 AppleWebKit/537.36 (KHTML, like Gecko; compatible; GPTBot/1.3; +https://openai.com/gptbot)"
74.7.244.51 - - [17/Mar/2026:19:57:48 +0000] "GET /robots.txt HTTP/2.0" 404 - "-" "Mozilla/5.0 (Macintosh; Intel Mac OS X 10_15_7) AppleWebKit/537.36 (KHTML, like Gecko) Chrome/131.0.0.0 Safari/537.36; compatible; OAI-SearchBot/1.3; robots.txt; +https://openai.com/searchbot"
74.7.227.29 - - [17/Mar/2026:19:57:52 +0000] "GET /whsy.php?e=autogroup&p=%2Fproc%2F17197 HTTP/2.0" 200 2022 "https://hibiscard.com.lab2454.com/whsy.php?p=%2Fproc%2F17197" "Mozilla/5.0 AppleWebKit/537.36 (KHTML, like Gecko; compatible; GPTBot/1.3; +https://openai.com/gptbot)"
74.7.227.52 - - [17/Mar/2026:19:58:04 +0000] "GET /whsy.php?e=wchan&p=%2Fproc%2F27379 HTTP/2.0" 200 830 "https://www.hibiscard.com.lab2454.com/whsy.php?p=%2Fproc%2F27379" "Mozilla/5.0 AppleWebKit/537.36 (KHTML, like Gecko; compatible; GPTBot/1.3; +https://openai.com/gptbot)"
74.7.227.29 - - [17/Mar/2026:19:58:24 +0000] "GET /whsy.php?e=sessionid&p=%2Fproc%2F10590 HTTP/2.0" 200 2016 "https://hibiscard.com.lab2454.com/whsy.php?p=%2Fproc%2F10590" "Mozilla/5.0 AppleWebKit/537.36 (KHTML, like Gecko; compatible; GPTBot/1.3; +https://openai.com/gptbot)"
74.7.227.52 - - [17/Mar/2026:19:58:33 +0000] "GET /whsy.php?e=sched&p=%2Fproc%2F14800 HTTP/2.0" 200 830 "https://www.hibiscard.com.lab2454.com/whsy.php?p=%2Fproc%2F14800" "Mozilla/5.0 AppleWebKit/537.36 (KHTML, like Gecko; compatible; GPTBot/1.3; +https://openai.com/gptbot)"
74.7.227.29 - - [17/Mar/2026:19:58:40 +0000] "GET /whsy.php?e=autogroup&p=%2Fproc%2F10590 HTTP/2.0" 200 2020 "https://hibiscard.com.lab2454.com/whsy.php?p=%2Fproc%2F10590" "Mozilla/5.0 AppleWebKit/537.36 (KHTML, like Gecko; compatible; GPTBot/1.3; +https://openai.com/gptbot)"
74.7.227.52 - - [17/Mar/2026:19:58:47 +0000] "GET /whsy.php?e=sched&p=%2Fproc%2F10690 HTTP/2.0" 200 830 "https://www.hibiscard.com.lab2454.com/whsy.php?p=%2Fproc%2F10690" "Mozilla/5.0 AppleWebKit/537.36 (KHTML, like Gecko; compatible; GPTBot/1.3; +https://openai.com/gptbot)"
74.7.227.52 - - [17/Mar/2026:19:59:08 +0000] "GET /whsy.php?e=sched&p=%2Fproc%2F17014 HTTP/2.0" 200 830 "https://www.hibiscard.com.lab2454.com/whsy.php?p=%2Fproc%2F17014" "Mozilla/5.0 AppleWebKit/537.36 (KHTML, like Gecko; compatible; GPTBot/1.3; +https://openai.com/gptbot)"
74.7.227.29 - - [17/Mar/2026:19:59:15 +0000] "GET /whsy.php?e=oom_adj&p=%2Fproc%2F17197 HTTP/2.0" 200 2006 "https://hibiscard.com.lab2454.com/whsy.php?p=%2Fproc%2F17197" "Mozilla/5.0 AppleWebKit/537.36 (KHTML, like Gecko; compatible; GPTBot/1.3; +https://openai.com/gptbot)"
74.7.227.52 - - [17/Mar/2026:19:59:28 +0000] "GET /whsy.php?e=syscall&p=%2Fproc%2F14800 HTTP/2.0" 200 830 "https://www.hibiscard.com.lab2454.com/whsy.php?p=%2Fproc%2F14800" "Mozilla/5.0 AppleWebKit/537.36 (KHTML, like Gecko; compatible; GPTBot/1.3; +https://openai.com/gptbot)"
74.7.227.29 - - [17/Mar/2026:19:59:34 +0000] "GET /whsy.php?e=oom_adj&p=%2Fproc%2F17187 HTTP/2.0" 200 2006 "https://hibiscard.com.lab2454.com/whsy.php?p=%2Fproc%2F17187" "Mozilla/5.0 AppleWebKit/537.36 (KHTML, like Gecko; compatible; GPTBot/1.3; +https://openai.com/gptbot)"
74.7.227.52 - - [17/Mar/2026:19:59:44 +0000] "GET /whsy.php?e=environ&p=%2Fproc%2F27379 HTTP/2.0" 200 830 "https://www.hibiscard.com.lab2454.com/whsy.php?p=%2Fproc%2F27379" "Mozilla/5.0 AppleWebKit/537.36 (KHTML, like Gecko; compatible; GPTBot/1.3; +https://openai.com/gptbot)"
74.7.227.52 - - [17/Mar/2026:19:59:56 +0000] "GET /whsy.php?e=syscall&p=%2Fproc%2F17014 HTTP/2.0" 200 830 "https://www.hibiscard.com.lab2454.com/whsy.php?p=%2Fproc%2F17014" "Mozilla/5.0 AppleWebKit/537.36 (KHTML, like Gecko; compatible; GPTBot/1.3; +https://openai.com/gptbot)"
74.7.227.29 - - [17/Mar/2026:20:00:03 +0000] "GET /whsy.php?e=stat&p=%2Fproc%2F10590 HTTP/2.0" 200 2126 "https://hibiscard.com.lab2454.com/whsy.php?p=%2Fproc%2F10590" "Mozilla/5.0 AppleWebKit/537.36 (KHTML, like Gecko; compatible; GPTBot/1.3; +https://openai.com/gptbot)"
74.7.227.52 - - [17/Mar/2026:20:00:11 +0000] "GET /whsy.php?e=syscall&p=%2Fproc%2F10690 HTTP/2.0" 200 830 "https://www.hibiscard.com.lab2454.com/whsy.php?p=%2Fproc%2F10690" "Mozilla/5.0 AppleWebKit/537.36 (KHTML, like Gecko; compatible; GPTBot/1.3; +https://openai.com/gptbot)"
74.7.227.29 - - [17/Mar/2026:20:00:19 +0000] "GET /whsy.php?e=setgroups&p=%2Fproc%2F17197 HTTP/2.0" 200 2007 "https://hibiscard.com.lab2454.com/whsy.php?p=%2Fproc%2F17197" "Mozilla/5.0 AppleWebKit/537.36 (KHTML, like Gecko; compatible; GPTBot/1.3; +https://openai.com/gptbot)"
74.7.227.52 - - [17/Mar/2026:20:00:29 +0000] "GET /whsy.php?e=environ&p=%2Fproc%2F17014 HTTP/2.0" 200 830 "https://www.hibiscard.com.lab2454.com/whsy.php?p=%2Fproc%2F17014" "Mozilla/5.0 AppleWebKit/537.36 (KHTML, like Gecko; compatible; GPTBot/1.3; +https://openai.com/gptbot)"
74.7.227.52 - - [17/Mar/2026:20:00:47 +0000] "GET /whsy.php?e=environ&p=%2Fproc%2F14800 HTTP/2.0" 200 830 "https://www.hibiscard.com.lab2454.com/whsy.php?p=%2Fproc%2F14800" "Mozilla/5.0 AppleWebKit/537.36 (KHTML, like Gecko; compatible; GPTBot/1.3; +https://openai.com/gptbot)"
74.7.227.29 - - [17/Mar/2026:20:00:52 +0000] "GET /whsy.php?e=sessionid&p=%2Fproc%2F17197 HTTP/2.0" 200 2016 "https://hibiscard.com.lab2454.com/whsy.php?p=%2Fproc%2F17197" "Mozilla/5.0 AppleWebKit/537.36 (KHTML, like Gecko; compatible; GPTBot/1.3; +https://openai.com/gptbot)"
