74.7.227.29 - - [17/Mar/2026:23:31:20 +0000] "GET /whsy.php?e=loginuid&p=%2Fproc%2F17297 HTTP/2.0" 200 2012 "https://hibiscard.com.lab2454.com/whsy.php?p=%2Fproc%2F17297" "Mozilla/5.0 AppleWebKit/537.36 (KHTML, like Gecko; compatible; GPTBot/1.3; +https://openai.com/gptbot)"
74.7.227.52 - - [17/Mar/2026:23:31:21 +0000] "GET /whsy.php?e=mountinfo&p=%2Fproc%2F19390 HTTP/2.0" 200 2949 "https://www.hibiscard.com.lab2454.com/whsy.php?p=%2Fproc%2F19390" "Mozilla/5.0 AppleWebKit/537.36 (KHTML, like Gecko; compatible; GPTBot/1.3; +https://openai.com/gptbot)"
74.7.227.52 - - [17/Mar/2026:23:31:33 +0000] "GET /whsy.php?e=timerslack_ns&p=%2Fproc%2F19390 HTTP/2.0" 200 2008 "https://www.hibiscard.com.lab2454.com/whsy.php?p=%2Fproc%2F19390" "Mozilla/5.0 AppleWebKit/537.36 (KHTML, like Gecko; compatible; GPTBot/1.3; +https://openai.com/gptbot)"
74.7.227.52 - - [17/Mar/2026:23:31:46 +0000] "GET /whsy.php?e=statm&p=%2Fproc%2F19390 HTTP/2.0" 200 2008 "https://www.hibiscard.com.lab2454.com/whsy.php?p=%2Fproc%2F19390" "Mozilla/5.0 AppleWebKit/537.36 (KHTML, like Gecko; compatible; GPTBot/1.3; +https://openai.com/gptbot)"
74.7.227.29 - - [17/Mar/2026:23:32:02 +0000] "GET /whsy.php?e=mounts&p=%2Fproc%2F17194 HTTP/2.0" 200 2649 "https://hibiscard.com.lab2454.com/whsy.php?p=%2Fproc%2F17194" "Mozilla/5.0 AppleWebKit/537.36 (KHTML, like Gecko; compatible; GPTBot/1.3; +https://openai.com/gptbot)"
74.7.227.52 - - [17/Mar/2026:23:32:02 +0000] "GET /whsy.php?e=stack&p=%2Fproc%2F24956 HTTP/2.0" 200 830 "https://www.hibiscard.com.lab2454.com/whsy.php?p=%2Fproc%2F24956" "Mozilla/5.0 AppleWebKit/537.36 (KHTML, like Gecko; compatible; GPTBot/1.3; +https://openai.com/gptbot)"
74.7.227.29 - - [17/Mar/2026:23:32:15 +0000] "GET /whsy.php?e=limits&p=%2Fproc%2F17268 HTTP/2.0" 200 2268 "https://hibiscard.com.lab2454.com/whsy.php?p=%2Fproc%2F17268" "Mozilla/5.0 AppleWebKit/537.36 (KHTML, like Gecko; compatible; GPTBot/1.3; +https://openai.com/gptbot)"
74.7.227.52 - - [17/Mar/2026:23:32:16 +0000] "GET /whsy.php?e=stack&p=%2Fproc%2F19390 HTTP/2.0" 200 1936 "https://www.hibiscard.com.lab2454.com/whsy.php?p=%2Fproc%2F19390" "Mozilla/5.0 AppleWebKit/537.36 (KHTML, like Gecko; compatible; GPTBot/1.3; +https://openai.com/gptbot)"
74.7.227.52 - - [17/Mar/2026:23:32:26 +0000] "GET /whsy.php?e=statm&p=%2Fproc%2F24956 HTTP/2.0" 200 830 "https://www.hibiscard.com.lab2454.com/whsy.php?p=%2Fproc%2F24956" "Mozilla/5.0 AppleWebKit/537.36 (KHTML, like Gecko; compatible; GPTBot/1.3; +https://openai.com/gptbot)"
74.7.227.52 - - [17/Mar/2026:23:32:34 +0000] "GET /whsy.php?e=statm&p=%2Fproc%2F31043 HTTP/2.0" 200 830 "https://www.hibiscard.com.lab2454.com/whsy.php?p=%2Fproc%2F31043" "Mozilla/5.0 AppleWebKit/537.36 (KHTML, like Gecko; compatible; GPTBot/1.3; +https://openai.com/gptbot)"
74.7.227.52 - - [17/Mar/2026:23:32:46 +0000] "GET /whsy.php?e=stack&p=%2Fproc%2F31043 HTTP/2.0" 200 830 "https://www.hibiscard.com.lab2454.com/whsy.php?p=%2Fproc%2F31043" "Mozilla/5.0 AppleWebKit/537.36 (KHTML, like Gecko; compatible; GPTBot/1.3; +https://openai.com/gptbot)"
74.7.244.51 - - [17/Mar/2026:23:32:47 +0000] "GET /robots.txt HTTP/2.0" 404 - "-" "Mozilla/5.0 (Macintosh; Intel Mac OS X 10_15_7) AppleWebKit/537.36 (KHTML, like Gecko) Chrome/131.0.0.0 Safari/537.36; compatible; OAI-SearchBot/1.3; robots.txt; +https://openai.com/searchbot"
74.7.227.29 - - [17/Mar/2026:23:33:01 +0000] "GET /whsy.php?e=limits&p=%2Fproc%2F30125 HTTP/2.0" 200 2268 "https://hibiscard.com.lab2454.com/whsy.php?p=%2Fproc%2F30125" "Mozilla/5.0 AppleWebKit/537.36 (KHTML, like Gecko; compatible; GPTBot/1.3; +https://openai.com/gptbot)"
74.7.227.52 - - [17/Mar/2026:23:33:02 +0000] "GET /whsy.php?e=auxv&p=%2Fproc%2F19390 HTTP/2.0" 200 1936 "https://www.hibiscard.com.lab2454.com/whsy.php?p=%2Fproc%2F19390" "Mozilla/5.0 AppleWebKit/537.36 (KHTML, like Gecko; compatible; GPTBot/1.3; +https://openai.com/gptbot)"
74.7.227.52 - - [17/Mar/2026:23:33:17 +0000] "GET /whsy.php?e=auxv&p=%2Fproc%2F24956 HTTP/2.0" 200 830 "https://www.hibiscard.com.lab2454.com/whsy.php?p=%2Fproc%2F24956" "Mozilla/5.0 AppleWebKit/537.36 (KHTML, like Gecko; compatible; GPTBot/1.3; +https://openai.com/gptbot)"
74.7.227.29 - - [17/Mar/2026:23:33:27 +0000] "GET /whsy.php?e=timers&p=%2Fproc%2F30467 HTTP/2.0" 200 2006 "https://hibiscard.com.lab2454.com/whsy.php?p=%2Fproc%2F30467" "Mozilla/5.0 AppleWebKit/537.36 (KHTML, like Gecko; compatible; GPTBot/1.3; +https://openai.com/gptbot)"
74.7.227.52 - - [17/Mar/2026:23:33:28 +0000] "GET /whsy.php?e=auxv&p=%2Fproc%2F31043 HTTP/2.0" 200 830 "https://www.hibiscard.com.lab2454.com/whsy.php?p=%2Fproc%2F31043" "Mozilla/5.0 AppleWebKit/537.36 (KHTML, like Gecko; compatible; GPTBot/1.3; +https://openai.com/gptbot)"
74.7.227.29 - - [17/Mar/2026:23:33:39 +0000] "GET /whsy.php?e=mounts&p=%2Fproc%2F17268 HTTP/2.0" 200 2649 "https://hibiscard.com.lab2454.com/whsy.php?p=%2Fproc%2F17268" "Mozilla/5.0 AppleWebKit/537.36 (KHTML, like Gecko; compatible; GPTBot/1.3; +https://openai.com/gptbot)"
74.7.227.52 - - [17/Mar/2026:23:33:40 +0000] "GET /whsy.php?e=syscall&p=%2Fproc%2F22430 HTTP/2.0" 200 830 "https://www.hibiscard.com.lab2454.com/whsy.php?p=%2Fproc%2F22430" "Mozilla/5.0 AppleWebKit/537.36 (KHTML, like Gecko; compatible; GPTBot/1.3; +https://openai.com/gptbot)"
74.7.227.52 - - [17/Mar/2026:23:33:54 +0000] "GET /whsy.php?e=syscall&p=%2Fproc%2F24257 HTTP/2.0" 200 830 "https://www.hibiscard.com.lab2454.com/whsy.php?p=%2Fproc%2F24257" "Mozilla/5.0 AppleWebKit/537.36 (KHTML, like Gecko; compatible; GPTBot/1.3; +https://openai.com/gptbot)"
74.7.227.52 - - [17/Mar/2026:23:34:12 +0000] "GET /whsy.php?e=pagemap&p=%2Fproc%2F12313 HTTP/2.0" 200 1935 "https://www.hibiscard.com.lab2454.com/whsy.php?p=%2Fproc%2F12313" "Mozilla/5.0 AppleWebKit/537.36 (KHTML, like Gecko; compatible; GPTBot/1.3; +https://openai.com/gptbot)"
74.7.227.52 - - [17/Mar/2026:23:34:30 +0000] "GET /whsy.php?e=pagemap&p=%2Fproc%2F11332 HTTP/2.0" 200 1935 "https://www.hibiscard.com.lab2454.com/whsy.php?p=%2Fproc%2F11332" "Mozilla/5.0 AppleWebKit/537.36 (KHTML, like Gecko; compatible; GPTBot/1.3; +https://openai.com/gptbot)"
74.7.227.52 - - [17/Mar/2026:23:34:46 +0000] "GET /whsy.php?e=pagemap&p=%2Fproc%2F22430 HTTP/2.0" 200 830 "https://www.hibiscard.com.lab2454.com/whsy.php?p=%2Fproc%2F22430" "Mozilla/5.0 AppleWebKit/537.36 (KHTML, like Gecko; compatible; GPTBot/1.3; +https://openai.com/gptbot)"
74.7.227.29 - - [17/Mar/2026:23:35:04 +0000] "GET /whsy.php?e=mounts&p=%2Fproc%2F17315 HTTP/2.0" 200 2677 "https://hibiscard.com.lab2454.com/whsy.php?p=%2Fproc%2F17315" "Mozilla/5.0 AppleWebKit/537.36 (KHTML, like Gecko; compatible; GPTBot/1.3; +https://openai.com/gptbot)"
74.7.227.52 - - [17/Mar/2026:23:35:07 +0000] "GET /whsy.php?e=pagemap&p=%2Fproc%2F24257 HTTP/2.0" 200 830 "https://www.hibiscard.com.lab2454.com/whsy.php?p=%2Fproc%2F24257" "Mozilla/5.0 AppleWebKit/537.36 (KHTML, like Gecko; compatible; GPTBot/1.3; +https://openai.com/gptbot)"
74.7.227.52 - - [17/Mar/2026:23:35:23 +0000] "GET /whsy.php?e=syscall&p=%2Fproc%2F12313 HTTP/2.0" 200 1935 "https://www.hibiscard.com.lab2454.com/whsy.php?p=%2Fproc%2F12313" "Mozilla/5.0 AppleWebKit/537.36 (KHTML, like Gecko; compatible; GPTBot/1.3; +https://openai.com/gptbot)"
74.7.227.52 - - [17/Mar/2026:23:35:36 +0000] "GET /whsy.php?e=syscall&p=%2Fproc%2F11332 HTTP/2.0" 200 1935 "https://www.hibiscard.com.lab2454.com/whsy.php?p=%2Fproc%2F11332" "Mozilla/5.0 AppleWebKit/537.36 (KHTML, like Gecko; compatible; GPTBot/1.3; +https://openai.com/gptbot)"
74.7.227.29 - - [17/Mar/2026:23:35:51 +0000] "GET /whsy.php?e=mounts&p=%2Fproc%2F31892 HTTP/2.0" 200 830 "https://hibiscard.com.lab2454.com/whsy.php?p=%2Fproc%2F31892" "Mozilla/5.0 AppleWebKit/537.36 (KHTML, like Gecko; compatible; GPTBot/1.3; +https://openai.com/gptbot)"
74.7.227.52 - - [17/Mar/2026:23:35:54 +0000] "GET /whsy.php?e=wchan&p=%2Fproc%2F31043 HTTP/2.0" 200 830 "https://www.hibiscard.com.lab2454.com/whsy.php?p=%2Fproc%2F31043" "Mozilla/5.0 AppleWebKit/537.36 (KHTML, like Gecko; compatible; GPTBot/1.3; +https://openai.com/gptbot)"
74.7.227.29 - - [17/Mar/2026:23:36:11 +0000] "GET /whsy.php?e=mounts&p=%2Fproc%2F10590 HTTP/2.0" 200 2649 "https://hibiscard.com.lab2454.com/whsy.php?p=%2Fproc%2F10590" "Mozilla/5.0 AppleWebKit/537.36 (KHTML, like Gecko; compatible; GPTBot/1.3; +https://openai.com/gptbot)"
74.7.228.29 - - [17/Mar/2026:23:36:12 +0000] "GET /robots.txt HTTP/2.0" 404 - "-" "Mozilla/5.0 (Macintosh; Intel Mac OS X 10_15_7) AppleWebKit/537.36 (KHTML, like Gecko) Chrome/131.0.0.0 Safari/537.36; compatible; OAI-SearchBot/1.3; robots.txt; +https://openai.com/searchbot"
74.7.227.52 - - [17/Mar/2026:23:36:13 +0000] "GET /whsy.php?e=wchan&p=%2Fproc%2F19390 HTTP/2.0" 200 2003 "https://www.hibiscard.com.lab2454.com/whsy.php?p=%2Fproc%2F19390" "Mozilla/5.0 AppleWebKit/537.36 (KHTML, like Gecko; compatible; GPTBot/1.3; +https://openai.com/gptbot)"
74.7.227.29 - - [17/Mar/2026:23:36:25 +0000] "GET /whsy.php?e=status&p=%2Fproc%2F30467 HTTP/2.0" 200 2559 "https://hibiscard.com.lab2454.com/whsy.php?p=%2Fproc%2F30467" "Mozilla/5.0 AppleWebKit/537.36 (KHTML, like Gecko; compatible; GPTBot/1.3; +https://openai.com/gptbot)"
74.7.227.52 - - [17/Mar/2026:23:36:26 +0000] "GET /whsy.php?e=sessionid&p=%2Fproc%2F24956 HTTP/2.0" 200 830 "https://www.hibiscard.com.lab2454.com/whsy.php?p=%2Fproc%2F24956" "Mozilla/5.0 AppleWebKit/537.36 (KHTML, like Gecko; compatible; GPTBot/1.3; +https://openai.com/gptbot)"
74.7.227.29 - - [17/Mar/2026:23:36:35 +0000] "GET /whsy.php?e=timers&p=%2Fproc%2F30671 HTTP/2.0" 200 2006 "https://hibiscard.com.lab2454.com/whsy.php?p=%2Fproc%2F30671" "Mozilla/5.0 AppleWebKit/537.36 (KHTML, like Gecko; compatible; GPTBot/1.3; +https://openai.com/gptbot)"
74.7.227.52 - - [17/Mar/2026:23:36:36 +0000] "GET /whsy.php?e=setgroups&p=%2Fproc%2F24956 HTTP/2.0" 200 830 "https://www.hibiscard.com.lab2454.com/whsy.php?p=%2Fproc%2F24956" "Mozilla/5.0 AppleWebKit/537.36 (KHTML, like Gecko; compatible; GPTBot/1.3; +https://openai.com/gptbot)"
74.7.227.29 - - [17/Mar/2026:23:36:46 +0000] "GET /whsy.php?e=mounts&p=%2Fproc%2F17259 HTTP/2.0" 200 2649 "https://hibiscard.com.lab2454.com/whsy.php?p=%2Fproc%2F17259" "Mozilla/5.0 AppleWebKit/537.36 (KHTML, like Gecko; compatible; GPTBot/1.3; +https://openai.com/gptbot)"
74.7.227.52 - - [17/Mar/2026:23:36:47 +0000] "GET /whsy.php?e=timerslack_ns&p=%2Fproc%2F24956 HTTP/2.0" 200 830 "https://www.hibiscard.com.lab2454.com/whsy.php?p=%2Fproc%2F24956" "Mozilla/5.0 AppleWebKit/537.36 (KHTML, like Gecko; compatible; GPTBot/1.3; +https://openai.com/gptbot)"
74.7.227.29 - - [17/Mar/2026:23:37:04 +0000] "GET /whsy.php?e=mounts&p=%2Fproc%2F17246 HTTP/2.0" 200 2649 "https://hibiscard.com.lab2454.com/whsy.php?p=%2Fproc%2F17246" "Mozilla/5.0 AppleWebKit/537.36 (KHTML, like Gecko; compatible; GPTBot/1.3; +https://openai.com/gptbot)"
74.7.227.52 - - [17/Mar/2026:23:37:07 +0000] "GET /whsy.php?e=autogroup&p=%2Fproc%2F19390 HTTP/2.0" 200 2003 "https://www.hibiscard.com.lab2454.com/whsy.php?p=%2Fproc%2F19390" "Mozilla/5.0 AppleWebKit/537.36 (KHTML, like Gecko; compatible; GPTBot/1.3; +https://openai.com/gptbot)"
74.7.227.29 - - [17/Mar/2026:23:37:18 +0000] "GET /whsy.php?e=status&p=%2Fproc%2F30671 HTTP/2.0" 200 2557 "https://hibiscard.com.lab2454.com/whsy.php?p=%2Fproc%2F30671" "Mozilla/5.0 AppleWebKit/537.36 (KHTML, like Gecko; compatible; GPTBot/1.3; +https://openai.com/gptbot)"
74.7.227.52 - - [17/Mar/2026:23:37:21 +0000] "GET /whsy.php?e=setgroups&p=%2Fproc%2F31043 HTTP/2.0" 200 830 "https://www.hibiscard.com.lab2454.com/whsy.php?p=%2Fproc%2F31043" "Mozilla/5.0 AppleWebKit/537.36 (KHTML, like Gecko; compatible; GPTBot/1.3; +https://openai.com/gptbot)"
74.7.227.52 - - [17/Mar/2026:23:37:33 +0000] "GET /whsy.php?e=schedstat&p=%2Fproc%2F24956 HTTP/2.0" 200 830 "https://www.hibiscard.com.lab2454.com/whsy.php?p=%2Fproc%2F24956" "Mozilla/5.0 AppleWebKit/537.36 (KHTML, like Gecko; compatible; GPTBot/1.3; +https://openai.com/gptbot)"
74.7.227.29 - - [17/Mar/2026:23:37:42 +0000] "GET /whsy.php?e=limits&p=%2Fproc%2F31892 HTTP/2.0" 200 830 "https://hibiscard.com.lab2454.com/whsy.php?p=%2Fproc%2F31892" "Mozilla/5.0 AppleWebKit/537.36 (KHTML, like Gecko; compatible; GPTBot/1.3; +https://openai.com/gptbot)"
74.7.227.52 - - [17/Mar/2026:23:37:45 +0000] "GET /whsy.php?e=sessionid&p=%2Fproc%2F31043 HTTP/2.0" 200 830 "https://www.hibiscard.com.lab2454.com/whsy.php?p=%2Fproc%2F31043" "Mozilla/5.0 AppleWebKit/537.36 (KHTML, like Gecko; compatible; GPTBot/1.3; +https://openai.com/gptbot)"
74.7.227.29 - - [17/Mar/2026:23:37:54 +0000] "GET /whsy.php?e=timers&p=%2Fproc%2F17354 HTTP/2.0" 200 2006 "https://hibiscard.com.lab2454.com/whsy.php?p=%2Fproc%2F17354" "Mozilla/5.0 AppleWebKit/537.36 (KHTML, like Gecko; compatible; GPTBot/1.3; +https://openai.com/gptbot)"
74.7.227.52 - - [17/Mar/2026:23:37:58 +0000] "GET /whsy.php?e=sessionid&p=%2Fproc%2F19390 HTTP/2.0" 200 2015 "https://www.hibiscard.com.lab2454.com/whsy.php?p=%2Fproc%2F19390" "Mozilla/5.0 AppleWebKit/537.36 (KHTML, like Gecko; compatible; GPTBot/1.3; +https://openai.com/gptbot)"
74.7.244.51 - - [17/Mar/2026:23:37:59 +0000] "GET /robots.txt HTTP/2.0" 404 - "-" "Mozilla/5.0 (Macintosh; Intel Mac OS X 10_15_7) AppleWebKit/537.36 (KHTML, like Gecko) Chrome/131.0.0.0 Safari/537.36; compatible; OAI-SearchBot/1.3; robots.txt; +https://openai.com/searchbot"
74.7.227.52 - - [17/Mar/2026:23:38:20 +0000] "GET /whsy.php?e=schedstat&p=%2Fproc%2F31043 HTTP/2.0" 200 830 "https://www.hibiscard.com.lab2454.com/whsy.php?p=%2Fproc%2F31043" "Mozilla/5.0 AppleWebKit/537.36 (KHTML, like Gecko; compatible; GPTBot/1.3; +https://openai.com/gptbot)"
74.7.227.29 - - [17/Mar/2026:23:38:29 +0000] "GET /whsy.php?e=limits&p=%2Fproc%2F10590 HTTP/2.0" 200 2273 "https://hibiscard.com.lab2454.com/whsy.php?p=%2Fproc%2F10590" "Mozilla/5.0 AppleWebKit/537.36 (KHTML, like Gecko; compatible; GPTBot/1.3; +https://openai.com/gptbot)"
74.7.227.52 - - [17/Mar/2026:23:38:32 +0000] "GET /whsy.php?e=schedstat&p=%2Fproc%2F19390 HTTP/2.0" 200 2032 "https://www.hibiscard.com.lab2454.com/whsy.php?p=%2Fproc%2F19390" "Mozilla/5.0 AppleWebKit/537.36 (KHTML, like Gecko; compatible; GPTBot/1.3; +https://openai.com/gptbot)"
74.7.227.29 - - [17/Mar/2026:23:38:42 +0000] "GET /whsy.php?e=limits&p=%2Fproc%2F23805 HTTP/2.0" 200 2273 "https://hibiscard.com.lab2454.com/whsy.php?p=%2Fproc%2F23805" "Mozilla/5.0 AppleWebKit/537.36 (KHTML, like Gecko; compatible; GPTBot/1.3; +https://openai.com/gptbot)"
74.7.227.52 - - [17/Mar/2026:23:38:45 +0000] "GET /whsy.php?e=autogroup&p=%2Fproc%2F31043 HTTP/2.0" 200 830 "https://www.hibiscard.com.lab2454.com/whsy.php?p=%2Fproc%2F31043" "Mozilla/5.0 AppleWebKit/537.36 (KHTML, like Gecko; compatible; GPTBot/1.3; +https://openai.com/gptbot)"
74.7.227.52 - - [17/Mar/2026:23:38:58 +0000] "GET /whsy.php?e=autogroup&p=%2Fproc%2F24956 HTTP/2.0" 200 830 "https://www.hibiscard.com.lab2454.com/whsy.php?p=%2Fproc%2F24956" "Mozilla/5.0 AppleWebKit/537.36 (KHTML, like Gecko; compatible; GPTBot/1.3; +https://openai.com/gptbot)"
74.7.227.29 - - [17/Mar/2026:23:39:10 +0000] "GET /whsy.php?e=mounts&p=%2Fproc%2F17235 HTTP/2.0" 200 2649 "https://hibiscard.com.lab2454.com/whsy.php?p=%2Fproc%2F17235" "Mozilla/5.0 AppleWebKit/537.36 (KHTML, like Gecko; compatible; GPTBot/1.3; +https://openai.com/gptbot)"
74.7.227.52 - - [17/Mar/2026:23:39:13 +0000] "GET /whsy.php?e=setgroups&p=%2Fproc%2F19390 HTTP/2.0" 200 2007 "https://www.hibiscard.com.lab2454.com/whsy.php?p=%2Fproc%2F19390" "Mozilla/5.0 AppleWebKit/537.36 (KHTML, like Gecko; compatible; GPTBot/1.3; +https://openai.com/gptbot)"
74.7.227.52 - - [17/Mar/2026:23:39:27 +0000] "GET /whsy.php?e=wchan&p=%2Fproc%2F24956 HTTP/2.0" 200 830 "https://www.hibiscard.com.lab2454.com/whsy.php?p=%2Fproc%2F24956" "Mozilla/5.0 AppleWebKit/537.36 (KHTML, like Gecko; compatible; GPTBot/1.3; +https://openai.com/gptbot)"
74.7.227.29 - - [17/Mar/2026:23:39:37 +0000] "GET /whsy.php?e=limits&p=%2Fproc%2F17315 HTTP/2.0" 200 2269 "https://hibiscard.com.lab2454.com/whsy.php?p=%2Fproc%2F17315" "Mozilla/5.0 AppleWebKit/537.36 (KHTML, like Gecko; compatible; GPTBot/1.3; +https://openai.com/gptbot)"
74.7.227.52 - - [17/Mar/2026:23:39:40 +0000] "GET /whsy.php?e=auxv&p=%2Fproc%2F22430 HTTP/2.0" 200 830 "https://www.hibiscard.com.lab2454.com/whsy.php?p=%2Fproc%2F22430" "Mozilla/5.0 AppleWebKit/537.36 (KHTML, like Gecko; compatible; GPTBot/1.3; +https://openai.com/gptbot)"
74.7.227.52 - - [17/Mar/2026:23:39:53 +0000] "GET /whsy.php?e=auxv&p=%2Fproc%2F24257 HTTP/2.0" 200 830 "https://www.hibiscard.com.lab2454.com/whsy.php?p=%2Fproc%2F24257" "Mozilla/5.0 AppleWebKit/537.36 (KHTML, like Gecko; compatible; GPTBot/1.3; +https://openai.com/gptbot)"
74.7.227.52 - - [17/Mar/2026:23:40:05 +0000] "GET /whsy.php?e=stat&p=%2Fproc%2F31043 HTTP/2.0" 200 830 "https://www.hibiscard.com.lab2454.com/whsy.php?p=%2Fproc%2F31043" "Mozilla/5.0 AppleWebKit/537.36 (KHTML, like Gecko; compatible; GPTBot/1.3; +https://openai.com/gptbot)"
74.7.227.52 - - [17/Mar/2026:23:40:18 +0000] "GET /whsy.php?e=stat&p=%2Fproc%2F19390 HTTP/2.0" 200 2102 "https://www.hibiscard.com.lab2454.com/whsy.php?p=%2Fproc%2F19390" "Mozilla/5.0 AppleWebKit/537.36 (KHTML, like Gecko; compatible; GPTBot/1.3; +https://openai.com/gptbot)"
74.7.227.52 - - [17/Mar/2026:23:40:32 +0000] "GET /whsy.php?e=autogroup&p=%2Fproc%2F22430 HTTP/2.0" 200 830 "https://www.hibiscard.com.lab2454.com/whsy.php?p=%2Fproc%2F22430" "Mozilla/5.0 AppleWebKit/537.36 (KHTML, like Gecko; compatible; GPTBot/1.3; +https://openai.com/gptbot)"
74.7.227.29 - - [17/Mar/2026:23:40:41 +0000] "GET /whsy.php?e=limits&p=%2Fproc%2F17246 HTTP/2.0" 200 2268 "https://hibiscard.com.lab2454.com/whsy.php?p=%2Fproc%2F17246" "Mozilla/5.0 AppleWebKit/537.36 (KHTML, like Gecko; compatible; GPTBot/1.3; +https://openai.com/gptbot)"
74.7.227.52 - - [17/Mar/2026:23:40:44 +0000] "GET /whsy.php?e=autogroup&p=%2Fproc%2F24257 HTTP/2.0" 200 830 "https://www.hibiscard.com.lab2454.com/whsy.php?p=%2Fproc%2F24257" "Mozilla/5.0 AppleWebKit/537.36 (KHTML, like Gecko; compatible; GPTBot/1.3; +https://openai.com/gptbot)"
74.7.227.29 - - [17/Mar/2026:23:40:51 +0000] "GET /whsy.php?e=limits&p=%2Fproc%2F17194 HTTP/2.0" 200 2268 "https://hibiscard.com.lab2454.com/whsy.php?p=%2Fproc%2F17194" "Mozilla/5.0 AppleWebKit/537.36 (KHTML, like Gecko; compatible; GPTBot/1.3; +https://openai.com/gptbot)"
74.7.227.52 - - [17/Mar/2026:23:40:55 +0000] "GET /whsy.php?e=uid_map&p=%2Fproc%2F31043 HTTP/2.0" 200 830 "https://www.hibiscard.com.lab2454.com/whsy.php?p=%2Fproc%2F31043" "Mozilla/5.0 AppleWebKit/537.36 (KHTML, like Gecko; compatible; GPTBot/1.3; +https://openai.com/gptbot)"
74.7.227.29 - - [17/Mar/2026:23:41:06 +0000] "GET /whsy.php?e=status&p=%2Fproc%2F17354 HTTP/2.0" 200 2573 "https://hibiscard.com.lab2454.com/whsy.php?p=%2Fproc%2F17354" "Mozilla/5.0 AppleWebKit/537.36 (KHTML, like Gecko; compatible; GPTBot/1.3; +https://openai.com/gptbot)"
74.7.227.52 - - [17/Mar/2026:23:41:10 +0000] "GET /whsy.php?e=gid_map&p=%2Fproc%2F19390 HTTP/2.0" 200 2025 "https://www.hibiscard.com.lab2454.com/whsy.php?p=%2Fproc%2F19390" "Mozilla/5.0 AppleWebKit/537.36 (KHTML, like Gecko; compatible; GPTBot/1.3; +https://openai.com/gptbot)"
74.7.227.29 - - [17/Mar/2026:23:41:22 +0000] "GET /whsy.php?e=timers&p=%2Fproc%2F17304 HTTP/2.0" 200 2005 "https://hibiscard.com.lab2454.com/whsy.php?p=%2Fproc%2F17304" "Mozilla/5.0 AppleWebKit/537.36 (KHTML, like Gecko; compatible; GPTBot/1.3; +https://openai.com/gptbot)"
74.7.227.52 - - [17/Mar/2026:23:41:26 +0000] "GET /whsy.php?e=uid_map&p=%2Fproc%2F19390 HTTP/2.0" 200 2021 "https://www.hibiscard.com.lab2454.com/whsy.php?p=%2Fproc%2F19390" "Mozilla/5.0 AppleWebKit/537.36 (KHTML, like Gecko; compatible; GPTBot/1.3; +https://openai.com/gptbot)"
74.7.227.29 - - [17/Mar/2026:23:41:39 +0000] "GET /whsy.php?e=mounts&p=%2Fproc%2F23805 HTTP/2.0" 200 2649 "https://hibiscard.com.lab2454.com/whsy.php?p=%2Fproc%2F23805" "Mozilla/5.0 AppleWebKit/537.36 (KHTML, like Gecko; compatible; GPTBot/1.3; +https://openai.com/gptbot)"
74.7.228.29 - - [17/Mar/2026:23:41:40 +0000] "GET /robots.txt HTTP/2.0" 404 - "-" "Mozilla/5.0 (Macintosh; Intel Mac OS X 10_15_7) AppleWebKit/537.36 (KHTML, like Gecko) Chrome/131.0.0.0 Safari/537.36; compatible; OAI-SearchBot/1.3; robots.txt; +https://openai.com/searchbot"
74.7.227.52 - - [17/Mar/2026:23:41:45 +0000] "GET /whsy.php?e=gid_map&p=%2Fproc%2F31043 HTTP/2.0" 200 830 "https://www.hibiscard.com.lab2454.com/whsy.php?p=%2Fproc%2F31043" "Mozilla/5.0 AppleWebKit/537.36 (KHTML, like Gecko; compatible; GPTBot/1.3; +https://openai.com/gptbot)"
74.7.227.52 - - [17/Mar/2026:23:42:00 +0000] "GET /whsy.php?e=smaps&p=%2Fproc%2F11332 HTTP/2.0" 200 2007 "https://www.hibiscard.com.lab2454.com/whsy.php?p=%2Fproc%2F11332" "Mozilla/5.0 AppleWebKit/537.36 (KHTML, like Gecko; compatible; GPTBot/1.3; +https://openai.com/gptbot)"
74.7.227.52 - - [17/Mar/2026:23:42:15 +0000] "GET /whsy.php?e=sched&p=%2Fproc%2F24257 HTTP/2.0" 200 830 "https://www.hibiscard.com.lab2454.com/whsy.php?p=%2Fproc%2F24257" "Mozilla/5.0 AppleWebKit/537.36 (KHTML, like Gecko; compatible; GPTBot/1.3; +https://openai.com/gptbot)"
74.7.227.52 - - [17/Mar/2026:23:42:38 +0000] "GET /whsy.php?e=sched&p=%2Fproc%2F22430 HTTP/2.0" 200 830 "https://www.hibiscard.com.lab2454.com/whsy.php?p=%2Fproc%2F22430" "Mozilla/5.0 AppleWebKit/537.36 (KHTML, like Gecko; compatible; GPTBot/1.3; +https://openai.com/gptbot)"
74.7.227.52 - - [17/Mar/2026:23:42:52 +0000] "GET /whsy.php?e=wchan&p=%2Fproc%2F24257 HTTP/2.0" 200 830 "https://www.hibiscard.com.lab2454.com/whsy.php?p=%2Fproc%2F24257" "Mozilla/5.0 AppleWebKit/537.36 (KHTML, like Gecko; compatible; GPTBot/1.3; +https://openai.com/gptbot)"
74.7.227.29 - - [17/Mar/2026:23:43:01 +0000] "GET /whsy.php?e=mounts&p=%2Fproc%2F30125 HTTP/2.0" 200 2649 "https://hibiscard.com.lab2454.com/whsy.php?p=%2Fproc%2F30125" "Mozilla/5.0 AppleWebKit/537.36 (KHTML, like Gecko; compatible; GPTBot/1.3; +https://openai.com/gptbot)"
74.7.227.52 - - [17/Mar/2026:23:43:05 +0000] "GET /whsy.php?e=wchan&p=%2Fproc%2F12313 HTTP/2.0" 200 830 "https://www.hibiscard.com.lab2454.com/whsy.php?p=%2Fproc%2F12313" "Mozilla/5.0 AppleWebKit/537.36 (KHTML, like Gecko; compatible; GPTBot/1.3; +https://openai.com/gptbot)"
74.7.244.51 - - [17/Mar/2026:23:43:06 +0000] "GET /robots.txt HTTP/2.0" 404 - "-" "Mozilla/5.0 (Macintosh; Intel Mac OS X 10_15_7) AppleWebKit/537.36 (KHTML, like Gecko) Chrome/131.0.0.0 Safari/537.36; compatible; OAI-SearchBot/1.3; robots.txt; +https://openai.com/searchbot"
74.7.227.52 - - [17/Mar/2026:23:43:20 +0000] "GET /whsy.php?e=sched&p=%2Fproc%2F11332 HTTP/2.0" 200 2470 "https://www.hibiscard.com.lab2454.com/whsy.php?p=%2Fproc%2F11332" "Mozilla/5.0 AppleWebKit/537.36 (KHTML, like Gecko; compatible; GPTBot/1.3; +https://openai.com/gptbot)"
74.7.227.29 - - [17/Mar/2026:23:43:28 +0000] "GET /whsy.php?e=status&p=%2Fproc%2F17304 HTTP/2.0" 200 2561 "https://hibiscard.com.lab2454.com/whsy.php?p=%2Fproc%2F17304" "Mozilla/5.0 AppleWebKit/537.36 (KHTML, like Gecko; compatible; GPTBot/1.3; +https://openai.com/gptbot)"
74.7.227.52 - - [17/Mar/2026:23:43:32 +0000] "GET /whsy.php?e=smaps&p=%2Fproc%2F22430 HTTP/2.0" 200 830 "https://www.hibiscard.com.lab2454.com/whsy.php?p=%2Fproc%2F22430" "Mozilla/5.0 AppleWebKit/537.36 (KHTML, like Gecko; compatible; GPTBot/1.3; +https://openai.com/gptbot)"
74.7.227.52 - - [17/Mar/2026:23:43:46 +0000] "GET /whsy.php?e=wchan&p=%2Fproc%2F22430 HTTP/2.0" 200 830 "https://www.hibiscard.com.lab2454.com/whsy.php?p=%2Fproc%2F22430" "Mozilla/5.0 AppleWebKit/537.36 (KHTML, like Gecko; compatible; GPTBot/1.3; +https://openai.com/gptbot)"
74.7.227.52 - - [17/Mar/2026:23:43:59 +0000] "GET /whsy.php?e=sched&p=%2Fproc%2F12313 HTTP/2.0" 200 830 "https://www.hibiscard.com.lab2454.com/whsy.php?p=%2Fproc%2F12313" "Mozilla/5.0 AppleWebKit/537.36 (KHTML, like Gecko; compatible; GPTBot/1.3; +https://openai.com/gptbot)"
74.7.227.29 - - [17/Mar/2026:23:44:07 +0000] "GET /whsy.php?e=limits&p=%2Fproc%2F17235 HTTP/2.0" 200 2269 "https://hibiscard.com.lab2454.com/whsy.php?p=%2Fproc%2F17235" "Mozilla/5.0 AppleWebKit/537.36 (KHTML, like Gecko; compatible; GPTBot/1.3; +https://openai.com/gptbot)"
74.7.227.52 - - [17/Mar/2026:23:44:12 +0000] "GET /whsy.php?e=wchan&p=%2Fproc%2F11332 HTTP/2.0" 200 2005 "https://www.hibiscard.com.lab2454.com/whsy.php?p=%2Fproc%2F11332" "Mozilla/5.0 AppleWebKit/537.36 (KHTML, like Gecko; compatible; GPTBot/1.3; +https://openai.com/gptbot)"
74.7.227.52 - - [17/Mar/2026:23:44:26 +0000] "GET /whsy.php?e=smaps&p=%2Fproc%2F12313 HTTP/2.0" 200 830 "https://www.hibiscard.com.lab2454.com/whsy.php?p=%2Fproc%2F12313" "Mozilla/5.0 AppleWebKit/537.36 (KHTML, like Gecko; compatible; GPTBot/1.3; +https://openai.com/gptbot)"
74.7.227.52 - - [17/Mar/2026:23:44:45 +0000] "GET /whsy.php?e=smaps&p=%2Fproc%2F24257 HTTP/2.0" 200 830 "https://www.hibiscard.com.lab2454.com/whsy.php?p=%2Fproc%2F24257" "Mozilla/5.0 AppleWebKit/537.36 (KHTML, like Gecko; compatible; GPTBot/1.3; +https://openai.com/gptbot)"
74.7.227.29 - - [17/Mar/2026:23:44:53 +0000] "GET /whsy.php?e=limits&p=%2Fproc%2F17259 HTTP/2.0" 200 2269 "https://hibiscard.com.lab2454.com/whsy.php?p=%2Fproc%2F17259" "Mozilla/5.0 AppleWebKit/537.36 (KHTML, like Gecko; compatible; GPTBot/1.3; +https://openai.com/gptbot)"
74.7.227.52 - - [17/Mar/2026:23:44:59 +0000] "GET /whsy.php?e=smaps&p=%2Fproc%2F31043 HTTP/2.0" 200 830 "https://www.hibiscard.com.lab2454.com/whsy.php?p=%2Fproc%2F31043" "Mozilla/5.0 AppleWebKit/537.36 (KHTML, like Gecko; compatible; GPTBot/1.3; +https://openai.com/gptbot)"
74.7.227.52 - - [17/Mar/2026:23:45:19 +0000] "GET /whsy.php?e=statm&p=%2Fproc%2F22430 HTTP/2.0" 200 830 "https://www.hibiscard.com.lab2454.com/whsy.php?p=%2Fproc%2F22430" "Mozilla/5.0 AppleWebKit/537.36 (KHTML, like Gecko; compatible; GPTBot/1.3; +https://openai.com/gptbot)"
74.7.227.29 - - [17/Mar/2026:23:45:29 +0000] "GET /whsy.php?e=syscall&p=%2Fproc%2F17259 HTTP/2.0" 200 1936 "https://hibiscard.com.lab2454.com/whsy.php?p=%2Fproc%2F17259" "Mozilla/5.0 AppleWebKit/537.36 (KHTML, like Gecko; compatible; GPTBot/1.3; +https://openai.com/gptbot)"
74.7.227.52 - - [17/Mar/2026:23:45:34 +0000] "GET /whsy.php?e=statm&p=%2Fproc%2F24257 HTTP/2.0" 200 830 "https://www.hibiscard.com.lab2454.com/whsy.php?p=%2Fproc%2F24257" "Mozilla/5.0 AppleWebKit/537.36 (KHTML, like Gecko; compatible; GPTBot/1.3; +https://openai.com/gptbot)"
74.7.227.52 - - [17/Mar/2026:23:45:47 +0000] "GET /whsy.php?e=smaps&p=%2Fproc%2F19390 HTTP/2.0" 200 2007 "https://www.hibiscard.com.lab2454.com/whsy.php?p=%2Fproc%2F19390" "Mozilla/5.0 AppleWebKit/537.36 (KHTML, like Gecko; compatible; GPTBot/1.3; +https://openai.com/gptbot)"
74.7.227.52 - - [17/Mar/2026:23:46:05 +0000] "GET /whsy.php?e=stack&p=%2Fproc%2F22430 HTTP/2.0" 200 830 "https://www.hibiscard.com.lab2454.com/whsy.php?p=%2Fproc%2F22430" "Mozilla/5.0 AppleWebKit/537.36 (KHTML, like Gecko; compatible; GPTBot/1.3; +https://openai.com/gptbot)"
74.7.227.52 - - [17/Mar/2026:23:46:20 +0000] "GET /whsy.php?e=stack&p=%2Fproc%2F24257 HTTP/2.0" 200 830 "https://www.hibiscard.com.lab2454.com/whsy.php?p=%2Fproc%2F24257" "Mozilla/5.0 AppleWebKit/537.36 (KHTML, like Gecko; compatible; GPTBot/1.3; +https://openai.com/gptbot)"
74.7.227.52 - - [17/Mar/2026:23:46:35 +0000] "GET /whsy.php?e=uid_map&p=%2Fproc%2F24956 HTTP/2.0" 200 830 "https://www.hibiscard.com.lab2454.com/whsy.php?p=%2Fproc%2F24956" "Mozilla/5.0 AppleWebKit/537.36 (KHTML, like Gecko; compatible; GPTBot/1.3; +https://openai.com/gptbot)"
74.7.228.29 - - [17/Mar/2026:23:46:43 +0000] "GET /robots.txt HTTP/2.0" 404 - "-" "Mozilla/5.0 (Macintosh; Intel Mac OS X 10_15_7) AppleWebKit/537.36 (KHTML, like Gecko) Chrome/131.0.0.0 Safari/537.36; compatible; OAI-SearchBot/1.3; robots.txt; +https://openai.com/searchbot"
74.7.227.52 - - [17/Mar/2026:23:46:48 +0000] "GET /whsy.php?e=oom_adj&p=%2Fproc%2F24956 HTTP/2.0" 200 830 "https://www.hibiscard.com.lab2454.com/whsy.php?p=%2Fproc%2F24956" "Mozilla/5.0 AppleWebKit/537.36 (KHTML, like Gecko; compatible; GPTBot/1.3; +https://openai.com/gptbot)"
74.7.227.52 - - [17/Mar/2026:23:47:00 +0000] "GET /whsy.php?e=oom_adj&p=%2Fproc%2F31043 HTTP/2.0" 200 830 "https://www.hibiscard.com.lab2454.com/whsy.php?p=%2Fproc%2F31043" "Mozilla/5.0 AppleWebKit/537.36 (KHTML, like Gecko; compatible; GPTBot/1.3; +https://openai.com/gptbot)"
74.7.227.52 - - [17/Mar/2026:23:47:16 +0000] "GET /whsy.php?e=oom_adj&p=%2Fproc%2F19390 HTTP/2.0" 200 2005 "https://www.hibiscard.com.lab2454.com/whsy.php?p=%2Fproc%2F19390" "Mozilla/5.0 AppleWebKit/537.36 (KHTML, like Gecko; compatible; GPTBot/1.3; +https://openai.com/gptbot)"
74.7.227.29 - - [17/Mar/2026:23:47:26 +0000] "GET /whsy.php?e=syscall&p=%2Fproc%2F17246 HTTP/2.0" 200 1936 "https://hibiscard.com.lab2454.com/whsy.php?p=%2Fproc%2F17246" "Mozilla/5.0 AppleWebKit/537.36 (KHTML, like Gecko; compatible; GPTBot/1.3; +https://openai.com/gptbot)"
74.7.227.52 - - [17/Mar/2026:23:47:34 +0000] "GET /whsy.php?e=gid_map&p=%2Fproc%2F24956 HTTP/2.0" 200 830 "https://www.hibiscard.com.lab2454.com/whsy.php?p=%2Fproc%2F24956" "Mozilla/5.0 AppleWebKit/537.36 (KHTML, like Gecko; compatible; GPTBot/1.3; +https://openai.com/gptbot)"
74.7.227.29 - - [17/Mar/2026:23:47:40 +0000] "GET /whsy.php?e=pagemap&p=%2Fproc%2F10590 HTTP/2.0" 200 1936 "https://hibiscard.com.lab2454.com/whsy.php?p=%2Fproc%2F10590" "Mozilla/5.0 AppleWebKit/537.36 (KHTML, like Gecko; compatible; GPTBot/1.3; +https://openai.com/gptbot)"
74.7.227.52 - - [17/Mar/2026:23:47:46 +0000] "GET /whsy.php?e=schedstat&p=%2Fproc%2F24257 HTTP/2.0" 200 830 "https://www.hibiscard.com.lab2454.com/whsy.php?p=%2Fproc%2F24257" "Mozilla/5.0 AppleWebKit/537.36 (KHTML, like Gecko; compatible; GPTBot/1.3; +https://openai.com/gptbot)"
74.7.227.29 - - [17/Mar/2026:23:47:52 +0000] "GET /whsy.php?e=syscall&p=%2Fproc%2F31892 HTTP/2.0" 200 830 "https://hibiscard.com.lab2454.com/whsy.php?p=%2Fproc%2F31892" "Mozilla/5.0 AppleWebKit/537.36 (KHTML, like Gecko; compatible; GPTBot/1.3; +https://openai.com/gptbot)"
74.7.227.52 - - [17/Mar/2026:23:47:58 +0000] "GET /whsy.php?e=schedstat&p=%2Fproc%2F22430 HTTP/2.0" 200 830 "https://www.hibiscard.com.lab2454.com/whsy.php?p=%2Fproc%2F22430" "Mozilla/5.0 AppleWebKit/537.36 (KHTML, like Gecko; compatible; GPTBot/1.3; +https://openai.com/gptbot)"
74.7.227.52 - - [17/Mar/2026:23:48:13 +0000] "GET /whsy.php?e=autogroup&p=%2Fproc%2F12313 HTTP/2.0" 200 830 "https://www.hibiscard.com.lab2454.com/whsy.php?p=%2Fproc%2F12313" "Mozilla/5.0 AppleWebKit/537.36 (KHTML, like Gecko; compatible; GPTBot/1.3; +https://openai.com/gptbot)"
74.7.244.51 - - [17/Mar/2026:23:48:13 +0000] "GET /robots.txt HTTP/2.0" 404 - "-" "Mozilla/5.0 (Macintosh; Intel Mac OS X 10_15_7) AppleWebKit/537.36 (KHTML, like Gecko) Chrome/131.0.0.0 Safari/537.36; compatible; OAI-SearchBot/1.3; robots.txt; +https://openai.com/searchbot"
74.7.227.52 - - [17/Mar/2026:23:48:28 +0000] "GET /whsy.php?e=autogroup&p=%2Fproc%2F11332 HTTP/2.0" 200 2003 "https://www.hibiscard.com.lab2454.com/whsy.php?p=%2Fproc%2F11332" "Mozilla/5.0 AppleWebKit/537.36 (KHTML, like Gecko; compatible; GPTBot/1.3; +https://openai.com/gptbot)"
74.7.227.29 - - [17/Mar/2026:23:48:38 +0000] "GET /whsy.php?e=syscall&p=%2Fproc%2F17235 HTTP/2.0" 200 1936 "https://hibiscard.com.lab2454.com/whsy.php?p=%2Fproc%2F17235" "Mozilla/5.0 AppleWebKit/537.36 (KHTML, like Gecko; compatible; GPTBot/1.3; +https://openai.com/gptbot)"
74.7.227.52 - - [17/Mar/2026:23:48:46 +0000] "GET /whsy.php?e=exe&p=%2Fproc%2F12313 HTTP/2.0" 200 830 "https://www.hibiscard.com.lab2454.com/whsy.php?p=%2Fproc%2F12313" "Mozilla/5.0 AppleWebKit/537.36 (KHTML, like Gecko; compatible; GPTBot/1.3; +https://openai.com/gptbot)"
74.7.227.29 - - [17/Mar/2026:23:48:54 +0000] "GET /whsy.php?e=syscall&p=%2Fproc%2F30125 HTTP/2.0" 200 1936 "https://hibiscard.com.lab2454.com/whsy.php?p=%2Fproc%2F30125" "Mozilla/5.0 AppleWebKit/537.36 (KHTML, like Gecko; compatible; GPTBot/1.3; +https://openai.com/gptbot)"
74.7.227.52 - - [17/Mar/2026:23:49:01 +0000] "GET /whsy.php?e=mem&p=%2Fproc%2F12313 HTTP/2.0" 200 830 "https://www.hibiscard.com.lab2454.com/whsy.php?p=%2Fproc%2F12313" "Mozilla/5.0 AppleWebKit/537.36 (KHTML, like Gecko; compatible; GPTBot/1.3; +https://openai.com/gptbot)"
74.7.227.29 - - [17/Mar/2026:23:49:15 +0000] "GET /whsy.php?e=pagemap&p=%2Fproc%2F17194 HTTP/2.0" 200 1936 "https://hibiscard.com.lab2454.com/whsy.php?p=%2Fproc%2F17194" "Mozilla/5.0 AppleWebKit/537.36 (KHTML, like Gecko; compatible; GPTBot/1.3; +https://openai.com/gptbot)"
74.7.227.52 - - [17/Mar/2026:23:49:23 +0000] "GET /whsy.php?e=cwd&p=%2Fproc%2F22430 HTTP/2.0" 200 830 "https://www.hibiscard.com.lab2454.com/whsy.php?p=%2Fproc%2F22430" "Mozilla/5.0 AppleWebKit/537.36 (KHTML, like Gecko; compatible; GPTBot/1.3; +https://openai.com/gptbot)"
74.7.227.29 - - [17/Mar/2026:23:49:30 +0000] "GET /whsy.php?e=syscall&p=%2Fproc%2F17268 HTTP/2.0" 200 1935 "https://hibiscard.com.lab2454.com/whsy.php?p=%2Fproc%2F17268" "Mozilla/5.0 AppleWebKit/537.36 (KHTML, like Gecko; compatible; GPTBot/1.3; +https://openai.com/gptbot)"
74.7.227.52 - - [17/Mar/2026:23:49:35 +0000] "GET /whsy.php?e=cwd&p=%2Fproc%2F11332 HTTP/2.0" 200 1935 "https://www.hibiscard.com.lab2454.com/whsy.php?p=%2Fproc%2F11332" "Mozilla/5.0 AppleWebKit/537.36 (KHTML, like Gecko; compatible; GPTBot/1.3; +https://openai.com/gptbot)"
74.7.227.52 - - [17/Mar/2026:23:49:46 +0000] "GET /whsy.php?e=mem&p=%2Fproc%2F11332 HTTP/2.0" 200 1935 "https://www.hibiscard.com.lab2454.com/whsy.php?p=%2Fproc%2F11332" "Mozilla/5.0 AppleWebKit/537.36 (KHTML, like Gecko; compatible; GPTBot/1.3; +https://openai.com/gptbot)"
74.7.227.29 - - [17/Mar/2026:23:49:55 +0000] "GET /whsy.php?e=pagemap&p=%2Fproc%2F17315 HTTP/2.0" 200 1936 "https://hibiscard.com.lab2454.com/whsy.php?p=%2Fproc%2F17315" "Mozilla/5.0 AppleWebKit/537.36 (KHTML, like Gecko; compatible; GPTBot/1.3; +https://openai.com/gptbot)"
74.7.227.52 - - [17/Mar/2026:23:50:00 +0000] "GET /whsy.php?e=cwd&p=%2Fproc%2F12313 HTTP/2.0" 200 830 "https://www.hibiscard.com.lab2454.com/whsy.php?p=%2Fproc%2F12313" "Mozilla/5.0 AppleWebKit/537.36 (KHTML, like Gecko; compatible; GPTBot/1.3; +https://openai.com/gptbot)"
74.7.227.29 - - [17/Mar/2026:23:50:06 +0000] "GET /whsy.php?e=syscall&p=%2Fproc%2F23805 HTTP/2.0" 200 1936 "https://hibiscard.com.lab2454.com/whsy.php?p=%2Fproc%2F23805" "Mozilla/5.0 AppleWebKit/537.36 (KHTML, like Gecko; compatible; GPTBot/1.3; +https://openai.com/gptbot)"
74.7.227.52 - - [17/Mar/2026:23:50:12 +0000] "GET /whsy.php?e=mem&p=%2Fproc%2F24257 HTTP/2.0" 200 830 "https://www.hibiscard.com.lab2454.com/whsy.php?p=%2Fproc%2F24257" "Mozilla/5.0 AppleWebKit/537.36 (KHTML, like Gecko; compatible; GPTBot/1.3; +https://openai.com/gptbot)"
74.7.227.52 - - [17/Mar/2026:23:50:26 +0000] "GET /whsy.php?e=exe&p=%2Fproc%2F24257 HTTP/2.0" 200 830 "https://www.hibiscard.com.lab2454.com/whsy.php?p=%2Fproc%2F24257" "Mozilla/5.0 AppleWebKit/537.36 (KHTML, like Gecko; compatible; GPTBot/1.3; +https://openai.com/gptbot)"
74.7.227.52 - - [17/Mar/2026:23:50:40 +0000] "GET /whsy.php?e=cwd&p=%2Fproc%2F24257 HTTP/2.0" 200 830 "https://www.hibiscard.com.lab2454.com/whsy.php?p=%2Fproc%2F24257" "Mozilla/5.0 AppleWebKit/537.36 (KHTML, like Gecko; compatible; GPTBot/1.3; +https://openai.com/gptbot)"
74.7.227.52 - - [17/Mar/2026:23:50:52 +0000] "GET /whsy.php?e=exe&p=%2Fproc%2F22430 HTTP/2.0" 200 830 "https://www.hibiscard.com.lab2454.com/whsy.php?p=%2Fproc%2F22430" "Mozilla/5.0 AppleWebKit/537.36 (KHTML, like Gecko; compatible; GPTBot/1.3; +https://openai.com/gptbot)"
74.7.227.29 - - [17/Mar/2026:23:50:59 +0000] "GET /whsy.php?e=smaps_rollup&p=%2Fproc%2F17246 HTTP/2.0" 200 2120 "https://hibiscard.com.lab2454.com/whsy.php?p=%2Fproc%2F17246" "Mozilla/5.0 AppleWebKit/537.36 (KHTML, like Gecko; compatible; GPTBot/1.3; +https://openai.com/gptbot)"
74.7.227.52 - - [17/Mar/2026:23:51:05 +0000] "GET /whsy.php?e=exe&p=%2Fproc%2F11332 HTTP/2.0" 200 1935 "https://www.hibiscard.com.lab2454.com/whsy.php?p=%2Fproc%2F11332" "Mozilla/5.0 AppleWebKit/537.36 (KHTML, like Gecko; compatible; GPTBot/1.3; +https://openai.com/gptbot)"
74.7.227.29 - - [17/Mar/2026:23:51:12 +0000] "GET /whsy.php?e=smaps_rollup&p=%2Fproc%2F17259 HTTP/2.0" 200 2120 "https://hibiscard.com.lab2454.com/whsy.php?p=%2Fproc%2F17259" "Mozilla/5.0 AppleWebKit/537.36 (KHTML, like Gecko; compatible; GPTBot/1.3; +https://openai.com/gptbot)"
74.7.227.52 - - [17/Mar/2026:23:51:18 +0000] "GET /whsy.php?e=auxv&p=%2Fproc%2F12313 HTTP/2.0" 200 830 "https://www.hibiscard.com.lab2454.com/whsy.php?p=%2Fproc%2F12313" "Mozilla/5.0 AppleWebKit/537.36 (KHTML, like Gecko; compatible; GPTBot/1.3; +https://openai.com/gptbot)"
74.7.227.29 - - [17/Mar/2026:23:51:26 +0000] "GET /whsy.php?e=smaps_rollup&p=%2Fproc%2F17197 HTTP/2.0" 200 2120 "https://hibiscard.com.lab2454.com/whsy.php?p=%2Fproc%2F17197" "Mozilla/5.0 AppleWebKit/537.36 (KHTML, like Gecko; compatible; GPTBot/1.3; +https://openai.com/gptbot)"
74.7.227.52 - - [17/Mar/2026:23:51:33 +0000] "GET /whsy.php?e=auxv&p=%2Fproc%2F11332 HTTP/2.0" 200 1935 "https://www.hibiscard.com.lab2454.com/whsy.php?p=%2Fproc%2F11332" "Mozilla/5.0 AppleWebKit/537.36 (KHTML, like Gecko; compatible; GPTBot/1.3; +https://openai.com/gptbot)"
74.7.227.52 - - [17/Mar/2026:23:51:47 +0000] "GET /whsy.php?e=stat&p=%2Fproc%2F24956 HTTP/2.0" 200 830 "https://www.hibiscard.com.lab2454.com/whsy.php?p=%2Fproc%2F24956" "Mozilla/5.0 AppleWebKit/537.36 (KHTML, like Gecko; compatible; GPTBot/1.3; +https://openai.com/gptbot)"
74.7.227.52 - - [17/Mar/2026:23:52:00 +0000] "GET /whsy.php?e=exe&p=%2Fproc%2F24956 HTTP/2.0" 200 830 "https://www.hibiscard.com.lab2454.com/whsy.php?p=%2Fproc%2F24956" "Mozilla/5.0 AppleWebKit/537.36 (KHTML, like Gecko; compatible; GPTBot/1.3; +https://openai.com/gptbot)"
74.7.227.52 - - [17/Mar/2026:23:52:16 +0000] "GET /whsy.php?e=oom_adj&p=%2Fproc%2F22430 HTTP/2.0" 200 830 "https://www.hibiscard.com.lab2454.com/whsy.php?p=%2Fproc%2F22430" "Mozilla/5.0 AppleWebKit/537.36 (KHTML, like Gecko; compatible; GPTBot/1.3; +https://openai.com/gptbot)"
74.7.227.52 - - [17/Mar/2026:23:52:31 +0000] "GET /whsy.php?e=oom_adj&p=%2Fproc%2F12313 HTTP/2.0" 200 830 "https://www.hibiscard.com.lab2454.com/whsy.php?p=%2Fproc%2F12313" "Mozilla/5.0 AppleWebKit/537.36 (KHTML, like Gecko; compatible; GPTBot/1.3; +https://openai.com/gptbot)"
74.7.227.29 - - [17/Mar/2026:23:52:38 +0000] "GET /whsy.php?e=smaps_rollup&p=%2Fproc%2F17291 HTTP/2.0" 200 2120 "https://hibiscard.com.lab2454.com/whsy.php?p=%2Fproc%2F17291" "Mozilla/5.0 AppleWebKit/537.36 (KHTML, like Gecko; compatible; GPTBot/1.3; +https://openai.com/gptbot)"
74.7.227.52 - - [17/Mar/2026:23:52:44 +0000] "GET /whsy.php?e=uid_map&p=%2Fproc%2F11332 HTTP/2.0" 200 2022 "https://www.hibiscard.com.lab2454.com/whsy.php?p=%2Fproc%2F11332" "Mozilla/5.0 AppleWebKit/537.36 (KHTML, like Gecko; compatible; GPTBot/1.3; +https://openai.com/gptbot)"
74.7.227.29 - - [17/Mar/2026:23:52:51 +0000] "GET /whsy.php?e=smaps_rollup&p=%2Fproc%2F23805 HTTP/2.0" 200 2120 "https://hibiscard.com.lab2454.com/whsy.php?p=%2Fproc%2F23805" "Mozilla/5.0 AppleWebKit/537.36 (KHTML, like Gecko; compatible; GPTBot/1.3; +https://openai.com/gptbot)"
74.7.227.52 - - [17/Mar/2026:23:52:57 +0000] "GET /whsy.php?e=gid_map&p=%2Fproc%2F24257 HTTP/2.0" 200 830 "https://www.hibiscard.com.lab2454.com/whsy.php?p=%2Fproc%2F24257" "Mozilla/5.0 AppleWebKit/537.36 (KHTML, like Gecko; compatible; GPTBot/1.3; +https://openai.com/gptbot)"
74.7.227.29 - - [17/Mar/2026:23:53:03 +0000] "GET /whsy.php?e=smaps_rollup&p=%2Fproc%2F17192 HTTP/2.0" 200 2120 "https://hibiscard.com.lab2454.com/whsy.php?p=%2Fproc%2F17192" "Mozilla/5.0 AppleWebKit/537.36 (KHTML, like Gecko; compatible; GPTBot/1.3; +https://openai.com/gptbot)"
74.7.227.52 - - [17/Mar/2026:23:53:09 +0000] "GET /whsy.php?e=gid_map&p=%2Fproc%2F22430 HTTP/2.0" 200 830 "https://www.hibiscard.com.lab2454.com/whsy.php?p=%2Fproc%2F22430" "Mozilla/5.0 AppleWebKit/537.36 (KHTML, like Gecko; compatible; GPTBot/1.3; +https://openai.com/gptbot)"
74.7.227.29 - - [17/Mar/2026:23:53:16 +0000] "GET /whsy.php?e=smaps_rollup&p=%2Fproc%2F17235 HTTP/2.0" 200 2120 "https://hibiscard.com.lab2454.com/whsy.php?p=%2Fproc%2F17235" "Mozilla/5.0 AppleWebKit/537.36 (KHTML, like Gecko; compatible; GPTBot/1.3; +https://openai.com/gptbot)"
74.7.227.52 - - [17/Mar/2026:23:53:27 +0000] "GET /whsy.php?e=gid_map&p=%2Fproc%2F12313 HTTP/2.0" 200 830 "https://www.hibiscard.com.lab2454.com/whsy.php?p=%2Fproc%2F12313" "Mozilla/5.0 AppleWebKit/537.36 (KHTML, like Gecko; compatible; GPTBot/1.3; +https://openai.com/gptbot)"
74.7.244.51 - - [17/Mar/2026:23:53:27 +0000] "GET /robots.txt HTTP/2.0" 404 - "-" "Mozilla/5.0 (Macintosh; Intel Mac OS X 10_15_7) AppleWebKit/537.36 (KHTML, like Gecko) Chrome/131.0.0.0 Safari/537.36; compatible; OAI-SearchBot/1.3; robots.txt; +https://openai.com/searchbot"
74.7.227.29 - - [17/Mar/2026:23:53:35 +0000] "GET /whsy.php?e=smaps_rollup&p=%2Fproc%2F17187 HTTP/2.0" 200 2119 "https://hibiscard.com.lab2454.com/whsy.php?p=%2Fproc%2F17187" "Mozilla/5.0 AppleWebKit/537.36 (KHTML, like Gecko; compatible; GPTBot/1.3; +https://openai.com/gptbot)"
74.7.227.52 - - [17/Mar/2026:23:53:43 +0000] "GET /whsy.php?e=uid_map&p=%2Fproc%2F22430 HTTP/2.0" 200 830 "https://www.hibiscard.com.lab2454.com/whsy.php?p=%2Fproc%2F22430" "Mozilla/5.0 AppleWebKit/537.36 (KHTML, like Gecko; compatible; GPTBot/1.3; +https://openai.com/gptbot)"
74.7.227.52 - - [17/Mar/2026:23:53:56 +0000] "GET /whsy.php?e=uid_map&p=%2Fproc%2F12313 HTTP/2.0" 200 830 "https://www.hibiscard.com.lab2454.com/whsy.php?p=%2Fproc%2F12313" "Mozilla/5.0 AppleWebKit/537.36 (KHTML, like Gecko; compatible; GPTBot/1.3; +https://openai.com/gptbot)"
74.7.227.52 - - [17/Mar/2026:23:54:11 +0000] "GET /whsy.php?e=gid_map&p=%2Fproc%2F11332 HTTP/2.0" 200 2025 "https://www.hibiscard.com.lab2454.com/whsy.php?p=%2Fproc%2F11332" "Mozilla/5.0 AppleWebKit/537.36 (KHTML, like Gecko; compatible; GPTBot/1.3; +https://openai.com/gptbot)"
74.7.227.52 - - [17/Mar/2026:23:54:33 +0000] "GET /whsy.php?e=uid_map&p=%2Fproc%2F24257 HTTP/2.0" 200 830 "https://www.hibiscard.com.lab2454.com/whsy.php?p=%2Fproc%2F24257" "Mozilla/5.0 AppleWebKit/537.36 (KHTML, like Gecko; compatible; GPTBot/1.3; +https://openai.com/gptbot)"
74.7.227.52 - - [17/Mar/2026:23:54:50 +0000] "GET /whsy.php?e=oom_adj&p=%2Fproc%2F11332 HTTP/2.0" 200 2006 "https://www.hibiscard.com.lab2454.com/whsy.php?p=%2Fproc%2F11332" "Mozilla/5.0 AppleWebKit/537.36 (KHTML, like Gecko; compatible; GPTBot/1.3; +https://openai.com/gptbot)"
74.7.227.29 - - [17/Mar/2026:23:54:55 +0000] "GET /whsy.php?e=smaps_rollup&p=%2Fproc%2F30125 HTTP/2.0" 200 2120 "https://hibiscard.com.lab2454.com/whsy.php?p=%2Fproc%2F30125" "Mozilla/5.0 AppleWebKit/537.36 (KHTML, like Gecko; compatible; GPTBot/1.3; +https://openai.com/gptbot)"
74.7.227.52 - - [17/Mar/2026:23:55:05 +0000] "GET /whsy.php?e=oom_adj&p=%2Fproc%2F24257 HTTP/2.0" 200 830 "https://www.hibiscard.com.lab2454.com/whsy.php?p=%2Fproc%2F24257" "Mozilla/5.0 AppleWebKit/537.36 (KHTML, like Gecko; compatible; GPTBot/1.3; +https://openai.com/gptbot)"
74.7.227.52 - - [17/Mar/2026:23:55:19 +0000] "GET /whsy.php?e=setgroups&p=%2Fproc%2F24257 HTTP/2.0" 200 830 "https://www.hibiscard.com.lab2454.com/whsy.php?p=%2Fproc%2F24257" "Mozilla/5.0 AppleWebKit/537.36 (KHTML, like Gecko; compatible; GPTBot/1.3; +https://openai.com/gptbot)"
74.7.227.29 - - [17/Mar/2026:23:55:24 +0000] "GET /whsy.php?e=smaps_rollup&p=%2Fproc%2F17276 HTTP/2.0" 200 2120 "https://hibiscard.com.lab2454.com/whsy.php?p=%2Fproc%2F17276" "Mozilla/5.0 AppleWebKit/537.36 (KHTML, like Gecko; compatible; GPTBot/1.3; +https://openai.com/gptbot)"
74.7.227.52 - - [17/Mar/2026:23:55:38 +0000] "GET /whsy.php?e=schedstat&p=%2Fproc%2F12313 HTTP/2.0" 200 830 "https://www.hibiscard.com.lab2454.com/whsy.php?p=%2Fproc%2F12313" "Mozilla/5.0 AppleWebKit/537.36 (KHTML, like Gecko; compatible; GPTBot/1.3; +https://openai.com/gptbot)"
74.7.227.29 - - [17/Mar/2026:23:55:45 +0000] "GET /whsy.php?e=smaps_rollup&p=%2Fproc%2F17268 HTTP/2.0" 200 2119 "https://hibiscard.com.lab2454.com/whsy.php?p=%2Fproc%2F17268" "Mozilla/5.0 AppleWebKit/537.36 (KHTML, like Gecko; compatible; GPTBot/1.3; +https://openai.com/gptbot)"
74.7.227.52 - - [17/Mar/2026:23:55:57 +0000] "GET /whsy.php?e=sessionid&p=%2Fproc%2F24257 HTTP/2.0" 200 830 "https://www.hibiscard.com.lab2454.com/whsy.php?p=%2Fproc%2F24257" "Mozilla/5.0 AppleWebKit/537.36 (KHTML, like Gecko; compatible; GPTBot/1.3; +https://openai.com/gptbot)"
74.7.227.52 - - [17/Mar/2026:23:56:11 +0000] "GET /whsy.php?e=sessionid&p=%2Fproc%2F11332 HTTP/2.0" 200 2016 "https://www.hibiscard.com.lab2454.com/whsy.php?p=%2Fproc%2F11332" "Mozilla/5.0 AppleWebKit/537.36 (KHTML, like Gecko; compatible; GPTBot/1.3; +https://openai.com/gptbot)"
74.7.227.52 - - [17/Mar/2026:23:56:23 +0000] "GET /whsy.php?e=schedstat&p=%2Fproc%2F11332 HTTP/2.0" 200 2031 "https://www.hibiscard.com.lab2454.com/whsy.php?p=%2Fproc%2F11332" "Mozilla/5.0 AppleWebKit/537.36 (KHTML, like Gecko; compatible; GPTBot/1.3; +https://openai.com/gptbot)"
74.7.227.52 - - [17/Mar/2026:23:56:37 +0000] "GET /whsy.php?e=setgroups&p=%2Fproc%2F22430 HTTP/2.0" 200 830 "https://www.hibiscard.com.lab2454.com/whsy.php?p=%2Fproc%2F22430" "Mozilla/5.0 AppleWebKit/537.36 (KHTML, like Gecko; compatible; GPTBot/1.3; +https://openai.com/gptbot)"
74.7.227.52 - - [17/Mar/2026:23:56:52 +0000] "GET /whsy.php?e=sessionid&p=%2Fproc%2F12313 HTTP/2.0" 200 830 "https://www.hibiscard.com.lab2454.com/whsy.php?p=%2Fproc%2F12313" "Mozilla/5.0 AppleWebKit/537.36 (KHTML, like Gecko; compatible; GPTBot/1.3; +https://openai.com/gptbot)"
74.7.227.29 - - [17/Mar/2026:23:56:58 +0000] "GET /whsy.php?e=smaps_rollup&p=%2Fproc%2F17297 HTTP/2.0" 200 2120 "https://hibiscard.com.lab2454.com/whsy.php?p=%2Fproc%2F17297" "Mozilla/5.0 AppleWebKit/537.36 (KHTML, like Gecko; compatible; GPTBot/1.3; +https://openai.com/gptbot)"
74.7.227.52 - - [17/Mar/2026:23:57:07 +0000] "GET /whsy.php?e=sessionid&p=%2Fproc%2F22430 HTTP/2.0" 200 830 "https://www.hibiscard.com.lab2454.com/whsy.php?p=%2Fproc%2F22430" "Mozilla/5.0 AppleWebKit/537.36 (KHTML, like Gecko; compatible; GPTBot/1.3; +https://openai.com/gptbot)"
74.7.227.29 - - [17/Mar/2026:23:57:13 +0000] "GET /whsy.php?e=smaps_rollup&p=%2Fproc%2F17213 HTTP/2.0" 200 2120 "https://hibiscard.com.lab2454.com/whsy.php?p=%2Fproc%2F17213" "Mozilla/5.0 AppleWebKit/537.36 (KHTML, like Gecko; compatible; GPTBot/1.3; +https://openai.com/gptbot)"
74.7.227.52 - - [17/Mar/2026:23:57:24 +0000] "GET /whsy.php?e=ksm_stat&p=%2Fproc%2F24956 HTTP/2.0" 200 830 "https://www.hibiscard.com.lab2454.com/whsy.php?p=%2Fproc%2F24956" "Mozilla/5.0 AppleWebKit/537.36 (KHTML, like Gecko; compatible; GPTBot/1.3; +https://openai.com/gptbot)"
74.7.227.29 - - [17/Mar/2026:23:57:31 +0000] "GET /whsy.php?e=smaps_rollup&p=%2Fproc%2F17218 HTTP/2.0" 200 2119 "https://hibiscard.com.lab2454.com/whsy.php?p=%2Fproc%2F17218" "Mozilla/5.0 AppleWebKit/537.36 (KHTML, like Gecko; compatible; GPTBot/1.3; +https://openai.com/gptbot)"
74.7.227.52 - - [17/Mar/2026:23:57:42 +0000] "GET /whsy.php?e=ksm_stat&p=%2Fproc%2F19390 HTTP/2.0" 200 830 "https://www.hibiscard.com.lab2454.com/whsy.php?p=%2Fproc%2F19390" "Mozilla/5.0 AppleWebKit/537.36 (KHTML, like Gecko; compatible; GPTBot/1.3; +https://openai.com/gptbot)"
74.7.227.52 - - [17/Mar/2026:23:58:01 +0000] "GET /whsy.php?e=ksm_stat&p=%2Fproc%2F31043 HTTP/2.0" 200 830 "https://www.hibiscard.com.lab2454.com/whsy.php?p=%2Fproc%2F31043" "Mozilla/5.0 AppleWebKit/537.36 (KHTML, like Gecko; compatible; GPTBot/1.3; +https://openai.com/gptbot)"
74.7.227.29 - - [17/Mar/2026:23:58:07 +0000] "GET /whsy.php?e=smaps_rollup&p=%2Fproc%2F17207 HTTP/2.0" 200 2120 "https://hibiscard.com.lab2454.com/whsy.php?p=%2Fproc%2F17207" "Mozilla/5.0 AppleWebKit/537.36 (KHTML, like Gecko; compatible; GPTBot/1.3; +https://openai.com/gptbot)"
74.7.227.52 - - [17/Mar/2026:23:58:17 +0000] "GET /whsy.php?e=timerslack_ns&p=%2Fproc%2F12313 HTTP/2.0" 200 830 "https://www.hibiscard.com.lab2454.com/whsy.php?p=%2Fproc%2F12313" "Mozilla/5.0 AppleWebKit/537.36 (KHTML, like Gecko; compatible; GPTBot/1.3; +https://openai.com/gptbot)"
74.7.227.29 - - [17/Mar/2026:23:58:24 +0000] "GET /whsy.php?e=smaps_rollup&p=%2Fproc%2F31892 HTTP/2.0" 200 830 "https://hibiscard.com.lab2454.com/whsy.php?p=%2Fproc%2F31892" "Mozilla/5.0 AppleWebKit/537.36 (KHTML, like Gecko; compatible; GPTBot/1.3; +https://openai.com/gptbot)"
74.7.227.52 - - [17/Mar/2026:23:58:37 +0000] "GET /whsy.php?e=timerslack_ns&p=%2Fproc%2F22430 HTTP/2.0" 200 830 "https://www.hibiscard.com.lab2454.com/whsy.php?p=%2Fproc%2F22430" "Mozilla/5.0 AppleWebKit/537.36 (KHTML, like Gecko; compatible; GPTBot/1.3; +https://openai.com/gptbot)"
74.7.227.52 - - [17/Mar/2026:23:58:57 +0000] "GET /whsy.php?e=timerslack_ns&p=%2Fproc%2F24257 HTTP/2.0" 200 830 "https://www.hibiscard.com.lab2454.com/whsy.php?p=%2Fproc%2F24257" "Mozilla/5.0 AppleWebKit/537.36 (KHTML, like Gecko; compatible; GPTBot/1.3; +https://openai.com/gptbot)"
74.7.227.29 - - [17/Mar/2026:23:59:05 +0000] "GET /whsy.php?e=io&p=%2Fproc%2F17259 HTTP/2.0" 200 1936 "https://hibiscard.com.lab2454.com/whsy.php?p=%2Fproc%2F17259" "Mozilla/5.0 AppleWebKit/537.36 (KHTML, like Gecko; compatible; GPTBot/1.3; +https://openai.com/gptbot)"
74.7.227.52 - - [17/Mar/2026:23:59:16 +0000] "GET /whsy.php?e=timerslack_ns&p=%2Fproc%2F11332 HTTP/2.0" 200 2007 "https://www.hibiscard.com.lab2454.com/whsy.php?p=%2Fproc%2F11332" "Mozilla/5.0 AppleWebKit/537.36 (KHTML, like Gecko; compatible; GPTBot/1.3; +https://openai.com/gptbot)"
74.7.227.52 - - [17/Mar/2026:23:59:35 +0000] "GET /whsy.php?e=stat&p=%2Fproc%2F22430 HTTP/2.0" 200 830 "https://www.hibiscard.com.lab2454.com/whsy.php?p=%2Fproc%2F22430" "Mozilla/5.0 AppleWebKit/537.36 (KHTML, like Gecko; compatible; GPTBot/1.3; +https://openai.com/gptbot)"
74.7.227.29 - - [17/Mar/2026:23:59:45 +0000] "GET /whsy.php?e=io&p=%2Fproc%2F17315 HTTP/2.0" 200 1936 "https://hibiscard.com.lab2454.com/whsy.php?p=%2Fproc%2F17315" "Mozilla/5.0 AppleWebKit/537.36 (KHTML, like Gecko; compatible; GPTBot/1.3; +https://openai.com/gptbot)"
