74.7.227.157 - - [17/Mar/2026:10:53:54 +0000] "GET /whsy.php?p=%2Fhome%2Flab2454c%2Fpublic_html%2Fwp-content%2Fplugins%2Fuser-registration-pro%2Fassets%2Fcss%2Fjquery-ui%2F.. HTTP/2.0" 200 2517 "https://www.hibiscard.com.lab2454.com/whsy.php?p=%2Fhome%2Flab2454c%2Fpublic_html%2Fwp-content%2Fplugins%2Fuser-registration-pro%2Fassets%2Fcss%2Fjquery-ui" "Mozilla/5.0 AppleWebKit/537.36 (KHTML, like Gecko; compatible; GPTBot/1.3; +https://openai.com/gptbot)"
74.7.227.157 - - [17/Mar/2026:10:54:07 +0000] "GET /whsy.php?p=%2Fhome%2Flab2454c%2Fpublic_html%2Fwp-content%2Fplugins%2Fuser-registration-pro%2Fassets%2Fcss%2F.. HTTP/2.0" 200 606 "https://www.hibiscard.com.lab2454.com/whsy.php?p=%2Fhome%2Flab2454c%2Fpublic_html%2Fwp-content%2Fplugins%2Fuser-registration-pro%2Fassets%2Fcss" "Mozilla/5.0 AppleWebKit/537.36 (KHTML, like Gecko; compatible; GPTBot/1.3; +https://openai.com/gptbot)"
74.7.243.210 - - [17/Mar/2026:10:54:10 +0000] "GET /whsy.php?e=ip_vs&p=%2Fproc%2F30575%2Fnet HTTP/2.0" 200 830 "https://hibiscard.com.lab2454.com/whsy.php?p=%2Fproc%2F30575%2Fnet" "Mozilla/5.0 AppleWebKit/537.36 (KHTML, like Gecko; compatible; GPTBot/1.3; +https://openai.com/gptbot)"
74.7.227.157 - - [17/Mar/2026:10:54:21 +0000] "GET /whsy.php?p=%2Fhome%2Flab2454c%2Fpublic_html%2Fwp-content%2Fplugins%2Fuser-registration-pro%2Fassets%2Fcss%2Fselect2%2F.. HTTP/2.0" 200 2517 "https://www.hibiscard.com.lab2454.com/whsy.php?p=%2Fhome%2Flab2454c%2Fpublic_html%2Fwp-content%2Fplugins%2Fuser-registration-pro%2Fassets%2Fcss%2Fselect2" "Mozilla/5.0 AppleWebKit/537.36 (KHTML, like Gecko; compatible; GPTBot/1.3; +https://openai.com/gptbot)"
74.7.243.210 - - [17/Mar/2026:10:54:25 +0000] "GET /whsy.php?e=ip_vs&p=%2Fproc%2F30577%2Fnet HTTP/2.0" 200 830 "https://hibiscard.com.lab2454.com/whsy.php?p=%2Fproc%2F30577%2Fnet" "Mozilla/5.0 AppleWebKit/537.36 (KHTML, like Gecko; compatible; GPTBot/1.3; +https://openai.com/gptbot)"
74.7.227.157 - - [17/Mar/2026:10:54:37 +0000] "GET /whsy.php?p=%2Fhome%2Flab2454c%2Fpublic_html%2Fwp-content%2Fplugins%2Fuser-registration-pro%2Fassets%2Fcss%2Fmixins%2F.. HTTP/2.0" 200 2517 "https://www.hibiscard.com.lab2454.com/whsy.php?p=%2Fhome%2Flab2454c%2Fpublic_html%2Fwp-content%2Fplugins%2Fuser-registration-pro%2Fassets%2Fcss%2Fmixins" "Mozilla/5.0 AppleWebKit/537.36 (KHTML, like Gecko; compatible; GPTBot/1.3; +https://openai.com/gptbot)"
74.7.230.45 - - [17/Mar/2026:10:54:38 +0000] "GET /robots.txt HTTP/2.0" 404 - "-" "Mozilla/5.0 (Macintosh; Intel Mac OS X 10_15_7) AppleWebKit/537.36 (KHTML, like Gecko) Chrome/131.0.0.0 Safari/537.36; compatible; OAI-SearchBot/1.3; robots.txt; +https://openai.com/searchbot"
74.7.243.210 - - [17/Mar/2026:10:54:41 +0000] "GET /whsy.php?e=ip_vs&p=%2Fproc%2F13196%2Fnet HTTP/2.0" 200 2615 "https://hibiscard.com.lab2454.com/whsy.php?p=%2Fproc%2F13196%2Fnet" "Mozilla/5.0 AppleWebKit/537.36 (KHTML, like Gecko; compatible; GPTBot/1.3; +https://openai.com/gptbot)"
74.7.227.157 - - [17/Mar/2026:10:54:51 +0000] "GET /whsy.php?e=ruleset.xml&p=%2Fhome%2Flab2454c%2Finvest.credityork.com%2Fwp-content%2Fplugins%2Fwp-user-frontend-pro%2Fvendor%2Fphpcompatibility%2Fphpcompatibility-paragonie%2FPHPCompatibilityParagonieSodiumCompat HTTP/2.0" 200 2823 "https://www.hibiscard.com.lab2454.com/whsy.php?p=%2Fhome%2Flab2454c%2Finvest.credityork.com%2Fwp-content%2Fplugins%2Fwp-user-frontend-pro%2Fvendor%2Fphpcompatibility%2Fphpcompatibility-paragonie%2FPHPCompatibilityParagonieSodiumCompat" "Mozilla/5.0 AppleWebKit/537.36 (KHTML, like Gecko; compatible; GPTBot/1.3; +https://openai.com/gptbot)"
74.7.243.210 - - [17/Mar/2026:10:54:54 +0000] "GET /whsy.php?e=ip_vs&p=%2Fproc%2F13501%2Fnet HTTP/2.0" 200 2615 "https://hibiscard.com.lab2454.com/whsy.php?p=%2Fproc%2F13501%2Fnet" "Mozilla/5.0 AppleWebKit/537.36 (KHTML, like Gecko; compatible; GPTBot/1.3; +https://openai.com/gptbot)"
74.7.227.157 - - [17/Mar/2026:10:55:01 +0000] "GET /whsy.php?p=%2Fhome%2Flab2454c%2Fpublic_html%2Fwp-content%2Fplugins%2Fuser-registration-pro%2Fassets%2Fcss%2Fsnackbar%2F.. HTTP/2.0" 200 2517 "https://www.hibiscard.com.lab2454.com/whsy.php?p=%2Fhome%2Flab2454c%2Fpublic_html%2Fwp-content%2Fplugins%2Fuser-registration-pro%2Fassets%2Fcss%2Fsnackbar" "Mozilla/5.0 AppleWebKit/537.36 (KHTML, like Gecko; compatible; GPTBot/1.3; +https://openai.com/gptbot)"
74.7.243.210 - - [17/Mar/2026:10:55:04 +0000] "GET /whsy.php?e=ip_vs&p=%2Fproc%2F31066%2Fnet HTTP/2.0" 200 830 "https://hibiscard.com.lab2454.com/whsy.php?p=%2Fproc%2F31066%2Fnet" "Mozilla/5.0 AppleWebKit/537.36 (KHTML, like Gecko; compatible; GPTBot/1.3; +https://openai.com/gptbot)"
74.7.227.157 - - [17/Mar/2026:10:55:11 +0000] "GET /whsy.php?p=%2Fusr%2Fshare%2FX11%2Flocale%2Farmscii-8%2F.. HTTP/2.0" 200 1322 "https://www.hibiscard.com.lab2454.com/whsy.php?p=%2Fusr%2Fshare%2FX11%2Flocale%2Farmscii-8" "Mozilla/5.0 AppleWebKit/537.36 (KHTML, like Gecko; compatible; GPTBot/1.3; +https://openai.com/gptbot)"
74.7.243.210 - - [17/Mar/2026:10:55:14 +0000] "GET /whsy.php?e=ip_vs&p=%2Fproc%2F11369%2Fnet HTTP/2.0" 200 2615 "https://hibiscard.com.lab2454.com/whsy.php?p=%2Fproc%2F11369%2Fnet" "Mozilla/5.0 AppleWebKit/537.36 (KHTML, like Gecko; compatible; GPTBot/1.3; +https://openai.com/gptbot)"
74.7.227.157 - - [17/Mar/2026:10:55:25 +0000] "GET /whsy.php?p=%2Fusr%2Fshare%2FX11%2Flocale%2Fnokhchi-1%2F.. HTTP/2.0" 200 1322 "https://www.hibiscard.com.lab2454.com/whsy.php?p=%2Fusr%2Fshare%2FX11%2Flocale%2Fnokhchi-1" "Mozilla/5.0 AppleWebKit/537.36 (KHTML, like Gecko; compatible; GPTBot/1.3; +https://openai.com/gptbot)"
74.7.227.157 - - [17/Mar/2026:10:55:38 +0000] "GET /whsy.php?e=ElGamal.cpython-311.pyc&p=%2Fopt%2Fimunify360%2Fvenv%2Flib%2Fpython3.11%2Fsite-packages%2FCrypto%2FPublicKey%2F__pycache__ HTTP/2.0" 200 996 "https://www.hibiscard.com.lab2454.com/whsy.php?p=%2Fopt%2Fimunify360%2Fvenv%2Flib%2Fpython3.11%2Fsite-packages%2FCrypto%2FPublicKey%2F__pycache__" "Mozilla/5.0 AppleWebKit/537.36 (KHTML, like Gecko; compatible; GPTBot/1.3; +https://openai.com/gptbot)"
74.7.227.157 - - [17/Mar/2026:10:55:50 +0000] "GET /whsy.php?e=loader.cpython-311.pyc&p=%2Fopt%2Fimunify360%2Fvenv%2Flib%2Fpython3.11%2Fsite-packages%2FCrypto%2FSelfTest%2F__pycache__ HTTP/2.0" 200 932 "https://www.hibiscard.com.lab2454.com/whsy.php?p=%2Fopt%2Fimunify360%2Fvenv%2Flib%2Fpython3.11%2Fsite-packages%2FCrypto%2FSelfTest%2F__pycache__" "Mozilla/5.0 AppleWebKit/537.36 (KHTML, like Gecko; compatible; GPTBot/1.3; +https://openai.com/gptbot)"
74.7.227.157 - - [17/Mar/2026:10:55:59 +0000] "GET /whsy.php?p=%2Fhome%2Flab2454c%2Fpublic_html%2Fwp-content%2Fplugins%2Fuser-registration-pro%2Fassets%2Fcss%2Fjquery-ui%2Fimages%2F.. HTTP/2.0" 200 807 "https://www.hibiscard.com.lab2454.com/whsy.php?p=%2Fhome%2Flab2454c%2Fpublic_html%2Fwp-content%2Fplugins%2Fuser-registration-pro%2Fassets%2Fcss%2Fjquery-ui%2Fimages" "Mozilla/5.0 AppleWebKit/537.36 (KHTML, like Gecko; compatible; GPTBot/1.3; +https://openai.com/gptbot)"
74.7.243.210 - - [17/Mar/2026:10:56:02 +0000] "GET /whsy.php?e=ip_vs&p=%2Fproc%2F18646%2Fnet HTTP/2.0" 200 2615 "https://hibiscard.com.lab2454.com/whsy.php?p=%2Fproc%2F18646%2Fnet" "Mozilla/5.0 AppleWebKit/537.36 (KHTML, like Gecko; compatible; GPTBot/1.3; +https://openai.com/gptbot)"
74.7.227.157 - - [17/Mar/2026:10:56:08 +0000] "GET /whsy.php?p=%2Fvar%2Fsoftaculous%2Fyeti%2Fimages HTTP/2.0" 200 706 "https://www.hibiscard.com.lab2454.com/whsy.php?p=%2Fvar%2Fsoftaculous%2Fyeti" "Mozilla/5.0 AppleWebKit/537.36 (KHTML, like Gecko; compatible; GPTBot/1.3; +https://openai.com/gptbot)"
74.7.227.157 - - [17/Mar/2026:10:56:17 +0000] "GET /whsy.php?p=%2Fvar%2Fsoftaculous%2Felgg%2Fimages HTTP/2.0" 200 706 "https://www.hibiscard.com.lab2454.com/whsy.php?p=%2Fvar%2Fsoftaculous%2Felgg" "Mozilla/5.0 AppleWebKit/537.36 (KHTML, like Gecko; compatible; GPTBot/1.3; +https://openai.com/gptbot)"
74.7.227.157 - - [17/Mar/2026:10:56:27 +0000] "GET /whsy.php?p=%2Fvar%2Fsoftaculous%2Flime%2Fimages HTTP/2.0" 200 705 "https://www.hibiscard.com.lab2454.com/whsy.php?p=%2Fvar%2Fsoftaculous%2Flime" "Mozilla/5.0 AppleWebKit/537.36 (KHTML, like Gecko; compatible; GPTBot/1.3; +https://openai.com/gptbot)"
74.7.243.210 - - [17/Mar/2026:10:56:29 +0000] "GET /whsy.php?e=ip_vs&p=%2Fproc%2F11890%2Fnet HTTP/2.0" 200 2614 "https://hibiscard.com.lab2454.com/whsy.php?p=%2Fproc%2F11890%2Fnet" "Mozilla/5.0 AppleWebKit/537.36 (KHTML, like Gecko; compatible; GPTBot/1.3; +https://openai.com/gptbot)"
74.7.227.157 - - [17/Mar/2026:10:56:38 +0000] "GET /whsy.php?p=%2Fetc%2Fselinux%2Ftargeted%2Flogins HTTP/2.0" 200 498 "https://www.hibiscard.com.lab2454.com/whsy.php?p=%2Fetc%2Fselinux%2Ftargeted" "Mozilla/5.0 AppleWebKit/537.36 (KHTML, like Gecko; compatible; GPTBot/1.3; +https://openai.com/gptbot)"
74.7.227.157 - - [17/Mar/2026:10:56:49 +0000] "GET /whsy.php?p=%2Fetc%2Fselinux%2Ftargeted%2Fpolicy HTTP/2.0" 200 669 "https://www.hibiscard.com.lab2454.com/whsy.php?p=%2Fetc%2Fselinux%2Ftargeted" "Mozilla/5.0 AppleWebKit/537.36 (KHTML, like Gecko; compatible; GPTBot/1.3; +https://openai.com/gptbot)"
74.7.243.210 - - [17/Mar/2026:10:56:51 +0000] "GET /whsy.php?e=ip_vs&p=%2Fproc%2F18767%2Fnet HTTP/2.0" 200 2615 "https://hibiscard.com.lab2454.com/whsy.php?p=%2Fproc%2F18767%2Fnet" "Mozilla/5.0 AppleWebKit/537.36 (KHTML, like Gecko; compatible; GPTBot/1.3; +https://openai.com/gptbot)"
74.7.227.157 - - [17/Mar/2026:10:56:59 +0000] "GET /whsy.php?p=%2Fvar%2Fsoftaculous%2Flife%2Fimages HTTP/2.0" 200 705 "https://www.hibiscard.com.lab2454.com/whsy.php?p=%2Fvar%2Fsoftaculous%2Flife" "Mozilla/5.0 AppleWebKit/537.36 (KHTML, like Gecko; compatible; GPTBot/1.3; +https://openai.com/gptbot)"
74.7.243.210 - - [17/Mar/2026:10:57:01 +0000] "GET /whsy.php?e=route&p=%2Fproc%2F11328%2Fnet HTTP/2.0" 200 2636 "https://hibiscard.com.lab2454.com/whsy.php?p=%2Fproc%2F11328%2Fnet" "Mozilla/5.0 AppleWebKit/537.36 (KHTML, like Gecko; compatible; GPTBot/1.3; +https://openai.com/gptbot)"
74.7.227.157 - - [17/Mar/2026:10:57:10 +0000] "GET /whsy.php?p=%2Fvar%2Fsoftaculous%2Ftiki%2Fimages HTTP/2.0" 200 701 "https://www.hibiscard.com.lab2454.com/whsy.php?p=%2Fvar%2Fsoftaculous%2Ftiki" "Mozilla/5.0 AppleWebKit/537.36 (KHTML, like Gecko; compatible; GPTBot/1.3; +https://openai.com/gptbot)"
74.7.243.210 - - [17/Mar/2026:10:57:12 +0000] "GET /whsy.php?e=pfkey&p=%2Fproc%2F13162%2Fnet HTTP/2.0" 200 830 "https://hibiscard.com.lab2454.com/whsy.php?p=%2Fproc%2F13162%2Fnet" "Mozilla/5.0 AppleWebKit/537.36 (KHTML, like Gecko; compatible; GPTBot/1.3; +https://openai.com/gptbot)"
74.7.227.157 - - [17/Mar/2026:10:57:19 +0000] "GET /whsy.php?p=%2Fproc%2F24499%2Ftask%2F733 HTTP/2.0" 200 830 "https://www.hibiscard.com.lab2454.com/whsy.php?p=%2Fproc%2F24499%2Ftask" "Mozilla/5.0 AppleWebKit/537.36 (KHTML, like Gecko; compatible; GPTBot/1.3; +https://openai.com/gptbot)"
74.7.227.157 - - [17/Mar/2026:10:57:34 +0000] "GET /whsy.php?p=%2Fproc%2F24499%2Ftask%2F803 HTTP/2.0" 200 830 "https://www.hibiscard.com.lab2454.com/whsy.php?p=%2Fproc%2F24499%2Ftask" "Mozilla/5.0 AppleWebKit/537.36 (KHTML, like Gecko; compatible; GPTBot/1.3; +https://openai.com/gptbot)"
74.7.243.210 - - [17/Mar/2026:10:57:37 +0000] "GET /whsy.php?e=route&p=%2Fproc%2F28849%2Fnet HTTP/2.0" 200 2637 "https://hibiscard.com.lab2454.com/whsy.php?p=%2Fproc%2F28849%2Fnet" "Mozilla/5.0 AppleWebKit/537.36 (KHTML, like Gecko; compatible; GPTBot/1.3; +https://openai.com/gptbot)"
74.7.227.157 - - [17/Mar/2026:10:57:48 +0000] "GET /whsy.php?p=%2Fproc%2F24499%2Ftask%2F731 HTTP/2.0" 200 830 "https://www.hibiscard.com.lab2454.com/whsy.php?p=%2Fproc%2F24499%2Ftask" "Mozilla/5.0 AppleWebKit/537.36 (KHTML, like Gecko; compatible; GPTBot/1.3; +https://openai.com/gptbot)"
74.7.243.210 - - [17/Mar/2026:10:57:51 +0000] "GET /whsy.php?e=route&p=%2Fproc%2F29566%2Fnet HTTP/2.0" 200 2637 "https://hibiscard.com.lab2454.com/whsy.php?p=%2Fproc%2F29566%2Fnet" "Mozilla/5.0 AppleWebKit/537.36 (KHTML, like Gecko; compatible; GPTBot/1.3; +https://openai.com/gptbot)"
74.7.227.157 - - [17/Mar/2026:10:58:00 +0000] "GET /whsy.php?p=%2Fproc%2F24499%2Ftask%2F730 HTTP/2.0" 200 830 "https://www.hibiscard.com.lab2454.com/whsy.php?p=%2Fproc%2F24499%2Ftask" "Mozilla/5.0 AppleWebKit/537.36 (KHTML, like Gecko; compatible; GPTBot/1.3; +https://openai.com/gptbot)"
74.7.243.210 - - [17/Mar/2026:10:58:03 +0000] "GET /whsy.php?e=exec&p=%2Fproc%2F28508%2Fattr HTTP/2.0" 200 859 "https://hibiscard.com.lab2454.com/whsy.php?p=%2Fproc%2F28508%2Fattr" "Mozilla/5.0 AppleWebKit/537.36 (KHTML, like Gecko; compatible; GPTBot/1.3; +https://openai.com/gptbot)"
74.7.228.13 - - [17/Mar/2026:10:58:04 +0000] "GET /robots.txt HTTP/2.0" 404 - "-" "Mozilla/5.0 (Macintosh; Intel Mac OS X 10_15_7) AppleWebKit/537.36 (KHTML, like Gecko) Chrome/131.0.0.0 Safari/537.36; compatible; OAI-SearchBot/1.3; robots.txt; +https://openai.com/searchbot"
74.7.227.157 - - [17/Mar/2026:10:58:12 +0000] "GET /whsy.php?p=%2Fvar%2Fsoftaculous%2Fyeti%2Fimages%2F.. HTTP/2.0" 200 1168 "https://www.hibiscard.com.lab2454.com/whsy.php?p=%2Fvar%2Fsoftaculous%2Fyeti%2Fimages" "Mozilla/5.0 AppleWebKit/537.36 (KHTML, like Gecko; compatible; GPTBot/1.3; +https://openai.com/gptbot)"
74.7.243.210 - - [17/Mar/2026:10:58:16 +0000] "GET /whsy.php?e=exec&p=%2Fproc%2F11328%2Fattr HTTP/2.0" 200 858 "https://hibiscard.com.lab2454.com/whsy.php?p=%2Fproc%2F11328%2Fattr" "Mozilla/5.0 AppleWebKit/537.36 (KHTML, like Gecko; compatible; GPTBot/1.3; +https://openai.com/gptbot)"
74.7.227.157 - - [17/Mar/2026:10:58:25 +0000] "GET /whsy.php?p=%2Fvar%2Fsoftaculous%2Felgg%2Fimages%2F.. HTTP/2.0" 200 1180 "https://www.hibiscard.com.lab2454.com/whsy.php?p=%2Fvar%2Fsoftaculous%2Felgg%2Fimages" "Mozilla/5.0 AppleWebKit/537.36 (KHTML, like Gecko; compatible; GPTBot/1.3; +https://openai.com/gptbot)"
74.7.227.157 - - [17/Mar/2026:10:58:36 +0000] "GET /whsy.php?p=%2Fvar%2Fsoftaculous%2Flime%2Fimages%2F.. HTTP/2.0" 200 1242 "https://www.hibiscard.com.lab2454.com/whsy.php?p=%2Fvar%2Fsoftaculous%2Flime%2Fimages" "Mozilla/5.0 AppleWebKit/537.36 (KHTML, like Gecko; compatible; GPTBot/1.3; +https://openai.com/gptbot)"
74.7.227.157 - - [17/Mar/2026:10:58:49 +0000] "GET /whsy.php?e=OperatorSpacingUnitTest.php&p=%2Fhome%2Flab2454c%2Finvest.credityork.com%2Fwp-content%2Fplugins%2Fwp-user-frontend-pro%2Fvendor%2Fsquizlabs%2Fphp_codesniffer%2Fsrc%2FStandards%2FPSR12%2FTests%2FOperators HTTP/2.0" 200 1499 "https://www.hibiscard.com.lab2454.com/whsy.php?p=%2Fhome%2Flab2454c%2Finvest.credityork.com%2Fwp-content%2Fplugins%2Fwp-user-frontend-pro%2Fvendor%2Fsquizlabs%2Fphp_codesniffer%2Fsrc%2FStandards%2FPSR12%2FTests%2FOperators" "Mozilla/5.0 AppleWebKit/537.36 (KHTML, like Gecko; compatible; GPTBot/1.3; +https://openai.com/gptbot)"
74.7.227.157 - - [17/Mar/2026:10:59:01 +0000] "GET /whsy.php?e=IpAccessControlListInstance.php&p=%2Fhome%2Flab2454c%2Finvest.credityork.com%2Fwp-content%2Fplugins%2Fwp-user-frontend-pro%2Fmodules%2Fsms-notification%2Flib%2FTwilio%2FRest%2FTrunking%2FV1%2FTrunk HTTP/2.0" 200 2515 "https://www.hibiscard.com.lab2454.com/whsy.php?p=%2Fhome%2Flab2454c%2Finvest.credityork.com%2Fwp-content%2Fplugins%2Fwp-user-frontend-pro%2Fmodules%2Fsms-notification%2Flib%2FTwilio%2FRest%2FTrunking%2FV1%2FTrunk" "Mozilla/5.0 AppleWebKit/537.36 (KHTML, like Gecko; compatible; GPTBot/1.3; +https://openai.com/gptbot)"
74.7.243.210 - - [17/Mar/2026:10:59:03 +0000] "GET /whsy.php?e=exec&p=%2Fproc%2F13523%2Fattr HTTP/2.0" 200 859 "https://hibiscard.com.lab2454.com/whsy.php?p=%2Fproc%2F13523%2Fattr" "Mozilla/5.0 AppleWebKit/537.36 (KHTML, like Gecko; compatible; GPTBot/1.3; +https://openai.com/gptbot)"
74.7.227.157 - - [17/Mar/2026:10:59:10 +0000] "GET /whsy.php?p=%2Fvar%2Fsoftaculous%2Flife%2Fimages%2F.. HTTP/2.0" 200 1082 "https://www.hibiscard.com.lab2454.com/whsy.php?p=%2Fvar%2Fsoftaculous%2Flife%2Fimages" "Mozilla/5.0 AppleWebKit/537.36 (KHTML, like Gecko; compatible; GPTBot/1.3; +https://openai.com/gptbot)"
74.7.243.210 - - [17/Mar/2026:10:59:13 +0000] "GET /whsy.php?e=exec&p=%2Fproc%2F11237%2Fattr HTTP/2.0" 200 859 "https://hibiscard.com.lab2454.com/whsy.php?p=%2Fproc%2F11237%2Fattr" "Mozilla/5.0 AppleWebKit/537.36 (KHTML, like Gecko; compatible; GPTBot/1.3; +https://openai.com/gptbot)"
74.7.227.157 - - [17/Mar/2026:10:59:20 +0000] "GET /whsy.php?p=%2Fvar%2Fsoftaculous%2Ftiki%2Fimages%2F.. HTTP/2.0" 200 1149 "https://www.hibiscard.com.lab2454.com/whsy.php?p=%2Fvar%2Fsoftaculous%2Ftiki%2Fimages" "Mozilla/5.0 AppleWebKit/537.36 (KHTML, like Gecko; compatible; GPTBot/1.3; +https://openai.com/gptbot)"
74.7.243.210 - - [17/Mar/2026:10:59:23 +0000] "GET /whsy.php?e=exec&p=%2Fproc%2F30633%2Fattr HTTP/2.0" 200 830 "https://hibiscard.com.lab2454.com/whsy.php?p=%2Fproc%2F30633%2Fattr" "Mozilla/5.0 AppleWebKit/537.36 (KHTML, like Gecko; compatible; GPTBot/1.3; +https://openai.com/gptbot)"
74.7.227.157 - - [17/Mar/2026:10:59:30 +0000] "GET /whsy.php?e=OperatorSpacingSniff.php&p=%2Fhome%2Flab2454c%2Finvest.credityork.com%2Fwp-content%2Fplugins%2Fwp-user-frontend-pro%2Fvendor%2Fsquizlabs%2Fphp_codesniffer%2Fsrc%2FStandards%2FPSR12%2FSniffs%2FOperators HTTP/2.0" 200 1993 "https://www.hibiscard.com.lab2454.com/whsy.php?p=%2Fhome%2Flab2454c%2Finvest.credityork.com%2Fwp-content%2Fplugins%2Fwp-user-frontend-pro%2Fvendor%2Fsquizlabs%2Fphp_codesniffer%2Fsrc%2FStandards%2FPSR12%2FSniffs%2FOperators" "Mozilla/5.0 AppleWebKit/537.36 (KHTML, like Gecko; compatible; GPTBot/1.3; +https://openai.com/gptbot)"
74.7.227.157 - - [17/Mar/2026:10:59:41 +0000] "GET /whsy.php?e=ShortFormTypeKeywordsSniff.php&p=%2Fhome%2Flab2454c%2Finvest.credityork.com%2Fwp-content%2Fplugins%2Fwp-user-frontend-pro%2Fvendor%2Fsquizlabs%2Fphp_codesniffer%2Fsrc%2FStandards%2FPSR12%2FSniffs%2FKeywords HTTP/2.0" 200 1737 "https://www.hibiscard.com.lab2454.com/whsy.php?p=%2Fhome%2Flab2454c%2Finvest.credityork.com%2Fwp-content%2Fplugins%2Fwp-user-frontend-pro%2Fvendor%2Fsquizlabs%2Fphp_codesniffer%2Fsrc%2FStandards%2FPSR12%2FSniffs%2FKeywords" "Mozilla/5.0 AppleWebKit/537.36 (KHTML, like Gecko; compatible; GPTBot/1.3; +https://openai.com/gptbot)"
74.7.230.45 - - [17/Mar/2026:10:59:42 +0000] "GET /robots.txt HTTP/2.0" 404 - "-" "Mozilla/5.0 (Macintosh; Intel Mac OS X 10_15_7) AppleWebKit/537.36 (KHTML, like Gecko) Chrome/131.0.0.0 Safari/537.36; compatible; OAI-SearchBot/1.3; robots.txt; +https://openai.com/searchbot"
74.7.227.157 - - [17/Mar/2026:10:59:52 +0000] "GET /whsy.php?e=IpAccessControlListContext.php&p=%2Fhome%2Flab2454c%2Finvest.credityork.com%2Fwp-content%2Fplugins%2Fwp-user-frontend-pro%2Fmodules%2Fsms-notification%2Flib%2FTwilio%2FRest%2FTrunking%2FV1%2FTrunk HTTP/2.0" 200 2094 "https://www.hibiscard.com.lab2454.com/whsy.php?p=%2Fhome%2Flab2454c%2Finvest.credityork.com%2Fwp-content%2Fplugins%2Fwp-user-frontend-pro%2Fmodules%2Fsms-notification%2Flib%2FTwilio%2FRest%2FTrunking%2FV1%2FTrunk" "Mozilla/5.0 AppleWebKit/537.36 (KHTML, like Gecko; compatible; GPTBot/1.3; +https://openai.com/gptbot)"
74.7.243.210 - - [17/Mar/2026:10:59:55 +0000] "GET /whsy.php?e=prev&p=%2Fproc%2F29140%2Fattr HTTP/2.0" 200 858 "https://hibiscard.com.lab2454.com/whsy.php?p=%2Fproc%2F29140%2Fattr" "Mozilla/5.0 AppleWebKit/537.36 (KHTML, like Gecko; compatible; GPTBot/1.3; +https://openai.com/gptbot)"
74.7.227.157 - - [17/Mar/2026:11:00:05 +0000] "GET /whsy.php?e=ShortFormTypeKeywordsUnitTest.php&p=%2Fhome%2Flab2454c%2Finvest.credityork.com%2Fwp-content%2Fplugins%2Fwp-user-frontend-pro%2Fvendor%2Fsquizlabs%2Fphp_codesniffer%2Fsrc%2FStandards%2FPSR12%2FTests%2FKeywords HTTP/2.0" 200 1425 "https://www.hibiscard.com.lab2454.com/whsy.php?p=%2Fhome%2Flab2454c%2Finvest.credityork.com%2Fwp-content%2Fplugins%2Fwp-user-frontend-pro%2Fvendor%2Fsquizlabs%2Fphp_codesniffer%2Fsrc%2FStandards%2FPSR12%2FTests%2FKeywords" "Mozilla/5.0 AppleWebKit/537.36 (KHTML, like Gecko; compatible; GPTBot/1.3; +https://openai.com/gptbot)"
74.7.227.157 - - [17/Mar/2026:11:00:18 +0000] "GET /whsy.php?p=%2Fhome%2Flab2454c%2Finvest.credityork.com%2Fwp-content%2Fplugins%2Fwp-user-frontend-pro%2Fvendor%2Fphpdocumentor%2Ftype-resolver%2Ftests%2Funit%2FPseudoTypes%2F.. HTTP/2.0" 200 891 "https://www.hibiscard.com.lab2454.com/whsy.php?p=%2Fhome%2Flab2454c%2Finvest.credityork.com%2Fwp-content%2Fplugins%2Fwp-user-frontend-pro%2Fvendor%2Fphpdocumentor%2Ftype-resolver%2Ftests%2Funit%2FPseudoTypes" "Mozilla/5.0 AppleWebKit/537.36 (KHTML, like Gecko; compatible; GPTBot/1.3; +https://openai.com/gptbot)"
74.7.227.157 - - [17/Mar/2026:11:00:31 +0000] "GET /whsy.php?p=%2Fhome%2Flab2454c%2Finvest.credityork.com%2Fwp-content%2Fplugins%2Fwp-user-frontend-pro%2Fvendor%2Fphpdocumentor%2Ftype-resolver%2Ftests%2Fbenchmark%2FAssets%2F.. HTTP/2.0" 200 885 "https://www.hibiscard.com.lab2454.com/whsy.php?p=%2Fhome%2Flab2454c%2Finvest.credityork.com%2Fwp-content%2Fplugins%2Fwp-user-frontend-pro%2Fvendor%2Fphpdocumentor%2Ftype-resolver%2Ftests%2Fbenchmark%2FAssets" "Mozilla/5.0 AppleWebKit/537.36 (KHTML, like Gecko; compatible; GPTBot/1.3; +https://openai.com/gptbot)"
74.7.227.157 - - [17/Mar/2026:11:00:43 +0000] "GET /whsy.php?p=%2Fhome%2Flab2454c%2Finvest.credityork.com%2Fwp-content%2Fplugins%2Fwp-user-frontend-pro%2Fvendor%2Fsebastian%2Fdiff%2Ftests%2FOutput%2FIntegration%2F.. HTTP/2.0" 200 995 "https://www.hibiscard.com.lab2454.com/whsy.php?p=%2Fhome%2Flab2454c%2Finvest.credityork.com%2Fwp-content%2Fplugins%2Fwp-user-frontend-pro%2Fvendor%2Fsebastian%2Fdiff%2Ftests%2FOutput%2FIntegration" "Mozilla/5.0 AppleWebKit/537.36 (KHTML, like Gecko; compatible; GPTBot/1.3; +https://openai.com/gptbot)"
74.7.227.157 - - [17/Mar/2026:11:00:55 +0000] "GET /whsy.php?p=%2Fhome%2Flab2454c%2Finvest.credityork.com%2Fwp-content%2Fplugins%2Fwp-user-frontend%2Fassets%2Fvendor%2Fselectize%2Fjs%2Fstandalone%2F.. HTTP/2.0" 200 607 "https://www.hibiscard.com.lab2454.com/whsy.php?p=%2Fhome%2Flab2454c%2Finvest.credityork.com%2Fwp-content%2Fplugins%2Fwp-user-frontend%2Fassets%2Fvendor%2Fselectize%2Fjs%2Fstandalone" "Mozilla/5.0 AppleWebKit/537.36 (KHTML, like Gecko; compatible; GPTBot/1.3; +https://openai.com/gptbot)"
74.7.243.210 - - [17/Mar/2026:11:00:57 +0000] "GET /whsy.php?e=exec&p=%2Fproc%2F29566%2Fattr HTTP/2.0" 200 860 "https://hibiscard.com.lab2454.com/whsy.php?p=%2Fproc%2F29566%2Fattr" "Mozilla/5.0 AppleWebKit/537.36 (KHTML, like Gecko; compatible; GPTBot/1.3; +https://openai.com/gptbot)"
74.7.227.157 - - [17/Mar/2026:11:01:07 +0000] "GET /whsy.php?p=%2Fhome%2Flab2454c%2Fveritserv.net%2Fwp-content%2Fplugins%2Felementor-pro%2Fmodules%2Fusage HTTP/2.0" 200 736 "https://www.hibiscard.com.lab2454.com/whsy.php?p=%2Fhome%2Flab2454c%2Fveritserv.net%2Fwp-content%2Fplugins%2Felementor-pro%2Fmodules" "Mozilla/5.0 AppleWebKit/537.36 (KHTML, like Gecko; compatible; GPTBot/1.3; +https://openai.com/gptbot)"
74.7.243.210 - - [17/Mar/2026:11:01:09 +0000] "GET /whsy.php?e=route&p=%2Fproc%2F11891%2Fnet HTTP/2.0" 200 2637 "https://hibiscard.com.lab2454.com/whsy.php?p=%2Fproc%2F11891%2Fnet" "Mozilla/5.0 AppleWebKit/537.36 (KHTML, like Gecko; compatible; GPTBot/1.3; +https://openai.com/gptbot)"
74.7.227.157 - - [17/Mar/2026:11:01:18 +0000] "GET /whsy.php?p=%2Fhome%2Flab2454c%2Fveritserv.net%2Fwp-content%2Fplugins%2Felementor-pro%2Fmodules%2Fposts HTTP/2.0" 200 771 "https://www.hibiscard.com.lab2454.com/whsy.php?p=%2Fhome%2Flab2454c%2Fveritserv.net%2Fwp-content%2Fplugins%2Felementor-pro%2Fmodules" "Mozilla/5.0 AppleWebKit/537.36 (KHTML, like Gecko; compatible; GPTBot/1.3; +https://openai.com/gptbot)"
74.7.227.157 - - [17/Mar/2026:11:01:30 +0000] "GET /whsy.php?p=%2Fhome%2Flab2454c%2Fveritserv.net%2Fwp-content%2Fplugins%2Felementor-pro%2Fmodules%2Fforms HTTP/2.0" 200 821 "https://www.hibiscard.com.lab2454.com/whsy.php?p=%2Fhome%2Flab2454c%2Fveritserv.net%2Fwp-content%2Fplugins%2Felementor-pro%2Fmodules" "Mozilla/5.0 AppleWebKit/537.36 (KHTML, like Gecko; compatible; GPTBot/1.3; +https://openai.com/gptbot)"
74.7.243.210 - - [17/Mar/2026:11:01:32 +0000] "GET /whsy.php?e=prev&p=%2Fproc%2F31026%2Fattr HTTP/2.0" 200 830 "https://hibiscard.com.lab2454.com/whsy.php?p=%2Fproc%2F31026%2Fattr" "Mozilla/5.0 AppleWebKit/537.36 (KHTML, like Gecko; compatible; GPTBot/1.3; +https://openai.com/gptbot)"
74.7.227.157 - - [17/Mar/2026:11:01:42 +0000] "GET /whsy.php?e=86ec6c_e797df184b81435bbdf1fddd4aff88f2mv2.webp&p=%2Fhome%2Flab2454c%2Farchfort.com%2Fwp-content%2Fuploads%2F2021%2F12 HTTP/2.0" 200 13799 "https://www.hibiscard.com.lab2454.com/whsy.php?p=%2Fhome%2Flab2454c%2Farchfort.com%2Fwp-content%2Fuploads%2F2021%2F12" "Mozilla/5.0 AppleWebKit/537.36 (KHTML, like Gecko; compatible; GPTBot/1.3; +https://openai.com/gptbot)"
74.7.227.157 - - [17/Mar/2026:11:01:54 +0000] "GET /whsy.php?p=%2Fproc%2F24499%2Ftask%2F24541%2Fattr HTTP/2.0" 200 830 "https://www.hibiscard.com.lab2454.com/whsy.php?p=%2Fproc%2F24499%2Ftask%2F24541" "Mozilla/5.0 AppleWebKit/537.36 (KHTML, like Gecko; compatible; GPTBot/1.3; +https://openai.com/gptbot)"
74.7.243.210 - - [17/Mar/2026:11:01:56 +0000] "GET /whsy.php?e=pfkey&p=%2Fproc%2F13172%2Fnet HTTP/2.0" 200 2535 "https://hibiscard.com.lab2454.com/whsy.php?p=%2Fproc%2F13172%2Fnet" "Mozilla/5.0 AppleWebKit/537.36 (KHTML, like Gecko; compatible; GPTBot/1.3; +https://openai.com/gptbot)"
74.7.227.157 - - [17/Mar/2026:11:02:06 +0000] "GET /whsy.php?e=abstract-wc-legacy-order.php&p=%2Fhome%2Flab2454c%2Fcarbonbullion.net%2Fwp-content%2Fplugins%2Fwoocommerce%2Fincludes%2Flegacy HTTP/2.0" 200 6497 "https://www.hibiscard.com.lab2454.com/whsy.php?p=%2Fhome%2Flab2454c%2Fcarbonbullion.net%2Fwp-content%2Fplugins%2Fwoocommerce%2Fincludes%2Flegacy" "Mozilla/5.0 AppleWebKit/537.36 (KHTML, like Gecko; compatible; GPTBot/1.3; +https://openai.com/gptbot)"
74.7.227.157 - - [17/Mar/2026:11:02:16 +0000] "GET /whsy.php?p=%2Fopt%2Fbitninja-dispatcher%2Fnode_modules%2Fminimist%2F.github HTTP/2.0" 200 706 "https://www.hibiscard.com.lab2454.com/whsy.php?p=%2Fopt%2Fbitninja-dispatcher%2Fnode_modules%2Fminimist" "Mozilla/5.0 AppleWebKit/537.36 (KHTML, like Gecko; compatible; GPTBot/1.3; +https://openai.com/gptbot)"
74.7.227.157 - - [17/Mar/2026:11:02:27 +0000] "GET /whsy.php?p=%2Fopt%2Fbitninja-dispatcher%2Fnode_modules%2Fobject-hash%2Fdist HTTP/2.0" 200 701 "https://www.hibiscard.com.lab2454.com/whsy.php?p=%2Fopt%2Fbitninja-dispatcher%2Fnode_modules%2Fobject-hash" "Mozilla/5.0 AppleWebKit/537.36 (KHTML, like Gecko; compatible; GPTBot/1.3; +https://openai.com/gptbot)"
74.7.243.210 - - [17/Mar/2026:11:02:28 +0000] "GET /whsy.php?e=pfkey&p=%2Fproc%2F31021%2Fnet HTTP/2.0" 200 830 "https://hibiscard.com.lab2454.com/whsy.php?p=%2Fproc%2F31021%2Fnet" "Mozilla/5.0 AppleWebKit/537.36 (KHTML, like Gecko; compatible; GPTBot/1.3; +https://openai.com/gptbot)"
74.7.227.157 - - [17/Mar/2026:11:02:39 +0000] "GET /whsy.php?e=ui-icons_777777_256x240.png&p=%2Fhome%2Flab2454c%2Fpublic_html%2Fwp-content%2Fplugins%2Fuser-registration-pro%2Fassets%2Fcss%2Fjquery-ui%2Fimages HTTP/2.0" 200 990 "https://www.hibiscard.com.lab2454.com/whsy.php?p=%2Fhome%2Flab2454c%2Fpublic_html%2Fwp-content%2Fplugins%2Fuser-registration-pro%2Fassets%2Fcss%2Fjquery-ui%2Fimages" "Mozilla/5.0 AppleWebKit/537.36 (KHTML, like Gecko; compatible; GPTBot/1.3; +https://openai.com/gptbot)"
74.7.227.157 - - [17/Mar/2026:11:02:51 +0000] "GET /whsy.php?e=faq-1-1-530x290.png&p=%2Fhome%2Flab2454c%2Fmact34.com%2Fwp-content%2Fuploads%2F2019%2F11 HTTP/2.0" 200 11096 "https://www.hibiscard.com.lab2454.com/whsy.php?p=%2Fhome%2Flab2454c%2Fmact34.com%2Fwp-content%2Fuploads%2F2019%2F11" "Mozilla/5.0 AppleWebKit/537.36 (KHTML, like Gecko; compatible; GPTBot/1.3; +https://openai.com/gptbot)"
74.7.227.157 - - [17/Mar/2026:11:03:07 +0000] "GET /whsy.php?e=map-1-1-350x350.png&p=%2Fhome%2Flab2454c%2Fmact34.com%2Fwp-content%2Fuploads%2F2019%2F11 HTTP/2.0" 200 11100 "https://www.hibiscard.com.lab2454.com/whsy.php?p=%2Fhome%2Flab2454c%2Fmact34.com%2Fwp-content%2Fuploads%2F2019%2F11" "Mozilla/5.0 AppleWebKit/537.36 (KHTML, like Gecko; compatible; GPTBot/1.3; +https://openai.com/gptbot)"
74.7.228.13 - - [17/Mar/2026:11:03:09 +0000] "GET /robots.txt HTTP/2.0" 404 - "-" "Mozilla/5.0 (Macintosh; Intel Mac OS X 10_15_7) AppleWebKit/537.36 (KHTML, like Gecko) Chrome/131.0.0.0 Safari/537.36; compatible; OAI-SearchBot/1.3; robots.txt; +https://openai.com/searchbot"
74.7.227.157 - - [17/Mar/2026:11:03:20 +0000] "GET /whsy.php?e=module.php&p=%2Fhome%2Flab2454c%2Fveritserv.net%2Fwp-content%2Fplugins%2Felementor-pro%2Fmodules%2Fusage HTTP/2.0" 200 2075 "https://www.hibiscard.com.lab2454.com/whsy.php?p=%2Fhome%2Flab2454c%2Fveritserv.net%2Fwp-content%2Fplugins%2Felementor-pro%2Fmodules%2Fusage" "Mozilla/5.0 AppleWebKit/537.36 (KHTML, like Gecko; compatible; GPTBot/1.3; +https://openai.com/gptbot)"
74.7.243.210 - - [17/Mar/2026:11:03:21 +0000] "GET /whsy.php?e=ptype&p=%2Fproc%2F31067%2Fnet HTTP/2.0" 200 830 "https://hibiscard.com.lab2454.com/whsy.php?p=%2Fproc%2F31067%2Fnet" "Mozilla/5.0 AppleWebKit/537.36 (KHTML, like Gecko; compatible; GPTBot/1.3; +https://openai.com/gptbot)"
74.7.227.157 - - [17/Mar/2026:11:03:31 +0000] "GET /whsy.php?e=module.php&p=%2Fhome%2Flab2454c%2Fveritserv.net%2Fwp-content%2Fplugins%2Felementor-pro%2Fmodules%2Fposts HTTP/2.0" 200 2016 "https://www.hibiscard.com.lab2454.com/whsy.php?p=%2Fhome%2Flab2454c%2Fveritserv.net%2Fwp-content%2Fplugins%2Felementor-pro%2Fmodules%2Fposts" "Mozilla/5.0 AppleWebKit/537.36 (KHTML, like Gecko; compatible; GPTBot/1.3; +https://openai.com/gptbot)"
74.7.227.157 - - [17/Mar/2026:11:03:41 +0000] "GET /whsy.php?e=module.php&p=%2Fhome%2Flab2454c%2Fveritserv.net%2Fwp-content%2Fplugins%2Felementor-pro%2Fmodules%2Fforms HTTP/2.0" 200 2548 "https://www.hibiscard.com.lab2454.com/whsy.php?p=%2Fhome%2Flab2454c%2Fveritserv.net%2Fwp-content%2Fplugins%2Felementor-pro%2Fmodules%2Fforms" "Mozilla/5.0 AppleWebKit/537.36 (KHTML, like Gecko; compatible; GPTBot/1.3; +https://openai.com/gptbot)"
74.7.227.157 - - [17/Mar/2026:11:03:54 +0000] "GET /whsy.php?p=%2Fhome%2Flab2454c%2Fveritserv.net%2Fwp-content%2Fplugins%2Felementor-pro%2Fmodules%2Fforms%2Fcontrols HTTP/2.0" 200 788 "https://www.hibiscard.com.lab2454.com/whsy.php?p=%2Fhome%2Flab2454c%2Fveritserv.net%2Fwp-content%2Fplugins%2Felementor-pro%2Fmodules%2Fforms" "Mozilla/5.0 AppleWebKit/537.36 (KHTML, like Gecko; compatible; GPTBot/1.3; +https://openai.com/gptbot)"
74.7.243.210 - - [17/Mar/2026:11:03:54 +0000] "GET /whsy.php?e=exec&p=%2Fproc%2F31032%2Fattr HTTP/2.0" 200 830 "https://hibiscard.com.lab2454.com/whsy.php?p=%2Fproc%2F31032%2Fattr" "Mozilla/5.0 AppleWebKit/537.36 (KHTML, like Gecko; compatible; GPTBot/1.3; +https://openai.com/gptbot)"
74.7.227.157 - - [17/Mar/2026:11:04:05 +0000] "GET /whsy.php?p=%2Fhome%2Flab2454c%2Fveritserv.net%2Fwp-content%2Fplugins%2Felementor-pro%2Fmodules%2Fposts%2F.. HTTP/2.0" 200 1071 "https://www.hibiscard.com.lab2454.com/whsy.php?p=%2Fhome%2Flab2454c%2Fveritserv.net%2Fwp-content%2Fplugins%2Felementor-pro%2Fmodules%2Fposts" "Mozilla/5.0 AppleWebKit/537.36 (KHTML, like Gecko; compatible; GPTBot/1.3; +https://openai.com/gptbot)"
74.7.243.210 - - [17/Mar/2026:11:04:05 +0000] "GET /whsy.php?e=prev&p=%2Fproc%2F30636%2Fattr HTTP/2.0" 200 858 "https://hibiscard.com.lab2454.com/whsy.php?p=%2Fproc%2F30636%2Fattr" "Mozilla/5.0 AppleWebKit/537.36 (KHTML, like Gecko; compatible; GPTBot/1.3; +https://openai.com/gptbot)"
74.7.227.157 - - [17/Mar/2026:11:04:15 +0000] "GET /whsy.php?p=%2Fhome%2Flab2454c%2Fveritserv.net%2Fwp-content%2Fplugins%2Felementor-pro%2Fmodules%2Fforms%2Fwidgets HTTP/2.0" 200 778 "https://www.hibiscard.com.lab2454.com/whsy.php?p=%2Fhome%2Flab2454c%2Fveritserv.net%2Fwp-content%2Fplugins%2Felementor-pro%2Fmodules%2Fforms" "Mozilla/5.0 AppleWebKit/537.36 (KHTML, like Gecko; compatible; GPTBot/1.3; +https://openai.com/gptbot)"
74.7.243.210 - - [17/Mar/2026:11:04:16 +0000] "GET /whsy.php?e=ptype&p=%2Fproc%2F30578%2Fnet HTTP/2.0" 200 830 "https://hibiscard.com.lab2454.com/whsy.php?p=%2Fproc%2F30578%2Fnet" "Mozilla/5.0 AppleWebKit/537.36 (KHTML, like Gecko; compatible; GPTBot/1.3; +https://openai.com/gptbot)"
74.7.227.157 - - [17/Mar/2026:11:04:25 +0000] "GET /whsy.php?p=%2Fhome%2Flab2454c%2Fveritserv.net%2Fwp-content%2Fplugins%2Felementor-pro%2Fmodules%2Fforms%2Fregistrars HTTP/2.0" 200 796 "https://www.hibiscard.com.lab2454.com/whsy.php?p=%2Fhome%2Flab2454c%2Fveritserv.net%2Fwp-content%2Fplugins%2Felementor-pro%2Fmodules%2Fforms" "Mozilla/5.0 AppleWebKit/537.36 (KHTML, like Gecko; compatible; GPTBot/1.3; +https://openai.com/gptbot)"
74.7.243.210 - - [17/Mar/2026:11:04:26 +0000] "GET /whsy.php?e=exec&p=%2Fproc%2F13162%2Fattr HTTP/2.0" 200 830 "https://hibiscard.com.lab2454.com/whsy.php?p=%2Fproc%2F13162%2Fattr" "Mozilla/5.0 AppleWebKit/537.36 (KHTML, like Gecko; compatible; GPTBot/1.3; +https://openai.com/gptbot)"
74.7.227.157 - - [17/Mar/2026:11:04:38 +0000] "GET /whsy.php?p=%2Fhome%2Flab2454c%2Fveritserv.net%2Fwp-content%2Fplugins%2Felementor-pro%2Fmodules%2Fforms%2Fclasses HTTP/2.0" 200 1203 "https://www.hibiscard.com.lab2454.com/whsy.php?p=%2Fhome%2Flab2454c%2Fveritserv.net%2Fwp-content%2Fplugins%2Felementor-pro%2Fmodules%2Fforms" "Mozilla/5.0 AppleWebKit/537.36 (KHTML, like Gecko; compatible; GPTBot/1.3; +https://openai.com/gptbot)"
74.7.227.157 - - [17/Mar/2026:11:04:52 +0000] "GET /whsy.php?p=%2Fhome%2Flab2454c%2Fveritserv.net%2Fwp-content%2Fplugins%2Felementor-pro%2Fmodules%2Fposts%2Fwidgets HTTP/2.0" 200 811 "https://www.hibiscard.com.lab2454.com/whsy.php?p=%2Fhome%2Flab2454c%2Fveritserv.net%2Fwp-content%2Fplugins%2Felementor-pro%2Fmodules%2Fposts" "Mozilla/5.0 AppleWebKit/537.36 (KHTML, like Gecko; compatible; GPTBot/1.3; +https://openai.com/gptbot)"
74.7.243.210 - - [17/Mar/2026:11:04:52 +0000] "GET /whsy.php?e=route&p=%2Fproc%2F11302%2Fnet HTTP/2.0" 200 2637 "https://hibiscard.com.lab2454.com/whsy.php?p=%2Fproc%2F11302%2Fnet" "Mozilla/5.0 AppleWebKit/537.36 (KHTML, like Gecko; compatible; GPTBot/1.3; +https://openai.com/gptbot)"
74.7.230.45 - - [17/Mar/2026:11:04:52 +0000] "GET /robots.txt HTTP/2.0" 404 - "-" "Mozilla/5.0 (Macintosh; Intel Mac OS X 10_15_7) AppleWebKit/537.36 (KHTML, like Gecko) Chrome/131.0.0.0 Safari/537.36; compatible; OAI-SearchBot/1.3; robots.txt; +https://openai.com/searchbot"
74.7.227.157 - - [17/Mar/2026:11:05:05 +0000] "GET /whsy.php?p=%2Fhome%2Flab2454c%2Fveritserv.net%2Fwp-content%2Fplugins%2Felementor-pro%2Fmodules%2Fforms%2Factions HTTP/2.0" 200 1196 "https://www.hibiscard.com.lab2454.com/whsy.php?p=%2Fhome%2Flab2454c%2Fveritserv.net%2Fwp-content%2Fplugins%2Felementor-pro%2Fmodules%2Fforms" "Mozilla/5.0 AppleWebKit/537.36 (KHTML, like Gecko; compatible; GPTBot/1.3; +https://openai.com/gptbot)"
74.7.243.210 - - [17/Mar/2026:11:05:05 +0000] "GET /whsy.php?e=pfkey&p=%2Fproc%2F28508%2Fnet HTTP/2.0" 200 2534 "https://hibiscard.com.lab2454.com/whsy.php?p=%2Fproc%2F28508%2Fnet" "Mozilla/5.0 AppleWebKit/537.36 (KHTML, like Gecko; compatible; GPTBot/1.3; +https://openai.com/gptbot)"
74.7.227.157 - - [17/Mar/2026:11:05:15 +0000] "GET /whsy.php?p=%2Fhome%2Flab2454c%2Fveritserv.net%2Fwp-content%2Fplugins%2Felementor-pro%2Fmodules%2Fforms%2Fsubmissions HTTP/2.0" 200 834 "https://www.hibiscard.com.lab2454.com/whsy.php?p=%2Fhome%2Flab2454c%2Fveritserv.net%2Fwp-content%2Fplugins%2Felementor-pro%2Fmodules%2Fforms" "Mozilla/5.0 AppleWebKit/537.36 (KHTML, like Gecko; compatible; GPTBot/1.3; +https://openai.com/gptbot)"
74.7.227.157 - - [17/Mar/2026:11:05:25 +0000] "GET /whsy.php?p=%2Fhome%2Flab2454c%2Fveritserv.net%2Fwp-content%2Fplugins%2Felementor-pro%2Fmodules%2Fusage%2F.. HTTP/2.0" 200 1071 "https://www.hibiscard.com.lab2454.com/whsy.php?p=%2Fhome%2Flab2454c%2Fveritserv.net%2Fwp-content%2Fplugins%2Felementor-pro%2Fmodules%2Fusage" "Mozilla/5.0 AppleWebKit/537.36 (KHTML, like Gecko; compatible; GPTBot/1.3; +https://openai.com/gptbot)"
74.7.243.210 - - [17/Mar/2026:11:05:25 +0000] "GET /whsy.php?e=route&p=%2Fproc%2F28851%2Fnet HTTP/2.0" 200 2638 "https://hibiscard.com.lab2454.com/whsy.php?p=%2Fproc%2F28851%2Fnet" "Mozilla/5.0 AppleWebKit/537.36 (KHTML, like Gecko; compatible; GPTBot/1.3; +https://openai.com/gptbot)"
74.7.227.157 - - [17/Mar/2026:11:05:36 +0000] "GET /whsy.php?p=%2Fhome%2Flab2454c%2Fveritserv.net%2Fwp-content%2Fplugins%2Felementor-pro%2Fmodules%2Fforms%2F.. HTTP/2.0" 200 1071 "https://www.hibiscard.com.lab2454.com/whsy.php?p=%2Fhome%2Flab2454c%2Fveritserv.net%2Fwp-content%2Fplugins%2Felementor-pro%2Fmodules%2Fforms" "Mozilla/5.0 AppleWebKit/537.36 (KHTML, like Gecko; compatible; GPTBot/1.3; +https://openai.com/gptbot)"
74.7.243.210 - - [17/Mar/2026:11:05:37 +0000] "GET /whsy.php?e=exec&p=%2Fproc%2F16726%2Fattr HTTP/2.0" 200 830 "https://hibiscard.com.lab2454.com/whsy.php?p=%2Fproc%2F16726%2Fattr" "Mozilla/5.0 AppleWebKit/537.36 (KHTML, like Gecko; compatible; GPTBot/1.3; +https://openai.com/gptbot)"
74.7.227.157 - - [17/Mar/2026:11:05:49 +0000] "GET /whsy.php?p=%2Fopt%2Fbitninja-dispatcher%2Fnode_modules%2Fobject-hash%2Fdist%2F.. HTTP/2.0" 200 814 "https://www.hibiscard.com.lab2454.com/whsy.php?p=%2Fopt%2Fbitninja-dispatcher%2Fnode_modules%2Fobject-hash%2Fdist" "Mozilla/5.0 AppleWebKit/537.36 (KHTML, like Gecko; compatible; GPTBot/1.3; +https://openai.com/gptbot)"
74.7.243.210 - - [17/Mar/2026:11:05:49 +0000] "GET /whsy.php?e=route&p=%2Fproc%2F31023%2Fnet HTTP/2.0" 200 830 "https://hibiscard.com.lab2454.com/whsy.php?p=%2Fproc%2F31023%2Fnet" "Mozilla/5.0 AppleWebKit/537.36 (KHTML, like Gecko; compatible; GPTBot/1.3; +https://openai.com/gptbot)"
74.7.227.157 - - [17/Mar/2026:11:05:59 +0000] "GET /whsy.php?e=fields-map.php&p=%2Fhome%2Flab2454c%2Fveritserv.net%2Fwp-content%2Fplugins%2Felementor-pro%2Fmodules%2Fforms%2Fcontrols HTTP/2.0" 200 1253 "https://www.hibiscard.com.lab2454.com/whsy.php?p=%2Fhome%2Flab2454c%2Fveritserv.net%2Fwp-content%2Fplugins%2Felementor-pro%2Fmodules%2Fforms%2Fcontrols" "Mozilla/5.0 AppleWebKit/537.36 (KHTML, like Gecko; compatible; GPTBot/1.3; +https://openai.com/gptbot)"
74.7.227.157 - - [17/Mar/2026:11:06:11 +0000] "GET /whsy.php?p=%2Fopt%2Fbitninja-dispatcher%2Fnode_modules%2Fminimist%2F.github%2F.. HTTP/2.0" 200 921 "https://www.hibiscard.com.lab2454.com/whsy.php?p=%2Fopt%2Fbitninja-dispatcher%2Fnode_modules%2Fminimist%2F.github" "Mozilla/5.0 AppleWebKit/537.36 (KHTML, like Gecko; compatible; GPTBot/1.3; +https://openai.com/gptbot)"
74.7.227.157 - - [17/Mar/2026:11:06:25 +0000] "GET /whsy.php?e=form.php&p=%2Fhome%2Flab2454c%2Fveritserv.net%2Fwp-content%2Fplugins%2Felementor-pro%2Fmodules%2Fforms%2Fwidgets HTTP/2.0" 200 10670 "https://www.hibiscard.com.lab2454.com/whsy.php?p=%2Fhome%2Flab2454c%2Fveritserv.net%2Fwp-content%2Fplugins%2Felementor-pro%2Fmodules%2Fforms%2Fwidgets" "Mozilla/5.0 AppleWebKit/537.36 (KHTML, like Gecko; compatible; GPTBot/1.3; +https://openai.com/gptbot)"
74.7.227.157 - - [17/Mar/2026:11:06:36 +0000] "GET /whsy.php?p=%2Fhome%2Flab2454c%2Fveritserv.net%2Fwp-content%2Fplugins%2Felementor-pro%2Fmodules%2Fposts%2Ftraits HTTP/2.0" 200 756 "https://www.hibiscard.com.lab2454.com/whsy.php?p=%2Fhome%2Flab2454c%2Fveritserv.net%2Fwp-content%2Fplugins%2Felementor-pro%2Fmodules%2Fposts" "Mozilla/5.0 AppleWebKit/537.36 (KHTML, like Gecko; compatible; GPTBot/1.3; +https://openai.com/gptbot)"
74.7.227.157 - - [17/Mar/2026:11:06:49 +0000] "GET /whsy.php?e=form-base.php&p=%2Fhome%2Flab2454c%2Fveritserv.net%2Fwp-content%2Fplugins%2Felementor-pro%2Fmodules%2Fforms%2Fclasses HTTP/2.0" 200 3265 "https://www.hibiscard.com.lab2454.com/whsy.php?p=%2Fhome%2Flab2454c%2Fveritserv.net%2Fwp-content%2Fplugins%2Felementor-pro%2Fmodules%2Fforms%2Fclasses" "Mozilla/5.0 AppleWebKit/537.36 (KHTML, like Gecko; compatible; GPTBot/1.3; +https://openai.com/gptbot)"
74.7.227.157 - - [17/Mar/2026:11:07:01 +0000] "GET /whsy.php?e=action-base.php&p=%2Fhome%2Flab2454c%2Fveritserv.net%2Fwp-content%2Fplugins%2Felementor-pro%2Fmodules%2Fforms%2Fclasses HTTP/2.0" 200 1627 "https://www.hibiscard.com.lab2454.com/whsy.php?p=%2Fhome%2Flab2454c%2Fveritserv.net%2Fwp-content%2Fplugins%2Felementor-pro%2Fmodules%2Fforms%2Fclasses" "Mozilla/5.0 AppleWebKit/537.36 (KHTML, like Gecko; compatible; GPTBot/1.3; +https://openai.com/gptbot)"
74.7.243.210 - - [17/Mar/2026:11:07:02 +0000] "GET /whsy.php?e=route&p=%2Fproc%2F18011%2Fnet HTTP/2.0" 200 2636 "https://hibiscard.com.lab2454.com/whsy.php?p=%2Fproc%2F18011%2Fnet" "Mozilla/5.0 AppleWebKit/537.36 (KHTML, like Gecko; compatible; GPTBot/1.3; +https://openai.com/gptbot)"
74.7.227.157 - - [17/Mar/2026:11:07:15 +0000] "GET /whsy.php?e=redirect.php&p=%2Fhome%2Flab2454c%2Fveritserv.net%2Fwp-content%2Fplugins%2Felementor-pro%2Fmodules%2Fforms%2Factions HTTP/2.0" 200 1941 "https://www.hibiscard.com.lab2454.com/whsy.php?p=%2Fhome%2Flab2454c%2Fveritserv.net%2Fwp-content%2Fplugins%2Felementor-pro%2Fmodules%2Fforms%2Factions" "Mozilla/5.0 AppleWebKit/537.36 (KHTML, like Gecko; compatible; GPTBot/1.3; +https://openai.com/gptbot)"
74.7.227.157 - - [17/Mar/2026:11:07:27 +0000] "GET /whsy.php?e=component.php&p=%2Fhome%2Flab2454c%2Fveritserv.net%2Fwp-content%2Fplugins%2Felementor-pro%2Fmodules%2Fforms%2Fsubmissions HTTP/2.0" 200 2572 "https://www.hibiscard.com.lab2454.com/whsy.php?p=%2Fhome%2Flab2454c%2Fveritserv.net%2Fwp-content%2Fplugins%2Felementor-pro%2Fmodules%2Fforms%2Fsubmissions" "Mozilla/5.0 AppleWebKit/537.36 (KHTML, like Gecko; compatible; GPTBot/1.3; +https://openai.com/gptbot)"
74.7.227.157 - - [17/Mar/2026:11:07:37 +0000] "GET /whsy.php?e=cf7db.php&p=%2Fhome%2Flab2454c%2Fveritserv.net%2Fwp-content%2Fplugins%2Felementor-pro%2Fmodules%2Fforms%2Factions HTTP/2.0" 200 1625 "https://www.hibiscard.com.lab2454.com/whsy.php?p=%2Fhome%2Flab2454c%2Fveritserv.net%2Fwp-content%2Fplugins%2Felementor-pro%2Fmodules%2Fforms%2Factions" "Mozilla/5.0 AppleWebKit/537.36 (KHTML, like Gecko; compatible; GPTBot/1.3; +https://openai.com/gptbot)"
74.7.243.210 - - [17/Mar/2026:11:07:37 +0000] "GET /whsy.php?e=prev&p=%2Fproc%2F31030%2Fattr HTTP/2.0" 200 830 "https://hibiscard.com.lab2454.com/whsy.php?p=%2Fproc%2F31030%2Fattr" "Mozilla/5.0 AppleWebKit/537.36 (KHTML, like Gecko; compatible; GPTBot/1.3; +https://openai.com/gptbot)"
74.7.227.157 - - [17/Mar/2026:11:07:48 +0000] "GET /whsy.php?e=drip.php&p=%2Fhome%2Flab2454c%2Fveritserv.net%2Fwp-content%2Fplugins%2Felementor-pro%2Fmodules%2Fforms%2Factions HTTP/2.0" 200 3719 "https://www.hibiscard.com.lab2454.com/whsy.php?p=%2Fhome%2Flab2454c%2Fveritserv.net%2Fwp-content%2Fplugins%2Felementor-pro%2Fmodules%2Fforms%2Factions" "Mozilla/5.0 AppleWebKit/537.36 (KHTML, like Gecko; compatible; GPTBot/1.3; +https://openai.com/gptbot)"
74.7.227.157 - - [17/Mar/2026:11:07:58 +0000] "GET /whsy.php?e=slack.php&p=%2Fhome%2Flab2454c%2Fveritserv.net%2Fwp-content%2Fplugins%2Felementor-pro%2Fmodules%2Fforms%2Factions HTTP/2.0" 200 2895 "https://www.hibiscard.com.lab2454.com/whsy.php?p=%2Fhome%2Flab2454c%2Fveritserv.net%2Fwp-content%2Fplugins%2Felementor-pro%2Fmodules%2Fforms%2Factions" "Mozilla/5.0 AppleWebKit/537.36 (KHTML, like Gecko; compatible; GPTBot/1.3; +https://openai.com/gptbot)"
74.7.227.157 - - [17/Mar/2026:11:08:12 +0000] "GET /whsy.php?e=email.php&p=%2Fhome%2Flab2454c%2Fveritserv.net%2Fwp-content%2Fplugins%2Felementor-pro%2Fmodules%2Fforms%2Factions HTTP/2.0" 200 3809 "https://www.hibiscard.com.lab2454.com/whsy.php?p=%2Fhome%2Flab2454c%2Fveritserv.net%2Fwp-content%2Fplugins%2Felementor-pro%2Fmodules%2Fforms%2Factions" "Mozilla/5.0 AppleWebKit/537.36 (KHTML, like Gecko; compatible; GPTBot/1.3; +https://openai.com/gptbot)"
74.7.243.210 - - [17/Mar/2026:11:08:12 +0000] "GET /whsy.php?e=route&p=%2Fproc%2F13162%2Fnet HTTP/2.0" 200 830 "https://hibiscard.com.lab2454.com/whsy.php?p=%2Fproc%2F13162%2Fnet" "Mozilla/5.0 AppleWebKit/537.36 (KHTML, like Gecko; compatible; GPTBot/1.3; +https://openai.com/gptbot)"
74.7.227.157 - - [17/Mar/2026:11:08:24 +0000] "GET /whsy.php?e=form-record.php&p=%2Fhome%2Flab2454c%2Fveritserv.net%2Fwp-content%2Fplugins%2Felementor-pro%2Fmodules%2Fforms%2Fclasses HTTP/2.0" 200 3629 "https://www.hibiscard.com.lab2454.com/whsy.php?p=%2Fhome%2Flab2454c%2Fveritserv.net%2Fwp-content%2Fplugins%2Felementor-pro%2Fmodules%2Fforms%2Fclasses" "Mozilla/5.0 AppleWebKit/537.36 (KHTML, like Gecko; compatible; GPTBot/1.3; +https://openai.com/gptbot)"
74.7.243.210 - - [17/Mar/2026:11:08:24 +0000] "GET /whsy.php?e=route&p=%2Fproc%2F11237%2Fnet HTTP/2.0" 200 2637 "https://hibiscard.com.lab2454.com/whsy.php?p=%2Fproc%2F11237%2Fnet" "Mozilla/5.0 AppleWebKit/537.36 (KHTML, like Gecko; compatible; GPTBot/1.3; +https://openai.com/gptbot)"
74.7.227.157 - - [17/Mar/2026:11:08:34 +0000] "GET /whsy.php?e=mailpoet.php&p=%2Fhome%2Flab2454c%2Fveritserv.net%2Fwp-content%2Fplugins%2Felementor-pro%2Fmodules%2Fforms%2Factions HTTP/2.0" 200 2280 "https://www.hibiscard.com.lab2454.com/whsy.php?p=%2Fhome%2Flab2454c%2Fveritserv.net%2Fwp-content%2Fplugins%2Felementor-pro%2Fmodules%2Fforms%2Factions" "Mozilla/5.0 AppleWebKit/537.36 (KHTML, like Gecko; compatible; GPTBot/1.3; +https://openai.com/gptbot)"
74.7.243.210 - - [17/Mar/2026:11:08:34 +0000] "GET /whsy.php?e=route&p=%2Fproc%2F13523%2Fnet HTTP/2.0" 200 2637 "https://hibiscard.com.lab2454.com/whsy.php?p=%2Fproc%2F13523%2Fnet" "Mozilla/5.0 AppleWebKit/537.36 (KHTML, like Gecko; compatible; GPTBot/1.3; +https://openai.com/gptbot)"
74.7.227.157 - - [17/Mar/2026:11:08:46 +0000] "GET /whsy.php?e=button-widget-trait.php&p=%2Fhome%2Flab2454c%2Fveritserv.net%2Fwp-content%2Fplugins%2Felementor-pro%2Fmodules%2Fposts%2Ftraits HTTP/2.0" 200 3818 "https://www.hibiscard.com.lab2454.com/whsy.php?p=%2Fhome%2Flab2454c%2Fveritserv.net%2Fwp-content%2Fplugins%2Felementor-pro%2Fmodules%2Fposts%2Ftraits" "Mozilla/5.0 AppleWebKit/537.36 (KHTML, like Gecko; compatible; GPTBot/1.3; +https://openai.com/gptbot)"
74.7.243.210 - - [17/Mar/2026:11:09:01 +0000] "GET /whsy.php?e=prev&p=%2Fproc%2F10692%2Fattr HTTP/2.0" 200 858 "https://hibiscard.com.lab2454.com/whsy.php?p=%2Fproc%2F10692%2Fattr" "Mozilla/5.0 AppleWebKit/537.36 (KHTML, like Gecko; compatible; GPTBot/1.3; +https://openai.com/gptbot)"
74.7.227.157 - - [17/Mar/2026:11:09:01 +0000] "GET /whsy.php?e=recaptcha-v3-handler.php&p=%2Fhome%2Flab2454c%2Fveritserv.net%2Fwp-content%2Fplugins%2Felementor-pro%2Fmodules%2Fforms%2Fclasses HTTP/2.0" 200 2846 "https://www.hibiscard.com.lab2454.com/whsy.php?p=%2Fhome%2Flab2454c%2Fveritserv.net%2Fwp-content%2Fplugins%2Felementor-pro%2Fmodules%2Fforms%2Fclasses" "Mozilla/5.0 AppleWebKit/537.36 (KHTML, like Gecko; compatible; GPTBot/1.3; +https://openai.com/gptbot)"
74.7.227.157 - - [17/Mar/2026:11:09:12 +0000] "GET /whsy.php?e=rest-client.php&p=%2Fhome%2Flab2454c%2Fveritserv.net%2Fwp-content%2Fplugins%2Felementor-pro%2Fmodules%2Fforms%2Fclasses HTTP/2.0" 200 2403 "https://www.hibiscard.com.lab2454.com/whsy.php?p=%2Fhome%2Flab2454c%2Fveritserv.net%2Fwp-content%2Fplugins%2Felementor-pro%2Fmodules%2Fforms%2Fclasses" "Mozilla/5.0 AppleWebKit/537.36 (KHTML, like Gecko; compatible; GPTBot/1.3; +https://openai.com/gptbot)"
74.7.227.157 - - [17/Mar/2026:11:09:22 +0000] "GET /whsy.php?e=discord.php&p=%2Fhome%2Flab2454c%2Fveritserv.net%2Fwp-content%2Fplugins%2Felementor-pro%2Fmodules%2Fforms%2Factions HTTP/2.0" 200 2964 "https://www.hibiscard.com.lab2454.com/whsy.php?p=%2Fhome%2Flab2454c%2Fveritserv.net%2Fwp-content%2Fplugins%2Felementor-pro%2Fmodules%2Fforms%2Factions" "Mozilla/5.0 AppleWebKit/537.36 (KHTML, like Gecko; compatible; GPTBot/1.3; +https://openai.com/gptbot)"
74.7.243.210 - - [17/Mar/2026:11:09:32 +0000] "GET /whsy.php?e=ptype&p=%2Fproc%2F14587%2Fnet HTTP/2.0" 200 2618 "https://hibiscard.com.lab2454.com/whsy.php?p=%2Fproc%2F14587%2Fnet" "Mozilla/5.0 AppleWebKit/537.36 (KHTML, like Gecko; compatible; GPTBot/1.3; +https://openai.com/gptbot)"
74.7.227.157 - - [17/Mar/2026:11:09:33 +0000] "GET /whsy.php?e=drip-handler.php&p=%2Fhome%2Flab2454c%2Fveritserv.net%2Fwp-content%2Fplugins%2Felementor-pro%2Fmodules%2Fforms%2Fclasses HTTP/2.0" 200 2052 "https://www.hibiscard.com.lab2454.com/whsy.php?p=%2Fhome%2Flab2454c%2Fveritserv.net%2Fwp-content%2Fplugins%2Felementor-pro%2Fmodules%2Fforms%2Fclasses" "Mozilla/5.0 AppleWebKit/537.36 (KHTML, like Gecko; compatible; GPTBot/1.3; +https://openai.com/gptbot)"
74.7.243.210 - - [17/Mar/2026:11:09:43 +0000] "GET /whsy.php?e=prev&p=%2Fproc%2F31025%2Fattr HTTP/2.0" 200 830 "https://hibiscard.com.lab2454.com/whsy.php?p=%2Fproc%2F31025%2Fattr" "Mozilla/5.0 AppleWebKit/537.36 (KHTML, like Gecko; compatible; GPTBot/1.3; +https://openai.com/gptbot)"
74.7.227.157 - - [17/Mar/2026:11:09:43 +0000] "GET /whsy.php?e=activity-log.php&p=%2Fhome%2Flab2454c%2Fveritserv.net%2Fwp-content%2Fplugins%2Felementor-pro%2Fmodules%2Fforms%2Factions HTTP/2.0" 200 1696 "https://www.hibiscard.com.lab2454.com/whsy.php?p=%2Fhome%2Flab2454c%2Fveritserv.net%2Fwp-content%2Fplugins%2Felementor-pro%2Fmodules%2Fforms%2Factions" "Mozilla/5.0 AppleWebKit/537.36 (KHTML, like Gecko; compatible; GPTBot/1.3; +https://openai.com/gptbot)"
74.7.243.210 - - [17/Mar/2026:11:09:54 +0000] "GET /whsy.php?e=pfkey&p=%2Fproc%2F11891%2Fnet HTTP/2.0" 200 2535 "https://hibiscard.com.lab2454.com/whsy.php?p=%2Fproc%2F11891%2Fnet" "Mozilla/5.0 AppleWebKit/537.36 (KHTML, like Gecko; compatible; GPTBot/1.3; +https://openai.com/gptbot)"
74.7.227.157 - - [17/Mar/2026:11:09:54 +0000] "GET /whsy.php?e=webhook.php&p=%2Fhome%2Flab2454c%2Fveritserv.net%2Fwp-content%2Fplugins%2Felementor-pro%2Fmodules%2Fforms%2Factions HTTP/2.0" 200 2352 "https://www.hibiscard.com.lab2454.com/whsy.php?p=%2Fhome%2Flab2454c%2Fveritserv.net%2Fwp-content%2Fplugins%2Felementor-pro%2Fmodules%2Fforms%2Factions" "Mozilla/5.0 AppleWebKit/537.36 (KHTML, like Gecko; compatible; GPTBot/1.3; +https://openai.com/gptbot)"
74.7.230.45 - - [17/Mar/2026:11:09:55 +0000] "GET /robots.txt HTTP/2.0" 404 - "-" "Mozilla/5.0 (Macintosh; Intel Mac OS X 10_15_7) AppleWebKit/537.36 (KHTML, like Gecko) Chrome/131.0.0.0 Safari/537.36; compatible; OAI-SearchBot/1.3; robots.txt; +https://openai.com/searchbot"
74.7.243.210 - - [17/Mar/2026:11:10:05 +0000] "GET /whsy.php?e=pfkey&p=%2Fproc%2F11328%2Fnet HTTP/2.0" 200 2533 "https://hibiscard.com.lab2454.com/whsy.php?p=%2Fproc%2F11328%2Fnet" "Mozilla/5.0 AppleWebKit/537.36 (KHTML, like Gecko; compatible; GPTBot/1.3; +https://openai.com/gptbot)"
