74.7.227.157 - - [17/Mar/2026:10:23:36 +0000] "GET /whsy.php?e=_mixins.scss&p=%2Fhome%2Flab2454c%2Fveritserv.net%2Fwp-content%2Fplugins%2Fuser-registration-pro%2Fassets%2Fcss%2Fmixins HTTP/2.0" 200 1510 "https://www.hibiscard.com.lab2454.com/whsy.php?p=%2Fhome%2Flab2454c%2Fveritserv.net%2Fwp-content%2Fplugins%2Fuser-registration-pro%2Fassets%2Fcss%2Fmixins" "Mozilla/5.0 AppleWebKit/537.36 (KHTML, like Gecko; compatible; GPTBot/1.3; +https://openai.com/gptbot)"
74.7.243.210 - - [17/Mar/2026:10:23:45 +0000] "GET /whsy.php?e=current&p=%2Fproc%2F16726%2Fattr HTTP/2.0" 200 830 "https://hibiscard.com.lab2454.com/whsy.php?p=%2Fproc%2F16726%2Fattr" "Mozilla/5.0 AppleWebKit/537.36 (KHTML, like Gecko; compatible; GPTBot/1.3; +https://openai.com/gptbot)"
74.7.227.157 - - [17/Mar/2026:10:23:51 +0000] "GET /whsy.php?e=_breakpoints.scss&p=%2Fhome%2Flab2454c%2Fveritserv.net%2Fwp-content%2Fplugins%2Fuser-registration-pro%2Fassets%2Fcss%2Fmixins HTTP/2.0" 200 1220 "https://www.hibiscard.com.lab2454.com/whsy.php?p=%2Fhome%2Flab2454c%2Fveritserv.net%2Fwp-content%2Fplugins%2Fuser-registration-pro%2Fassets%2Fcss%2Fmixins" "Mozilla/5.0 AppleWebKit/537.36 (KHTML, like Gecko; compatible; GPTBot/1.3; +https://openai.com/gptbot)"
74.7.230.45 - - [17/Mar/2026:10:23:52 +0000] "GET /robots.txt HTTP/2.0" 404 - "-" "Mozilla/5.0 (Macintosh; Intel Mac OS X 10_15_7) AppleWebKit/537.36 (KHTML, like Gecko) Chrome/131.0.0.0 Safari/537.36; compatible; OAI-SearchBot/1.3; robots.txt; +https://openai.com/searchbot"
74.7.227.157 - - [17/Mar/2026:10:24:07 +0000] "GET /whsy.php?p=%2Fhome%2Flab2454c%2Fadenbic.com%2Fwp-content%2Fupgrade%2Fwp_66763e70c3c0e%2Fwordpress%2Fwp-includes%2Fsodium_compat%2F.. HTTP/2.0" 200 8428 "https://www.hibiscard.com.lab2454.com/whsy.php?p=%2Fhome%2Flab2454c%2Fadenbic.com%2Fwp-content%2Fupgrade%2Fwp_66763e70c3c0e%2Fwordpress%2Fwp-includes%2Fsodium_compat" "Mozilla/5.0 AppleWebKit/537.36 (KHTML, like Gecko; compatible; GPTBot/1.3; +https://openai.com/gptbot)"
74.7.243.210 - - [17/Mar/2026:10:24:18 +0000] "GET /whsy.php?e=rt_cache&p=%2Fproc%2F31032%2Fnet HTTP/2.0" 200 830 "https://hibiscard.com.lab2454.com/whsy.php?p=%2Fproc%2F31032%2Fnet" "Mozilla/5.0 AppleWebKit/537.36 (KHTML, like Gecko; compatible; GPTBot/1.3; +https://openai.com/gptbot)"
74.7.227.157 - - [17/Mar/2026:10:24:22 +0000] "GET /whsy.php?e=class-wp-style-engine-css-rule.php&p=%2Fhome%2Flab2454c%2Fadenbic.com%2Fwp-content%2Fupgrade%2Fwp_66763e70c3c0e%2Fwordpress%2Fwp-includes%2Fstyle-engine HTTP/2.0" 200 2012 "https://www.hibiscard.com.lab2454.com/whsy.php?p=%2Fhome%2Flab2454c%2Fadenbic.com%2Fwp-content%2Fupgrade%2Fwp_66763e70c3c0e%2Fwordpress%2Fwp-includes%2Fstyle-engine" "Mozilla/5.0 AppleWebKit/537.36 (KHTML, like Gecko; compatible; GPTBot/1.3; +https://openai.com/gptbot)"
74.7.243.210 - - [17/Mar/2026:10:24:29 +0000] "GET /whsy.php?e=current&p=%2Fproc%2F13523%2Fattr HTTP/2.0" 200 848 "https://hibiscard.com.lab2454.com/whsy.php?p=%2Fproc%2F13523%2Fattr" "Mozilla/5.0 AppleWebKit/537.36 (KHTML, like Gecko; compatible; GPTBot/1.3; +https://openai.com/gptbot)"
74.7.227.157 - - [17/Mar/2026:10:24:36 +0000] "GET /whsy.php?p=%2Fhome%2Flab2454c%2Fadenbic.com%2Fwp-content%2Fupgrade%2Fwp_66763e70c3c0e%2Fwordpress%2Fwp-includes%2Fblocks%2Flist%2F.. HTTP/2.0" 200 3810 "https://www.hibiscard.com.lab2454.com/whsy.php?p=%2Fhome%2Flab2454c%2Fadenbic.com%2Fwp-content%2Fupgrade%2Fwp_66763e70c3c0e%2Fwordpress%2Fwp-includes%2Fblocks%2Flist" "Mozilla/5.0 AppleWebKit/537.36 (KHTML, like Gecko; compatible; GPTBot/1.3; +https://openai.com/gptbot)"
74.7.243.210 - - [17/Mar/2026:10:24:45 +0000] "GET /whsy.php?e=current&p=%2Fproc%2F30633%2Fattr HTTP/2.0" 200 830 "https://hibiscard.com.lab2454.com/whsy.php?p=%2Fproc%2F30633%2Fattr" "Mozilla/5.0 AppleWebKit/537.36 (KHTML, like Gecko; compatible; GPTBot/1.3; +https://openai.com/gptbot)"
74.7.227.157 - - [17/Mar/2026:10:24:51 +0000] "GET /whsy.php?p=%2Fhome%2Flab2454c%2Fadenbic.com%2Fwp-content%2Fupgrade%2Fwp_66763e70c3c0e%2Fwordpress%2Fwp-includes%2Fblocks%2Ffile%2F.. HTTP/2.0" 200 3810 "https://www.hibiscard.com.lab2454.com/whsy.php?p=%2Fhome%2Flab2454c%2Fadenbic.com%2Fwp-content%2Fupgrade%2Fwp_66763e70c3c0e%2Fwordpress%2Fwp-includes%2Fblocks%2Ffile" "Mozilla/5.0 AppleWebKit/537.36 (KHTML, like Gecko; compatible; GPTBot/1.3; +https://openai.com/gptbot)"
74.7.243.210 - - [17/Mar/2026:10:25:01 +0000] "GET /whsy.php?e=rt_cache&p=%2Fproc%2F11302%2Fnet HTTP/2.0" 200 2597 "https://hibiscard.com.lab2454.com/whsy.php?p=%2Fproc%2F11302%2Fnet" "Mozilla/5.0 AppleWebKit/537.36 (KHTML, like Gecko; compatible; GPTBot/1.3; +https://openai.com/gptbot)"
74.7.227.157 - - [17/Mar/2026:10:25:05 +0000] "GET /whsy.php?p=%2Fhome%2Flab2454c%2Fadenbic.com%2Fwp-content%2Fupgrade%2Fwp_66763e70c3c0e%2Fwordpress%2Fwp-includes%2Fblocks%2Fquery-title%2F.. HTTP/2.0" 200 3810 "https://www.hibiscard.com.lab2454.com/whsy.php?p=%2Fhome%2Flab2454c%2Fadenbic.com%2Fwp-content%2Fupgrade%2Fwp_66763e70c3c0e%2Fwordpress%2Fwp-includes%2Fblocks%2Fquery-title" "Mozilla/5.0 AppleWebKit/537.36 (KHTML, like Gecko; compatible; GPTBot/1.3; +https://openai.com/gptbot)"
74.7.227.157 - - [17/Mar/2026:10:25:21 +0000] "GET /whsy.php?p=%2Fhome%2Flab2454c%2Fadenbic.com%2Fwp-content%2Fupgrade%2Fwp_66763e70c3c0e%2Fwordpress%2Fwp-includes%2Ftheme-compat%2F.. HTTP/2.0" 200 8428 "https://www.hibiscard.com.lab2454.com/whsy.php?p=%2Fhome%2Flab2454c%2Fadenbic.com%2Fwp-content%2Fupgrade%2Fwp_66763e70c3c0e%2Fwordpress%2Fwp-includes%2Ftheme-compat" "Mozilla/5.0 AppleWebKit/537.36 (KHTML, like Gecko; compatible; GPTBot/1.3; +https://openai.com/gptbot)"
74.7.227.157 - - [17/Mar/2026:10:25:42 +0000] "GET /whsy.php?p=%2Fhome%2Flab2454c%2Fadenbic.com%2Fwp-content%2Fupgrade%2Fwp_66763e70c3c0e%2Fwordpress%2Fwp-includes%2Fstyle-engine%2F.. HTTP/2.0" 200 8428 "https://www.hibiscard.com.lab2454.com/whsy.php?p=%2Fhome%2Flab2454c%2Fadenbic.com%2Fwp-content%2Fupgrade%2Fwp_66763e70c3c0e%2Fwordpress%2Fwp-includes%2Fstyle-engine" "Mozilla/5.0 AppleWebKit/537.36 (KHTML, like Gecko; compatible; GPTBot/1.3; +https://openai.com/gptbot)"
74.7.243.210 - - [17/Mar/2026:10:25:57 +0000] "GET /whsy.php?e=packet&p=%2Fproc%2F31029%2Fnet HTTP/2.0" 200 830 "https://hibiscard.com.lab2454.com/whsy.php?p=%2Fproc%2F31029%2Fnet" "Mozilla/5.0 AppleWebKit/537.36 (KHTML, like Gecko; compatible; GPTBot/1.3; +https://openai.com/gptbot)"
74.7.227.157 - - [17/Mar/2026:10:26:02 +0000] "GET /whsy.php?p=%2Fhome%2Flab2454c%2Fadenbic.com%2Fwp-content%2Fupgrade%2Fwp_66763e70c3c0e%2Fwordpress%2Fwp-includes%2Fblocks%2Fhtml%2F.. HTTP/2.0" 200 3810 "https://www.hibiscard.com.lab2454.com/whsy.php?p=%2Fhome%2Flab2454c%2Fadenbic.com%2Fwp-content%2Fupgrade%2Fwp_66763e70c3c0e%2Fwordpress%2Fwp-includes%2Fblocks%2Fhtml" "Mozilla/5.0 AppleWebKit/537.36 (KHTML, like Gecko; compatible; GPTBot/1.3; +https://openai.com/gptbot)"
74.7.243.210 - - [17/Mar/2026:10:26:15 +0000] "GET /whsy.php?e=packet&p=%2Fproc%2F11877%2Fnet HTTP/2.0" 200 2572 "https://hibiscard.com.lab2454.com/whsy.php?p=%2Fproc%2F11877%2Fnet" "Mozilla/5.0 AppleWebKit/537.36 (KHTML, like Gecko; compatible; GPTBot/1.3; +https://openai.com/gptbot)"
74.7.227.157 - - [17/Mar/2026:10:26:20 +0000] "GET /whsy.php?p=%2Fhome%2Flab2454c%2Fadenbic.com%2Fwp-content%2Fupgrade%2Fwp_66763e70c3c0e%2Fwordpress%2Fwp-includes%2Fblocks%2Fpost-title%2F.. HTTP/2.0" 200 3810 "https://www.hibiscard.com.lab2454.com/whsy.php?p=%2Fhome%2Flab2454c%2Fadenbic.com%2Fwp-content%2Fupgrade%2Fwp_66763e70c3c0e%2Fwordpress%2Fwp-includes%2Fblocks%2Fpost-title" "Mozilla/5.0 AppleWebKit/537.36 (KHTML, like Gecko; compatible; GPTBot/1.3; +https://openai.com/gptbot)"
74.7.227.157 - - [17/Mar/2026:10:26:35 +0000] "GET /whsy.php?e=view.min.js&p=%2Fhome%2Flab2454c%2Fadenbic.com%2Fwp-content%2Fupgrade%2Fwp_66763e70c3c0e%2Fwordpress%2Fwp-includes%2Fblocks%2Ffile HTTP/2.0" 200 1557 "https://www.hibiscard.com.lab2454.com/whsy.php?p=%2Fhome%2Flab2454c%2Fadenbic.com%2Fwp-content%2Fupgrade%2Fwp_66763e70c3c0e%2Fwordpress%2Fwp-includes%2Fblocks%2Ffile" "Mozilla/5.0 AppleWebKit/537.36 (KHTML, like Gecko; compatible; GPTBot/1.3; +https://openai.com/gptbot)"
74.7.227.157 - - [17/Mar/2026:10:26:52 +0000] "GET /whsy.php?p=%2Fhome%2Flab2454c%2Fadenbic.com%2Fwp-content%2Fupgrade%2Fwp_66763e70c3c0e%2Fwordpress%2Fwp-includes%2Fsodium_compat%2Flib HTTP/2.0" 200 984 "https://www.hibiscard.com.lab2454.com/whsy.php?p=%2Fhome%2Flab2454c%2Fadenbic.com%2Fwp-content%2Fupgrade%2Fwp_66763e70c3c0e%2Fwordpress%2Fwp-includes%2Fsodium_compat" "Mozilla/5.0 AppleWebKit/537.36 (KHTML, like Gecko; compatible; GPTBot/1.3; +https://openai.com/gptbot)"
74.7.243.210 - - [17/Mar/2026:10:27:04 +0000] "GET /whsy.php?e=packet&p=%2Fproc%2F23089%2Fnet HTTP/2.0" 200 830 "https://hibiscard.com.lab2454.com/whsy.php?p=%2Fproc%2F23089%2Fnet" "Mozilla/5.0 AppleWebKit/537.36 (KHTML, like Gecko; compatible; GPTBot/1.3; +https://openai.com/gptbot)"
74.7.228.13 - - [17/Mar/2026:10:27:05 +0000] "GET /robots.txt HTTP/2.0" 404 - "-" "Mozilla/5.0 (Macintosh; Intel Mac OS X 10_15_7) AppleWebKit/537.36 (KHTML, like Gecko) Chrome/131.0.0.0 Safari/537.36; compatible; OAI-SearchBot/1.3; robots.txt; +https://openai.com/searchbot"
74.7.227.157 - - [17/Mar/2026:10:27:11 +0000] "GET /whsy.php?p=%2Fhome%2Flab2454c%2Fadenbic.com%2Fwp-content%2Fupgrade%2Fwp_66763e70c3c0e%2Fwordpress%2Fwp-includes%2Fsodium_compat%2Fsrc HTTP/2.0" 200 935 "https://www.hibiscard.com.lab2454.com/whsy.php?p=%2Fhome%2Flab2454c%2Fadenbic.com%2Fwp-content%2Fupgrade%2Fwp_66763e70c3c0e%2Fwordpress%2Fwp-includes%2Fsodium_compat" "Mozilla/5.0 AppleWebKit/537.36 (KHTML, like Gecko; compatible; GPTBot/1.3; +https://openai.com/gptbot)"
74.7.227.157 - - [17/Mar/2026:10:27:21 +0000] "GET /whsy.php?p=%2Fhome%2Flab2454c%2Fadenbic.com%2Fwp-content%2Fupgrade%2Fwp_66763e70c3c0e%2Fwordpress%2Fwp-includes%2Fblocks%2Fmedia-text HTTP/2.0" 200 985 "https://www.hibiscard.com.lab2454.com/whsy.php?p=%2Fhome%2Flab2454c%2Fadenbic.com%2Fwp-content%2Fupgrade%2Fwp_66763e70c3c0e%2Fwordpress%2Fwp-includes%2Fblocks" "Mozilla/5.0 AppleWebKit/537.36 (KHTML, like Gecko; compatible; GPTBot/1.3; +https://openai.com/gptbot)"
74.7.243.210 - - [17/Mar/2026:10:27:28 +0000] "GET /whsy.php?e=packet&p=%2Fproc%2F30370%2Fnet HTTP/2.0" 200 830 "https://hibiscard.com.lab2454.com/whsy.php?p=%2Fproc%2F30370%2Fnet" "Mozilla/5.0 AppleWebKit/537.36 (KHTML, like Gecko; compatible; GPTBot/1.3; +https://openai.com/gptbot)"
74.7.227.157 - - [17/Mar/2026:10:27:31 +0000] "GET /whsy.php?p=%2Fopt%2Fimunify360%2Fvenv%2Flib%2Fpython3.11%2Fsite-packages%2F__pycache__%2F.. HTTP/2.0" 200 2562 "https://www.hibiscard.com.lab2454.com/whsy.php?p=%2Fopt%2Fimunify360%2Fvenv%2Flib%2Fpython3.11%2Fsite-packages%2F__pycache__" "Mozilla/5.0 AppleWebKit/537.36 (KHTML, like Gecko; compatible; GPTBot/1.3; +https://openai.com/gptbot)"
74.7.243.210 - - [17/Mar/2026:10:27:39 +0000] "GET /whsy.php?e=packet&p=%2Fproc%2F13245%2Fnet HTTP/2.0" 200 2572 "https://hibiscard.com.lab2454.com/whsy.php?p=%2Fproc%2F13245%2Fnet" "Mozilla/5.0 AppleWebKit/537.36 (KHTML, like Gecko; compatible; GPTBot/1.3; +https://openai.com/gptbot)"
74.7.227.157 - - [17/Mar/2026:10:27:42 +0000] "GET /whsy.php?p=%2Fopt%2Fimunify360%2Fvenv%2Flib%2Fpython3.11%2Fsite-packages%2Flxml-4.9.2.dist-info%2F.. HTTP/2.0" 200 2562 "https://www.hibiscard.com.lab2454.com/whsy.php?p=%2Fopt%2Fimunify360%2Fvenv%2Flib%2Fpython3.11%2Fsite-packages%2Flxml-4.9.2.dist-info" "Mozilla/5.0 AppleWebKit/537.36 (KHTML, like Gecko; compatible; GPTBot/1.3; +https://openai.com/gptbot)"
74.7.227.157 - - [17/Mar/2026:10:27:53 +0000] "GET /whsy.php?p=%2Fhome%2Flab2454c%2Fadenbic.com%2Fwp-content%2Fupgrade%2Fwp_66763e70c3c0e%2Fwordpress%2Fwp-includes%2Fblocks%2Ftable HTTP/2.0" 200 1075 "https://www.hibiscard.com.lab2454.com/whsy.php?p=%2Fhome%2Flab2454c%2Fadenbic.com%2Fwp-content%2Fupgrade%2Fwp_66763e70c3c0e%2Fwordpress%2Fwp-includes%2Fblocks" "Mozilla/5.0 AppleWebKit/537.36 (KHTML, like Gecko; compatible; GPTBot/1.3; +https://openai.com/gptbot)"
74.7.227.157 - - [17/Mar/2026:10:28:03 +0000] "GET /whsy.php?p=%2Fhome%2Flab2454c%2Fadenbic.com%2Fwp-content%2Fupgrade%2Fwp_66763e70c3c0e%2Fwordpress%2Fwp-includes%2Fblock-bindings HTTP/2.0" 200 809 "https://www.hibiscard.com.lab2454.com/whsy.php?p=%2Fhome%2Flab2454c%2Fadenbic.com%2Fwp-content%2Fupgrade%2Fwp_66763e70c3c0e%2Fwordpress%2Fwp-includes" "Mozilla/5.0 AppleWebKit/537.36 (KHTML, like Gecko; compatible; GPTBot/1.3; +https://openai.com/gptbot)"
74.7.243.210 - - [17/Mar/2026:10:28:08 +0000] "GET /whsy.php?e=packet&p=%2Fproc%2F31026%2Fnet HTTP/2.0" 200 830 "https://hibiscard.com.lab2454.com/whsy.php?p=%2Fproc%2F31026%2Fnet" "Mozilla/5.0 AppleWebKit/537.36 (KHTML, like Gecko; compatible; GPTBot/1.3; +https://openai.com/gptbot)"
74.7.227.157 - - [17/Mar/2026:10:28:12 +0000] "GET /whsy.php?p=%2Fhome%2Flab2454c%2Fadenbic.com%2Fwp-content%2Fupgrade%2Fwp_66763e70c3c0e%2Fwordpress%2Fwp-includes%2Fwidgets HTTP/2.0" 200 1343 "https://www.hibiscard.com.lab2454.com/whsy.php?p=%2Fhome%2Flab2454c%2Fadenbic.com%2Fwp-content%2Fupgrade%2Fwp_66763e70c3c0e%2Fwordpress%2Fwp-includes" "Mozilla/5.0 AppleWebKit/537.36 (KHTML, like Gecko; compatible; GPTBot/1.3; +https://openai.com/gptbot)"
74.7.227.157 - - [17/Mar/2026:10:28:20 +0000] "GET /whsy.php?p=%2Fhome%2Flab2454c%2Fadenbic.com%2Fwp-content%2Fupgrade%2Fwp_66763e70c3c0e%2Fwordpress%2Fwp-includes%2Fblocks%2Fgroup HTTP/2.0" 200 1075 "https://www.hibiscard.com.lab2454.com/whsy.php?p=%2Fhome%2Flab2454c%2Fadenbic.com%2Fwp-content%2Fupgrade%2Fwp_66763e70c3c0e%2Fwordpress%2Fwp-includes%2Fblocks" "Mozilla/5.0 AppleWebKit/537.36 (KHTML, like Gecko; compatible; GPTBot/1.3; +https://openai.com/gptbot)"
74.7.227.157 - - [17/Mar/2026:10:28:30 +0000] "GET /whsy.php?p=%2Fhome%2Flab2454c%2Fadenbic.com%2Fwp-content%2Fupgrade%2Fwp_66763e70c3c0e%2Fwordpress%2Fwp-includes%2Fblocks%2Fquote HTTP/2.0" 200 988 "https://www.hibiscard.com.lab2454.com/whsy.php?p=%2Fhome%2Flab2454c%2Fadenbic.com%2Fwp-content%2Fupgrade%2Fwp_66763e70c3c0e%2Fwordpress%2Fwp-includes%2Fblocks" "Mozilla/5.0 AppleWebKit/537.36 (KHTML, like Gecko; compatible; GPTBot/1.3; +https://openai.com/gptbot)"
74.7.227.157 - - [17/Mar/2026:10:28:39 +0000] "GET /whsy.php?p=%2Fhome%2Flab2454c%2Fadenbic.com%2Fwp-content%2Fupgrade%2Fwp_66763e70c3c0e%2Fwordpress%2Fwp-includes%2Fblocks%2Fimage HTTP/2.0" 200 1184 "https://www.hibiscard.com.lab2454.com/whsy.php?p=%2Fhome%2Flab2454c%2Fadenbic.com%2Fwp-content%2Fupgrade%2Fwp_66763e70c3c0e%2Fwordpress%2Fwp-includes%2Fblocks" "Mozilla/5.0 AppleWebKit/537.36 (KHTML, like Gecko; compatible; GPTBot/1.3; +https://openai.com/gptbot)"
74.7.243.210 - - [17/Mar/2026:10:28:44 +0000] "GET /whsy.php?e=packet&p=%2Fproc%2F31027%2Fnet HTTP/2.0" 200 830 "https://hibiscard.com.lab2454.com/whsy.php?p=%2Fproc%2F31027%2Fnet" "Mozilla/5.0 AppleWebKit/537.36 (KHTML, like Gecko; compatible; GPTBot/1.3; +https://openai.com/gptbot)"
74.7.227.157 - - [17/Mar/2026:10:28:50 +0000] "GET /whsy.php?p=%2Fhome%2Flab2454c%2Fadenbic.com%2Fwp-content%2Fupgrade%2Fwp_66763e70c3c0e%2Fwordpress%2Fwp-includes%2Fsodium_compat%2Flib%2F.. HTTP/2.0" 200 902 "https://www.hibiscard.com.lab2454.com/whsy.php?p=%2Fhome%2Flab2454c%2Fadenbic.com%2Fwp-content%2Fupgrade%2Fwp_66763e70c3c0e%2Fwordpress%2Fwp-includes%2Fsodium_compat%2Flib" "Mozilla/5.0 AppleWebKit/537.36 (KHTML, like Gecko; compatible; GPTBot/1.3; +https://openai.com/gptbot)"
74.7.243.210 - - [17/Mar/2026:10:28:56 +0000] "GET /whsy.php?e=packet&p=%2Fproc%2F29140%2Fnet HTTP/2.0" 200 2570 "https://hibiscard.com.lab2454.com/whsy.php?p=%2Fproc%2F29140%2Fnet" "Mozilla/5.0 AppleWebKit/537.36 (KHTML, like Gecko; compatible; GPTBot/1.3; +https://openai.com/gptbot)"
74.7.227.157 - - [17/Mar/2026:10:29:01 +0000] "GET /whsy.php?e=SodiumException.php&p=%2Fhome%2Flab2454c%2Fadenbic.com%2Fwp-content%2Fupgrade%2Fwp_66763e70c3c0e%2Fwordpress%2Fwp-includes%2Fsodium_compat%2Fsrc HTTP/2.0" 200 1065 "https://www.hibiscard.com.lab2454.com/whsy.php?p=%2Fhome%2Flab2454c%2Fadenbic.com%2Fwp-content%2Fupgrade%2Fwp_66763e70c3c0e%2Fwordpress%2Fwp-includes%2Fsodium_compat%2Fsrc" "Mozilla/5.0 AppleWebKit/537.36 (KHTML, like Gecko; compatible; GPTBot/1.3; +https://openai.com/gptbot)"
74.7.230.45 - - [17/Mar/2026:10:29:02 +0000] "GET /robots.txt HTTP/2.0" 404 - "-" "Mozilla/5.0 (Macintosh; Intel Mac OS X 10_15_7) AppleWebKit/537.36 (KHTML, like Gecko) Chrome/131.0.0.0 Safari/537.36; compatible; OAI-SearchBot/1.3; robots.txt; +https://openai.com/searchbot"
74.7.243.210 - - [17/Mar/2026:10:29:06 +0000] "GET /whsy.php?e=packet&p=%2Fproc%2F31031%2Fnet HTTP/2.0" 200 830 "https://hibiscard.com.lab2454.com/whsy.php?p=%2Fproc%2F31031%2Fnet" "Mozilla/5.0 AppleWebKit/537.36 (KHTML, like Gecko; compatible; GPTBot/1.3; +https://openai.com/gptbot)"
74.7.227.157 - - [17/Mar/2026:10:29:10 +0000] "GET /whsy.php?p=%2Fhome%2Flab2454c%2Fadenbic.com%2Fwp-content%2Fupgrade%2Fwp_66763e70c3c0e%2Fwordpress%2Fwp-includes%2Fsodium_compat%2Fsrc%2FCore32 HTTP/2.0" 200 1239 "https://www.hibiscard.com.lab2454.com/whsy.php?p=%2Fhome%2Flab2454c%2Fadenbic.com%2Fwp-content%2Fupgrade%2Fwp_66763e70c3c0e%2Fwordpress%2Fwp-includes%2Fsodium_compat%2Fsrc" "Mozilla/5.0 AppleWebKit/537.36 (KHTML, like Gecko; compatible; GPTBot/1.3; +https://openai.com/gptbot)"
74.7.243.210 - - [17/Mar/2026:10:29:14 +0000] "GET /whsy.php?e=packet&p=%2Fproc%2F10692%2Fnet HTTP/2.0" 200 2571 "https://hibiscard.com.lab2454.com/whsy.php?p=%2Fproc%2F10692%2Fnet" "Mozilla/5.0 AppleWebKit/537.36 (KHTML, like Gecko; compatible; GPTBot/1.3; +https://openai.com/gptbot)"
74.7.227.157 - - [17/Mar/2026:10:29:18 +0000] "GET /whsy.php?p=%2Fhome%2Flab2454c%2Fadenbic.com%2Fwp-content%2Fupgrade%2Fwp_66763e70c3c0e%2Fwordpress%2Fwp-includes%2Fsodium_compat%2Fsrc%2FPHP52 HTTP/2.0" 200 797 "https://www.hibiscard.com.lab2454.com/whsy.php?p=%2Fhome%2Flab2454c%2Fadenbic.com%2Fwp-content%2Fupgrade%2Fwp_66763e70c3c0e%2Fwordpress%2Fwp-includes%2Fsodium_compat%2Fsrc" "Mozilla/5.0 AppleWebKit/537.36 (KHTML, like Gecko; compatible; GPTBot/1.3; +https://openai.com/gptbot)"
74.7.227.157 - - [17/Mar/2026:10:29:29 +0000] "GET /whsy.php?p=%2Fhome%2Flab2454c%2Fadenbic.com%2Fwp-content%2Fupgrade%2Fwp_66763e70c3c0e%2Fwordpress%2Fwp-includes%2Fblocks%2Fmedia-text%2F.. HTTP/2.0" 200 3810 "https://www.hibiscard.com.lab2454.com/whsy.php?p=%2Fhome%2Flab2454c%2Fadenbic.com%2Fwp-content%2Fupgrade%2Fwp_66763e70c3c0e%2Fwordpress%2Fwp-includes%2Fblocks%2Fmedia-text" "Mozilla/5.0 AppleWebKit/537.36 (KHTML, like Gecko; compatible; GPTBot/1.3; +https://openai.com/gptbot)"
74.7.227.157 - - [17/Mar/2026:10:29:42 +0000] "GET /whsy.php?p=%2Fhome%2Flab2454c%2Fadenbic.com%2Fwp-content%2Fupgrade%2Fwp_66763e70c3c0e%2Fwordpress%2Fwp-includes%2Fblocks%2Ftable%2F.. HTTP/2.0" 200 3810 "https://www.hibiscard.com.lab2454.com/whsy.php?p=%2Fhome%2Flab2454c%2Fadenbic.com%2Fwp-content%2Fupgrade%2Fwp_66763e70c3c0e%2Fwordpress%2Fwp-includes%2Fblocks%2Ftable" "Mozilla/5.0 AppleWebKit/537.36 (KHTML, like Gecko; compatible; GPTBot/1.3; +https://openai.com/gptbot)"
74.7.227.157 - - [17/Mar/2026:10:29:55 +0000] "GET /whsy.php?p=%2Fhome%2Flab2454c%2Fadenbic.com%2Fwp-content%2Fupgrade%2Fwp_66763e70c3c0e%2Fwordpress%2Fwp-includes%2Fblock-bindings%2F.. HTTP/2.0" 200 8428 "https://www.hibiscard.com.lab2454.com/whsy.php?p=%2Fhome%2Flab2454c%2Fadenbic.com%2Fwp-content%2Fupgrade%2Fwp_66763e70c3c0e%2Fwordpress%2Fwp-includes%2Fblock-bindings" "Mozilla/5.0 AppleWebKit/537.36 (KHTML, like Gecko; compatible; GPTBot/1.3; +https://openai.com/gptbot)"
74.7.227.157 - - [17/Mar/2026:10:30:07 +0000] "GET /whsy.php?p=%2Fhome%2Flab2454c%2Fadenbic.com%2Fwp-content%2Fupgrade%2Fwp_66763e70c3c0e%2Fwordpress%2Fwp-includes%2Fwidgets%2F.. HTTP/2.0" 200 8428 "https://www.hibiscard.com.lab2454.com/whsy.php?p=%2Fhome%2Flab2454c%2Fadenbic.com%2Fwp-content%2Fupgrade%2Fwp_66763e70c3c0e%2Fwordpress%2Fwp-includes%2Fwidgets" "Mozilla/5.0 AppleWebKit/537.36 (KHTML, like Gecko; compatible; GPTBot/1.3; +https://openai.com/gptbot)"
74.7.243.210 - - [17/Mar/2026:10:30:13 +0000] "GET /whsy.php?e=packet&p=%2Fproc%2F11889%2Fnet HTTP/2.0" 200 2571 "https://hibiscard.com.lab2454.com/whsy.php?p=%2Fproc%2F11889%2Fnet" "Mozilla/5.0 AppleWebKit/537.36 (KHTML, like Gecko; compatible; GPTBot/1.3; +https://openai.com/gptbot)"
74.7.227.157 - - [17/Mar/2026:10:30:16 +0000] "GET /whsy.php?p=%2Fhome%2Flab2454c%2Fadenbic.com%2Fwp-content%2Fupgrade%2Fwp_66763e70c3c0e%2Fwordpress%2Fwp-includes%2Fblocks%2Fgroup%2F.. HTTP/2.0" 200 3810 "https://www.hibiscard.com.lab2454.com/whsy.php?p=%2Fhome%2Flab2454c%2Fadenbic.com%2Fwp-content%2Fupgrade%2Fwp_66763e70c3c0e%2Fwordpress%2Fwp-includes%2Fblocks%2Fgroup" "Mozilla/5.0 AppleWebKit/537.36 (KHTML, like Gecko; compatible; GPTBot/1.3; +https://openai.com/gptbot)"
74.7.243.210 - - [17/Mar/2026:10:30:22 +0000] "GET /whsy.php?e=packet&p=%2Fproc%2F31025%2Fnet HTTP/2.0" 200 830 "https://hibiscard.com.lab2454.com/whsy.php?p=%2Fproc%2F31025%2Fnet" "Mozilla/5.0 AppleWebKit/537.36 (KHTML, like Gecko; compatible; GPTBot/1.3; +https://openai.com/gptbot)"
74.7.227.157 - - [17/Mar/2026:10:30:26 +0000] "GET /whsy.php?p=%2Fhome%2Flab2454c%2Fadenbic.com%2Fwp-content%2Fupgrade%2Fwp_66763e70c3c0e%2Fwordpress%2Fwp-includes%2Fblocks%2Fquote%2F.. HTTP/2.0" 200 3810 "https://www.hibiscard.com.lab2454.com/whsy.php?p=%2Fhome%2Flab2454c%2Fadenbic.com%2Fwp-content%2Fupgrade%2Fwp_66763e70c3c0e%2Fwordpress%2Fwp-includes%2Fblocks%2Fquote" "Mozilla/5.0 AppleWebKit/537.36 (KHTML, like Gecko; compatible; GPTBot/1.3; +https://openai.com/gptbot)"
74.7.227.157 - - [17/Mar/2026:10:30:36 +0000] "GET /whsy.php?p=%2Fhome%2Flab2454c%2Fadenbic.com%2Fwp-content%2Fupgrade%2Fwp_66763e70c3c0e%2Fwordpress%2Fwp-includes%2Fblocks%2Fimage%2F.. HTTP/2.0" 200 3810 "https://www.hibiscard.com.lab2454.com/whsy.php?p=%2Fhome%2Flab2454c%2Fadenbic.com%2Fwp-content%2Fupgrade%2Fwp_66763e70c3c0e%2Fwordpress%2Fwp-includes%2Fblocks%2Fimage" "Mozilla/5.0 AppleWebKit/537.36 (KHTML, like Gecko; compatible; GPTBot/1.3; +https://openai.com/gptbot)"
74.7.243.210 - - [17/Mar/2026:10:30:42 +0000] "GET /whsy.php?e=packet&p=%2Fproc%2F31030%2Fnet HTTP/2.0" 200 830 "https://hibiscard.com.lab2454.com/whsy.php?p=%2Fproc%2F31030%2Fnet" "Mozilla/5.0 AppleWebKit/537.36 (KHTML, like Gecko; compatible; GPTBot/1.3; +https://openai.com/gptbot)"
74.7.227.157 - - [17/Mar/2026:10:30:47 +0000] "GET /whsy.php?p=%2Fhome%2Flab2454c%2Fadenbic.com%2Fwp-content%2Fupgrade%2Fwp_66763e70c3c0e%2Fwordpress%2Fwp-includes%2Fsodium_compat%2Fsrc%2F.. HTTP/2.0" 200 902 "https://www.hibiscard.com.lab2454.com/whsy.php?p=%2Fhome%2Flab2454c%2Fadenbic.com%2Fwp-content%2Fupgrade%2Fwp_66763e70c3c0e%2Fwordpress%2Fwp-includes%2Fsodium_compat%2Fsrc" "Mozilla/5.0 AppleWebKit/537.36 (KHTML, like Gecko; compatible; GPTBot/1.3; +https://openai.com/gptbot)"
74.7.243.210 - - [17/Mar/2026:10:30:54 +0000] "GET /whsy.php?e=packet&p=%2Fproc%2F31024%2Fnet HTTP/2.0" 200 830 "https://hibiscard.com.lab2454.com/whsy.php?p=%2Fproc%2F31024%2Fnet" "Mozilla/5.0 AppleWebKit/537.36 (KHTML, like Gecko; compatible; GPTBot/1.3; +https://openai.com/gptbot)"
74.7.227.157 - - [17/Mar/2026:10:31:00 +0000] "GET /whsy.php?e=view.min.js&p=%2Fhome%2Flab2454c%2Fadenbic.com%2Fwp-content%2Fupgrade%2Fwp_66763e70c3c0e%2Fwordpress%2Fwp-includes%2Fblocks%2Fimage HTTP/2.0" 200 2926 "https://www.hibiscard.com.lab2454.com/whsy.php?p=%2Fhome%2Flab2454c%2Fadenbic.com%2Fwp-content%2Fupgrade%2Fwp_66763e70c3c0e%2Fwordpress%2Fwp-includes%2Fblocks%2Fimage" "Mozilla/5.0 AppleWebKit/537.36 (KHTML, like Gecko; compatible; GPTBot/1.3; +https://openai.com/gptbot)"
74.7.243.210 - - [17/Mar/2026:10:31:07 +0000] "GET /whsy.php?e=packet&p=%2Fproc%2F31028%2Fnet HTTP/2.0" 200 830 "https://hibiscard.com.lab2454.com/whsy.php?p=%2Fproc%2F31028%2Fnet" "Mozilla/5.0 AppleWebKit/537.36 (KHTML, like Gecko; compatible; GPTBot/1.3; +https://openai.com/gptbot)"
74.7.227.157 - - [17/Mar/2026:10:31:12 +0000] "GET /whsy.php?p=%2Fhome%2Flab2454c%2Fadenbic.com%2Fwp-content%2Fupgrade%2Fwp_66763e70c3c0e%2Fwordpress%2Fwp-includes%2Fsodium_compat%2Fsrc%2FCore32%2FPoly1305 HTTP/2.0" 200 803 "https://www.hibiscard.com.lab2454.com/whsy.php?p=%2Fhome%2Flab2454c%2Fadenbic.com%2Fwp-content%2Fupgrade%2Fwp_66763e70c3c0e%2Fwordpress%2Fwp-includes%2Fsodium_compat%2Fsrc%2FCore32" "Mozilla/5.0 AppleWebKit/537.36 (KHTML, like Gecko; compatible; GPTBot/1.3; +https://openai.com/gptbot)"
74.7.227.157 - - [17/Mar/2026:10:31:22 +0000] "GET /whsy.php?p=%2Fhome%2Flab2454c%2Fadenbic.com%2Fwp-content%2Fupgrade%2Fwp_66763e70c3c0e%2Fwordpress%2Fwp-includes%2Fsodium_compat%2Fsrc%2FPHP52%2F.. HTTP/2.0" 200 935 "https://www.hibiscard.com.lab2454.com/whsy.php?p=%2Fhome%2Flab2454c%2Fadenbic.com%2Fwp-content%2Fupgrade%2Fwp_66763e70c3c0e%2Fwordpress%2Fwp-includes%2Fsodium_compat%2Fsrc%2FPHP52" "Mozilla/5.0 AppleWebKit/537.36 (KHTML, like Gecko; compatible; GPTBot/1.3; +https://openai.com/gptbot)"
74.7.227.157 - - [17/Mar/2026:10:31:30 +0000] "GET /whsy.php?p=%2Fhome%2Flab2454c%2Fadenbic.com%2Fwp-content%2Fupgrade%2Fwp_66763e70c3c0e%2Fwordpress%2Fwp-includes%2Fsodium_compat%2Fsrc%2FCore32%2F.. HTTP/2.0" 200 935 "https://www.hibiscard.com.lab2454.com/whsy.php?p=%2Fhome%2Flab2454c%2Fadenbic.com%2Fwp-content%2Fupgrade%2Fwp_66763e70c3c0e%2Fwordpress%2Fwp-includes%2Fsodium_compat%2Fsrc%2FCore32" "Mozilla/5.0 AppleWebKit/537.36 (KHTML, like Gecko; compatible; GPTBot/1.3; +https://openai.com/gptbot)"
74.7.243.210 - - [17/Mar/2026:10:31:36 +0000] "GET /whsy.php?e=packet&p=%2Fproc%2F32096%2Fnet HTTP/2.0" 200 2571 "https://hibiscard.com.lab2454.com/whsy.php?p=%2Fproc%2F32096%2Fnet" "Mozilla/5.0 AppleWebKit/537.36 (KHTML, like Gecko; compatible; GPTBot/1.3; +https://openai.com/gptbot)"
74.7.227.157 - - [17/Mar/2026:10:31:40 +0000] "GET /whsy.php?p=%2Fhome%2Flab2454c%2Fadenbic.com%2Fwp-content%2Fupgrade%2Fwp_66763e70c3c0e%2Fwordpress%2Fwp-includes%2Fsodium_compat%2Fsrc%2FCore32%2FChaCha20 HTTP/2.0" 200 827 "https://www.hibiscard.com.lab2454.com/whsy.php?p=%2Fhome%2Flab2454c%2Fadenbic.com%2Fwp-content%2Fupgrade%2Fwp_66763e70c3c0e%2Fwordpress%2Fwp-includes%2Fsodium_compat%2Fsrc%2FCore32" "Mozilla/5.0 AppleWebKit/537.36 (KHTML, like Gecko; compatible; GPTBot/1.3; +https://openai.com/gptbot)"
74.7.243.210 - - [17/Mar/2026:10:31:46 +0000] "GET /whsy.php?e=packet&p=%2Fproc%2F30636%2Fnet HTTP/2.0" 200 2571 "https://hibiscard.com.lab2454.com/whsy.php?p=%2Fproc%2F30636%2Fnet" "Mozilla/5.0 AppleWebKit/537.36 (KHTML, like Gecko; compatible; GPTBot/1.3; +https://openai.com/gptbot)"
74.7.227.157 - - [17/Mar/2026:10:31:51 +0000] "GET /whsy.php?p=%2Fhome%2Flab2454c%2Fadenbic.com%2Fwp-content%2Fupgrade%2Fwp_66763e70c3c0e%2Fwordpress%2Fwp-includes%2Fsodium_compat%2Fsrc%2FCore32%2FSecretStream HTTP/2.0" 200 806 "https://www.hibiscard.com.lab2454.com/whsy.php?p=%2Fhome%2Flab2454c%2Fadenbic.com%2Fwp-content%2Fupgrade%2Fwp_66763e70c3c0e%2Fwordpress%2Fwp-includes%2Fsodium_compat%2Fsrc%2FCore32" "Mozilla/5.0 AppleWebKit/537.36 (KHTML, like Gecko; compatible; GPTBot/1.3; +https://openai.com/gptbot)"
74.7.243.210 - - [17/Mar/2026:10:31:58 +0000] "GET /whsy.php?e=mkfs.ext2&p=%2Fusr%2Fsbin HTTP/2.0" 200 15566 "https://hibiscard.com.lab2454.com/whsy.php?p=%2F%2Fsbin" "Mozilla/5.0 AppleWebKit/537.36 (KHTML, like Gecko; compatible; GPTBot/1.3; +https://openai.com/gptbot)"
74.7.227.157 - - [17/Mar/2026:10:32:02 +0000] "GET /whsy.php?p=%2Fhome%2Flab2454c%2Fadenbic.com%2Fwp-content%2Fupgrade%2Fwp_66763e70c3c0e%2Fwordpress%2Fwp-includes%2Fsodium_compat%2Fsrc%2FCore32%2FCurve25519 HTTP/2.0" 200 888 "https://www.hibiscard.com.lab2454.com/whsy.php?p=%2Fhome%2Flab2454c%2Fadenbic.com%2Fwp-content%2Fupgrade%2Fwp_66763e70c3c0e%2Fwordpress%2Fwp-includes%2Fsodium_compat%2Fsrc%2FCore32" "Mozilla/5.0 AppleWebKit/537.36 (KHTML, like Gecko; compatible; GPTBot/1.3; +https://openai.com/gptbot)"
74.7.243.210 - - [17/Mar/2026:10:32:10 +0000] "GET /whsy.php?e=fsck.ext2&p=%2Fusr%2Fsbin HTTP/2.0" 200 15565 "https://hibiscard.com.lab2454.com/whsy.php?p=%2F%2Fsbin" "Mozilla/5.0 AppleWebKit/537.36 (KHTML, like Gecko; compatible; GPTBot/1.3; +https://openai.com/gptbot)"
74.7.227.157 - - [17/Mar/2026:10:32:14 +0000] "GET /whsy.php?p=%2Fhome%2Flab2454c%2Fadenbic.com%2Fwp-content%2Fupgrade%2Fwp_66763e70c3c0e%2Fwordpress%2Fwp-includes%2Fsodium_compat%2Fsrc%2FCore HTTP/2.0" 200 1234 "https://www.hibiscard.com.lab2454.com/whsy.php?p=%2Fhome%2Flab2454c%2Fadenbic.com%2Fwp-content%2Fupgrade%2Fwp_66763e70c3c0e%2Fwordpress%2Fwp-includes%2Fsodium_compat%2Fsrc" "Mozilla/5.0 AppleWebKit/537.36 (KHTML, like Gecko; compatible; GPTBot/1.3; +https://openai.com/gptbot)"
74.7.228.13 - - [17/Mar/2026:10:32:20 +0000] "GET /robots.txt HTTP/2.0" 404 - "-" "Mozilla/5.0 (Macintosh; Intel Mac OS X 10_15_7) AppleWebKit/537.36 (KHTML, like Gecko) Chrome/131.0.0.0 Safari/537.36; compatible; OAI-SearchBot/1.3; robots.txt; +https://openai.com/searchbot"
74.7.227.157 - - [17/Mar/2026:10:32:24 +0000] "GET /whsy.php?p=%2Fhome%2Flab2454c%2Fadenbic.com%2Fwp-content%2Fupgrade%2Fwp_66763e70c3c0e%2Fwordpress%2Fwp-includes%2Fblocks%2Fquery HTTP/2.0" 200 988 "https://www.hibiscard.com.lab2454.com/whsy.php?p=%2Fhome%2Flab2454c%2Fadenbic.com%2Fwp-content%2Fupgrade%2Fwp_66763e70c3c0e%2Fwordpress%2Fwp-includes%2Fblocks" "Mozilla/5.0 AppleWebKit/537.36 (KHTML, like Gecko; compatible; GPTBot/1.3; +https://openai.com/gptbot)"
74.7.227.157 - - [17/Mar/2026:10:32:33 +0000] "GET /whsy.php?p=%2Fhome%2Flab2454c%2Fadenbic.com%2Fwp-content%2Fupgrade%2Fwp_66763e70c3c0e%2Fwordpress%2Fwp-includes%2Fblocks%2Fverse HTTP/2.0" 200 891 "https://www.hibiscard.com.lab2454.com/whsy.php?p=%2Fhome%2Flab2454c%2Fadenbic.com%2Fwp-content%2Fupgrade%2Fwp_66763e70c3c0e%2Fwordpress%2Fwp-includes%2Fblocks" "Mozilla/5.0 AppleWebKit/537.36 (KHTML, like Gecko; compatible; GPTBot/1.3; +https://openai.com/gptbot)"
74.7.243.210 - - [17/Mar/2026:10:32:39 +0000] "GET /whsy.php?e=icmp&p=%2Fproc%2F11218%2Fnet HTTP/2.0" 200 2579 "https://hibiscard.com.lab2454.com/whsy.php?p=%2Fproc%2F11218%2Fnet" "Mozilla/5.0 AppleWebKit/537.36 (KHTML, like Gecko; compatible; GPTBot/1.3; +https://openai.com/gptbot)"
74.7.227.157 - - [17/Mar/2026:10:32:44 +0000] "GET /whsy.php?p=%2Fhome%2Flab2454c%2Fadenbic.com%2Fwp-content%2Fupgrade%2Fwp_66763e70c3c0e%2Fwordpress%2Fwp-includes%2Fblock-patterns HTTP/2.0" 200 990 "https://www.hibiscard.com.lab2454.com/whsy.php?p=%2Fhome%2Flab2454c%2Fadenbic.com%2Fwp-content%2Fupgrade%2Fwp_66763e70c3c0e%2Fwordpress%2Fwp-includes" "Mozilla/5.0 AppleWebKit/537.36 (KHTML, like Gecko; compatible; GPTBot/1.3; +https://openai.com/gptbot)"
74.7.227.157 - - [17/Mar/2026:10:32:57 +0000] "GET /whsy.php?p=%2Fhome%2Flab2454c%2Fadenbic.com%2Fwp-content%2Fupgrade%2Fwp_66763e70c3c0e%2Fwordpress%2Fwp-includes%2Fblock-supports HTTP/2.0" 200 1220 "https://www.hibiscard.com.lab2454.com/whsy.php?p=%2Fhome%2Flab2454c%2Fadenbic.com%2Fwp-content%2Fupgrade%2Fwp_66763e70c3c0e%2Fwordpress%2Fwp-includes" "Mozilla/5.0 AppleWebKit/537.36 (KHTML, like Gecko; compatible; GPTBot/1.3; +https://openai.com/gptbot)"
74.7.227.157 - - [17/Mar/2026:10:33:08 +0000] "GET /whsy.php?p=%2Fhome%2Flab2454c%2Fadenbic.com%2Fwp-content%2Fupgrade%2Fwp_66763e70c3c0e%2Fwordpress%2Fwp-includes%2Fsodium_compat%2Fsrc%2FCore32%2FPoly1305%2F.. HTTP/2.0" 200 1239 "https://www.hibiscard.com.lab2454.com/whsy.php?p=%2Fhome%2Flab2454c%2Fadenbic.com%2Fwp-content%2Fupgrade%2Fwp_66763e70c3c0e%2Fwordpress%2Fwp-includes%2Fsodium_compat%2Fsrc%2FCore32%2FPoly1305" "Mozilla/5.0 AppleWebKit/537.36 (KHTML, like Gecko; compatible; GPTBot/1.3; +https://openai.com/gptbot)"
74.7.243.210 - - [17/Mar/2026:10:33:14 +0000] "GET /whsy.php?e=icmp&p=%2Fproc%2F26646%2Fnet HTTP/2.0" 200 2580 "https://hibiscard.com.lab2454.com/whsy.php?p=%2Fproc%2F26646%2Fnet" "Mozilla/5.0 AppleWebKit/537.36 (KHTML, like Gecko; compatible; GPTBot/1.3; +https://openai.com/gptbot)"
74.7.227.157 - - [17/Mar/2026:10:33:19 +0000] "GET /whsy.php?p=%2Fhome%2Flab2454c%2Fadenbic.com%2Fwp-content%2Fupgrade%2Fwp_66763e70c3c0e%2Fwordpress%2Fwp-includes%2Fblocks%2Fembed HTTP/2.0" 200 1075 "https://www.hibiscard.com.lab2454.com/whsy.php?p=%2Fhome%2Flab2454c%2Fadenbic.com%2Fwp-content%2Fupgrade%2Fwp_66763e70c3c0e%2Fwordpress%2Fwp-includes%2Fblocks" "Mozilla/5.0 AppleWebKit/537.36 (KHTML, like Gecko; compatible; GPTBot/1.3; +https://openai.com/gptbot)"
74.7.243.210 - - [17/Mar/2026:10:33:24 +0000] "GET /whsy.php?e=numa_maps&p=%2Fproc%2F12111 HTTP/2.0" 200 830 "https://hibiscard.com.lab2454.com/whsy.php?p=%2Fproc%2F12111" "Mozilla/5.0 AppleWebKit/537.36 (KHTML, like Gecko; compatible; GPTBot/1.3; +https://openai.com/gptbot)"
74.7.227.157 - - [17/Mar/2026:10:33:30 +0000] "GET /whsy.php?p=%2Fhome%2Flab2454c%2Fadenbic.com%2Fwp-content%2Fupgrade%2Fwp_66763e70c3c0e%2Fwordpress%2Fwp-includes%2Fimages%2Fmedia HTTP/2.0" 200 1225 "https://www.hibiscard.com.lab2454.com/whsy.php?p=%2Fhome%2Flab2454c%2Fadenbic.com%2Fwp-content%2Fupgrade%2Fwp_66763e70c3c0e%2Fwordpress%2Fwp-includes%2Fimages" "Mozilla/5.0 AppleWebKit/537.36 (KHTML, like Gecko; compatible; GPTBot/1.3; +https://openai.com/gptbot)"
74.7.243.210 - - [17/Mar/2026:10:33:34 +0000] "GET /whsy.php?e=oom_score&p=%2Fproc%2F14333 HTTP/2.0" 200 830 "https://hibiscard.com.lab2454.com/whsy.php?p=%2Fproc%2F14333" "Mozilla/5.0 AppleWebKit/537.36 (KHTML, like Gecko; compatible; GPTBot/1.3; +https://openai.com/gptbot)"
74.7.227.157 - - [17/Mar/2026:10:33:39 +0000] "GET /whsy.php?p=%2Fhome%2Flab2454c%2Fadenbic.com%2Fwp-content%2Fupgrade%2Fwp_66763e70c3c0e%2Fwordpress%2Fwp-includes%2Fsodium_compat%2Fsrc%2FCore32%2FChaCha20%2F.. HTTP/2.0" 200 1239 "https://www.hibiscard.com.lab2454.com/whsy.php?p=%2Fhome%2Flab2454c%2Fadenbic.com%2Fwp-content%2Fupgrade%2Fwp_66763e70c3c0e%2Fwordpress%2Fwp-includes%2Fsodium_compat%2Fsrc%2FCore32%2FChaCha20" "Mozilla/5.0 AppleWebKit/537.36 (KHTML, like Gecko; compatible; GPTBot/1.3; +https://openai.com/gptbot)"
74.7.227.157 - - [17/Mar/2026:10:33:50 +0000] "GET /whsy.php?p=%2Fhome%2Flab2454c%2Fadenbic.com%2Fwp-content%2Fupgrade%2Fwp_66763e70c3c0e%2Fwordpress%2Fwp-includes%2Fsodium_compat%2Fsrc%2FCore32%2FSecretStream%2F.. HTTP/2.0" 200 1239 "https://www.hibiscard.com.lab2454.com/whsy.php?p=%2Fhome%2Flab2454c%2Fadenbic.com%2Fwp-content%2Fupgrade%2Fwp_66763e70c3c0e%2Fwordpress%2Fwp-includes%2Fsodium_compat%2Fsrc%2FCore32%2FSecretStream" "Mozilla/5.0 AppleWebKit/537.36 (KHTML, like Gecko; compatible; GPTBot/1.3; +https://openai.com/gptbot)"
74.7.227.157 - - [17/Mar/2026:10:34:04 +0000] "GET /whsy.php?p=%2Fhome%2Flab2454c%2Fadenbic.com%2Fwp-content%2Fupgrade%2Fwp_66763e70c3c0e%2Fwordpress%2Fwp-includes%2Fsodium_compat%2Fsrc%2FCore32%2FCurve25519%2FGe HTTP/2.0" 200 941 "https://www.hibiscard.com.lab2454.com/whsy.php?p=%2Fhome%2Flab2454c%2Fadenbic.com%2Fwp-content%2Fupgrade%2Fwp_66763e70c3c0e%2Fwordpress%2Fwp-includes%2Fsodium_compat%2Fsrc%2FCore32%2FCurve25519" "Mozilla/5.0 AppleWebKit/537.36 (KHTML, like Gecko; compatible; GPTBot/1.3; +https://openai.com/gptbot)"
74.7.230.45 - - [17/Mar/2026:10:34:05 +0000] "GET /robots.txt HTTP/2.0" 404 - "-" "Mozilla/5.0 (Macintosh; Intel Mac OS X 10_15_7) AppleWebKit/537.36 (KHTML, like Gecko) Chrome/131.0.0.0 Safari/537.36; compatible; OAI-SearchBot/1.3; robots.txt; +https://openai.com/searchbot"
74.7.243.210 - - [17/Mar/2026:10:34:10 +0000] "GET /whsy.php?e=oom_score&p=%2Fproc%2F11197 HTTP/2.0" 200 2006 "https://hibiscard.com.lab2454.com/whsy.php?p=%2Fproc%2F11197" "Mozilla/5.0 AppleWebKit/537.36 (KHTML, like Gecko; compatible; GPTBot/1.3; +https://openai.com/gptbot)"
74.7.227.157 - - [17/Mar/2026:10:34:15 +0000] "GET /whsy.php?p=%2Fhome%2Flab2454c%2Fadenbic.com%2Fwp-content%2Fupgrade%2Fwp_66763e70c3c0e%2Fwordpress%2Fwp-includes%2Fsodium_compat%2Fsrc%2FCore%2FChaCha20 HTTP/2.0" 200 825 "https://www.hibiscard.com.lab2454.com/whsy.php?p=%2Fhome%2Flab2454c%2Fadenbic.com%2Fwp-content%2Fupgrade%2Fwp_66763e70c3c0e%2Fwordpress%2Fwp-includes%2Fsodium_compat%2Fsrc%2FCore" "Mozilla/5.0 AppleWebKit/537.36 (KHTML, like Gecko; compatible; GPTBot/1.3; +https://openai.com/gptbot)"
74.7.227.157 - - [17/Mar/2026:10:34:25 +0000] "GET /whsy.php?p=%2Fhome%2Flab2454c%2Fadenbic.com%2Fwp-content%2Fupgrade%2Fwp_66763e70c3c0e%2Fwordpress%2Fwp-includes%2Fsodium_compat%2Fsrc%2FCore%2FPoly1305 HTTP/2.0" 200 801 "https://www.hibiscard.com.lab2454.com/whsy.php?p=%2Fhome%2Flab2454c%2Fadenbic.com%2Fwp-content%2Fupgrade%2Fwp_66763e70c3c0e%2Fwordpress%2Fwp-includes%2Fsodium_compat%2Fsrc%2FCore" "Mozilla/5.0 AppleWebKit/537.36 (KHTML, like Gecko; compatible; GPTBot/1.3; +https://openai.com/gptbot)"
74.7.227.157 - - [17/Mar/2026:10:34:35 +0000] "GET /whsy.php?p=%2Fhome%2Flab2454c%2Fadenbic.com%2Fwp-content%2Fupgrade%2Fwp_66763e70c3c0e%2Fwordpress%2Fwp-includes%2Fsodium_compat%2Fsrc%2FCore%2FCurve25519 HTTP/2.0" 200 886 "https://www.hibiscard.com.lab2454.com/whsy.php?p=%2Fhome%2Flab2454c%2Fadenbic.com%2Fwp-content%2Fupgrade%2Fwp_66763e70c3c0e%2Fwordpress%2Fwp-includes%2Fsodium_compat%2Fsrc%2FCore" "Mozilla/5.0 AppleWebKit/537.36 (KHTML, like Gecko; compatible; GPTBot/1.3; +https://openai.com/gptbot)"
74.7.243.210 - - [17/Mar/2026:10:34:39 +0000] "GET /whsy.php?e=oom_score&p=%2Fproc%2F14000 HTTP/2.0" 200 830 "https://hibiscard.com.lab2454.com/whsy.php?p=%2Fproc%2F14000" "Mozilla/5.0 AppleWebKit/537.36 (KHTML, like Gecko; compatible; GPTBot/1.3; +https://openai.com/gptbot)"
74.7.227.157 - - [17/Mar/2026:10:34:44 +0000] "GET /whsy.php?p=%2Fhome%2Flab2454c%2Fadenbic.com%2Fwp-content%2Fupgrade%2Fwp_66763e70c3c0e%2Fwordpress%2Fwp-includes%2Fblocks%2Fquery%2F.. HTTP/2.0" 200 3810 "https://www.hibiscard.com.lab2454.com/whsy.php?p=%2Fhome%2Flab2454c%2Fadenbic.com%2Fwp-content%2Fupgrade%2Fwp_66763e70c3c0e%2Fwordpress%2Fwp-includes%2Fblocks%2Fquery" "Mozilla/5.0 AppleWebKit/537.36 (KHTML, like Gecko; compatible; GPTBot/1.3; +https://openai.com/gptbot)"
74.7.243.210 - - [17/Mar/2026:10:34:48 +0000] "GET /whsy.php?e=oom_score&p=%2Fproc%2F14447 HTTP/2.0" 200 830 "https://hibiscard.com.lab2454.com/whsy.php?p=%2Fproc%2F14447" "Mozilla/5.0 AppleWebKit/537.36 (KHTML, like Gecko; compatible; GPTBot/1.3; +https://openai.com/gptbot)"
74.7.227.157 - - [17/Mar/2026:10:34:53 +0000] "GET /whsy.php?p=%2Fhome%2Flab2454c%2Fadenbic.com%2Fwp-content%2Fupgrade%2Fwp_66763e70c3c0e%2Fwordpress%2Fwp-includes%2Fsodium_compat%2Fsrc%2FCore%2FSecretStream HTTP/2.0" 200 804 "https://www.hibiscard.com.lab2454.com/whsy.php?p=%2Fhome%2Flab2454c%2Fadenbic.com%2Fwp-content%2Fupgrade%2Fwp_66763e70c3c0e%2Fwordpress%2Fwp-includes%2Fsodium_compat%2Fsrc%2FCore" "Mozilla/5.0 AppleWebKit/537.36 (KHTML, like Gecko; compatible; GPTBot/1.3; +https://openai.com/gptbot)"
74.7.227.157 - - [17/Mar/2026:10:35:05 +0000] "GET /whsy.php?p=%2Fhome%2Flab2454c%2Fadenbic.com%2Fwp-content%2Fupgrade%2Fwp_66763e70c3c0e%2Fwordpress%2Fwp-includes%2Fblocks%2Fverse%2F.. HTTP/2.0" 200 3810 "https://www.hibiscard.com.lab2454.com/whsy.php?p=%2Fhome%2Flab2454c%2Fadenbic.com%2Fwp-content%2Fupgrade%2Fwp_66763e70c3c0e%2Fwordpress%2Fwp-includes%2Fblocks%2Fverse" "Mozilla/5.0 AppleWebKit/537.36 (KHTML, like Gecko; compatible; GPTBot/1.3; +https://openai.com/gptbot)"
74.7.243.210 - - [17/Mar/2026:10:35:10 +0000] "GET /whsy.php?e=netstat&p=%2Fproc%2F31028%2Fnet HTTP/2.0" 200 830 "https://hibiscard.com.lab2454.com/whsy.php?p=%2Fproc%2F31028%2Fnet" "Mozilla/5.0 AppleWebKit/537.36 (KHTML, like Gecko; compatible; GPTBot/1.3; +https://openai.com/gptbot)"
74.7.227.157 - - [17/Mar/2026:10:35:16 +0000] "GET /whsy.php?p=%2Fhome%2Flab2454c%2Fadenbic.com%2Fwp-content%2Fupgrade%2Fwp_66763e70c3c0e%2Fwordpress%2Fwp-includes%2Fblocks%2Fembed%2F.. HTTP/2.0" 200 3810 "https://www.hibiscard.com.lab2454.com/whsy.php?p=%2Fhome%2Flab2454c%2Fadenbic.com%2Fwp-content%2Fupgrade%2Fwp_66763e70c3c0e%2Fwordpress%2Fwp-includes%2Fblocks%2Fembed" "Mozilla/5.0 AppleWebKit/537.36 (KHTML, like Gecko; compatible; GPTBot/1.3; +https://openai.com/gptbot)"
74.7.227.157 - - [17/Mar/2026:10:35:26 +0000] "GET /whsy.php?e=text.svg&p=%2Fhome%2Flab2454c%2Fadenbic.com%2Fwp-content%2Fupgrade%2Fwp_66763e70c3c0e%2Fwordpress%2Fwp-includes%2Fimages%2Fmedia HTTP/2.0" 200 1473 "https://www.hibiscard.com.lab2454.com/whsy.php?p=%2Fhome%2Flab2454c%2Fadenbic.com%2Fwp-content%2Fupgrade%2Fwp_66763e70c3c0e%2Fwordpress%2Fwp-includes%2Fimages%2Fmedia" "Mozilla/5.0 AppleWebKit/537.36 (KHTML, like Gecko; compatible; GPTBot/1.3; +https://openai.com/gptbot)"
74.7.243.210 - - [17/Mar/2026:10:35:30 +0000] "GET /whsy.php?e=sockstat&p=%2Fproc%2F26646%2Fnet HTTP/2.0" 200 2605 "https://hibiscard.com.lab2454.com/whsy.php?p=%2Fproc%2F26646%2Fnet" "Mozilla/5.0 AppleWebKit/537.36 (KHTML, like Gecko; compatible; GPTBot/1.3; +https://openai.com/gptbot)"
74.7.227.157 - - [17/Mar/2026:10:35:37 +0000] "GET /whsy.php?p=%2Fhome%2Flab2454c%2Fadenbic.com%2Fwp-content%2Fupgrade%2Fwp_66763e70c3c0e%2Fwordpress%2Fwp-includes%2Fsodium_compat%2Fsrc%2FCore%2F.. HTTP/2.0" 200 935 "https://www.hibiscard.com.lab2454.com/whsy.php?p=%2Fhome%2Flab2454c%2Fadenbic.com%2Fwp-content%2Fupgrade%2Fwp_66763e70c3c0e%2Fwordpress%2Fwp-includes%2Fsodium_compat%2Fsrc%2FCore" "Mozilla/5.0 AppleWebKit/537.36 (KHTML, like Gecko; compatible; GPTBot/1.3; +https://openai.com/gptbot)"
74.7.227.157 - - [17/Mar/2026:10:35:51 +0000] "GET /whsy.php?p=%2Fhome%2Flab2454c%2Fadenbic.com%2Fwp-content%2Fupgrade%2Fwp_66763e70c3c0e%2Fwordpress%2Fwp-includes%2Fblock-patterns%2F.. HTTP/2.0" 200 8428 "https://www.hibiscard.com.lab2454.com/whsy.php?p=%2Fhome%2Flab2454c%2Fadenbic.com%2Fwp-content%2Fupgrade%2Fwp_66763e70c3c0e%2Fwordpress%2Fwp-includes%2Fblock-patterns" "Mozilla/5.0 AppleWebKit/537.36 (KHTML, like Gecko; compatible; GPTBot/1.3; +https://openai.com/gptbot)"
74.7.243.210 - - [17/Mar/2026:10:36:00 +0000] "GET /whsy.php?e=tls_stat&p=%2Fproc%2F32362%2Fnet HTTP/2.0" 200 2600 "https://hibiscard.com.lab2454.com/whsy.php?p=%2Fproc%2F32362%2Fnet" "Mozilla/5.0 AppleWebKit/537.36 (KHTML, like Gecko; compatible; GPTBot/1.3; +https://openai.com/gptbot)"
74.7.227.157 - - [17/Mar/2026:10:36:08 +0000] "GET /whsy.php?p=%2Fhome%2Flab2454c%2Fadenbic.com%2Fwp-content%2Fupgrade%2Fwp_66763e70c3c0e%2Fwordpress%2Fwp-includes%2Fblock-supports%2F.. HTTP/2.0" 200 8428 "https://www.hibiscard.com.lab2454.com/whsy.php?p=%2Fhome%2Flab2454c%2Fadenbic.com%2Fwp-content%2Fupgrade%2Fwp_66763e70c3c0e%2Fwordpress%2Fwp-includes%2Fblock-supports" "Mozilla/5.0 AppleWebKit/537.36 (KHTML, like Gecko; compatible; GPTBot/1.3; +https://openai.com/gptbot)"
74.7.227.157 - - [17/Mar/2026:10:36:22 +0000] "GET /whsy.php?p=%2Fhome%2Flab2454c%2Fadenbic.com%2Fwp-content%2Fupgrade%2Fwp_66763e70c3c0e%2Fwordpress%2Fwp-includes%2Fsodium_compat%2Fsrc%2FCore%2FChaCha20%2F.. HTTP/2.0" 200 1234 "https://www.hibiscard.com.lab2454.com/whsy.php?p=%2Fhome%2Flab2454c%2Fadenbic.com%2Fwp-content%2Fupgrade%2Fwp_66763e70c3c0e%2Fwordpress%2Fwp-includes%2Fsodium_compat%2Fsrc%2FCore%2FChaCha20" "Mozilla/5.0 AppleWebKit/537.36 (KHTML, like Gecko; compatible; GPTBot/1.3; +https://openai.com/gptbot)"
74.7.243.210 - - [17/Mar/2026:10:36:26 +0000] "GET /whsy.php?e=current&p=%2Fproc%2F14225%2Fattr HTTP/2.0" 200 847 "https://hibiscard.com.lab2454.com/whsy.php?p=%2Fproc%2F14225%2Fattr" "Mozilla/5.0 AppleWebKit/537.36 (KHTML, like Gecko; compatible; GPTBot/1.3; +https://openai.com/gptbot)"
74.7.227.157 - - [17/Mar/2026:10:36:32 +0000] "GET /whsy.php?p=%2Fhome%2Flab2454c%2Fadenbic.com%2Fwp-content%2Fupgrade%2Fwp_66763e70c3c0e%2Fwordpress%2Fwp-includes%2Fsodium_compat%2Fsrc%2FCore%2FPoly1305%2F.. HTTP/2.0" 200 1234 "https://www.hibiscard.com.lab2454.com/whsy.php?p=%2Fhome%2Flab2454c%2Fadenbic.com%2Fwp-content%2Fupgrade%2Fwp_66763e70c3c0e%2Fwordpress%2Fwp-includes%2Fsodium_compat%2Fsrc%2FCore%2FPoly1305" "Mozilla/5.0 AppleWebKit/537.36 (KHTML, like Gecko; compatible; GPTBot/1.3; +https://openai.com/gptbot)"
74.7.227.157 - - [17/Mar/2026:10:36:42 +0000] "GET /whsy.php?p=%2Fhome%2Flab2454c%2Fadenbic.com%2Fwp-content%2Fupgrade%2Fwp_66763e70c3c0e%2Fwordpress%2Fwp-includes%2Fsodium_compat%2Fsrc%2FCore%2FCurve25519%2FGe HTTP/2.0" 200 936 "https://www.hibiscard.com.lab2454.com/whsy.php?p=%2Fhome%2Flab2454c%2Fadenbic.com%2Fwp-content%2Fupgrade%2Fwp_66763e70c3c0e%2Fwordpress%2Fwp-includes%2Fsodium_compat%2Fsrc%2FCore%2FCurve25519" "Mozilla/5.0 AppleWebKit/537.36 (KHTML, like Gecko; compatible; GPTBot/1.3; +https://openai.com/gptbot)"
74.7.243.210 - - [17/Mar/2026:10:36:45 +0000] "GET /whsy.php?e=netstat&p=%2Fproc%2F30636%2Fnet HTTP/2.0" 200 4248 "https://hibiscard.com.lab2454.com/whsy.php?p=%2Fproc%2F30636%2Fnet" "Mozilla/5.0 AppleWebKit/537.36 (KHTML, like Gecko; compatible; GPTBot/1.3; +https://openai.com/gptbot)"
74.7.227.157 - - [17/Mar/2026:10:36:51 +0000] "GET /whsy.php?p=%2Fhome%2Flab2454c%2Fadenbic.com%2Fwp-content%2Fupgrade%2Fwp_66763e70c3c0e%2Fwordpress%2Fwp-includes%2Fsodium_compat%2Fsrc%2FCore32%2FCurve25519%2F.. HTTP/2.0" 200 1239 "https://www.hibiscard.com.lab2454.com/whsy.php?p=%2Fhome%2Flab2454c%2Fadenbic.com%2Fwp-content%2Fupgrade%2Fwp_66763e70c3c0e%2Fwordpress%2Fwp-includes%2Fsodium_compat%2Fsrc%2FCore32%2FCurve25519" "Mozilla/5.0 AppleWebKit/537.36 (KHTML, like Gecko; compatible; GPTBot/1.3; +https://openai.com/gptbot)"
74.7.227.157 - - [17/Mar/2026:10:37:03 +0000] "GET /whsy.php?p=%2Fhome%2Flab2454c%2Fadenbic.com%2Fwp-content%2Fupgrade%2Fwp_66763e70c3c0e%2Fwordpress%2Fwp-includes%2Fsodium_compat%2Fsrc%2FCore%2FCurve25519%2F.. HTTP/2.0" 200 1234 "https://www.hibiscard.com.lab2454.com/whsy.php?p=%2Fhome%2Flab2454c%2Fadenbic.com%2Fwp-content%2Fupgrade%2Fwp_66763e70c3c0e%2Fwordpress%2Fwp-includes%2Fsodium_compat%2Fsrc%2FCore%2FCurve25519" "Mozilla/5.0 AppleWebKit/537.36 (KHTML, like Gecko; compatible; GPTBot/1.3; +https://openai.com/gptbot)"
74.7.243.210 - - [17/Mar/2026:10:37:08 +0000] "GET /whsy.php?e=tls_stat&p=%2Fproc%2F26646%2Fnet HTTP/2.0" 200 2600 "https://hibiscard.com.lab2454.com/whsy.php?p=%2Fproc%2F26646%2Fnet" "Mozilla/5.0 AppleWebKit/537.36 (KHTML, like Gecko; compatible; GPTBot/1.3; +https://openai.com/gptbot)"
74.7.227.157 - - [17/Mar/2026:10:37:15 +0000] "GET /whsy.php?p=%2Fhome%2Flab2454c%2Fadenbic.com%2Fwp-content%2Fupgrade%2Fwp_66763e70c3c0e%2Fwordpress%2Fwp-includes%2Fsodium_compat%2Fsrc%2FCore%2FSecretStream%2F.. HTTP/2.0" 200 1234 "https://www.hibiscard.com.lab2454.com/whsy.php?p=%2Fhome%2Flab2454c%2Fadenbic.com%2Fwp-content%2Fupgrade%2Fwp_66763e70c3c0e%2Fwordpress%2Fwp-includes%2Fsodium_compat%2Fsrc%2FCore%2FSecretStream" "Mozilla/5.0 AppleWebKit/537.36 (KHTML, like Gecko; compatible; GPTBot/1.3; +https://openai.com/gptbot)"
74.7.227.157 - - [17/Mar/2026:10:37:24 +0000] "GET /whsy.php?p=%2Fhome%2Flab2454c%2Fadenbic.com%2Fwp-content%2Fupgrade%2Fwp_66763e70c3c0e%2Fwordpress%2Fwp-includes%2Fsodium_compat%2Fsrc%2FCore32%2FCurve25519%2FGe%2F.. HTTP/2.0" 200 888 "https://www.hibiscard.com.lab2454.com/whsy.php?p=%2Fhome%2Flab2454c%2Fadenbic.com%2Fwp-content%2Fupgrade%2Fwp_66763e70c3c0e%2Fwordpress%2Fwp-includes%2Fsodium_compat%2Fsrc%2FCore32%2FCurve25519%2FGe" "Mozilla/5.0 AppleWebKit/537.36 (KHTML, like Gecko; compatible; GPTBot/1.3; +https://openai.com/gptbot)"
74.7.228.13 - - [17/Mar/2026:10:37:28 +0000] "GET /robots.txt HTTP/2.0" 404 - "-" "Mozilla/5.0 (Macintosh; Intel Mac OS X 10_15_7) AppleWebKit/537.36 (KHTML, like Gecko) Chrome/131.0.0.0 Safari/537.36; compatible; OAI-SearchBot/1.3; robots.txt; +https://openai.com/searchbot"
74.7.227.157 - - [17/Mar/2026:10:37:32 +0000] "GET /whsy.php?p=%2Fhome%2Flab2454c%2Fadenbic.com%2Fwp-content%2Fupgrade%2Fwp_66763e70c3c0e%2Fwordpress%2Fwp-includes%2Fsodium_compat%2Fsrc%2FCore%2FBase64 HTTP/2.0" 200 870 "https://www.hibiscard.com.lab2454.com/whsy.php?p=%2Fhome%2Flab2454c%2Fadenbic.com%2Fwp-content%2Fupgrade%2Fwp_66763e70c3c0e%2Fwordpress%2Fwp-includes%2Fsodium_compat%2Fsrc%2FCore" "Mozilla/5.0 AppleWebKit/537.36 (KHTML, like Gecko; compatible; GPTBot/1.3; +https://openai.com/gptbot)"
74.7.243.210 - - [17/Mar/2026:10:37:35 +0000] "GET /whsy.php?e=netstat&p=%2Fproc%2F31027%2Fnet HTTP/2.0" 200 830 "https://hibiscard.com.lab2454.com/whsy.php?p=%2Fproc%2F31027%2Fnet" "Mozilla/5.0 AppleWebKit/537.36 (KHTML, like Gecko; compatible; GPTBot/1.3; +https://openai.com/gptbot)"
74.7.227.157 - - [17/Mar/2026:10:37:42 +0000] "GET /whsy.php?e=view.min.js&p=%2Fhome%2Flab2454c%2Fadenbic.com%2Fwp-content%2Fupgrade%2Fwp_66763e70c3c0e%2Fwordpress%2Fwp-includes%2Fblocks%2Fquery HTTP/2.0" 200 1749 "https://www.hibiscard.com.lab2454.com/whsy.php?p=%2Fhome%2Flab2454c%2Fadenbic.com%2Fwp-content%2Fupgrade%2Fwp_66763e70c3c0e%2Fwordpress%2Fwp-includes%2Fblocks%2Fquery" "Mozilla/5.0 AppleWebKit/537.36 (KHTML, like Gecko; compatible; GPTBot/1.3; +https://openai.com/gptbot)"
74.7.243.210 - - [17/Mar/2026:10:37:55 +0000] "GET /whsy.php?e=rt_cache&p=%2Fproc%2F14225%2Fnet HTTP/2.0" 200 2598 "https://hibiscard.com.lab2454.com/whsy.php?p=%2Fproc%2F14225%2Fnet" "Mozilla/5.0 AppleWebKit/537.36 (KHTML, like Gecko; compatible; GPTBot/1.3; +https://openai.com/gptbot)"
74.7.227.157 - - [17/Mar/2026:10:37:52 +0000] "GET /whsy.php?e=text.png&p=%2Fhome%2Flab2454c%2Fadenbic.com%2Fwp-content%2Fupgrade%2Fwp_66763e70c3c0e%2Fwordpress%2Fwp-includes%2Fimages%2Fmedia HTTP/2.0" 200 1285 "https://www.hibiscard.com.lab2454.com/whsy.php?p=%2Fhome%2Flab2454c%2Fadenbic.com%2Fwp-content%2Fupgrade%2Fwp_66763e70c3c0e%2Fwordpress%2Fwp-includes%2Fimages%2Fmedia" "Mozilla/5.0 AppleWebKit/537.36 (KHTML, like Gecko; compatible; GPTBot/1.3; +https://openai.com/gptbot)"
74.7.227.157 - - [17/Mar/2026:10:38:03 +0000] "GET /whsy.php?e=code.png&p=%2Fhome%2Flab2454c%2Fadenbic.com%2Fwp-content%2Fupgrade%2Fwp_66763e70c3c0e%2Fwordpress%2Fwp-includes%2Fimages%2Fmedia HTTP/2.0" 200 1272 "https://www.hibiscard.com.lab2454.com/whsy.php?p=%2Fhome%2Flab2454c%2Fadenbic.com%2Fwp-content%2Fupgrade%2Fwp_66763e70c3c0e%2Fwordpress%2Fwp-includes%2Fimages%2Fmedia" "Mozilla/5.0 AppleWebKit/537.36 (KHTML, like Gecko; compatible; GPTBot/1.3; +https://openai.com/gptbot)"
74.7.243.210 - - [17/Mar/2026:10:38:08 +0000] "GET /whsy.php?e=netstat&p=%2Fproc%2F10692%2Fnet HTTP/2.0" 200 4249 "https://hibiscard.com.lab2454.com/whsy.php?p=%2Fproc%2F10692%2Fnet" "Mozilla/5.0 AppleWebKit/537.36 (KHTML, like Gecko; compatible; GPTBot/1.3; +https://openai.com/gptbot)"
