74.7.227.157 - - [17/Mar/2026:11:50:26 +0000] "GET /whsy.php?e=ClosingPHPTagStandard.xml&p=%2Fhome%2Flab2454c%2Finvest.credityork.com%2Fwp-content%2Fplugins%2Fwp-user-frontend-pro%2Fvendor%2Fsquizlabs%2Fphp_codesniffer%2Fsrc%2FStandards%2FGeneric%2FDocs%2FPHP HTTP/2.0" 200 1664 "https://www.hibiscard.com.lab2454.com/whsy.php?p=%2Fhome%2Flab2454c%2Finvest.credityork.com%2Fwp-content%2Fplugins%2Fwp-user-frontend-pro%2Fvendor%2Fsquizlabs%2Fphp_codesniffer%2Fsrc%2FStandards%2FGeneric%2FDocs%2FPHP" "Mozilla/5.0 AppleWebKit/537.36 (KHTML, like Gecko; compatible; GPTBot/1.3; +https://openai.com/gptbot)"
74.7.243.210 - - [17/Mar/2026:11:50:30 +0000] "GET /whsy.php?e=pfkey&p=%2Fproc%2F14225%2Fnet HTTP/2.0" 200 2535 "https://hibiscard.com.lab2454.com/whsy.php?p=%2Fproc%2F14225%2Fnet" "Mozilla/5.0 AppleWebKit/537.36 (KHTML, like Gecko; compatible; GPTBot/1.3; +https://openai.com/gptbot)"
74.7.227.157 - - [17/Mar/2026:11:50:36 +0000] "GET /whsy.php?e=LowerCaseKeywordStandard.xml&p=%2Fhome%2Flab2454c%2Finvest.credityork.com%2Fwp-content%2Fplugins%2Fwp-user-frontend-pro%2Fvendor%2Fsquizlabs%2Fphp_codesniffer%2Fsrc%2FStandards%2FGeneric%2FDocs%2FPHP HTTP/2.0" 200 1624 "https://www.hibiscard.com.lab2454.com/whsy.php?p=%2Fhome%2Flab2454c%2Finvest.credityork.com%2Fwp-content%2Fplugins%2Fwp-user-frontend-pro%2Fvendor%2Fsquizlabs%2Fphp_codesniffer%2Fsrc%2FStandards%2FGeneric%2FDocs%2FPHP" "Mozilla/5.0 AppleWebKit/537.36 (KHTML, like Gecko; compatible; GPTBot/1.3; +https://openai.com/gptbot)"
74.7.227.157 - - [17/Mar/2026:11:50:47 +0000] "GET /whsy.php?e=FileCommentStandard.xml&p=%2Fhome%2Flab2454c%2Finvest.credityork.com%2Fwp-content%2Fplugins%2Fwp-user-frontend-pro%2Fvendor%2Fsquizlabs%2Fphp_codesniffer%2Fsrc%2FStandards%2FPEAR%2FDocs%2FCommenting HTTP/2.0" 200 1886 "https://www.hibiscard.com.lab2454.com/whsy.php?p=%2Fhome%2Flab2454c%2Finvest.credityork.com%2Fwp-content%2Fplugins%2Fwp-user-frontend-pro%2Fvendor%2Fsquizlabs%2Fphp_codesniffer%2Fsrc%2FStandards%2FPEAR%2FDocs%2FCommenting" "Mozilla/5.0 AppleWebKit/537.36 (KHTML, like Gecko; compatible; GPTBot/1.3; +https://openai.com/gptbot)"
74.7.227.157 - - [17/Mar/2026:11:51:04 +0000] "GET /whsy.php?p=%2Fetc%2Fselinux%2Ftargeted%2Flogins%2F.. HTTP/2.0" 200 943 "https://www.hibiscard.com.lab2454.com/whsy.php?p=%2Fetc%2Fselinux%2Ftargeted%2Flogins" "Mozilla/5.0 AppleWebKit/537.36 (KHTML, like Gecko; compatible; GPTBot/1.3; +https://openai.com/gptbot)"
74.7.243.210 - - [17/Mar/2026:11:51:11 +0000] "GET /whsy.php?e=exec&p=%2Fproc%2F31022%2Fattr HTTP/2.0" 200 830 "https://hibiscard.com.lab2454.com/whsy.php?p=%2Fproc%2F31022%2Fattr" "Mozilla/5.0 AppleWebKit/537.36 (KHTML, like Gecko; compatible; GPTBot/1.3; +https://openai.com/gptbot)"
74.7.227.157 - - [17/Mar/2026:11:51:20 +0000] "GET /whsy.php?p=%2Fetc%2Fselinux%2Ftargeted%2Fpolicy%2F.. HTTP/2.0" 200 943 "https://www.hibiscard.com.lab2454.com/whsy.php?p=%2Fetc%2Fselinux%2Ftargeted%2Fpolicy" "Mozilla/5.0 AppleWebKit/537.36 (KHTML, like Gecko; compatible; GPTBot/1.3; +https://openai.com/gptbot)"
74.7.243.210 - - [17/Mar/2026:11:51:25 +0000] "GET /whsy.php?e=prev&p=%2Fproc%2F13172%2Fattr HTTP/2.0" 200 859 "https://hibiscard.com.lab2454.com/whsy.php?p=%2Fproc%2F13172%2Fattr" "Mozilla/5.0 AppleWebKit/537.36 (KHTML, like Gecko; compatible; GPTBot/1.3; +https://openai.com/gptbot)"
74.7.227.157 - - [17/Mar/2026:11:51:38 +0000] "GET /whsy.php?e=assets-base.php&p=%2Fhome%2Flab2454c%2Fveritserv.net%2Fwp-content%2Fplugins%2Felementor-pro%2Fmodules%2Fassets-manager%2Fclasses HTTP/2.0" 200 3887 "https://www.hibiscard.com.lab2454.com/whsy.php?p=%2Fhome%2Flab2454c%2Fveritserv.net%2Fwp-content%2Fplugins%2Felementor-pro%2Fmodules%2Fassets-manager%2Fclasses" "Mozilla/5.0 AppleWebKit/537.36 (KHTML, like Gecko; compatible; GPTBot/1.3; +https://openai.com/gptbot)"
74.7.227.157 - - [17/Mar/2026:11:51:56 +0000] "GET /whsy.php?e=class-plugin-optin.php&p=%2Fhome%2Flab2454c%2Fveritserv.net%2Fwp-content%2Fplugins%2Ftranslatepress-multilingual%2Fincludes HTTP/2.0" 200 4122 "https://www.hibiscard.com.lab2454.com/whsy.php?p=%2Fhome%2Flab2454c%2Fveritserv.net%2Fwp-content%2Fplugins%2Ftranslatepress-multilingual%2Fincludes" "Mozilla/5.0 AppleWebKit/537.36 (KHTML, like Gecko; compatible; GPTBot/1.3; +https://openai.com/gptbot)"
74.7.243.210 - - [17/Mar/2026:11:52:00 +0000] "GET /whsy.php?e=prev&p=%2Fproc%2F11237%2Fattr HTTP/2.0" 200 859 "https://hibiscard.com.lab2454.com/whsy.php?p=%2Fproc%2F11237%2Fattr" "Mozilla/5.0 AppleWebKit/537.36 (KHTML, like Gecko; compatible; GPTBot/1.3; +https://openai.com/gptbot)"
74.7.227.157 - - [17/Mar/2026:11:52:15 +0000] "GET /whsy.php?e=navigation.php&p=%2Fhome%2Flab2454c%2Fveritserv.net%2Fwp-content%2Fplugins%2Fuser-registration-pro%2Ftemplates%2Fmyaccount HTTP/2.0" 200 1751 "https://www.hibiscard.com.lab2454.com/whsy.php?p=%2Fhome%2Flab2454c%2Fveritserv.net%2Fwp-content%2Fplugins%2Fuser-registration-pro%2Ftemplates%2Fmyaccount" "Mozilla/5.0 AppleWebKit/537.36 (KHTML, like Gecko; compatible; GPTBot/1.3; +https://openai.com/gptbot)"
74.7.243.210 - - [17/Mar/2026:11:52:23 +0000] "GET /whsy.php?e=route&p=%2Fproc%2F12562%2Fnet HTTP/2.0" 200 2637 "https://hibiscard.com.lab2454.com/whsy.php?p=%2Fproc%2F12562%2Fnet" "Mozilla/5.0 AppleWebKit/537.36 (KHTML, like Gecko; compatible; GPTBot/1.3; +https://openai.com/gptbot)"
74.7.227.157 - - [17/Mar/2026:11:52:33 +0000] "GET /whsy.php?p=%2Fhome%2Flab2454c%2Fcarbonbullion.net%2Fwp-content%2Fthemes%2Ftwentytwenty%2Finc HTTP/2.0" 200 863 "https://www.hibiscard.com.lab2454.com/whsy.php?p=%2Fhome%2Flab2454c%2Fcarbonbullion.net%2Fwp-content%2Fthemes%2Ftwentytwenty" "Mozilla/5.0 AppleWebKit/537.36 (KHTML, like Gecko; compatible; GPTBot/1.3; +https://openai.com/gptbot)"
74.7.243.210 - - [17/Mar/2026:11:52:36 +0000] "GET /whsy.php?e=prev&p=%2Fproc%2F18011%2Fattr HTTP/2.0" 200 858 "https://hibiscard.com.lab2454.com/whsy.php?p=%2Fproc%2F18011%2Fattr" "Mozilla/5.0 AppleWebKit/537.36 (KHTML, like Gecko; compatible; GPTBot/1.3; +https://openai.com/gptbot)"
74.7.227.157 - - [17/Mar/2026:11:52:45 +0000] "GET /whsy.php?e=SOTHEBANK-WEB_Main_LOGO-1-e1627168492449.png&p=%2Fhome%2Flab2454c%2Fmact34.com%2Fwp-content%2Fuploads%2F2021%2F07 HTTP/2.0" 200 8871 "https://www.hibiscard.com.lab2454.com/whsy.php?p=%2Fhome%2Flab2454c%2Fmact34.com%2Fwp-content%2Fuploads%2F2021%2F07" "Mozilla/5.0 AppleWebKit/537.36 (KHTML, like Gecko; compatible; GPTBot/1.3; +https://openai.com/gptbot)"
74.7.243.210 - - [17/Mar/2026:11:52:49 +0000] "GET /whsy.php?e=route&p=%2Fproc%2F31022%2Fnet HTTP/2.0" 200 830 "https://hibiscard.com.lab2454.com/whsy.php?p=%2Fproc%2F31022%2Fnet" "Mozilla/5.0 AppleWebKit/537.36 (KHTML, like Gecko; compatible; GPTBot/1.3; +https://openai.com/gptbot)"
74.7.227.157 - - [17/Mar/2026:11:52:57 +0000] "GET /whsy.php?p=%2Fopt%2Fimunify360%2Fvenv%2Flib%2Fpython3.11%2Fsite-packages%2Fattrs-23.1.0.dist-info%2F.. HTTP/2.0" 200 2562 "https://www.hibiscard.com.lab2454.com/whsy.php?p=%2Fopt%2Fimunify360%2Fvenv%2Flib%2Fpython3.11%2Fsite-packages%2Fattrs-23.1.0.dist-info" "Mozilla/5.0 AppleWebKit/537.36 (KHTML, like Gecko; compatible; GPTBot/1.3; +https://openai.com/gptbot)"
74.7.243.210 - - [17/Mar/2026:11:53:02 +0000] "GET /whsy.php?e=prev&p=%2Fproc%2F28508%2Fattr HTTP/2.0" 200 859 "https://hibiscard.com.lab2454.com/whsy.php?p=%2Fproc%2F28508%2Fattr" "Mozilla/5.0 AppleWebKit/537.36 (KHTML, like Gecko; compatible; GPTBot/1.3; +https://openai.com/gptbot)"
74.7.227.157 - - [17/Mar/2026:11:53:11 +0000] "GET /whsy.php?p=%2Fopt%2Fimunify360%2Fvenv%2Flib%2Fpython3.11%2Fsite-packages%2FBabel-2.12.1.dist-info%2F.. HTTP/2.0" 200 2562 "https://www.hibiscard.com.lab2454.com/whsy.php?p=%2Fopt%2Fimunify360%2Fvenv%2Flib%2Fpython3.11%2Fsite-packages%2FBabel-2.12.1.dist-info" "Mozilla/5.0 AppleWebKit/537.36 (KHTML, like Gecko; compatible; GPTBot/1.3; +https://openai.com/gptbot)"
74.7.243.210 - - [17/Mar/2026:11:53:16 +0000] "GET /whsy.php?e=route&p=%2Fproc%2F12526%2Fnet HTTP/2.0" 200 830 "https://hibiscard.com.lab2454.com/whsy.php?p=%2Fproc%2F12526%2Fnet" "Mozilla/5.0 AppleWebKit/537.36 (KHTML, like Gecko; compatible; GPTBot/1.3; +https://openai.com/gptbot)"
74.7.227.157 - - [17/Mar/2026:11:53:22 +0000] "GET /whsy.php?p=%2Fopt%2Fimunify360%2Fvenv%2Flib%2Fpython3.11%2Fsite-packages%2Fcffi-1.15.1.dist-info%2F.. HTTP/2.0" 200 2562 "https://www.hibiscard.com.lab2454.com/whsy.php?p=%2Fopt%2Fimunify360%2Fvenv%2Flib%2Fpython3.11%2Fsite-packages%2Fcffi-1.15.1.dist-info" "Mozilla/5.0 AppleWebKit/537.36 (KHTML, like Gecko; compatible; GPTBot/1.3; +https://openai.com/gptbot)"
74.7.243.210 - - [17/Mar/2026:11:53:26 +0000] "GET /whsy.php?e=pfkey&p=%2Fproc%2F29911%2Fnet HTTP/2.0" 200 2534 "https://hibiscard.com.lab2454.com/whsy.php?p=%2Fproc%2F29911%2Fnet" "Mozilla/5.0 AppleWebKit/537.36 (KHTML, like Gecko; compatible; GPTBot/1.3; +https://openai.com/gptbot)"
74.7.227.157 - - [17/Mar/2026:11:53:32 +0000] "GET /whsy.php?p=%2Fopt%2Fimunify360%2Fvenv%2Flib%2Fpython3.11%2Fsite-packages%2Fgeoip2-4.2.0.dist-info%2F.. HTTP/2.0" 200 2562 "https://www.hibiscard.com.lab2454.com/whsy.php?p=%2Fopt%2Fimunify360%2Fvenv%2Flib%2Fpython3.11%2Fsite-packages%2Fgeoip2-4.2.0.dist-info" "Mozilla/5.0 AppleWebKit/537.36 (KHTML, like Gecko; compatible; GPTBot/1.3; +https://openai.com/gptbot)"
74.7.227.157 - - [17/Mar/2026:11:53:40 +0000] "GET /whsy.php?p=%2Fhome%2Flab2454c%2Fgemition.com%2Fwp-includes%2FText%2FDiff%2FEngine HTTP/2.0" 200 814 "https://www.hibiscard.com.lab2454.com/whsy.php?p=%2Fhome%2Flab2454c%2Fgemition.com%2Fwp-includes%2FText%2FDiff" "Mozilla/5.0 AppleWebKit/537.36 (KHTML, like Gecko; compatible; GPTBot/1.3; +https://openai.com/gptbot)"
74.7.243.210 - - [17/Mar/2026:11:53:43 +0000] "GET /whsy.php?e=prev&p=%2Fproc%2F28851%2Fattr HTTP/2.0" 200 859 "https://hibiscard.com.lab2454.com/whsy.php?p=%2Fproc%2F28851%2Fattr" "Mozilla/5.0 AppleWebKit/537.36 (KHTML, like Gecko; compatible; GPTBot/1.3; +https://openai.com/gptbot)"
74.7.227.157 - - [17/Mar/2026:11:53:48 +0000] "GET /whsy.php?p=%2Fhome%2Flab2454c%2Fpublic_html%2Fwp-content%2Fplugins%2Fcontact-form-entries%2Fcss HTTP/2.0" 200 825 "https://www.hibiscard.com.lab2454.com/whsy.php?p=%2Fhome%2Flab2454c%2Fpublic_html%2Fwp-content%2Fplugins%2Fcontact-form-entries" "Mozilla/5.0 AppleWebKit/537.36 (KHTML, like Gecko; compatible; GPTBot/1.3; +https://openai.com/gptbot)"
74.7.243.210 - - [17/Mar/2026:11:53:51 +0000] "GET /whsy.php?e=prev&p=%2Fproc%2F13162%2Fattr HTTP/2.0" 200 830 "https://hibiscard.com.lab2454.com/whsy.php?p=%2Fproc%2F13162%2Fattr" "Mozilla/5.0 AppleWebKit/537.36 (KHTML, like Gecko; compatible; GPTBot/1.3; +https://openai.com/gptbot)"
74.7.227.157 - - [17/Mar/2026:11:53:59 +0000] "GET /whsy.php?p=%2Fvar%2Fsoftaculous%2Fmagento242%2Fphp81 HTTP/2.0" 200 799 "https://www.hibiscard.com.lab2454.com/whsy.php?p=%2Fvar%2Fsoftaculous%2Fmagento242" "Mozilla/5.0 AppleWebKit/537.36 (KHTML, like Gecko; compatible; GPTBot/1.3; +https://openai.com/gptbot)"
74.7.243.210 - - [17/Mar/2026:11:54:03 +0000] "GET /whsy.php?e=prev&p=%2Fproc%2F30633%2Fattr HTTP/2.0" 200 830 "https://hibiscard.com.lab2454.com/whsy.php?p=%2Fproc%2F30633%2Fattr" "Mozilla/5.0 AppleWebKit/537.36 (KHTML, like Gecko; compatible; GPTBot/1.3; +https://openai.com/gptbot)"
74.7.227.157 - - [17/Mar/2026:11:54:11 +0000] "GET /whsy.php?p=%2Fproc%2F851 HTTP/2.0" 200 830 "https://www.hibiscard.com.lab2454.com/whsy.php?e=cmdline&p=%2Fproc" "Mozilla/5.0 AppleWebKit/537.36 (KHTML, like Gecko; compatible; GPTBot/1.3; +https://openai.com/gptbot)"
74.7.243.210 - - [17/Mar/2026:11:54:16 +0000] "GET /whsy.php?e=prev&p=%2Fproc%2F31032%2Fattr HTTP/2.0" 200 830 "https://hibiscard.com.lab2454.com/whsy.php?p=%2Fproc%2F31032%2Fattr" "Mozilla/5.0 AppleWebKit/537.36 (KHTML, like Gecko; compatible; GPTBot/1.3; +https://openai.com/gptbot)"
74.7.227.157 - - [17/Mar/2026:11:54:25 +0000] "GET /whsy.php?p=%2Fproc%2F516 HTTP/2.0" 200 830 "https://www.hibiscard.com.lab2454.com/whsy.php?e=kmsg&p=%2Fproc" "Mozilla/5.0 AppleWebKit/537.36 (KHTML, like Gecko; compatible; GPTBot/1.3; +https://openai.com/gptbot)"
74.7.227.157 - - [17/Mar/2026:11:54:36 +0000] "GET /whsy.php?e=svg-icons.php&p=%2Fhome%2Flab2454c%2Fcarbonbullion.net%2Fwp-content%2Fthemes%2Ftwentytwenty%2Finc HTTP/2.0" 200 1541 "https://www.hibiscard.com.lab2454.com/whsy.php?p=%2Fhome%2Flab2454c%2Fcarbonbullion.net%2Fwp-content%2Fthemes%2Ftwentytwenty%2Finc" "Mozilla/5.0 AppleWebKit/537.36 (KHTML, like Gecko; compatible; GPTBot/1.3; +https://openai.com/gptbot)"
74.7.243.210 - - [17/Mar/2026:11:54:39 +0000] "GET /whsy.php?e=pfkey&p=%2Fproc%2F12526%2Fnet HTTP/2.0" 200 830 "https://hibiscard.com.lab2454.com/whsy.php?p=%2Fproc%2F12526%2Fnet" "Mozilla/5.0 AppleWebKit/537.36 (KHTML, like Gecko; compatible; GPTBot/1.3; +https://openai.com/gptbot)"
74.7.227.157 - - [17/Mar/2026:11:54:48 +0000] "GET /whsy.php?e=block-patterns.php&p=%2Fhome%2Flab2454c%2Fcarbonbullion.net%2Fwp-content%2Fthemes%2Ftwentytwenty%2Finc HTTP/2.0" 200 2704 "https://www.hibiscard.com.lab2454.com/whsy.php?p=%2Fhome%2Flab2454c%2Fcarbonbullion.net%2Fwp-content%2Fthemes%2Ftwentytwenty%2Finc" "Mozilla/5.0 AppleWebKit/537.36 (KHTML, like Gecko; compatible; GPTBot/1.3; +https://openai.com/gptbot)"
74.7.227.157 - - [17/Mar/2026:11:55:01 +0000] "GET /whsy.php?p=%2Fproc%2F620 HTTP/2.0" 200 830 "https://www.hibiscard.com.lab2454.com/whsy.php?e=kpagecgroup&p=%2Fproc" "Mozilla/5.0 AppleWebKit/537.36 (KHTML, like Gecko; compatible; GPTBot/1.3; +https://openai.com/gptbot)"
74.7.227.157 - - [17/Mar/2026:11:55:10 +0000] "GET /whsy.php?p=%2Fproc%2F135 HTTP/2.0" 200 1934 "https://www.hibiscard.com.lab2454.com/whsy.php?p=%2F%2Fproc" "Mozilla/5.0 AppleWebKit/537.36 (KHTML, like Gecko; compatible; GPTBot/1.3; +https://openai.com/gptbot)"
74.7.243.210 - - [17/Mar/2026:11:55:12 +0000] "GET /whsy.php?e=prev&p=%2Fproc%2F11328%2Fattr HTTP/2.0" 200 858 "https://hibiscard.com.lab2454.com/whsy.php?p=%2Fproc%2F11328%2Fattr" "Mozilla/5.0 AppleWebKit/537.36 (KHTML, like Gecko; compatible; GPTBot/1.3; +https://openai.com/gptbot)"
74.7.227.157 - - [17/Mar/2026:11:55:19 +0000] "GET /whsy.php?p=%2Fproc%2F389 HTTP/2.0" 200 1934 "https://www.hibiscard.com.lab2454.com/whsy.php?p=%2F%2Fproc" "Mozilla/5.0 AppleWebKit/537.36 (KHTML, like Gecko; compatible; GPTBot/1.3; +https://openai.com/gptbot)"
74.7.228.13 - - [17/Mar/2026:11:55:22 +0000] "GET /robots.txt HTTP/2.0" 404 - "-" "Mozilla/5.0 (Macintosh; Intel Mac OS X 10_15_7) AppleWebKit/537.36 (KHTML, like Gecko) Chrome/131.0.0.0 Safari/537.36; compatible; OAI-SearchBot/1.3; robots.txt; +https://openai.com/searchbot"
74.7.227.157 - - [17/Mar/2026:11:55:29 +0000] "GET /whsy.php?p=%2Fproc%2F469 HTTP/2.0" 200 830 "https://www.hibiscard.com.lab2454.com/whsy.php?e=22245&p=%2Fproc" "Mozilla/5.0 AppleWebKit/537.36 (KHTML, like Gecko; compatible; GPTBot/1.3; +https://openai.com/gptbot)"
74.7.243.210 - - [17/Mar/2026:11:55:31 +0000] "GET /whsy.php?e=prev&p=%2Fproc%2F28849%2Fattr HTTP/2.0" 200 859 "https://hibiscard.com.lab2454.com/whsy.php?p=%2Fproc%2F28849%2Fattr" "Mozilla/5.0 AppleWebKit/537.36 (KHTML, like Gecko; compatible; GPTBot/1.3; +https://openai.com/gptbot)"
74.7.227.157 - - [17/Mar/2026:11:55:39 +0000] "GET /whsy.php?p=%2Fhome%2Flab2454c%2Fgemition.com%2Fwp-includes%2FText%2FDiff%2FEngine%2F.. HTTP/2.0" 200 729 "https://www.hibiscard.com.lab2454.com/whsy.php?p=%2Fhome%2Flab2454c%2Fgemition.com%2Fwp-includes%2FText%2FDiff%2FEngine" "Mozilla/5.0 AppleWebKit/537.36 (KHTML, like Gecko; compatible; GPTBot/1.3; +https://openai.com/gptbot)"
74.7.230.45 - - [17/Mar/2026:11:55:40 +0000] "GET /robots.txt HTTP/2.0" 404 - "-" "Mozilla/5.0 (Macintosh; Intel Mac OS X 10_15_7) AppleWebKit/537.36 (KHTML, like Gecko) Chrome/131.0.0.0 Safari/537.36; compatible; OAI-SearchBot/1.3; robots.txt; +https://openai.com/searchbot"
74.7.227.157 - - [17/Mar/2026:11:55:49 +0000] "GET /whsy.php?p=%2Fproc%2F705 HTTP/2.0" 200 1934 "https://www.hibiscard.com.lab2454.com/whsy.php?e=22258&p=%2Fproc" "Mozilla/5.0 AppleWebKit/537.36 (KHTML, like Gecko; compatible; GPTBot/1.3; +https://openai.com/gptbot)"
74.7.227.157 - - [17/Mar/2026:11:55:58 +0000] "GET /whsy.php?p=%2Fvar%2Fsoftaculous%2Fmagento242%2Fphp81%2F.. HTTP/2.0" 200 1254 "https://www.hibiscard.com.lab2454.com/whsy.php?p=%2Fvar%2Fsoftaculous%2Fmagento242%2Fphp81" "Mozilla/5.0 AppleWebKit/537.36 (KHTML, like Gecko; compatible; GPTBot/1.3; +https://openai.com/gptbot)"
74.7.227.157 - - [17/Mar/2026:11:56:08 +0000] "GET /whsy.php?p=%2Fproc%2F924 HTTP/2.0" 200 830 "https://www.hibiscard.com.lab2454.com/whsy.php?e=22258&p=%2Fproc" "Mozilla/5.0 AppleWebKit/537.36 (KHTML, like Gecko; compatible; GPTBot/1.3; +https://openai.com/gptbot)"
74.7.227.157 - - [17/Mar/2026:11:56:17 +0000] "GET /whsy.php?p=%2Fproc%2F531 HTTP/2.0" 200 830 "https://www.hibiscard.com.lab2454.com/whsy.php?e=kmsg&p=%2Fproc" "Mozilla/5.0 AppleWebKit/537.36 (KHTML, like Gecko; compatible; GPTBot/1.3; +https://openai.com/gptbot)"
74.7.227.157 - - [17/Mar/2026:11:56:26 +0000] "GET /whsy.php?p=%2Fproc%2F408 HTTP/2.0" 200 1933 "https://www.hibiscard.com.lab2454.com/whsy.php?e=cmdline&p=%2Fproc" "Mozilla/5.0 AppleWebKit/537.36 (KHTML, like Gecko; compatible; GPTBot/1.3; +https://openai.com/gptbot)"
74.7.243.210 - - [17/Mar/2026:11:56:27 +0000] "GET /whsy.php?e=prev&p=%2Fproc%2F11891%2Fattr HTTP/2.0" 200 859 "https://hibiscard.com.lab2454.com/whsy.php?p=%2Fproc%2F11891%2Fattr" "Mozilla/5.0 AppleWebKit/537.36 (KHTML, like Gecko; compatible; GPTBot/1.3; +https://openai.com/gptbot)"
74.7.227.157 - - [17/Mar/2026:11:56:35 +0000] "GET /whsy.php?p=%2Fproc%2F387 HTTP/2.0" 200 1934 "https://www.hibiscard.com.lab2454.com/whsy.php?e=fb&p=%2Fproc" "Mozilla/5.0 AppleWebKit/537.36 (KHTML, like Gecko; compatible; GPTBot/1.3; +https://openai.com/gptbot)"
74.7.243.210 - - [17/Mar/2026:11:56:37 +0000] "GET /whsy.php?e=pfkey&p=%2Fproc%2F22407%2Fnet HTTP/2.0" 200 830 "https://hibiscard.com.lab2454.com/whsy.php?p=%2Fproc%2F22407%2Fnet" "Mozilla/5.0 AppleWebKit/537.36 (KHTML, like Gecko; compatible; GPTBot/1.3; +https://openai.com/gptbot)"
74.7.227.157 - - [17/Mar/2026:11:56:46 +0000] "GET /whsy.php?p=%2Fproc%2F524 HTTP/2.0" 200 830 "https://www.hibiscard.com.lab2454.com/whsy.php?e=kmsg&p=%2Fproc" "Mozilla/5.0 AppleWebKit/537.36 (KHTML, like Gecko; compatible; GPTBot/1.3; +https://openai.com/gptbot)"
74.7.227.157 - - [17/Mar/2026:11:56:57 +0000] "GET /whsy.php?e=oom_adj&p=%2Fproc%2F135 HTTP/2.0" 200 2003 "https://www.hibiscard.com.lab2454.com/whsy.php?p=%2Fproc%2F135" "Mozilla/5.0 AppleWebKit/537.36 (KHTML, like Gecko; compatible; GPTBot/1.3; +https://openai.com/gptbot)"
74.7.243.210 - - [17/Mar/2026:11:56:59 +0000] "GET /whsy.php?e=prev&p=%2Fproc%2F11302%2Fattr HTTP/2.0" 200 858 "https://hibiscard.com.lab2454.com/whsy.php?p=%2Fproc%2F11302%2Fattr" "Mozilla/5.0 AppleWebKit/537.36 (KHTML, like Gecko; compatible; GPTBot/1.3; +https://openai.com/gptbot)"
74.7.227.157 - - [17/Mar/2026:11:57:07 +0000] "GET /whsy.php?e=oom_adj&p=%2Fproc%2F389 HTTP/2.0" 200 2006 "https://www.hibiscard.com.lab2454.com/whsy.php?p=%2Fproc%2F389" "Mozilla/5.0 AppleWebKit/537.36 (KHTML, like Gecko; compatible; GPTBot/1.3; +https://openai.com/gptbot)"
74.7.243.210 - - [17/Mar/2026:11:57:09 +0000] "GET /whsy.php?e=route&p=%2Fproc%2F14225%2Fnet HTTP/2.0" 200 2637 "https://hibiscard.com.lab2454.com/whsy.php?p=%2Fproc%2F14225%2Fnet" "Mozilla/5.0 AppleWebKit/537.36 (KHTML, like Gecko; compatible; GPTBot/1.3; +https://openai.com/gptbot)"
74.7.227.157 - - [17/Mar/2026:11:57:18 +0000] "GET /whsy.php?e=statm&p=%2Fproc%2F135 HTTP/2.0" 200 2005 "https://www.hibiscard.com.lab2454.com/whsy.php?p=%2Fproc%2F135" "Mozilla/5.0 AppleWebKit/537.36 (KHTML, like Gecko; compatible; GPTBot/1.3; +https://openai.com/gptbot)"
74.7.227.157 - - [17/Mar/2026:11:57:28 +0000] "GET /whsy.php?e=statm&p=%2Fproc%2F389 HTTP/2.0" 200 2024 "https://www.hibiscard.com.lab2454.com/whsy.php?p=%2Fproc%2F389" "Mozilla/5.0 AppleWebKit/537.36 (KHTML, like Gecko; compatible; GPTBot/1.3; +https://openai.com/gptbot)"
74.7.227.157 - - [17/Mar/2026:11:57:36 +0000] "GET /whsy.php?e=oom_adj&p=%2Fproc%2F705 HTTP/2.0" 200 2003 "https://www.hibiscard.com.lab2454.com/whsy.php?p=%2Fproc%2F705" "Mozilla/5.0 AppleWebKit/537.36 (KHTML, like Gecko; compatible; GPTBot/1.3; +https://openai.com/gptbot)"
74.7.243.210 - - [17/Mar/2026:11:57:38 +0000] "GET /whsy.php?e=prev&p=%2Fproc%2F20507%2Fattr HTTP/2.0" 200 859 "https://hibiscard.com.lab2454.com/whsy.php?p=%2Fproc%2F20507%2Fattr" "Mozilla/5.0 AppleWebKit/537.36 (KHTML, like Gecko; compatible; GPTBot/1.3; +https://openai.com/gptbot)"
74.7.227.157 - - [17/Mar/2026:11:57:46 +0000] "GET /whsy.php?e=statm&p=%2Fproc%2F705 HTTP/2.0" 200 2030 "https://www.hibiscard.com.lab2454.com/whsy.php?p=%2Fproc%2F705" "Mozilla/5.0 AppleWebKit/537.36 (KHTML, like Gecko; compatible; GPTBot/1.3; +https://openai.com/gptbot)"
74.7.243.210 - - [17/Mar/2026:11:57:48 +0000] "GET /whsy.php?e=exec&p=%2Fproc%2F22407%2Fattr HTTP/2.0" 200 830 "https://hibiscard.com.lab2454.com/whsy.php?p=%2Fproc%2F22407%2Fattr" "Mozilla/5.0 AppleWebKit/537.36 (KHTML, like Gecko; compatible; GPTBot/1.3; +https://openai.com/gptbot)"
74.7.227.157 - - [17/Mar/2026:11:57:55 +0000] "GET /whsy.php?e=stack&p=%2Fproc%2F705 HTTP/2.0" 200 1934 "https://www.hibiscard.com.lab2454.com/whsy.php?p=%2Fproc%2F705" "Mozilla/5.0 AppleWebKit/537.36 (KHTML, like Gecko; compatible; GPTBot/1.3; +https://openai.com/gptbot)"
74.7.227.157 - - [17/Mar/2026:11:58:05 +0000] "GET /whsy.php?e=stack&p=%2Fproc%2F389 HTTP/2.0" 200 1934 "https://www.hibiscard.com.lab2454.com/whsy.php?p=%2Fproc%2F389" "Mozilla/5.0 AppleWebKit/537.36 (KHTML, like Gecko; compatible; GPTBot/1.3; +https://openai.com/gptbot)"
74.7.227.157 - - [17/Mar/2026:11:58:14 +0000] "GET /whsy.php?p=%2Fproc%2F408%2Fattr HTTP/2.0" 200 797 "https://www.hibiscard.com.lab2454.com/whsy.php?p=%2Fproc%2F408" "Mozilla/5.0 AppleWebKit/537.36 (KHTML, like Gecko; compatible; GPTBot/1.3; +https://openai.com/gptbot)"
74.7.227.157 - - [17/Mar/2026:11:58:24 +0000] "GET /whsy.php?e=timerslack_ns&p=%2Fproc%2F408 HTTP/2.0" 200 2005 "https://www.hibiscard.com.lab2454.com/whsy.php?p=%2Fproc%2F408" "Mozilla/5.0 AppleWebKit/537.36 (KHTML, like Gecko; compatible; GPTBot/1.3; +https://openai.com/gptbot)"
74.7.243.210 - - [17/Mar/2026:11:58:26 +0000] "GET /whsy.php?e=exec&p=%2Fproc%2F12562%2Fattr HTTP/2.0" 200 859 "https://hibiscard.com.lab2454.com/whsy.php?p=%2Fproc%2F12562%2Fattr" "Mozilla/5.0 AppleWebKit/537.36 (KHTML, like Gecko; compatible; GPTBot/1.3; +https://openai.com/gptbot)"
74.7.227.157 - - [17/Mar/2026:11:58:34 +0000] "GET /whsy.php?e=oom_adj&p=%2Fproc%2F408 HTTP/2.0" 200 2002 "https://www.hibiscard.com.lab2454.com/whsy.php?p=%2Fproc%2F408" "Mozilla/5.0 AppleWebKit/537.36 (KHTML, like Gecko; compatible; GPTBot/1.3; +https://openai.com/gptbot)"
74.7.227.157 - - [17/Mar/2026:11:58:44 +0000] "GET /whsy.php?e=oom_adj&p=%2Fproc%2F387 HTTP/2.0" 200 2004 "https://www.hibiscard.com.lab2454.com/whsy.php?p=%2Fproc%2F387" "Mozilla/5.0 AppleWebKit/537.36 (KHTML, like Gecko; compatible; GPTBot/1.3; +https://openai.com/gptbot)"
74.7.227.157 - - [17/Mar/2026:11:58:56 +0000] "GET /whsy.php?e=stack&p=%2Fproc%2F408 HTTP/2.0" 200 1933 "https://www.hibiscard.com.lab2454.com/whsy.php?p=%2Fproc%2F408" "Mozilla/5.0 AppleWebKit/537.36 (KHTML, like Gecko; compatible; GPTBot/1.3; +https://openai.com/gptbot)"
74.7.227.157 - - [17/Mar/2026:11:59:08 +0000] "GET /whsy.php?e=statm&p=%2Fproc%2F387 HTTP/2.0" 200 2029 "https://www.hibiscard.com.lab2454.com/whsy.php?p=%2Fproc%2F387" "Mozilla/5.0 AppleWebKit/537.36 (KHTML, like Gecko; compatible; GPTBot/1.3; +https://openai.com/gptbot)"
74.7.243.210 - - [17/Mar/2026:11:59:09 +0000] "GET /whsy.php?e=pfkey&p=%2Fproc%2F31022%2Fnet HTTP/2.0" 200 830 "https://hibiscard.com.lab2454.com/whsy.php?p=%2Fproc%2F31022%2Fnet" "Mozilla/5.0 AppleWebKit/537.36 (KHTML, like Gecko; compatible; GPTBot/1.3; +https://openai.com/gptbot)"
74.7.227.157 - - [17/Mar/2026:11:59:18 +0000] "GET /whsy.php?e=stack&p=%2Fproc%2F135 HTTP/2.0" 200 1934 "https://www.hibiscard.com.lab2454.com/whsy.php?p=%2Fproc%2F135" "Mozilla/5.0 AppleWebKit/537.36 (KHTML, like Gecko; compatible; GPTBot/1.3; +https://openai.com/gptbot)"
74.7.227.157 - - [17/Mar/2026:11:59:28 +0000] "GET /whsy.php?e=statm&p=%2Fproc%2F408 HTTP/2.0" 200 2028 "https://www.hibiscard.com.lab2454.com/whsy.php?p=%2Fproc%2F408" "Mozilla/5.0 AppleWebKit/537.36 (KHTML, like Gecko; compatible; GPTBot/1.3; +https://openai.com/gptbot)"
74.7.227.157 - - [17/Mar/2026:11:59:36 +0000] "GET /whsy.php?e=stack&p=%2Fproc%2F387 HTTP/2.0" 200 1934 "https://www.hibiscard.com.lab2454.com/whsy.php?p=%2Fproc%2F387" "Mozilla/5.0 AppleWebKit/537.36 (KHTML, like Gecko; compatible; GPTBot/1.3; +https://openai.com/gptbot)"
74.7.243.210 - - [17/Mar/2026:11:59:37 +0000] "GET /whsy.php?e=prev&p=%2Fproc%2F16726%2Fattr HTTP/2.0" 200 830 "https://hibiscard.com.lab2454.com/whsy.php?p=%2Fproc%2F16726%2Fattr" "Mozilla/5.0 AppleWebKit/537.36 (KHTML, like Gecko; compatible; GPTBot/1.3; +https://openai.com/gptbot)"
74.7.227.157 - - [17/Mar/2026:11:59:45 +0000] "GET /whsy.php?e=uid_map&p=%2Fproc%2F389 HTTP/2.0" 200 2017 "https://www.hibiscard.com.lab2454.com/whsy.php?p=%2Fproc%2F389" "Mozilla/5.0 AppleWebKit/537.36 (KHTML, like Gecko; compatible; GPTBot/1.3; +https://openai.com/gptbot)"
74.7.227.157 - - [17/Mar/2026:11:59:55 +0000] "GET /whsy.php?e=uid_map&p=%2Fproc%2F705 HTTP/2.0" 200 2018 "https://www.hibiscard.com.lab2454.com/whsy.php?p=%2Fproc%2F705" "Mozilla/5.0 AppleWebKit/537.36 (KHTML, like Gecko; compatible; GPTBot/1.3; +https://openai.com/gptbot)"
74.7.227.157 - - [17/Mar/2026:12:00:11 +0000] "GET /whsy.php?e=uid_map&p=%2Fproc%2F135 HTTP/2.0" 200 2018 "https://www.hibiscard.com.lab2454.com/whsy.php?p=%2Fproc%2F135" "Mozilla/5.0 AppleWebKit/537.36 (KHTML, like Gecko; compatible; GPTBot/1.3; +https://openai.com/gptbot)"
74.7.243.210 - - [17/Mar/2026:12:00:24 +0000] "GET /whsy.php?e=route&p=%2Fproc%2F22407%2Fnet HTTP/2.0" 200 830 "https://hibiscard.com.lab2454.com/whsy.php?p=%2Fproc%2F22407%2Fnet" "Mozilla/5.0 AppleWebKit/537.36 (KHTML, like Gecko; compatible; GPTBot/1.3; +https://openai.com/gptbot)"
74.7.228.13 - - [17/Mar/2026:12:00:25 +0000] "GET /robots.txt HTTP/2.0" 404 - "-" "Mozilla/5.0 (Macintosh; Intel Mac OS X 10_15_7) AppleWebKit/537.36 (KHTML, like Gecko) Chrome/131.0.0.0 Safari/537.36; compatible; OAI-SearchBot/1.3; robots.txt; +https://openai.com/searchbot"
74.7.227.157 - - [17/Mar/2026:12:00:25 +0000] "GET /whsy.php?e=gid_map&p=%2Fproc%2F408 HTTP/2.0" 200 2020 "https://www.hibiscard.com.lab2454.com/whsy.php?p=%2Fproc%2F408" "Mozilla/5.0 AppleWebKit/537.36 (KHTML, like Gecko; compatible; GPTBot/1.3; +https://openai.com/gptbot)"
74.7.227.157 - - [17/Mar/2026:12:00:35 +0000] "GET /whsy.php?e=gid_map&p=%2Fproc%2F135 HTTP/2.0" 200 2021 "https://www.hibiscard.com.lab2454.com/whsy.php?p=%2Fproc%2F135" "Mozilla/5.0 AppleWebKit/537.36 (KHTML, like Gecko; compatible; GPTBot/1.3; +https://openai.com/gptbot)"
74.7.227.157 - - [17/Mar/2026:12:00:46 +0000] "GET /whsy.php?e=uid_map&p=%2Fproc%2F387 HTTP/2.0" 200 2018 "https://www.hibiscard.com.lab2454.com/whsy.php?p=%2Fproc%2F387" "Mozilla/5.0 AppleWebKit/537.36 (KHTML, like Gecko; compatible; GPTBot/1.3; +https://openai.com/gptbot)"
74.7.243.210 - - [17/Mar/2026:12:00:57 +0000] "GET /whsy.php?e=prev&p=%2Fproc%2F13523%2Fattr HTTP/2.0" 200 859 "https://hibiscard.com.lab2454.com/whsy.php?p=%2Fproc%2F13523%2Fattr" "Mozilla/5.0 AppleWebKit/537.36 (KHTML, like Gecko; compatible; GPTBot/1.3; +https://openai.com/gptbot)"
74.7.227.157 - - [17/Mar/2026:12:00:58 +0000] "GET /whsy.php?e=gid_map&p=%2Fproc%2F387 HTTP/2.0" 200 2021 "https://www.hibiscard.com.lab2454.com/whsy.php?p=%2Fproc%2F387" "Mozilla/5.0 AppleWebKit/537.36 (KHTML, like Gecko; compatible; GPTBot/1.3; +https://openai.com/gptbot)"
74.7.230.45 - - [17/Mar/2026:12:00:59 +0000] "GET /robots.txt HTTP/2.0" 404 - "-" "Mozilla/5.0 (Macintosh; Intel Mac OS X 10_15_7) AppleWebKit/537.36 (KHTML, like Gecko) Chrome/131.0.0.0 Safari/537.36; compatible; OAI-SearchBot/1.3; robots.txt; +https://openai.com/searchbot"
74.7.227.157 - - [17/Mar/2026:12:01:11 +0000] "GET /whsy.php?e=gid_map&p=%2Fproc%2F389 HTTP/2.0" 200 2020 "https://www.hibiscard.com.lab2454.com/whsy.php?p=%2Fproc%2F389" "Mozilla/5.0 AppleWebKit/537.36 (KHTML, like Gecko; compatible; GPTBot/1.3; +https://openai.com/gptbot)"
74.7.227.157 - - [17/Mar/2026:12:01:23 +0000] "GET /whsy.php?e=gid_map&p=%2Fproc%2F705 HTTP/2.0" 200 2022 "https://www.hibiscard.com.lab2454.com/whsy.php?p=%2Fproc%2F705" "Mozilla/5.0 AppleWebKit/537.36 (KHTML, like Gecko; compatible; GPTBot/1.3; +https://openai.com/gptbot)"
74.7.227.157 - - [17/Mar/2026:12:01:34 +0000] "GET /whsy.php?e=uid_map&p=%2Fproc%2F408 HTTP/2.0" 200 2016 "https://www.hibiscard.com.lab2454.com/whsy.php?p=%2Fproc%2F408" "Mozilla/5.0 AppleWebKit/537.36 (KHTML, like Gecko; compatible; GPTBot/1.3; +https://openai.com/gptbot)"
74.7.243.210 - - [17/Mar/2026:12:01:44 +0000] "GET /whsy.php?e=pfkey&p=%2Fproc%2F12562%2Fnet HTTP/2.0" 200 2535 "https://hibiscard.com.lab2454.com/whsy.php?p=%2Fproc%2F12562%2Fnet" "Mozilla/5.0 AppleWebKit/537.36 (KHTML, like Gecko; compatible; GPTBot/1.3; +https://openai.com/gptbot)"
74.7.227.157 - - [17/Mar/2026:12:01:45 +0000] "GET /whsy.php?e=cwd&p=%2Fproc%2F389 HTTP/2.0" 200 1934 "https://www.hibiscard.com.lab2454.com/whsy.php?p=%2Fproc%2F389" "Mozilla/5.0 AppleWebKit/537.36 (KHTML, like Gecko; compatible; GPTBot/1.3; +https://openai.com/gptbot)"
74.7.227.157 - - [17/Mar/2026:12:01:56 +0000] "GET /whsy.php?e=exe&p=%2Fproc%2F408 HTTP/2.0" 200 1933 "https://www.hibiscard.com.lab2454.com/whsy.php?p=%2Fproc%2F408" "Mozilla/5.0 AppleWebKit/537.36 (KHTML, like Gecko; compatible; GPTBot/1.3; +https://openai.com/gptbot)"
74.7.243.210 - - [17/Mar/2026:12:02:06 +0000] "GET /whsy.php?e=prev&p=%2Fproc%2F31021%2Fattr HTTP/2.0" 200 830 "https://hibiscard.com.lab2454.com/whsy.php?p=%2Fproc%2F31021%2Fattr" "Mozilla/5.0 AppleWebKit/537.36 (KHTML, like Gecko; compatible; GPTBot/1.3; +https://openai.com/gptbot)"
74.7.227.157 - - [17/Mar/2026:12:02:07 +0000] "GET /whsy.php?e=exe&p=%2Fproc%2F705 HTTP/2.0" 200 1934 "https://www.hibiscard.com.lab2454.com/whsy.php?p=%2Fproc%2F705" "Mozilla/5.0 AppleWebKit/537.36 (KHTML, like Gecko; compatible; GPTBot/1.3; +https://openai.com/gptbot)"
74.7.243.210 - - [17/Mar/2026:12:02:20 +0000] "GET /whsy.php?e=prev&p=%2Fproc%2F31023%2Fattr HTTP/2.0" 200 830 "https://hibiscard.com.lab2454.com/whsy.php?p=%2Fproc%2F31023%2Fattr" "Mozilla/5.0 AppleWebKit/537.36 (KHTML, like Gecko; compatible; GPTBot/1.3; +https://openai.com/gptbot)"
74.7.227.157 - - [17/Mar/2026:12:02:22 +0000] "GET /whsy.php?e=cwd&p=%2Fproc%2F135 HTTP/2.0" 200 1934 "https://www.hibiscard.com.lab2454.com/whsy.php?p=%2Fproc%2F135" "Mozilla/5.0 AppleWebKit/537.36 (KHTML, like Gecko; compatible; GPTBot/1.3; +https://openai.com/gptbot)"
74.7.227.157 - - [17/Mar/2026:12:02:33 +0000] "GET /whsy.php?e=cwd&p=%2Fproc%2F408 HTTP/2.0" 200 1933 "https://www.hibiscard.com.lab2454.com/whsy.php?p=%2Fproc%2F408" "Mozilla/5.0 AppleWebKit/537.36 (KHTML, like Gecko; compatible; GPTBot/1.3; +https://openai.com/gptbot)"
74.7.243.210 - - [17/Mar/2026:12:02:43 +0000] "GET /whsy.php?e=prev&p=%2Fproc%2F29566%2Fattr HTTP/2.0" 200 859 "https://hibiscard.com.lab2454.com/whsy.php?p=%2Fproc%2F29566%2Fattr" "Mozilla/5.0 AppleWebKit/537.36 (KHTML, like Gecko; compatible; GPTBot/1.3; +https://openai.com/gptbot)"
74.7.227.157 - - [17/Mar/2026:12:02:44 +0000] "GET /whsy.php?e=exe&p=%2Fproc%2F389 HTTP/2.0" 200 1934 "https://www.hibiscard.com.lab2454.com/whsy.php?p=%2Fproc%2F389" "Mozilla/5.0 AppleWebKit/537.36 (KHTML, like Gecko; compatible; GPTBot/1.3; +https://openai.com/gptbot)"
74.7.243.210 - - [17/Mar/2026:12:02:54 +0000] "GET /whsy.php?e=exec&p=%2Fproc%2F12526%2Fattr HTTP/2.0" 200 830 "https://hibiscard.com.lab2454.com/whsy.php?p=%2Fproc%2F12526%2Fattr" "Mozilla/5.0 AppleWebKit/537.36 (KHTML, like Gecko; compatible; GPTBot/1.3; +https://openai.com/gptbot)"
74.7.227.157 - - [17/Mar/2026:12:02:55 +0000] "GET /whsy.php?e=mem&p=%2Fproc%2F705 HTTP/2.0" 200 1934 "https://www.hibiscard.com.lab2454.com/whsy.php?p=%2Fproc%2F705" "Mozilla/5.0 AppleWebKit/537.36 (KHTML, like Gecko; compatible; GPTBot/1.3; +https://openai.com/gptbot)"
74.7.243.210 - - [17/Mar/2026:12:03:08 +0000] "GET /whsy.php?e=exec&p=%2Fproc%2F14225%2Fattr HTTP/2.0" 200 859 "https://hibiscard.com.lab2454.com/whsy.php?p=%2Fproc%2F14225%2Fattr" "Mozilla/5.0 AppleWebKit/537.36 (KHTML, like Gecko; compatible; GPTBot/1.3; +https://openai.com/gptbot)"
74.7.227.157 - - [17/Mar/2026:12:03:10 +0000] "GET /whsy.php?e=mem&p=%2Fproc%2F389 HTTP/2.0" 200 1934 "https://www.hibiscard.com.lab2454.com/whsy.php?p=%2Fproc%2F389" "Mozilla/5.0 AppleWebKit/537.36 (KHTML, like Gecko; compatible; GPTBot/1.3; +https://openai.com/gptbot)"
74.7.243.210 - - [17/Mar/2026:12:03:25 +0000] "GET /whsy.php?e=smaps_rollup&p=%2Fproc%2F2927 HTTP/2.0" 200 830 "https://hibiscard.com.lab2454.com/whsy.php?p=%2Fproc%2F2927" "Mozilla/5.0 AppleWebKit/537.36 (KHTML, like Gecko; compatible; GPTBot/1.3; +https://openai.com/gptbot)"
74.7.227.157 - - [17/Mar/2026:12:03:26 +0000] "GET /whsy.php?e=cwd&p=%2Fproc%2F387 HTTP/2.0" 200 1934 "https://www.hibiscard.com.lab2454.com/whsy.php?p=%2Fproc%2F387" "Mozilla/5.0 AppleWebKit/537.36 (KHTML, like Gecko; compatible; GPTBot/1.3; +https://openai.com/gptbot)"
74.7.227.157 - - [17/Mar/2026:12:03:38 +0000] "GET /whsy.php?e=exe&p=%2Fproc%2F135 HTTP/2.0" 200 1934 "https://www.hibiscard.com.lab2454.com/whsy.php?p=%2Fproc%2F135" "Mozilla/5.0 AppleWebKit/537.36 (KHTML, like Gecko; compatible; GPTBot/1.3; +https://openai.com/gptbot)"
74.7.243.210 - - [17/Mar/2026:12:03:51 +0000] "GET /whsy.php?e=tcp&p=%2Fproc%2F31030%2Fnet HTTP/2.0" 200 830 "https://hibiscard.com.lab2454.com/whsy.php?p=%2Fproc%2F31030%2Fnet" "Mozilla/5.0 AppleWebKit/537.36 (KHTML, like Gecko; compatible; GPTBot/1.3; +https://openai.com/gptbot)"
74.7.227.157 - - [17/Mar/2026:12:03:52 +0000] "GET /whsy.php?e=mem&p=%2Fproc%2F408 HTTP/2.0" 200 1933 "https://www.hibiscard.com.lab2454.com/whsy.php?p=%2Fproc%2F408" "Mozilla/5.0 AppleWebKit/537.36 (KHTML, like Gecko; compatible; GPTBot/1.3; +https://openai.com/gptbot)"
74.7.243.210 - - [17/Mar/2026:12:04:07 +0000] "GET /whsy.php?e=raw&p=%2Fproc%2F31022%2Fnet HTTP/2.0" 200 830 "https://hibiscard.com.lab2454.com/whsy.php?p=%2Fproc%2F31022%2Fnet" "Mozilla/5.0 AppleWebKit/537.36 (KHTML, like Gecko; compatible; GPTBot/1.3; +https://openai.com/gptbot)"
74.7.227.157 - - [17/Mar/2026:12:04:08 +0000] "GET /whsy.php?e=cwd&p=%2Fproc%2F705 HTTP/2.0" 200 1934 "https://www.hibiscard.com.lab2454.com/whsy.php?p=%2Fproc%2F705" "Mozilla/5.0 AppleWebKit/537.36 (KHTML, like Gecko; compatible; GPTBot/1.3; +https://openai.com/gptbot)"
74.7.243.210 - - [17/Mar/2026:12:04:21 +0000] "GET /whsy.php?e=arp&p=%2Fproc%2F13172%2Fnet HTTP/2.0" 200 2580 "https://hibiscard.com.lab2454.com/whsy.php?p=%2Fproc%2F13172%2Fnet" "Mozilla/5.0 AppleWebKit/537.36 (KHTML, like Gecko; compatible; GPTBot/1.3; +https://openai.com/gptbot)"
74.7.227.157 - - [17/Mar/2026:12:04:23 +0000] "GET /whsy.php?e=mem&p=%2Fproc%2F387 HTTP/2.0" 200 1934 "https://www.hibiscard.com.lab2454.com/whsy.php?p=%2Fproc%2F387" "Mozilla/5.0 AppleWebKit/537.36 (KHTML, like Gecko; compatible; GPTBot/1.3; +https://openai.com/gptbot)"
74.7.243.210 - - [17/Mar/2026:12:04:35 +0000] "GET /whsy.php?e=arp&p=%2Fproc%2F11328%2Fnet HTTP/2.0" 200 2579 "https://hibiscard.com.lab2454.com/whsy.php?p=%2Fproc%2F11328%2Fnet" "Mozilla/5.0 AppleWebKit/537.36 (KHTML, like Gecko; compatible; GPTBot/1.3; +https://openai.com/gptbot)"
74.7.227.157 - - [17/Mar/2026:12:04:36 +0000] "GET /whsy.php?e=exe&p=%2Fproc%2F387 HTTP/2.0" 200 1934 "https://www.hibiscard.com.lab2454.com/whsy.php?p=%2Fproc%2F387" "Mozilla/5.0 AppleWebKit/537.36 (KHTML, like Gecko; compatible; GPTBot/1.3; +https://openai.com/gptbot)"
74.7.243.210 - - [17/Mar/2026:12:04:45 +0000] "GET /whsy.php?e=tcp&p=%2Fproc%2F13245%2Fnet HTTP/2.0" 200 13381 "https://hibiscard.com.lab2454.com/whsy.php?p=%2Fproc%2F13245%2Fnet" "Mozilla/5.0 AppleWebKit/537.36 (KHTML, like Gecko; compatible; GPTBot/1.3; +https://openai.com/gptbot)"
74.7.227.157 - - [17/Mar/2026:12:04:46 +0000] "GET /whsy.php?e=mem&p=%2Fproc%2F135 HTTP/2.0" 200 1934 "https://www.hibiscard.com.lab2454.com/whsy.php?p=%2Fproc%2F135" "Mozilla/5.0 AppleWebKit/537.36 (KHTML, like Gecko; compatible; GPTBot/1.3; +https://openai.com/gptbot)"
74.7.243.210 - - [17/Mar/2026:12:04:55 +0000] "GET /whsy.php?e=arp&p=%2Fproc%2F28851%2Fnet HTTP/2.0" 200 2580 "https://hibiscard.com.lab2454.com/whsy.php?p=%2Fproc%2F28851%2Fnet" "Mozilla/5.0 AppleWebKit/537.36 (KHTML, like Gecko; compatible; GPTBot/1.3; +https://openai.com/gptbot)"
74.7.227.157 - - [17/Mar/2026:12:04:56 +0000] "GET /whsy.php?e=io&p=%2Fproc%2F705 HTTP/2.0" 200 1934 "https://www.hibiscard.com.lab2454.com/whsy.php?p=%2Fproc%2F705" "Mozilla/5.0 AppleWebKit/537.36 (KHTML, like Gecko; compatible; GPTBot/1.3; +https://openai.com/gptbot)"
74.7.243.210 - - [17/Mar/2026:12:05:08 +0000] "GET /whsy.php?e=arp&p=%2Fproc%2F29566%2Fnet HTTP/2.0" 200 2580 "https://hibiscard.com.lab2454.com/whsy.php?p=%2Fproc%2F29566%2Fnet" "Mozilla/5.0 AppleWebKit/537.36 (KHTML, like Gecko; compatible; GPTBot/1.3; +https://openai.com/gptbot)"
74.7.227.157 - - [17/Mar/2026:12:05:09 +0000] "GET /whsy.php?e=io&p=%2Fproc%2F408 HTTP/2.0" 200 1933 "https://www.hibiscard.com.lab2454.com/whsy.php?p=%2Fproc%2F408" "Mozilla/5.0 AppleWebKit/537.36 (KHTML, like Gecko; compatible; GPTBot/1.3; +https://openai.com/gptbot)"
74.7.227.157 - - [17/Mar/2026:12:05:22 +0000] "GET /whsy.php?e=io&p=%2Fproc%2F135 HTTP/2.0" 200 1934 "https://www.hibiscard.com.lab2454.com/whsy.php?p=%2Fproc%2F135" "Mozilla/5.0 AppleWebKit/537.36 (KHTML, like Gecko; compatible; GPTBot/1.3; +https://openai.com/gptbot)"
74.7.243.210 - - [17/Mar/2026:12:05:34 +0000] "GET /whsy.php?e=tcp&p=%2Fproc%2F29140%2Fnet HTTP/2.0" 200 15271 "https://hibiscard.com.lab2454.com/whsy.php?p=%2Fproc%2F29140%2Fnet" "Mozilla/5.0 AppleWebKit/537.36 (KHTML, like Gecko; compatible; GPTBot/1.3; +https://openai.com/gptbot)"
74.7.227.157 - - [17/Mar/2026:12:05:35 +0000] "GET /whsy.php?e=io&p=%2Fproc%2F389 HTTP/2.0" 200 1934 "https://www.hibiscard.com.lab2454.com/whsy.php?p=%2Fproc%2F389" "Mozilla/5.0 AppleWebKit/537.36 (KHTML, like Gecko; compatible; GPTBot/1.3; +https://openai.com/gptbot)"
74.7.228.13 - - [17/Mar/2026:12:05:46 +0000] "GET /robots.txt HTTP/2.0" 404 - "-" "Mozilla/5.0 (Macintosh; Intel Mac OS X 10_15_7) AppleWebKit/537.36 (KHTML, like Gecko) Chrome/131.0.0.0 Safari/537.36; compatible; OAI-SearchBot/1.3; robots.txt; +https://openai.com/searchbot"
74.7.227.157 - - [17/Mar/2026:12:05:46 +0000] "GET /whsy.php?e=io&p=%2Fproc%2F387 HTTP/2.0" 200 1934 "https://www.hibiscard.com.lab2454.com/whsy.php?p=%2Fproc%2F387" "Mozilla/5.0 AppleWebKit/537.36 (KHTML, like Gecko; compatible; GPTBot/1.3; +https://openai.com/gptbot)"
74.7.227.157 - - [17/Mar/2026:12:05:56 +0000] "GET /whsy.php?e=oom_score_adj&p=%2Fproc%2F387 HTTP/2.0" 200 2005 "https://www.hibiscard.com.lab2454.com/whsy.php?p=%2Fproc%2F387" "Mozilla/5.0 AppleWebKit/537.36 (KHTML, like Gecko; compatible; GPTBot/1.3; +https://openai.com/gptbot)"
74.7.227.157 - - [17/Mar/2026:12:06:05 +0000] "GET /whsy.php?e=oom_score_adj&p=%2Fproc%2F389 HTTP/2.0" 200 2008 "https://www.hibiscard.com.lab2454.com/whsy.php?p=%2Fproc%2F389" "Mozilla/5.0 AppleWebKit/537.36 (KHTML, like Gecko; compatible; GPTBot/1.3; +https://openai.com/gptbot)"
74.7.230.45 - - [17/Mar/2026:12:06:06 +0000] "GET /robots.txt HTTP/2.0" 404 - "-" "Mozilla/5.0 (Macintosh; Intel Mac OS X 10_15_7) AppleWebKit/537.36 (KHTML, like Gecko) Chrome/131.0.0.0 Safari/537.36; compatible; OAI-SearchBot/1.3; robots.txt; +https://openai.com/searchbot"
74.7.227.157 - - [17/Mar/2026:12:06:18 +0000] "GET /whsy.php?e=oom_score_adj&p=%2Fproc%2F408 HTTP/2.0" 200 2004 "https://www.hibiscard.com.lab2454.com/whsy.php?p=%2Fproc%2F408" "Mozilla/5.0 AppleWebKit/537.36 (KHTML, like Gecko; compatible; GPTBot/1.3; +https://openai.com/gptbot)"
74.7.227.157 - - [17/Mar/2026:12:06:33 +0000] "GET /whsy.php?e=oom_score_adj&p=%2Fproc%2F705 HTTP/2.0" 200 2005 "https://www.hibiscard.com.lab2454.com/whsy.php?p=%2Fproc%2F705" "Mozilla/5.0 AppleWebKit/537.36 (KHTML, like Gecko; compatible; GPTBot/1.3; +https://openai.com/gptbot)"
74.7.243.210 - - [17/Mar/2026:12:06:42 +0000] "GET /whsy.php?e=udp&p=%2Fproc%2F29911%2Fnet HTTP/2.0" 200 2823 "https://hibiscard.com.lab2454.com/whsy.php?p=%2Fproc%2F29911%2Fnet" "Mozilla/5.0 AppleWebKit/537.36 (KHTML, like Gecko; compatible; GPTBot/1.3; +https://openai.com/gptbot)"
74.7.227.157 - - [17/Mar/2026:12:06:44 +0000] "GET /whsy.php?e=oom_score_adj&p=%2Fproc%2F135 HTTP/2.0" 200 2005 "https://www.hibiscard.com.lab2454.com/whsy.php?p=%2Fproc%2F135" "Mozilla/5.0 AppleWebKit/537.36 (KHTML, like Gecko; compatible; GPTBot/1.3; +https://openai.com/gptbot)"
74.7.243.210 - - [17/Mar/2026:12:06:51 +0000] "GET /whsy.php?e=tcp&p=%2Fproc%2F31026%2Fnet HTTP/2.0" 200 830 "https://hibiscard.com.lab2454.com/whsy.php?p=%2Fproc%2F31026%2Fnet" "Mozilla/5.0 AppleWebKit/537.36 (KHTML, like Gecko; compatible; GPTBot/1.3; +https://openai.com/gptbot)"
74.7.227.157 - - [17/Mar/2026:12:06:52 +0000] "GET /whsy.php?e=sched&p=%2Fproc%2F135 HTTP/2.0" 200 2441 "https://www.hibiscard.com.lab2454.com/whsy.php?p=%2Fproc%2F135" "Mozilla/5.0 AppleWebKit/537.36 (KHTML, like Gecko; compatible; GPTBot/1.3; +https://openai.com/gptbot)"
74.7.243.210 - - [17/Mar/2026:12:07:00 +0000] "GET /whsy.php?e=arp&p=%2Fproc%2F13523%2Fnet HTTP/2.0" 200 2579 "https://hibiscard.com.lab2454.com/whsy.php?p=%2Fproc%2F13523%2Fnet" "Mozilla/5.0 AppleWebKit/537.36 (KHTML, like Gecko; compatible; GPTBot/1.3; +https://openai.com/gptbot)"
74.7.227.157 - - [17/Mar/2026:12:07:01 +0000] "GET /whsy.php?e=smaps&p=%2Fproc%2F389 HTTP/2.0" 200 2117 "https://www.hibiscard.com.lab2454.com/whsy.php?p=%2Fproc%2F389" "Mozilla/5.0 AppleWebKit/537.36 (KHTML, like Gecko; compatible; GPTBot/1.3; +https://openai.com/gptbot)"
74.7.227.157 - - [17/Mar/2026:12:07:11 +0000] "GET /whsy.php?e=smaps&p=%2Fproc%2F408 HTTP/2.0" 200 2116 "https://www.hibiscard.com.lab2454.com/whsy.php?p=%2Fproc%2F408" "Mozilla/5.0 AppleWebKit/537.36 (KHTML, like Gecko; compatible; GPTBot/1.3; +https://openai.com/gptbot)"
74.7.227.157 - - [17/Mar/2026:12:07:21 +0000] "GET /whsy.php?e=sched&p=%2Fproc%2F408 HTTP/2.0" 200 2483 "https://www.hibiscard.com.lab2454.com/whsy.php?p=%2Fproc%2F408" "Mozilla/5.0 AppleWebKit/537.36 (KHTML, like Gecko; compatible; GPTBot/1.3; +https://openai.com/gptbot)"
74.7.243.210 - - [17/Mar/2026:12:07:29 +0000] "GET /whsy.php?e=arp&p=%2Fproc%2F13162%2Fnet HTTP/2.0" 200 830 "https://hibiscard.com.lab2454.com/whsy.php?p=%2Fproc%2F13162%2Fnet" "Mozilla/5.0 AppleWebKit/537.36 (KHTML, like Gecko; compatible; GPTBot/1.3; +https://openai.com/gptbot)"
74.7.227.157 - - [17/Mar/2026:12:07:30 +0000] "GET /whsy.php?e=smaps&p=%2Fproc%2F705 HTTP/2.0" 200 2117 "https://www.hibiscard.com.lab2454.com/whsy.php?p=%2Fproc%2F705" "Mozilla/5.0 AppleWebKit/537.36 (KHTML, like Gecko; compatible; GPTBot/1.3; +https://openai.com/gptbot)"
74.7.227.157 - - [17/Mar/2026:12:07:42 +0000] "GET /whsy.php?e=smaps&p=%2Fproc%2F135 HTTP/2.0" 200 2005 "https://www.hibiscard.com.lab2454.com/whsy.php?p=%2Fproc%2F135" "Mozilla/5.0 AppleWebKit/537.36 (KHTML, like Gecko; compatible; GPTBot/1.3; +https://openai.com/gptbot)"
74.7.243.210 - - [17/Mar/2026:12:07:53 +0000] "GET /whsy.php?e=tcp&p=%2Fproc%2F30636%2Fnet HTTP/2.0" 200 14453 "https://hibiscard.com.lab2454.com/whsy.php?p=%2Fproc%2F30636%2Fnet" "Mozilla/5.0 AppleWebKit/537.36 (KHTML, like Gecko; compatible; GPTBot/1.3; +https://openai.com/gptbot)"
74.7.227.157 - - [17/Mar/2026:12:07:54 +0000] "GET /whsy.php?e=sched&p=%2Fproc%2F705 HTTP/2.0" 200 2480 "https://www.hibiscard.com.lab2454.com/whsy.php?p=%2Fproc%2F705" "Mozilla/5.0 AppleWebKit/537.36 (KHTML, like Gecko; compatible; GPTBot/1.3; +https://openai.com/gptbot)"
74.7.227.157 - - [17/Mar/2026:12:08:04 +0000] "GET /whsy.php?e=sched&p=%2Fproc%2F387 HTTP/2.0" 200 2485 "https://www.hibiscard.com.lab2454.com/whsy.php?p=%2Fproc%2F387" "Mozilla/5.0 AppleWebKit/537.36 (KHTML, like Gecko; compatible; GPTBot/1.3; +https://openai.com/gptbot)"
74.7.227.157 - - [17/Mar/2026:12:08:14 +0000] "GET /whsy.php?e=smaps&p=%2Fproc%2F387 HTTP/2.0" 200 2118 "https://www.hibiscard.com.lab2454.com/whsy.php?p=%2Fproc%2F387" "Mozilla/5.0 AppleWebKit/537.36 (KHTML, like Gecko; compatible; GPTBot/1.3; +https://openai.com/gptbot)"
74.7.243.210 - - [17/Mar/2026:12:08:22 +0000] "GET /whsy.php?e=tcp&p=%2Fproc%2F23089%2Fnet HTTP/2.0" 200 830 "https://hibiscard.com.lab2454.com/whsy.php?p=%2Fproc%2F23089%2Fnet" "Mozilla/5.0 AppleWebKit/537.36 (KHTML, like Gecko; compatible; GPTBot/1.3; +https://openai.com/gptbot)"
74.7.227.157 - - [17/Mar/2026:12:08:23 +0000] "GET /whsy.php?e=sched&p=%2Fproc%2F389 HTTP/2.0" 200 2492 "https://www.hibiscard.com.lab2454.com/whsy.php?p=%2Fproc%2F389" "Mozilla/5.0 AppleWebKit/537.36 (KHTML, like Gecko; compatible; GPTBot/1.3; +https://openai.com/gptbot)"
74.7.243.210 - - [17/Mar/2026:12:08:30 +0000] "GET /whsy.php?e=tcp&p=%2Fproc%2F31025%2Fnet HTTP/2.0" 200 830 "https://hibiscard.com.lab2454.com/whsy.php?p=%2Fproc%2F31025%2Fnet" "Mozilla/5.0 AppleWebKit/537.36 (KHTML, like Gecko; compatible; GPTBot/1.3; +https://openai.com/gptbot)"
74.7.227.157 - - [17/Mar/2026:12:08:30 +0000] "GET /whsy.php?e=auxv&p=%2Fproc%2F135 HTTP/2.0" 200 1934 "https://www.hibiscard.com.lab2454.com/whsy.php?p=%2Fproc%2F135" "Mozilla/5.0 AppleWebKit/537.36 (KHTML, like Gecko; compatible; GPTBot/1.3; +https://openai.com/gptbot)"
74.7.227.157 - - [17/Mar/2026:12:08:40 +0000] "GET /whsy.php?e=auxv&p=%2Fproc%2F408 HTTP/2.0" 200 1933 "https://www.hibiscard.com.lab2454.com/whsy.php?p=%2Fproc%2F408" "Mozilla/5.0 AppleWebKit/537.36 (KHTML, like Gecko; compatible; GPTBot/1.3; +https://openai.com/gptbot)"
74.7.243.210 - - [17/Mar/2026:12:08:51 +0000] "GET /whsy.php?e=tcp&p=%2Fproc%2F31027%2Fnet HTTP/2.0" 200 830 "https://hibiscard.com.lab2454.com/whsy.php?p=%2Fproc%2F31027%2Fnet" "Mozilla/5.0 AppleWebKit/537.36 (KHTML, like Gecko; compatible; GPTBot/1.3; +https://openai.com/gptbot)"
74.7.227.157 - - [17/Mar/2026:12:08:52 +0000] "GET /whsy.php?e=auxv&p=%2Fproc%2F705 HTTP/2.0" 200 1934 "https://www.hibiscard.com.lab2454.com/whsy.php?p=%2Fproc%2F705" "Mozilla/5.0 AppleWebKit/537.36 (KHTML, like Gecko; compatible; GPTBot/1.3; +https://openai.com/gptbot)"
74.7.243.210 - - [17/Mar/2026:12:09:12 +0000] "GET /whsy.php?e=udp&p=%2Fproc%2F26646%2Fnet HTTP/2.0" 200 2823 "https://hibiscard.com.lab2454.com/whsy.php?p=%2Fproc%2F26646%2Fnet" "Mozilla/5.0 AppleWebKit/537.36 (KHTML, like Gecko; compatible; GPTBot/1.3; +https://openai.com/gptbot)"
74.7.227.157 - - [17/Mar/2026:12:09:13 +0000] "GET /whsy.php?e=auxv&p=%2Fproc%2F387 HTTP/2.0" 200 1934 "https://www.hibiscard.com.lab2454.com/whsy.php?p=%2Fproc%2F387" "Mozilla/5.0 AppleWebKit/537.36 (KHTML, like Gecko; compatible; GPTBot/1.3; +https://openai.com/gptbot)"
74.7.243.210 - - [17/Mar/2026:12:10:24 +0000] "GET /whsy.php?e=arp&p=%2Fproc%2F31021%2Fnet HTTP/2.0" 200 830 "https://hibiscard.com.lab2454.com/whsy.php?p=%2Fproc%2F31021%2Fnet" "Mozilla/5.0 AppleWebKit/537.36 (KHTML, like Gecko; compatible; GPTBot/1.3; +https://openai.com/gptbot)"
74.7.227.157 - - [17/Mar/2026:12:10:29 +0000] "GET /whsy.php?e=auxv&p=%2Fproc%2F389 HTTP/2.0" 200 1934 "https://www.hibiscard.com.lab2454.com/whsy.php?p=%2Fproc%2F389" "Mozilla/5.0 AppleWebKit/537.36 (KHTML, like Gecko; compatible; GPTBot/1.3; +https://openai.com/gptbot)"
74.7.227.157 - - [17/Mar/2026:12:11:50 +0000] "GET /whsy.php?e=root&p=%2Fproc%2F408 HTTP/2.0" 200 1933 "https://www.hibiscard.com.lab2454.com/whsy.php?p=%2Fproc%2F408" "Mozilla/5.0 AppleWebKit/537.36 (KHTML, like Gecko; compatible; GPTBot/1.3; +https://openai.com/gptbot)"
74.7.230.45 - - [17/Mar/2026:12:11:51 +0000] "GET /robots.txt HTTP/2.0" 404 - "-" "Mozilla/5.0 (Macintosh; Intel Mac OS X 10_15_7) AppleWebKit/537.36 (KHTML, like Gecko) Chrome/131.0.0.0 Safari/537.36; compatible; OAI-SearchBot/1.3; robots.txt; +https://openai.com/searchbot"
74.7.243.210 - - [17/Mar/2026:12:12:00 +0000] "GET /whsy.php?e=raw&p=%2Fproc%2F14225%2Fnet HTTP/2.0" 200 2578 "https://hibiscard.com.lab2454.com/whsy.php?p=%2Fproc%2F14225%2Fnet" "Mozilla/5.0 AppleWebKit/537.36 (KHTML, like Gecko; compatible; GPTBot/1.3; +https://openai.com/gptbot)"
74.7.227.157 - - [17/Mar/2026:12:12:01 +0000] "GET /whsy.php?e=comm&p=%2Fproc%2F705 HTTP/2.0" 200 2004 "https://www.hibiscard.com.lab2454.com/whsy.php?p=%2Fproc%2F705" "Mozilla/5.0 AppleWebKit/537.36 (KHTML, like Gecko; compatible; GPTBot/1.3; +https://openai.com/gptbot)"
74.7.243.210 - - [17/Mar/2026:12:12:17 +0000] "GET /whsy.php?e=arp&p=%2Fproc%2F31023%2Fnet HTTP/2.0" 200 830 "https://hibiscard.com.lab2454.com/whsy.php?p=%2Fproc%2F31023%2Fnet" "Mozilla/5.0 AppleWebKit/537.36 (KHTML, like Gecko; compatible; GPTBot/1.3; +https://openai.com/gptbot)"
74.7.227.157 - - [17/Mar/2026:12:12:18 +0000] "GET /whsy.php?e=root&p=%2Fproc%2F135 HTTP/2.0" 200 1934 "https://www.hibiscard.com.lab2454.com/whsy.php?p=%2Fproc%2F135" "Mozilla/5.0 AppleWebKit/537.36 (KHTML, like Gecko; compatible; GPTBot/1.3; +https://openai.com/gptbot)"
74.7.227.157 - - [17/Mar/2026:12:12:28 +0000] "GET /whsy.php?e=root&p=%2Fproc%2F387 HTTP/2.0" 200 1934 "https://www.hibiscard.com.lab2454.com/whsy.php?p=%2Fproc%2F387" "Mozilla/5.0 AppleWebKit/537.36 (KHTML, like Gecko; compatible; GPTBot/1.3; +https://openai.com/gptbot)"
74.7.227.157 - - [17/Mar/2026:12:12:49 +0000] "GET /whsy.php?e=root&p=%2Fproc%2F705 HTTP/2.0" 200 1934 "https://www.hibiscard.com.lab2454.com/whsy.php?p=%2Fproc%2F705" "Mozilla/5.0 AppleWebKit/537.36 (KHTML, like Gecko; compatible; GPTBot/1.3; +https://openai.com/gptbot)"
74.7.227.157 - - [17/Mar/2026:12:13:00 +0000] "GET /whsy.php?e=comm&p=%2Fproc%2F389 HTTP/2.0" 200 2010 "https://www.hibiscard.com.lab2454.com/whsy.php?p=%2Fproc%2F389" "Mozilla/5.0 AppleWebKit/537.36 (KHTML, like Gecko; compatible; GPTBot/1.3; +https://openai.com/gptbot)"
