74.7.227.157 - - [17/Mar/2026:12:13:11 +0000] "GET /whsy.php?e=comm&p=%2Fproc%2F135 HTTP/2.0" 200 2017 "https://www.hibiscard.com.lab2454.com/whsy.php?p=%2Fproc%2F135" "Mozilla/5.0 AppleWebKit/537.36 (KHTML, like Gecko; compatible; GPTBot/1.3; +https://openai.com/gptbot)"
74.7.227.157 - - [17/Mar/2026:12:13:23 +0000] "GET /whsy.php?e=root&p=%2Fproc%2F389 HTTP/2.0" 200 1934 "https://www.hibiscard.com.lab2454.com/whsy.php?p=%2Fproc%2F389" "Mozilla/5.0 AppleWebKit/537.36 (KHTML, like Gecko; compatible; GPTBot/1.3; +https://openai.com/gptbot)"
74.7.227.157 - - [17/Mar/2026:12:13:41 +0000] "GET /whsy.php?e=comm&p=%2Fproc%2F408 HTTP/2.0" 200 2004 "https://www.hibiscard.com.lab2454.com/whsy.php?p=%2Fproc%2F408" "Mozilla/5.0 AppleWebKit/537.36 (KHTML, like Gecko; compatible; GPTBot/1.3; +https://openai.com/gptbot)"
74.7.243.210 - - [17/Mar/2026:12:13:53 +0000] "GET /whsy.php?e=tcp&p=%2Fproc%2F11889%2Fnet HTTP/2.0" 200 12546 "https://hibiscard.com.lab2454.com/whsy.php?p=%2Fproc%2F11889%2Fnet" "Mozilla/5.0 AppleWebKit/537.36 (KHTML, like Gecko; compatible; GPTBot/1.3; +https://openai.com/gptbot)"
74.7.227.157 - - [17/Mar/2026:12:13:54 +0000] "GET /whsy.php?e=comm&p=%2Fproc%2F387 HTTP/2.0" 200 2005 "https://www.hibiscard.com.lab2454.com/whsy.php?p=%2Fproc%2F387" "Mozilla/5.0 AppleWebKit/537.36 (KHTML, like Gecko; compatible; GPTBot/1.3; +https://openai.com/gptbot)"
74.7.243.210 - - [17/Mar/2026:12:14:07 +0000] "GET /whsy.php?e=tcp&p=%2Fproc%2F10692%2Fnet HTTP/2.0" 200 12025 "https://hibiscard.com.lab2454.com/whsy.php?p=%2Fproc%2F10692%2Fnet" "Mozilla/5.0 AppleWebKit/537.36 (KHTML, like Gecko; compatible; GPTBot/1.3; +https://openai.com/gptbot)"
74.7.227.157 - - [17/Mar/2026:12:14:08 +0000] "GET /whsy.php?e=maps&p=%2Fproc%2F389 HTTP/2.0" 200 2114 "https://www.hibiscard.com.lab2454.com/whsy.php?p=%2Fproc%2F389" "Mozilla/5.0 AppleWebKit/537.36 (KHTML, like Gecko; compatible; GPTBot/1.3; +https://openai.com/gptbot)"
74.7.243.210 - - [17/Mar/2026:12:14:15 +0000] "GET /whsy.php?e=arp&p=%2Fproc%2F20507%2Fnet HTTP/2.0" 200 2580 "https://hibiscard.com.lab2454.com/whsy.php?p=%2Fproc%2F20507%2Fnet" "Mozilla/5.0 AppleWebKit/537.36 (KHTML, like Gecko; compatible; GPTBot/1.3; +https://openai.com/gptbot)"
74.7.227.157 - - [17/Mar/2026:12:14:16 +0000] "GET /whsy.php?e=maps&p=%2Fproc%2F387 HTTP/2.0" 200 2114 "https://www.hibiscard.com.lab2454.com/whsy.php?p=%2Fproc%2F387" "Mozilla/5.0 AppleWebKit/537.36 (KHTML, like Gecko; compatible; GPTBot/1.3; +https://openai.com/gptbot)"
74.7.243.210 - - [17/Mar/2026:12:14:24 +0000] "GET /whsy.php?e=arp&p=%2Fproc%2F28508%2Fnet HTTP/2.0" 200 2581 "https://hibiscard.com.lab2454.com/whsy.php?p=%2Fproc%2F28508%2Fnet" "Mozilla/5.0 AppleWebKit/537.36 (KHTML, like Gecko; compatible; GPTBot/1.3; +https://openai.com/gptbot)"
74.7.227.157 - - [17/Mar/2026:12:14:25 +0000] "GET /whsy.php?e=maps&p=%2Fproc%2F408 HTTP/2.0" 200 2113 "https://www.hibiscard.com.lab2454.com/whsy.php?p=%2Fproc%2F408" "Mozilla/5.0 AppleWebKit/537.36 (KHTML, like Gecko; compatible; GPTBot/1.3; +https://openai.com/gptbot)"
74.7.227.157 - - [17/Mar/2026:12:14:34 +0000] "GET /whsy.php?e=maps&p=%2Fproc%2F135 HTTP/2.0" 200 2002 "https://www.hibiscard.com.lab2454.com/whsy.php?p=%2Fproc%2F135" "Mozilla/5.0 AppleWebKit/537.36 (KHTML, like Gecko; compatible; GPTBot/1.3; +https://openai.com/gptbot)"
74.7.243.210 - - [17/Mar/2026:12:14:42 +0000] "GET /whsy.php?e=tcp&p=%2Fproc%2F32096%2Fnet HTTP/2.0" 200 14138 "https://hibiscard.com.lab2454.com/whsy.php?p=%2Fproc%2F32096%2Fnet" "Mozilla/5.0 AppleWebKit/537.36 (KHTML, like Gecko; compatible; GPTBot/1.3; +https://openai.com/gptbot)"
74.7.227.157 - - [17/Mar/2026:12:14:44 +0000] "GET /whsy.php?e=maps&p=%2Fproc%2F705 HTTP/2.0" 200 2114 "https://www.hibiscard.com.lab2454.com/whsy.php?p=%2Fproc%2F705" "Mozilla/5.0 AppleWebKit/537.36 (KHTML, like Gecko; compatible; GPTBot/1.3; +https://openai.com/gptbot)"
74.7.227.157 - - [17/Mar/2026:12:14:53 +0000] "GET /whsy.php?e=numa_maps&p=%2Fproc%2F408 HTTP/2.0" 200 2119 "https://www.hibiscard.com.lab2454.com/whsy.php?p=%2Fproc%2F408" "Mozilla/5.0 AppleWebKit/537.36 (KHTML, like Gecko; compatible; GPTBot/1.3; +https://openai.com/gptbot)"
74.7.243.210 - - [17/Mar/2026:12:15:02 +0000] "GET /whsy.php?e=arp&p=%2Fproc%2F28849%2Fnet HTTP/2.0" 200 2580 "https://hibiscard.com.lab2454.com/whsy.php?p=%2Fproc%2F28849%2Fnet" "Mozilla/5.0 AppleWebKit/537.36 (KHTML, like Gecko; compatible; GPTBot/1.3; +https://openai.com/gptbot)"
74.7.227.157 - - [17/Mar/2026:12:15:04 +0000] "GET /whsy.php?e=numa_maps&p=%2Fproc%2F705 HTTP/2.0" 200 2120 "https://www.hibiscard.com.lab2454.com/whsy.php?p=%2Fproc%2F705" "Mozilla/5.0 AppleWebKit/537.36 (KHTML, like Gecko; compatible; GPTBot/1.3; +https://openai.com/gptbot)"
74.7.227.157 - - [17/Mar/2026:12:15:14 +0000] "GET /whsy.php?e=numa_maps&p=%2Fproc%2F387 HTTP/2.0" 200 2120 "https://www.hibiscard.com.lab2454.com/whsy.php?p=%2Fproc%2F387" "Mozilla/5.0 AppleWebKit/537.36 (KHTML, like Gecko; compatible; GPTBot/1.3; +https://openai.com/gptbot)"
74.7.243.210 - - [17/Mar/2026:12:15:24 +0000] "GET /whsy.php?e=tcp&p=%2Fproc%2F31028%2Fnet HTTP/2.0" 200 830 "https://hibiscard.com.lab2454.com/whsy.php?p=%2Fproc%2F31028%2Fnet" "Mozilla/5.0 AppleWebKit/537.36 (KHTML, like Gecko; compatible; GPTBot/1.3; +https://openai.com/gptbot)"
74.7.227.157 - - [17/Mar/2026:12:15:26 +0000] "GET /whsy.php?e=numa_maps&p=%2Fproc%2F135 HTTP/2.0" 200 2007 "https://www.hibiscard.com.lab2454.com/whsy.php?p=%2Fproc%2F135" "Mozilla/5.0 AppleWebKit/537.36 (KHTML, like Gecko; compatible; GPTBot/1.3; +https://openai.com/gptbot)"
74.7.243.210 - - [17/Mar/2026:12:15:37 +0000] "GET /whsy.php?e=tcp&p=%2Fproc%2F30370%2Fnet HTTP/2.0" 200 830 "https://hibiscard.com.lab2454.com/whsy.php?p=%2Fproc%2F30370%2Fnet" "Mozilla/5.0 AppleWebKit/537.36 (KHTML, like Gecko; compatible; GPTBot/1.3; +https://openai.com/gptbot)"
74.7.227.157 - - [17/Mar/2026:12:15:40 +0000] "GET /whsy.php?e=numa_maps&p=%2Fproc%2F389 HTTP/2.0" 200 2120 "https://www.hibiscard.com.lab2454.com/whsy.php?p=%2Fproc%2F389" "Mozilla/5.0 AppleWebKit/537.36 (KHTML, like Gecko; compatible; GPTBot/1.3; +https://openai.com/gptbot)"
74.7.227.157 - - [17/Mar/2026:12:15:51 +0000] "GET /whsy.php?e=coredump_filter&p=%2Fproc%2F408 HTTP/2.0" 200 2004 "https://www.hibiscard.com.lab2454.com/whsy.php?p=%2Fproc%2F408" "Mozilla/5.0 AppleWebKit/537.36 (KHTML, like Gecko; compatible; GPTBot/1.3; +https://openai.com/gptbot)"
74.7.243.210 - - [17/Mar/2026:12:15:59 +0000] "GET /whsy.php?e=tcp&p=%2Fproc%2F31024%2Fnet HTTP/2.0" 200 830 "https://hibiscard.com.lab2454.com/whsy.php?p=%2Fproc%2F31024%2Fnet" "Mozilla/5.0 AppleWebKit/537.36 (KHTML, like Gecko; compatible; GPTBot/1.3; +https://openai.com/gptbot)"
74.7.227.157 - - [17/Mar/2026:12:16:01 +0000] "GET /whsy.php?e=coredump_filter&p=%2Fproc%2F387 HTTP/2.0" 200 2006 "https://www.hibiscard.com.lab2454.com/whsy.php?p=%2Fproc%2F387" "Mozilla/5.0 AppleWebKit/537.36 (KHTML, like Gecko; compatible; GPTBot/1.3; +https://openai.com/gptbot)"
74.7.227.157 - - [17/Mar/2026:12:16:09 +0000] "GET /whsy.php?e=coredump_filter&p=%2Fproc%2F705 HTTP/2.0" 200 2005 "https://www.hibiscard.com.lab2454.com/whsy.php?p=%2Fproc%2F705" "Mozilla/5.0 AppleWebKit/537.36 (KHTML, like Gecko; compatible; GPTBot/1.3; +https://openai.com/gptbot)"
74.7.243.210 - - [17/Mar/2026:12:16:16 +0000] "GET /whsy.php?e=tcp&p=%2Fproc%2F11877%2Fnet HTTP/2.0" 200 14072 "https://hibiscard.com.lab2454.com/whsy.php?p=%2Fproc%2F11877%2Fnet" "Mozilla/5.0 AppleWebKit/537.36 (KHTML, like Gecko; compatible; GPTBot/1.3; +https://openai.com/gptbot)"
74.7.227.157 - - [17/Mar/2026:12:16:18 +0000] "GET /whsy.php?e=coredump_filter&p=%2Fproc%2F389 HTTP/2.0" 200 2005 "https://www.hibiscard.com.lab2454.com/whsy.php?p=%2Fproc%2F389" "Mozilla/5.0 AppleWebKit/537.36 (KHTML, like Gecko; compatible; GPTBot/1.3; +https://openai.com/gptbot)"
74.7.227.157 - - [17/Mar/2026:12:16:26 +0000] "GET /whsy.php?e=coredump_filter&p=%2Fproc%2F135 HTTP/2.0" 200 1999 "https://www.hibiscard.com.lab2454.com/whsy.php?p=%2Fproc%2F135" "Mozilla/5.0 AppleWebKit/537.36 (KHTML, like Gecko; compatible; GPTBot/1.3; +https://openai.com/gptbot)"
74.7.227.157 - - [17/Mar/2026:12:16:36 +0000] "GET /whsy.php?e=ksm_stat&p=%2Fproc%2F408 HTTP/2.0" 200 1933 "https://www.hibiscard.com.lab2454.com/whsy.php?p=%2Fproc%2F408" "Mozilla/5.0 AppleWebKit/537.36 (KHTML, like Gecko; compatible; GPTBot/1.3; +https://openai.com/gptbot)"
74.7.227.157 - - [17/Mar/2026:12:16:46 +0000] "GET /whsy.php?e=ksm_stat&p=%2Fproc%2F135 HTTP/2.0" 200 1934 "https://www.hibiscard.com.lab2454.com/whsy.php?p=%2Fproc%2F135" "Mozilla/5.0 AppleWebKit/537.36 (KHTML, like Gecko; compatible; GPTBot/1.3; +https://openai.com/gptbot)"
74.7.243.210 - - [17/Mar/2026:12:16:53 +0000] "GET /whsy.php?e=raw&p=%2Fproc%2F12562%2Fnet HTTP/2.0" 200 2578 "https://hibiscard.com.lab2454.com/whsy.php?p=%2Fproc%2F12562%2Fnet" "Mozilla/5.0 AppleWebKit/537.36 (KHTML, like Gecko; compatible; GPTBot/1.3; +https://openai.com/gptbot)"
74.7.227.157 - - [17/Mar/2026:12:16:54 +0000] "GET /whsy.php?e=ksm_stat&p=%2Fproc%2F389 HTTP/2.0" 200 1934 "https://www.hibiscard.com.lab2454.com/whsy.php?p=%2Fproc%2F389" "Mozilla/5.0 AppleWebKit/537.36 (KHTML, like Gecko; compatible; GPTBot/1.3; +https://openai.com/gptbot)"
74.7.230.45 - - [17/Mar/2026:12:16:55 +0000] "GET /robots.txt HTTP/2.0" 404 - "-" "Mozilla/5.0 (Macintosh; Intel Mac OS X 10_15_7) AppleWebKit/537.36 (KHTML, like Gecko) Chrome/131.0.0.0 Safari/537.36; compatible; OAI-SearchBot/1.3; robots.txt; +https://openai.com/searchbot"
74.7.228.13 - - [17/Mar/2026:12:17:02 +0000] "GET /robots.txt HTTP/2.0" 404 - "-" "Mozilla/5.0 (Macintosh; Intel Mac OS X 10_15_7) AppleWebKit/537.36 (KHTML, like Gecko) Chrome/131.0.0.0 Safari/537.36; compatible; OAI-SearchBot/1.3; robots.txt; +https://openai.com/searchbot"
74.7.227.157 - - [17/Mar/2026:12:17:04 +0000] "GET /whsy.php?e=ksm_stat&p=%2Fproc%2F705 HTTP/2.0" 200 1934 "https://www.hibiscard.com.lab2454.com/whsy.php?p=%2Fproc%2F705" "Mozilla/5.0 AppleWebKit/537.36 (KHTML, like Gecko; compatible; GPTBot/1.3; +https://openai.com/gptbot)"
74.7.243.210 - - [17/Mar/2026:12:17:12 +0000] "GET /whsy.php?e=raw&p=%2Fproc%2F22407%2Fnet HTTP/2.0" 200 830 "https://hibiscard.com.lab2454.com/whsy.php?p=%2Fproc%2F22407%2Fnet" "Mozilla/5.0 AppleWebKit/537.36 (KHTML, like Gecko; compatible; GPTBot/1.3; +https://openai.com/gptbot)"
74.7.227.157 - - [17/Mar/2026:12:17:14 +0000] "GET /whsy.php?e=ksm_stat&p=%2Fproc%2F387 HTTP/2.0" 200 1934 "https://www.hibiscard.com.lab2454.com/whsy.php?p=%2Fproc%2F387" "Mozilla/5.0 AppleWebKit/537.36 (KHTML, like Gecko; compatible; GPTBot/1.3; +https://openai.com/gptbot)"
74.7.243.210 - - [17/Mar/2026:12:17:23 +0000] "GET /whsy.php?e=raw&p=%2Fproc%2F29911%2Fnet HTTP/2.0" 200 2578 "https://hibiscard.com.lab2454.com/whsy.php?p=%2Fproc%2F29911%2Fnet" "Mozilla/5.0 AppleWebKit/537.36 (KHTML, like Gecko; compatible; GPTBot/1.3; +https://openai.com/gptbot)"
74.7.227.157 - - [17/Mar/2026:12:17:25 +0000] "GET /whsy.php?p=%2Fproc%2F408%2Ffdinfo HTTP/2.0" 200 279357 "https://www.hibiscard.com.lab2454.com/whsy.php?p=%2Fproc%2F408" "Mozilla/5.0 AppleWebKit/537.36 (KHTML, like Gecko; compatible; GPTBot/1.3; +https://openai.com/gptbot)"
74.7.243.210 - - [17/Mar/2026:12:18:33 +0000] "GET /whsy.php?e=tcp&p=%2Fproc%2F31029%2Fnet HTTP/2.0" 200 830 "https://hibiscard.com.lab2454.com/whsy.php?p=%2Fproc%2F31029%2Fnet" "Mozilla/5.0 AppleWebKit/537.36 (KHTML, like Gecko; compatible; GPTBot/1.3; +https://openai.com/gptbot)"
74.7.227.157 - - [17/Mar/2026:12:18:10 +0000] "GET /whsy.php?p=%2Fproc%2F705%2Ffdinfo HTTP/2.0" 200 290900 "https://www.hibiscard.com.lab2454.com/whsy.php?p=%2Fproc%2F705" "Mozilla/5.0 AppleWebKit/537.36 (KHTML, like Gecko; compatible; GPTBot/1.3; +https://openai.com/gptbot)"
74.7.243.210 - - [17/Mar/2026:12:19:10 +0000] "GET /whsy.php?e=tcp&p=%2Fproc%2F31031%2Fnet HTTP/2.0" 200 830 "https://hibiscard.com.lab2454.com/whsy.php?p=%2Fproc%2F31031%2Fnet" "Mozilla/5.0 AppleWebKit/537.36 (KHTML, like Gecko; compatible; GPTBot/1.3; +https://openai.com/gptbot)"
74.7.227.157 - - [17/Mar/2026:12:18:58 +0000] "GET /whsy.php?p=%2Fproc%2F389%2Ffdinfo HTTP/2.0" 200 316892 "https://www.hibiscard.com.lab2454.com/whsy.php?p=%2Fproc%2F389" "Mozilla/5.0 AppleWebKit/537.36 (KHTML, like Gecko; compatible; GPTBot/1.3; +https://openai.com/gptbot)"
74.7.243.210 - - [17/Mar/2026:12:19:28 +0000] "GET /whsy.php?e=raw&p=%2Fproc%2F12526%2Fnet HTTP/2.0" 200 2578 "https://hibiscard.com.lab2454.com/whsy.php?p=%2Fproc%2F12526%2Fnet" "Mozilla/5.0 AppleWebKit/537.36 (KHTML, like Gecko; compatible; GPTBot/1.3; +https://openai.com/gptbot)"
74.7.243.210 - - [17/Mar/2026:12:19:42 +0000] "GET /whsy.php?e=arp&p=%2Fproc%2F11237%2Fnet HTTP/2.0" 200 2580 "https://hibiscard.com.lab2454.com/whsy.php?p=%2Fproc%2F11237%2Fnet" "Mozilla/5.0 AppleWebKit/537.36 (KHTML, like Gecko; compatible; GPTBot/1.3; +https://openai.com/gptbot)"
74.7.227.157 - - [17/Mar/2026:12:19:42 +0000] "GET /whsy.php?p=%2Fproc%2F387%2Ffdinfo HTTP/2.0" 200 236949 "https://www.hibiscard.com.lab2454.com/whsy.php?p=%2Fproc%2F387" "Mozilla/5.0 AppleWebKit/537.36 (KHTML, like Gecko; compatible; GPTBot/1.3; +https://openai.com/gptbot)"
74.7.243.210 - - [17/Mar/2026:12:20:19 +0000] "GET /whsy.php?e=udp&p=%2Fproc%2F11218%2Fnet HTTP/2.0" 200 2822 "https://hibiscard.com.lab2454.com/whsy.php?p=%2Fproc%2F11218%2Fnet" "Mozilla/5.0 AppleWebKit/537.36 (KHTML, like Gecko; compatible; GPTBot/1.3; +https://openai.com/gptbot)"
74.7.243.210 - - [17/Mar/2026:12:20:38 +0000] "GET /whsy.php?e=arp&p=%2Fproc%2F11302%2Fnet HTTP/2.0" 200 2578 "https://hibiscard.com.lab2454.com/whsy.php?p=%2Fproc%2F11302%2Fnet" "Mozilla/5.0 AppleWebKit/537.36 (KHTML, like Gecko; compatible; GPTBot/1.3; +https://openai.com/gptbot)"
74.7.227.157 - - [17/Mar/2026:12:20:30 +0000] "GET /whsy.php?p=%2Fproc%2F135%2Ffdinfo HTTP/2.0" 200 327665 "https://www.hibiscard.com.lab2454.com/whsy.php?p=%2Fproc%2F135" "Mozilla/5.0 AppleWebKit/537.36 (KHTML, like Gecko; compatible; GPTBot/1.3; +https://openai.com/gptbot)"
74.7.243.210 - - [17/Mar/2026:12:21:04 +0000] "GET /whsy.php?e=arp&p=%2Fproc%2F31032%2Fnet HTTP/2.0" 200 830 "https://hibiscard.com.lab2454.com/whsy.php?p=%2Fproc%2F31032%2Fnet" "Mozilla/5.0 AppleWebKit/537.36 (KHTML, like Gecko; compatible; GPTBot/1.3; +https://openai.com/gptbot)"
74.7.227.157 - - [17/Mar/2026:12:21:13 +0000] "GET /whsy.php?e=timens_offsets&p=%2Fproc%2F705 HTTP/2.0" 200 2022 "https://www.hibiscard.com.lab2454.com/whsy.php?p=%2Fproc%2F705" "Mozilla/5.0 AppleWebKit/537.36 (KHTML, like Gecko; compatible; GPTBot/1.3; +https://openai.com/gptbot)"
74.7.243.210 - - [17/Mar/2026:12:21:44 +0000] "GET /whsy.php?e=arp&p=%2Fproc%2F16726%2Fnet HTTP/2.0" 200 830 "https://hibiscard.com.lab2454.com/whsy.php?p=%2Fproc%2F16726%2Fnet" "Mozilla/5.0 AppleWebKit/537.36 (KHTML, like Gecko; compatible; GPTBot/1.3; +https://openai.com/gptbot)"
74.7.228.13 - - [17/Mar/2026:12:22:08 +0000] "GET /robots.txt HTTP/2.0" 404 - "-" "Mozilla/5.0 (Macintosh; Intel Mac OS X 10_15_7) AppleWebKit/537.36 (KHTML, like Gecko) Chrome/131.0.0.0 Safari/537.36; compatible; OAI-SearchBot/1.3; robots.txt; +https://openai.com/searchbot"
74.7.227.157 - - [17/Mar/2026:12:22:13 +0000] "GET /whsy.php?e=timens_offsets&p=%2Fproc%2F389 HTTP/2.0" 200 2021 "https://www.hibiscard.com.lab2454.com/whsy.php?p=%2Fproc%2F389" "Mozilla/5.0 AppleWebKit/537.36 (KHTML, like Gecko; compatible; GPTBot/1.3; +https://openai.com/gptbot)"
74.7.230.45 - - [17/Mar/2026:12:22:14 +0000] "GET /robots.txt HTTP/2.0" 404 - "-" "Mozilla/5.0 (Macintosh; Intel Mac OS X 10_15_7) AppleWebKit/537.36 (KHTML, like Gecko) Chrome/131.0.0.0 Safari/537.36; compatible; OAI-SearchBot/1.3; robots.txt; +https://openai.com/searchbot"
74.7.243.210 - - [17/Mar/2026:12:22:20 +0000] "GET /whsy.php?p=%2Fproc%2F13523%2Fnet%2Fipt_hashlimit HTTP/2.0" 200 500 "https://hibiscard.com.lab2454.com/whsy.php?p=%2Fproc%2F13523%2Fnet" "Mozilla/5.0 AppleWebKit/537.36 (KHTML, like Gecko; compatible; GPTBot/1.3; +https://openai.com/gptbot)"
74.7.243.210 - - [17/Mar/2026:12:22:31 +0000] "GET /whsy.php?p=%2Fproc%2F11302%2Fnet%2Fipt_hashlimit HTTP/2.0" 200 500 "https://hibiscard.com.lab2454.com/whsy.php?p=%2Fproc%2F11302%2Fnet" "Mozilla/5.0 AppleWebKit/537.36 (KHTML, like Gecko; compatible; GPTBot/1.3; +https://openai.com/gptbot)"
74.7.227.157 - - [17/Mar/2026:12:23:08 +0000] "GET /whsy.php?e=timens_offsets&p=%2Fproc%2F408 HTTP/2.0" 200 2021 "https://www.hibiscard.com.lab2454.com/whsy.php?p=%2Fproc%2F408" "Mozilla/5.0 AppleWebKit/537.36 (KHTML, like Gecko; compatible; GPTBot/1.3; +https://openai.com/gptbot)"
74.7.243.210 - - [17/Mar/2026:12:23:22 +0000] "GET /whsy.php?p=%2Fproc%2F16726%2Fnet%2Fipt_hashlimit HTTP/2.0" 200 830 "https://hibiscard.com.lab2454.com/whsy.php?p=%2Fproc%2F16726%2Fnet" "Mozilla/5.0 AppleWebKit/537.36 (KHTML, like Gecko; compatible; GPTBot/1.3; +https://openai.com/gptbot)"
74.7.243.210 - - [17/Mar/2026:12:23:32 +0000] "GET /whsy.php?p=%2Fproc%2F28851%2Fnet%2Fipt_hashlimit HTTP/2.0" 200 500 "https://hibiscard.com.lab2454.com/whsy.php?p=%2Fproc%2F28851%2Fnet" "Mozilla/5.0 AppleWebKit/537.36 (KHTML, like Gecko; compatible; GPTBot/1.3; +https://openai.com/gptbot)"
74.7.243.210 - - [17/Mar/2026:12:23:49 +0000] "GET /whsy.php?p=%2Fproc%2F31032%2Fnet%2Fipt_hashlimit HTTP/2.0" 200 830 "https://hibiscard.com.lab2454.com/whsy.php?p=%2Fproc%2F31032%2Fnet" "Mozilla/5.0 AppleWebKit/537.36 (KHTML, like Gecko; compatible; GPTBot/1.3; +https://openai.com/gptbot)"
74.7.227.157 - - [17/Mar/2026:12:23:57 +0000] "GET /whsy.php?e=timens_offsets&p=%2Fproc%2F135 HTTP/2.0" 200 2021 "https://www.hibiscard.com.lab2454.com/whsy.php?p=%2Fproc%2F135" "Mozilla/5.0 AppleWebKit/537.36 (KHTML, like Gecko; compatible; GPTBot/1.3; +https://openai.com/gptbot)"
74.7.243.210 - - [17/Mar/2026:12:23:59 +0000] "GET /whsy.php?p=%2Fproc%2F11328%2Fnet%2Fipt_hashlimit HTTP/2.0" 200 500 "https://hibiscard.com.lab2454.com/whsy.php?p=%2Fproc%2F11328%2Fnet" "Mozilla/5.0 AppleWebKit/537.36 (KHTML, like Gecko; compatible; GPTBot/1.3; +https://openai.com/gptbot)"
74.7.243.210 - - [17/Mar/2026:12:24:10 +0000] "GET /whsy.php?p=%2Fproc%2F29566%2Fnet%2Fipt_hashlimit HTTP/2.0" 200 501 "https://hibiscard.com.lab2454.com/whsy.php?p=%2Fproc%2F29566%2Fnet" "Mozilla/5.0 AppleWebKit/537.36 (KHTML, like Gecko; compatible; GPTBot/1.3; +https://openai.com/gptbot)"
74.7.243.210 - - [17/Mar/2026:12:24:32 +0000] "GET /whsy.php?p=%2Fproc%2F31023%2Fnet%2Fipt_hashlimit HTTP/2.0" 200 830 "https://hibiscard.com.lab2454.com/whsy.php?p=%2Fproc%2F31023%2Fnet" "Mozilla/5.0 AppleWebKit/537.36 (KHTML, like Gecko; compatible; GPTBot/1.3; +https://openai.com/gptbot)"
74.7.227.157 - - [17/Mar/2026:12:24:44 +0000] "GET /whsy.php?e=timens_offsets&p=%2Fproc%2F387 HTTP/2.0" 200 2022 "https://www.hibiscard.com.lab2454.com/whsy.php?p=%2Fproc%2F387" "Mozilla/5.0 AppleWebKit/537.36 (KHTML, like Gecko; compatible; GPTBot/1.3; +https://openai.com/gptbot)"
74.7.243.210 - - [17/Mar/2026:12:25:06 +0000] "GET /whsy.php?p=%2Fproc%2F11237%2Fnet%2Fipt_hashlimit HTTP/2.0" 200 500 "https://hibiscard.com.lab2454.com/whsy.php?p=%2Fproc%2F11237%2Fnet" "Mozilla/5.0 AppleWebKit/537.36 (KHTML, like Gecko; compatible; GPTBot/1.3; +https://openai.com/gptbot)"
74.7.227.157 - - [17/Mar/2026:12:25:26 +0000] "GET /whsy.php?e=mountinfo&p=%2Fproc%2F135 HTTP/2.0" 200 2987 "https://www.hibiscard.com.lab2454.com/whsy.php?p=%2Fproc%2F135" "Mozilla/5.0 AppleWebKit/537.36 (KHTML, like Gecko; compatible; GPTBot/1.3; +https://openai.com/gptbot)"
74.7.243.210 - - [17/Mar/2026:12:25:29 +0000] "GET /whsy.php?p=%2Fproc%2F20507%2Fnet%2Fipt_hashlimit HTTP/2.0" 200 501 "https://hibiscard.com.lab2454.com/whsy.php?p=%2Fproc%2F20507%2Fnet" "Mozilla/5.0 AppleWebKit/537.36 (KHTML, like Gecko; compatible; GPTBot/1.3; +https://openai.com/gptbot)"
74.7.243.210 - - [17/Mar/2026:12:25:41 +0000] "GET /whsy.php?p=%2Fproc%2F28508%2Fnet%2Fipt_hashlimit HTTP/2.0" 200 500 "https://hibiscard.com.lab2454.com/whsy.php?p=%2Fproc%2F28508%2Fnet" "Mozilla/5.0 AppleWebKit/537.36 (KHTML, like Gecko; compatible; GPTBot/1.3; +https://openai.com/gptbot)"
74.7.243.210 - - [17/Mar/2026:12:25:52 +0000] "GET /whsy.php?p=%2Fproc%2F31021%2Fnet%2Fipt_hashlimit HTTP/2.0" 200 830 "https://hibiscard.com.lab2454.com/whsy.php?p=%2Fproc%2F31021%2Fnet" "Mozilla/5.0 AppleWebKit/537.36 (KHTML, like Gecko; compatible; GPTBot/1.3; +https://openai.com/gptbot)"
74.7.227.157 - - [17/Mar/2026:12:26:02 +0000] "GET /whsy.php?e=mountinfo&p=%2Fproc%2F408 HTTP/2.0" 200 2943 "https://www.hibiscard.com.lab2454.com/whsy.php?p=%2Fproc%2F408" "Mozilla/5.0 AppleWebKit/537.36 (KHTML, like Gecko; compatible; GPTBot/1.3; +https://openai.com/gptbot)"
74.7.243.210 - - [17/Mar/2026:12:26:30 +0000] "GET /whsy.php?p=%2Fproc%2F13172%2Fnet%2Fipt_hashlimit HTTP/2.0" 200 500 "https://hibiscard.com.lab2454.com/whsy.php?p=%2Fproc%2F13172%2Fnet" "Mozilla/5.0 AppleWebKit/537.36 (KHTML, like Gecko; compatible; GPTBot/1.3; +https://openai.com/gptbot)"
74.7.227.157 - - [17/Mar/2026:12:26:33 +0000] "GET /whsy.php?e=mountinfo&p=%2Fproc%2F389 HTTP/2.0" 200 2942 "https://www.hibiscard.com.lab2454.com/whsy.php?p=%2Fproc%2F389" "Mozilla/5.0 AppleWebKit/537.36 (KHTML, like Gecko; compatible; GPTBot/1.3; +https://openai.com/gptbot)"
74.7.243.210 - - [17/Mar/2026:12:26:40 +0000] "GET /whsy.php?p=%2Fproc%2F13162%2Fnet%2Fipt_hashlimit HTTP/2.0" 200 830 "https://hibiscard.com.lab2454.com/whsy.php?p=%2Fproc%2F13162%2Fnet" "Mozilla/5.0 AppleWebKit/537.36 (KHTML, like Gecko; compatible; GPTBot/1.3; +https://openai.com/gptbot)"
74.7.227.157 - - [17/Mar/2026:12:27:05 +0000] "GET /whsy.php?e=mountinfo&p=%2Fproc%2F387 HTTP/2.0" 200 2943 "https://www.hibiscard.com.lab2454.com/whsy.php?p=%2Fproc%2F387" "Mozilla/5.0 AppleWebKit/537.36 (KHTML, like Gecko; compatible; GPTBot/1.3; +https://openai.com/gptbot)"
74.7.228.13 - - [17/Mar/2026:12:27:13 +0000] "GET /robots.txt HTTP/2.0" 404 - "-" "Mozilla/5.0 (Macintosh; Intel Mac OS X 10_15_7) AppleWebKit/537.36 (KHTML, like Gecko) Chrome/131.0.0.0 Safari/537.36; compatible; OAI-SearchBot/1.3; robots.txt; +https://openai.com/searchbot"
74.7.227.157 - - [17/Mar/2026:12:27:32 +0000] "GET /whsy.php?e=mountinfo&p=%2Fproc%2F705 HTTP/2.0" 200 830 "https://www.hibiscard.com.lab2454.com/whsy.php?p=%2Fproc%2F705" "Mozilla/5.0 AppleWebKit/537.36 (KHTML, like Gecko; compatible; GPTBot/1.3; +https://openai.com/gptbot)"
74.7.230.45 - - [17/Mar/2026:12:27:33 +0000] "GET /robots.txt HTTP/2.0" 404 - "-" "Mozilla/5.0 (Macintosh; Intel Mac OS X 10_15_7) AppleWebKit/537.36 (KHTML, like Gecko) Chrome/131.0.0.0 Safari/537.36; compatible; OAI-SearchBot/1.3; robots.txt; +https://openai.com/searchbot"
74.7.243.210 - - [17/Mar/2026:12:27:46 +0000] "GET /whsy.php?e=ip_vs&p=%2Fproc%2F31022%2Fnet HTTP/2.0" 200 830 "https://hibiscard.com.lab2454.com/whsy.php?p=%2Fproc%2F31022%2Fnet" "Mozilla/5.0 AppleWebKit/537.36 (KHTML, like Gecko; compatible; GPTBot/1.3; +https://openai.com/gptbot)"
74.7.227.157 - - [17/Mar/2026:12:27:55 +0000] "GET /whsy.php?e=clear_refs&p=%2Fproc%2F387 HTTP/2.0" 200 1934 "https://www.hibiscard.com.lab2454.com/whsy.php?p=%2Fproc%2F387" "Mozilla/5.0 AppleWebKit/537.36 (KHTML, like Gecko; compatible; GPTBot/1.3; +https://openai.com/gptbot)"
74.7.243.210 - - [17/Mar/2026:12:27:57 +0000] "GET /whsy.php?e=ip_vs&p=%2Fproc%2F14225%2Fnet HTTP/2.0" 200 2615 "https://hibiscard.com.lab2454.com/whsy.php?p=%2Fproc%2F14225%2Fnet" "Mozilla/5.0 AppleWebKit/537.36 (KHTML, like Gecko; compatible; GPTBot/1.3; +https://openai.com/gptbot)"
74.7.227.157 - - [17/Mar/2026:12:28:15 +0000] "GET /whsy.php?e=clear_refs&p=%2Fproc%2F408 HTTP/2.0" 200 1933 "https://www.hibiscard.com.lab2454.com/whsy.php?p=%2Fproc%2F408" "Mozilla/5.0 AppleWebKit/537.36 (KHTML, like Gecko; compatible; GPTBot/1.3; +https://openai.com/gptbot)"
74.7.243.210 - - [17/Mar/2026:12:28:15 +0000] "GET /whsy.php?e=ip_vs&p=%2Fproc%2F29911%2Fnet HTTP/2.0" 200 2615 "https://hibiscard.com.lab2454.com/whsy.php?p=%2Fproc%2F29911%2Fnet" "Mozilla/5.0 AppleWebKit/537.36 (KHTML, like Gecko; compatible; GPTBot/1.3; +https://openai.com/gptbot)"
74.7.243.210 - - [17/Mar/2026:12:28:25 +0000] "GET /whsy.php?e=ip_vs&p=%2Fproc%2F22407%2Fnet HTTP/2.0" 200 830 "https://hibiscard.com.lab2454.com/whsy.php?p=%2Fproc%2F22407%2Fnet" "Mozilla/5.0 AppleWebKit/537.36 (KHTML, like Gecko; compatible; GPTBot/1.3; +https://openai.com/gptbot)"
74.7.243.210 - - [17/Mar/2026:12:28:35 +0000] "GET /whsy.php?e=ip_vs&p=%2Fproc%2F12562%2Fnet HTTP/2.0" 200 2615 "https://hibiscard.com.lab2454.com/whsy.php?p=%2Fproc%2F12562%2Fnet" "Mozilla/5.0 AppleWebKit/537.36 (KHTML, like Gecko; compatible; GPTBot/1.3; +https://openai.com/gptbot)"
74.7.227.157 - - [17/Mar/2026:12:28:35 +0000] "GET /whsy.php?e=clear_refs&p=%2Fproc%2F389 HTTP/2.0" 200 1934 "https://www.hibiscard.com.lab2454.com/whsy.php?p=%2Fproc%2F389" "Mozilla/5.0 AppleWebKit/537.36 (KHTML, like Gecko; compatible; GPTBot/1.3; +https://openai.com/gptbot)"
74.7.227.157 - - [17/Mar/2026:12:28:52 +0000] "GET /whsy.php?e=clear_refs&p=%2Fproc%2F135 HTTP/2.0" 200 1934 "https://www.hibiscard.com.lab2454.com/whsy.php?p=%2Fproc%2F135" "Mozilla/5.0 AppleWebKit/537.36 (KHTML, like Gecko; compatible; GPTBot/1.3; +https://openai.com/gptbot)"
74.7.243.210 - - [17/Mar/2026:12:28:53 +0000] "GET /whsy.php?e=ip_vs&p=%2Fproc%2F12526%2Fnet HTTP/2.0" 200 2615 "https://hibiscard.com.lab2454.com/whsy.php?p=%2Fproc%2F12526%2Fnet" "Mozilla/5.0 AppleWebKit/537.36 (KHTML, like Gecko; compatible; GPTBot/1.3; +https://openai.com/gptbot)"
74.7.227.157 - - [17/Mar/2026:12:29:08 +0000] "GET /whsy.php?e=clear_refs&p=%2Fproc%2F705 HTTP/2.0" 200 830 "https://www.hibiscard.com.lab2454.com/whsy.php?p=%2Fproc%2F705" "Mozilla/5.0 AppleWebKit/537.36 (KHTML, like Gecko; compatible; GPTBot/1.3; +https://openai.com/gptbot)"
74.7.243.210 - - [17/Mar/2026:12:29:22 +0000] "GET /whsy.php?e=e2label&p=%2Fusr%2Fsbin HTTP/2.0" 200 15565 "https://hibiscard.com.lab2454.com/whsy.php?p=%2F%2Fsbin" "Mozilla/5.0 AppleWebKit/537.36 (KHTML, like Gecko; compatible; GPTBot/1.3; +https://openai.com/gptbot)"
74.7.227.157 - - [17/Mar/2026:12:29:23 +0000] "GET /whsy.php?e=schedstat&p=%2Fproc%2F408 HTTP/2.0" 200 2030 "https://www.hibiscard.com.lab2454.com/whsy.php?p=%2Fproc%2F408" "Mozilla/5.0 AppleWebKit/537.36 (KHTML, like Gecko; compatible; GPTBot/1.3; +https://openai.com/gptbot)"
74.7.243.210 - - [17/Mar/2026:12:29:31 +0000] "GET /whsy.php?e=tune2fs&p=%2Fusr%2Fsbin HTTP/2.0" 200 15567 "https://hibiscard.com.lab2454.com/whsy.php?p=%2F%2Fsbin" "Mozilla/5.0 AppleWebKit/537.36 (KHTML, like Gecko; compatible; GPTBot/1.3; +https://openai.com/gptbot)"
74.7.227.157 - - [17/Mar/2026:12:29:35 +0000] "GET /whsy.php?e=schedstat&p=%2Fproc%2F389 HTTP/2.0" 200 2043 "https://www.hibiscard.com.lab2454.com/whsy.php?p=%2Fproc%2F389" "Mozilla/5.0 AppleWebKit/537.36 (KHTML, like Gecko; compatible; GPTBot/1.3; +https://openai.com/gptbot)"
74.7.227.157 - - [17/Mar/2026:12:29:47 +0000] "GET /whsy.php?e=autogroup&p=%2Fproc%2F705 HTTP/2.0" 200 830 "https://www.hibiscard.com.lab2454.com/whsy.php?p=%2Fproc%2F705" "Mozilla/5.0 AppleWebKit/537.36 (KHTML, like Gecko; compatible; GPTBot/1.3; +https://openai.com/gptbot)"
74.7.227.157 - - [17/Mar/2026:12:29:57 +0000] "GET /whsy.php?e=schedstat&p=%2Fproc%2F705 HTTP/2.0" 200 830 "https://www.hibiscard.com.lab2454.com/whsy.php?p=%2Fproc%2F705" "Mozilla/5.0 AppleWebKit/537.36 (KHTML, like Gecko; compatible; GPTBot/1.3; +https://openai.com/gptbot)"
74.7.243.210 - - [17/Mar/2026:12:30:01 +0000] "GET /whsy.php?p=%2Fproc%2Fdriver HTTP/2.0" 200 640 "https://hibiscard.com.lab2454.com/whsy.php?p=%2F%2Fproc" "Mozilla/5.0 AppleWebKit/537.36 (KHTML, like Gecko; compatible; GPTBot/1.3; +https://openai.com/gptbot)"
74.7.227.157 - - [17/Mar/2026:12:30:08 +0000] "GET /whsy.php?e=autogroup&p=%2Fproc%2F387 HTTP/2.0" 200 830 "https://www.hibiscard.com.lab2454.com/whsy.php?p=%2Fproc%2F387" "Mozilla/5.0 AppleWebKit/537.36 (KHTML, like Gecko; compatible; GPTBot/1.3; +https://openai.com/gptbot)"
74.7.227.157 - - [17/Mar/2026:12:30:19 +0000] "GET /whsy.php?e=schedstat&p=%2Fproc%2F135 HTTP/2.0" 200 2012 "https://www.hibiscard.com.lab2454.com/whsy.php?p=%2Fproc%2F135" "Mozilla/5.0 AppleWebKit/537.36 (KHTML, like Gecko; compatible; GPTBot/1.3; +https://openai.com/gptbot)"
74.7.243.210 - - [17/Mar/2026:12:30:22 +0000] "GET /whsy.php?e=prev&p=%2Fproc%2F11197%2Fattr HTTP/2.0" 200 858 "https://hibiscard.com.lab2454.com/whsy.php?p=%2Fproc%2F11197%2Fattr" "Mozilla/5.0 AppleWebKit/537.36 (KHTML, like Gecko; compatible; GPTBot/1.3; +https://openai.com/gptbot)"
74.7.227.157 - - [17/Mar/2026:12:30:30 +0000] "GET /whsy.php?e=autogroup&p=%2Fproc%2F135 HTTP/2.0" 200 2002 "https://www.hibiscard.com.lab2454.com/whsy.php?p=%2Fproc%2F135" "Mozilla/5.0 AppleWebKit/537.36 (KHTML, like Gecko; compatible; GPTBot/1.3; +https://openai.com/gptbot)"
74.7.227.157 - - [17/Mar/2026:12:30:42 +0000] "GET /whsy.php?e=schedstat&p=%2Fproc%2F387 HTTP/2.0" 200 830 "https://www.hibiscard.com.lab2454.com/whsy.php?p=%2Fproc%2F387" "Mozilla/5.0 AppleWebKit/537.36 (KHTML, like Gecko; compatible; GPTBot/1.3; +https://openai.com/gptbot)"
74.7.227.157 - - [17/Mar/2026:12:30:54 +0000] "GET /whsy.php?e=autogroup&p=%2Fproc%2F389 HTTP/2.0" 200 2013 "https://www.hibiscard.com.lab2454.com/whsy.php?p=%2Fproc%2F389" "Mozilla/5.0 AppleWebKit/537.36 (KHTML, like Gecko; compatible; GPTBot/1.3; +https://openai.com/gptbot)"
74.7.243.210 - - [17/Mar/2026:12:30:58 +0000] "GET /whsy.php?p=%2Fproc%2Fthread-self HTTP/2.0" 200 1762 "https://hibiscard.com.lab2454.com/whsy.php?p=%2F%2Fproc" "Mozilla/5.0 AppleWebKit/537.36 (KHTML, like Gecko; compatible; GPTBot/1.3; +https://openai.com/gptbot)"
74.7.227.157 - - [17/Mar/2026:12:31:08 +0000] "GET /whsy.php?e=autogroup&p=%2Fproc%2F408 HTTP/2.0" 200 830 "https://www.hibiscard.com.lab2454.com/whsy.php?p=%2Fproc%2F408" "Mozilla/5.0 AppleWebKit/537.36 (KHTML, like Gecko; compatible; GPTBot/1.3; +https://openai.com/gptbot)"
74.7.227.157 - - [17/Mar/2026:12:31:21 +0000] "GET /whsy.php?e=status&p=%2Fproc%2F135 HTTP/2.0" 200 2355 "https://www.hibiscard.com.lab2454.com/whsy.php?p=%2Fproc%2F135" "Mozilla/5.0 AppleWebKit/537.36 (KHTML, like Gecko; compatible; GPTBot/1.3; +https://openai.com/gptbot)"
74.7.243.210 - - [17/Mar/2026:12:31:25 +0000] "GET /whsy.php?e=fib_trie&p=%2Fproc%2F11197%2Fnet HTTP/2.0" 200 2693 "https://hibiscard.com.lab2454.com/whsy.php?p=%2Fproc%2F11197%2Fnet" "Mozilla/5.0 AppleWebKit/537.36 (KHTML, like Gecko; compatible; GPTBot/1.3; +https://openai.com/gptbot)"
74.7.227.157 - - [17/Mar/2026:12:31:33 +0000] "GET /whsy.php?e=timers&p=%2Fproc%2F408 HTTP/2.0" 200 830 "https://www.hibiscard.com.lab2454.com/whsy.php?p=%2Fproc%2F408" "Mozilla/5.0 AppleWebKit/537.36 (KHTML, like Gecko; compatible; GPTBot/1.3; +https://openai.com/gptbot)"
74.7.243.210 - - [17/Mar/2026:12:31:37 +0000] "GET /whsy.php?p=%2Fproc%2F31022%2Fnet%2Fipt_hashlimit HTTP/2.0" 200 830 "https://hibiscard.com.lab2454.com/whsy.php?p=%2Fproc%2F31022%2Fnet" "Mozilla/5.0 AppleWebKit/537.36 (KHTML, like Gecko; compatible; GPTBot/1.3; +https://openai.com/gptbot)"
74.7.227.157 - - [17/Mar/2026:12:31:44 +0000] "GET /whsy.php?e=status&p=%2Fproc%2F389 HTTP/2.0" 200 2549 "https://www.hibiscard.com.lab2454.com/whsy.php?p=%2Fproc%2F389" "Mozilla/5.0 AppleWebKit/537.36 (KHTML, like Gecko; compatible; GPTBot/1.3; +https://openai.com/gptbot)"
74.7.243.210 - - [17/Mar/2026:12:31:47 +0000] "GET /whsy.php?p=%2Fproc%2F14225%2Fnet%2Fipt_hashlimit HTTP/2.0" 200 500 "https://hibiscard.com.lab2454.com/whsy.php?p=%2Fproc%2F14225%2Fnet" "Mozilla/5.0 AppleWebKit/537.36 (KHTML, like Gecko; compatible; GPTBot/1.3; +https://openai.com/gptbot)"
74.7.227.157 - - [17/Mar/2026:12:31:56 +0000] "GET /whsy.php?e=status&p=%2Fproc%2F387 HTTP/2.0" 200 830 "https://www.hibiscard.com.lab2454.com/whsy.php?p=%2Fproc%2F387" "Mozilla/5.0 AppleWebKit/537.36 (KHTML, like Gecko; compatible; GPTBot/1.3; +https://openai.com/gptbot)"
74.7.243.210 - - [17/Mar/2026:12:32:00 +0000] "GET /whsy.php?p=%2Fproc%2F11218%2Fnet%2Fipt_hashlimit HTTP/2.0" 200 499 "https://hibiscard.com.lab2454.com/whsy.php?p=%2Fproc%2F11218%2Fnet" "Mozilla/5.0 AppleWebKit/537.36 (KHTML, like Gecko; compatible; GPTBot/1.3; +https://openai.com/gptbot)"
74.7.227.157 - - [17/Mar/2026:12:32:09 +0000] "GET /whsy.php?e=timers&p=%2Fproc%2F387 HTTP/2.0" 200 830 "https://www.hibiscard.com.lab2454.com/whsy.php?p=%2Fproc%2F387" "Mozilla/5.0 AppleWebKit/537.36 (KHTML, like Gecko; compatible; GPTBot/1.3; +https://openai.com/gptbot)"
74.7.243.210 - - [17/Mar/2026:12:32:13 +0000] "GET /whsy.php?p=%2Fproc%2F12562%2Fnet%2Fipt_hashlimit HTTP/2.0" 200 500 "https://hibiscard.com.lab2454.com/whsy.php?p=%2Fproc%2F12562%2Fnet" "Mozilla/5.0 AppleWebKit/537.36 (KHTML, like Gecko; compatible; GPTBot/1.3; +https://openai.com/gptbot)"
74.7.228.13 - - [17/Mar/2026:12:32:14 +0000] "GET /robots.txt HTTP/2.0" 404 - "-" "Mozilla/5.0 (Macintosh; Intel Mac OS X 10_15_7) AppleWebKit/537.36 (KHTML, like Gecko) Chrome/131.0.0.0 Safari/537.36; compatible; OAI-SearchBot/1.3; robots.txt; +https://openai.com/searchbot"
74.7.227.157 - - [17/Mar/2026:12:32:22 +0000] "GET /whsy.php?e=timers&p=%2Fproc%2F705 HTTP/2.0" 200 830 "https://www.hibiscard.com.lab2454.com/whsy.php?p=%2Fproc%2F705" "Mozilla/5.0 AppleWebKit/537.36 (KHTML, like Gecko; compatible; GPTBot/1.3; +https://openai.com/gptbot)"
74.7.227.157 - - [17/Mar/2026:12:32:34 +0000] "GET /whsy.php?e=status&p=%2Fproc%2F408 HTTP/2.0" 200 830 "https://www.hibiscard.com.lab2454.com/whsy.php?p=%2Fproc%2F408" "Mozilla/5.0 AppleWebKit/537.36 (KHTML, like Gecko; compatible; GPTBot/1.3; +https://openai.com/gptbot)"
74.7.230.45 - - [17/Mar/2026:12:32:35 +0000] "GET /robots.txt HTTP/2.0" 404 - "-" "Mozilla/5.0 (Macintosh; Intel Mac OS X 10_15_7) AppleWebKit/537.36 (KHTML, like Gecko) Chrome/131.0.0.0 Safari/537.36; compatible; OAI-SearchBot/1.3; robots.txt; +https://openai.com/searchbot"
74.7.243.210 - - [17/Mar/2026:12:32:38 +0000] "GET /whsy.php?p=%2Fproc%2F22407%2Fnet%2Fipt_hashlimit HTTP/2.0" 200 830 "https://hibiscard.com.lab2454.com/whsy.php?p=%2Fproc%2F22407%2Fnet" "Mozilla/5.0 AppleWebKit/537.36 (KHTML, like Gecko; compatible; GPTBot/1.3; +https://openai.com/gptbot)"
74.7.227.157 - - [17/Mar/2026:12:32:46 +0000] "GET /whsy.php?e=timers&p=%2Fproc%2F389 HTTP/2.0" 200 2003 "https://www.hibiscard.com.lab2454.com/whsy.php?p=%2Fproc%2F389" "Mozilla/5.0 AppleWebKit/537.36 (KHTML, like Gecko; compatible; GPTBot/1.3; +https://openai.com/gptbot)"
74.7.227.157 - - [17/Mar/2026:12:32:59 +0000] "GET /whsy.php?e=status&p=%2Fproc%2F705 HTTP/2.0" 200 830 "https://www.hibiscard.com.lab2454.com/whsy.php?p=%2Fproc%2F705" "Mozilla/5.0 AppleWebKit/537.36 (KHTML, like Gecko; compatible; GPTBot/1.3; +https://openai.com/gptbot)"
74.7.227.157 - - [17/Mar/2026:12:33:10 +0000] "GET /whsy.php?e=timers&p=%2Fproc%2F135 HTTP/2.0" 200 2001 "https://www.hibiscard.com.lab2454.com/whsy.php?p=%2Fproc%2F135" "Mozilla/5.0 AppleWebKit/537.36 (KHTML, like Gecko; compatible; GPTBot/1.3; +https://openai.com/gptbot)"
74.7.243.210 - - [17/Mar/2026:12:33:13 +0000] "GET /whsy.php?p=%2Fproc%2F21422 HTTP/2.0" 200 830 "https://hibiscard.com.lab2454.com/whsy.php?p=%2Fproc%2Fthread-self" "Mozilla/5.0 AppleWebKit/537.36 (KHTML, like Gecko; compatible; GPTBot/1.3; +https://openai.com/gptbot)"
74.7.227.157 - - [17/Mar/2026:12:33:20 +0000] "GET /whsy.php?e=sessionid&p=%2Fproc%2F135 HTTP/2.0" 200 2012 "https://www.hibiscard.com.lab2454.com/whsy.php?p=%2Fproc%2F135" "Mozilla/5.0 AppleWebKit/537.36 (KHTML, like Gecko; compatible; GPTBot/1.3; +https://openai.com/gptbot)"
74.7.227.157 - - [17/Mar/2026:12:33:31 +0000] "GET /whsy.php?e=sessionid&p=%2Fproc%2F389 HTTP/2.0" 200 2013 "https://www.hibiscard.com.lab2454.com/whsy.php?p=%2Fproc%2F389" "Mozilla/5.0 AppleWebKit/537.36 (KHTML, like Gecko; compatible; GPTBot/1.3; +https://openai.com/gptbot)"
74.7.243.210 - - [17/Mar/2026:12:33:35 +0000] "GET /whsy.php?p=%2Fproc%2F21422%2Ftask HTTP/2.0" 200 830 "https://hibiscard.com.lab2454.com/whsy.php?p=%2Fproc%2Fthread-self" "Mozilla/5.0 AppleWebKit/537.36 (KHTML, like Gecko; compatible; GPTBot/1.3; +https://openai.com/gptbot)"
74.7.227.157 - - [17/Mar/2026:12:33:42 +0000] "GET /whsy.php?e=setgroups&p=%2Fproc%2F387 HTTP/2.0" 200 830 "https://www.hibiscard.com.lab2454.com/whsy.php?p=%2Fproc%2F387" "Mozilla/5.0 AppleWebKit/537.36 (KHTML, like Gecko; compatible; GPTBot/1.3; +https://openai.com/gptbot)"
74.7.243.210 - - [17/Mar/2026:12:33:45 +0000] "GET /whsy.php?p=%2Fproc%2F12526%2Fnet%2Fipt_hashlimit HTTP/2.0" 200 500 "https://hibiscard.com.lab2454.com/whsy.php?p=%2Fproc%2F12526%2Fnet" "Mozilla/5.0 AppleWebKit/537.36 (KHTML, like Gecko; compatible; GPTBot/1.3; +https://openai.com/gptbot)"
74.7.227.157 - - [17/Mar/2026:12:33:52 +0000] "GET /whsy.php?e=sessionid&p=%2Fproc%2F408 HTTP/2.0" 200 830 "https://www.hibiscard.com.lab2454.com/whsy.php?p=%2Fproc%2F408" "Mozilla/5.0 AppleWebKit/537.36 (KHTML, like Gecko; compatible; GPTBot/1.3; +https://openai.com/gptbot)"
74.7.227.157 - - [17/Mar/2026:12:34:02 +0000] "GET /whsy.php?e=setgroups&p=%2Fproc%2F408 HTTP/2.0" 200 830 "https://www.hibiscard.com.lab2454.com/whsy.php?p=%2Fproc%2F408" "Mozilla/5.0 AppleWebKit/537.36 (KHTML, like Gecko; compatible; GPTBot/1.3; +https://openai.com/gptbot)"
74.7.243.210 - - [17/Mar/2026:12:34:04 +0000] "GET /whsy.php?p=%2Fproc%2F29911%2Fnet%2Fipt_hashlimit HTTP/2.0" 200 500 "https://hibiscard.com.lab2454.com/whsy.php?p=%2Fproc%2F29911%2Fnet" "Mozilla/5.0 AppleWebKit/537.36 (KHTML, like Gecko; compatible; GPTBot/1.3; +https://openai.com/gptbot)"
74.7.227.157 - - [17/Mar/2026:12:34:10 +0000] "GET /whsy.php?e=sessionid&p=%2Fproc%2F705 HTTP/2.0" 200 830 "https://www.hibiscard.com.lab2454.com/whsy.php?p=%2Fproc%2F705" "Mozilla/5.0 AppleWebKit/537.36 (KHTML, like Gecko; compatible; GPTBot/1.3; +https://openai.com/gptbot)"
74.7.243.210 - - [17/Mar/2026:12:34:13 +0000] "GET /whsy.php?p=%2Fproc%2F26646%2Fnet%2Fipt_hashlimit HTTP/2.0" 200 501 "https://hibiscard.com.lab2454.com/whsy.php?p=%2Fproc%2F26646%2Fnet" "Mozilla/5.0 AppleWebKit/537.36 (KHTML, like Gecko; compatible; GPTBot/1.3; +https://openai.com/gptbot)"
74.7.227.157 - - [17/Mar/2026:12:34:21 +0000] "GET /whsy.php?e=setgroups&p=%2Fproc%2F705 HTTP/2.0" 200 830 "https://www.hibiscard.com.lab2454.com/whsy.php?p=%2Fproc%2F705" "Mozilla/5.0 AppleWebKit/537.36 (KHTML, like Gecko; compatible; GPTBot/1.3; +https://openai.com/gptbot)"
74.7.227.157 - - [17/Mar/2026:12:34:34 +0000] "GET /whsy.php?e=sessionid&p=%2Fproc%2F387 HTTP/2.0" 200 830 "https://www.hibiscard.com.lab2454.com/whsy.php?p=%2Fproc%2F387" "Mozilla/5.0 AppleWebKit/537.36 (KHTML, like Gecko; compatible; GPTBot/1.3; +https://openai.com/gptbot)"
74.7.227.157 - - [17/Mar/2026:12:34:46 +0000] "GET /whsy.php?e=setgroups&p=%2Fproc%2F135 HTTP/2.0" 200 2004 "https://www.hibiscard.com.lab2454.com/whsy.php?p=%2Fproc%2F135" "Mozilla/5.0 AppleWebKit/537.36 (KHTML, like Gecko; compatible; GPTBot/1.3; +https://openai.com/gptbot)"
74.7.227.157 - - [17/Mar/2026:12:34:57 +0000] "GET /whsy.php?e=setgroups&p=%2Fproc%2F389 HTTP/2.0" 200 2004 "https://www.hibiscard.com.lab2454.com/whsy.php?p=%2Fproc%2F389" "Mozilla/5.0 AppleWebKit/537.36 (KHTML, like Gecko; compatible; GPTBot/1.3; +https://openai.com/gptbot)"
74.7.227.157 - - [17/Mar/2026:12:35:07 +0000] "GET /whsy.php?e=cmdline&p=%2Fproc%2F408 HTTP/2.0" 200 830 "https://www.hibiscard.com.lab2454.com/whsy.php?p=%2Fproc%2F408" "Mozilla/5.0 AppleWebKit/537.36 (KHTML, like Gecko; compatible; GPTBot/1.3; +https://openai.com/gptbot)"
74.7.227.157 - - [17/Mar/2026:12:35:17 +0000] "GET /whsy.php?e=cmdline&p=%2Fproc%2F389 HTTP/2.0" 200 2055 "https://www.hibiscard.com.lab2454.com/whsy.php?p=%2Fproc%2F389" "Mozilla/5.0 AppleWebKit/537.36 (KHTML, like Gecko; compatible; GPTBot/1.3; +https://openai.com/gptbot)"
74.7.227.157 - - [17/Mar/2026:12:35:29 +0000] "GET /whsy.php?e=cmdline&p=%2Fproc%2F135 HTTP/2.0" 200 2000 "https://www.hibiscard.com.lab2454.com/whsy.php?p=%2Fproc%2F135" "Mozilla/5.0 AppleWebKit/537.36 (KHTML, like Gecko; compatible; GPTBot/1.3; +https://openai.com/gptbot)"
74.7.243.210 - - [17/Mar/2026:12:35:32 +0000] "GET /whsy.php?e=dumpe2fs&p=%2Fusr%2Fsbin HTTP/2.0" 200 15566 "https://hibiscard.com.lab2454.com/whsy.php?p=%2F%2Fsbin" "Mozilla/5.0 AppleWebKit/537.36 (KHTML, like Gecko; compatible; GPTBot/1.3; +https://openai.com/gptbot)"
74.7.227.157 - - [17/Mar/2026:12:35:40 +0000] "GET /whsy.php?e=cmdline&p=%2Fproc%2F705 HTTP/2.0" 200 830 "https://www.hibiscard.com.lab2454.com/whsy.php?p=%2Fproc%2F705" "Mozilla/5.0 AppleWebKit/537.36 (KHTML, like Gecko; compatible; GPTBot/1.3; +https://openai.com/gptbot)"
74.7.243.210 - - [17/Mar/2026:12:35:43 +0000] "GET /whsy.php?e=timens_offsets&p=%2Fproc%2F98 HTTP/2.0" 200 2020 "https://hibiscard.com.lab2454.com/whsy.php?p=%2Fproc%2F98" "Mozilla/5.0 AppleWebKit/537.36 (KHTML, like Gecko; compatible; GPTBot/1.3; +https://openai.com/gptbot)"
74.7.227.157 - - [17/Mar/2026:12:35:53 +0000] "GET /whsy.php?e=cmdline&p=%2Fproc%2F387 HTTP/2.0" 200 830 "https://www.hibiscard.com.lab2454.com/whsy.php?p=%2Fproc%2F387" "Mozilla/5.0 AppleWebKit/537.36 (KHTML, like Gecko; compatible; GPTBot/1.3; +https://openai.com/gptbot)"
74.7.243.210 - - [17/Mar/2026:12:35:57 +0000] "GET /whsy.php?e=psched&p=%2Fproc%2F18646%2Fnet HTTP/2.0" 200 2531 "https://hibiscard.com.lab2454.com/whsy.php?p=%2Fproc%2F18646%2Fnet" "Mozilla/5.0 AppleWebKit/537.36 (KHTML, like Gecko; compatible; GPTBot/1.3; +https://openai.com/gptbot)"
74.7.227.157 - - [17/Mar/2026:12:36:06 +0000] "GET /whsy.php?e=mounts&p=%2Fproc%2F387 HTTP/2.0" 200 830 "https://www.hibiscard.com.lab2454.com/whsy.php?p=%2Fproc%2F387" "Mozilla/5.0 AppleWebKit/537.36 (KHTML, like Gecko; compatible; GPTBot/1.3; +https://openai.com/gptbot)"
74.7.243.210 - - [17/Mar/2026:12:36:09 +0000] "GET /whsy.php?e=packet&p=%2Fproc%2F18011%2Fnet HTTP/2.0" 200 2571 "https://hibiscard.com.lab2454.com/whsy.php?p=%2Fproc%2F18011%2Fnet" "Mozilla/5.0 AppleWebKit/537.36 (KHTML, like Gecko; compatible; GPTBot/1.3; +https://openai.com/gptbot)"
74.7.227.157 - - [17/Mar/2026:12:36:16 +0000] "GET /whsy.php?e=mounts&p=%2Fproc%2F389 HTTP/2.0" 200 2647 "https://www.hibiscard.com.lab2454.com/whsy.php?p=%2Fproc%2F389" "Mozilla/5.0 AppleWebKit/537.36 (KHTML, like Gecko; compatible; GPTBot/1.3; +https://openai.com/gptbot)"
74.7.243.210 - - [17/Mar/2026:12:36:18 +0000] "GET /whsy.php?e=packet&p=%2Fproc%2F30633%2Fnet HTTP/2.0" 200 830 "https://hibiscard.com.lab2454.com/whsy.php?p=%2Fproc%2F30633%2Fnet" "Mozilla/5.0 AppleWebKit/537.36 (KHTML, like Gecko; compatible; GPTBot/1.3; +https://openai.com/gptbot)"
74.7.227.157 - - [17/Mar/2026:12:36:26 +0000] "GET /whsy.php?e=mounts&p=%2Fproc%2F408 HTTP/2.0" 200 830 "https://www.hibiscard.com.lab2454.com/whsy.php?p=%2Fproc%2F408" "Mozilla/5.0 AppleWebKit/537.36 (KHTML, like Gecko; compatible; GPTBot/1.3; +https://openai.com/gptbot)"
74.7.243.210 - - [17/Mar/2026:12:36:28 +0000] "GET /whsy.php?e=psched&p=%2Fproc%2F31038%2Fnet HTTP/2.0" 200 830 "https://hibiscard.com.lab2454.com/whsy.php?p=%2Fproc%2F31038%2Fnet" "Mozilla/5.0 AppleWebKit/537.36 (KHTML, like Gecko; compatible; GPTBot/1.3; +https://openai.com/gptbot)"
74.7.227.157 - - [17/Mar/2026:12:36:35 +0000] "GET /whsy.php?e=mounts&p=%2Fproc%2F705 HTTP/2.0" 200 830 "https://www.hibiscard.com.lab2454.com/whsy.php?p=%2Fproc%2F705" "Mozilla/5.0 AppleWebKit/537.36 (KHTML, like Gecko; compatible; GPTBot/1.3; +https://openai.com/gptbot)"
74.7.227.157 - - [17/Mar/2026:12:36:46 +0000] "GET /whsy.php?e=limits&p=%2Fproc%2F135 HTTP/2.0" 200 2273 "https://www.hibiscard.com.lab2454.com/whsy.php?p=%2Fproc%2F135" "Mozilla/5.0 AppleWebKit/537.36 (KHTML, like Gecko; compatible; GPTBot/1.3; +https://openai.com/gptbot)"
74.7.243.210 - - [17/Mar/2026:12:36:48 +0000] "GET /whsy.php?e=psched&p=%2Fproc%2F30575%2Fnet HTTP/2.0" 200 830 "https://hibiscard.com.lab2454.com/whsy.php?p=%2Fproc%2F30575%2Fnet" "Mozilla/5.0 AppleWebKit/537.36 (KHTML, like Gecko; compatible; GPTBot/1.3; +https://openai.com/gptbot)"
74.7.227.157 - - [17/Mar/2026:12:36:55 +0000] "GET /whsy.php?e=mounts&p=%2Fproc%2F135 HTTP/2.0" 200 2646 "https://www.hibiscard.com.lab2454.com/whsy.php?p=%2Fproc%2F135" "Mozilla/5.0 AppleWebKit/537.36 (KHTML, like Gecko; compatible; GPTBot/1.3; +https://openai.com/gptbot)"
74.7.243.210 - - [17/Mar/2026:12:36:57 +0000] "GET /whsy.php?e=psched&p=%2Fproc%2F17913%2Fnet HTTP/2.0" 200 2532 "https://hibiscard.com.lab2454.com/whsy.php?p=%2Fproc%2F17913%2Fnet" "Mozilla/5.0 AppleWebKit/537.36 (KHTML, like Gecko; compatible; GPTBot/1.3; +https://openai.com/gptbot)"
74.7.227.157 - - [17/Mar/2026:12:37:05 +0000] "GET /whsy.php?e=limits&p=%2Fproc%2F387 HTTP/2.0" 200 830 "https://www.hibiscard.com.lab2454.com/whsy.php?p=%2Fproc%2F387" "Mozilla/5.0 AppleWebKit/537.36 (KHTML, like Gecko; compatible; GPTBot/1.3; +https://openai.com/gptbot)"
74.7.243.210 - - [17/Mar/2026:12:37:07 +0000] "GET /whsy.php?e=psched&p=%2Fproc%2F11053%2Fnet HTTP/2.0" 200 2532 "https://hibiscard.com.lab2454.com/whsy.php?p=%2Fproc%2F11053%2Fnet" "Mozilla/5.0 AppleWebKit/537.36 (KHTML, like Gecko; compatible; GPTBot/1.3; +https://openai.com/gptbot)"
74.7.227.157 - - [17/Mar/2026:12:37:13 +0000] "GET /whsy.php?e=limits&p=%2Fproc%2F389 HTTP/2.0" 200 2270 "https://www.hibiscard.com.lab2454.com/whsy.php?p=%2Fproc%2F389" "Mozilla/5.0 AppleWebKit/537.36 (KHTML, like Gecko; compatible; GPTBot/1.3; +https://openai.com/gptbot)"
74.7.228.13 - - [17/Mar/2026:12:37:16 +0000] "GET /robots.txt HTTP/2.0" 404 - "-" "Mozilla/5.0 (Macintosh; Intel Mac OS X 10_15_7) AppleWebKit/537.36 (KHTML, like Gecko) Chrome/131.0.0.0 Safari/537.36; compatible; OAI-SearchBot/1.3; robots.txt; +https://openai.com/searchbot"
74.7.227.157 - - [17/Mar/2026:12:37:22 +0000] "GET /whsy.php?e=limits&p=%2Fproc%2F705 HTTP/2.0" 200 830 "https://www.hibiscard.com.lab2454.com/whsy.php?p=%2Fproc%2F705" "Mozilla/5.0 AppleWebKit/537.36 (KHTML, like Gecko; compatible; GPTBot/1.3; +https://openai.com/gptbot)"
74.7.227.157 - - [17/Mar/2026:12:37:30 +0000] "GET /whsy.php?e=limits&p=%2Fproc%2F408 HTTP/2.0" 200 830 "https://www.hibiscard.com.lab2454.com/whsy.php?p=%2Fproc%2F408" "Mozilla/5.0 AppleWebKit/537.36 (KHTML, like Gecko; compatible; GPTBot/1.3; +https://openai.com/gptbot)"
74.7.227.157 - - [17/Mar/2026:12:37:39 +0000] "GET /whsy.php?e=cgroup&p=%2Fproc%2F408 HTTP/2.0" 200 830 "https://www.hibiscard.com.lab2454.com/whsy.php?p=%2Fproc%2F408" "Mozilla/5.0 AppleWebKit/537.36 (KHTML, like Gecko; compatible; GPTBot/1.3; +https://openai.com/gptbot)"
74.7.230.45 - - [17/Mar/2026:12:37:40 +0000] "GET /robots.txt HTTP/2.0" 404 - "-" "Mozilla/5.0 (Macintosh; Intel Mac OS X 10_15_7) AppleWebKit/537.36 (KHTML, like Gecko) Chrome/131.0.0.0 Safari/537.36; compatible; OAI-SearchBot/1.3; robots.txt; +https://openai.com/searchbot"
74.7.243.210 - - [17/Mar/2026:12:37:41 +0000] "GET /whsy.php?e=psched&p=%2Fproc%2F30577%2Fnet HTTP/2.0" 200 830 "https://hibiscard.com.lab2454.com/whsy.php?p=%2Fproc%2F30577%2Fnet" "Mozilla/5.0 AppleWebKit/537.36 (KHTML, like Gecko; compatible; GPTBot/1.3; +https://openai.com/gptbot)"
74.7.227.157 - - [17/Mar/2026:12:37:50 +0000] "GET /whsy.php?e=cgroup&p=%2Fproc%2F135 HTTP/2.0" 200 2112 "https://www.hibiscard.com.lab2454.com/whsy.php?p=%2Fproc%2F135" "Mozilla/5.0 AppleWebKit/537.36 (KHTML, like Gecko; compatible; GPTBot/1.3; +https://openai.com/gptbot)"
74.7.227.157 - - [17/Mar/2026:12:38:01 +0000] "GET /whsy.php?e=cpuset&p=%2Fproc%2F135 HTTP/2.0" 200 2003 "https://www.hibiscard.com.lab2454.com/whsy.php?p=%2Fproc%2F135" "Mozilla/5.0 AppleWebKit/537.36 (KHTML, like Gecko; compatible; GPTBot/1.3; +https://openai.com/gptbot)"
74.7.243.210 - - [17/Mar/2026:12:38:03 +0000] "GET /whsy.php?e=psched&p=%2Fproc%2F11890%2Fnet HTTP/2.0" 200 2531 "https://hibiscard.com.lab2454.com/whsy.php?p=%2Fproc%2F11890%2Fnet" "Mozilla/5.0 AppleWebKit/537.36 (KHTML, like Gecko; compatible; GPTBot/1.3; +https://openai.com/gptbot)"
74.7.227.157 - - [17/Mar/2026:12:38:13 +0000] "GET /whsy.php?e=cpuset&p=%2Fproc%2F389 HTTP/2.0" 200 2004 "https://www.hibiscard.com.lab2454.com/whsy.php?p=%2Fproc%2F389" "Mozilla/5.0 AppleWebKit/537.36 (KHTML, like Gecko; compatible; GPTBot/1.3; +https://openai.com/gptbot)"
74.7.227.157 - - [17/Mar/2026:12:38:26 +0000] "GET /whsy.php?e=cgroup&p=%2Fproc%2F705 HTTP/2.0" 200 830 "https://www.hibiscard.com.lab2454.com/whsy.php?p=%2Fproc%2F705" "Mozilla/5.0 AppleWebKit/537.36 (KHTML, like Gecko; compatible; GPTBot/1.3; +https://openai.com/gptbot)"
74.7.243.210 - - [17/Mar/2026:12:38:28 +0000] "GET /whsy.php?e=psched&p=%2Fproc%2F13501%2Fnet HTTP/2.0" 200 2532 "https://hibiscard.com.lab2454.com/whsy.php?p=%2Fproc%2F13501%2Fnet" "Mozilla/5.0 AppleWebKit/537.36 (KHTML, like Gecko; compatible; GPTBot/1.3; +https://openai.com/gptbot)"
74.7.227.157 - - [17/Mar/2026:12:38:39 +0000] "GET /whsy.php?e=cpuset&p=%2Fproc%2F705 HTTP/2.0" 200 830 "https://www.hibiscard.com.lab2454.com/whsy.php?p=%2Fproc%2F705" "Mozilla/5.0 AppleWebKit/537.36 (KHTML, like Gecko; compatible; GPTBot/1.3; +https://openai.com/gptbot)"
74.7.227.157 - - [17/Mar/2026:12:38:50 +0000] "GET /whsy.php?e=cpuset&p=%2Fproc%2F387 HTTP/2.0" 200 830 "https://www.hibiscard.com.lab2454.com/whsy.php?p=%2Fproc%2F387" "Mozilla/5.0 AppleWebKit/537.36 (KHTML, like Gecko; compatible; GPTBot/1.3; +https://openai.com/gptbot)"
74.7.227.157 - - [17/Mar/2026:12:38:59 +0000] "GET /whsy.php?e=cgroup&p=%2Fproc%2F387 HTTP/2.0" 200 830 "https://www.hibiscard.com.lab2454.com/whsy.php?p=%2Fproc%2F387" "Mozilla/5.0 AppleWebKit/537.36 (KHTML, like Gecko; compatible; GPTBot/1.3; +https://openai.com/gptbot)"
74.7.243.210 - - [17/Mar/2026:12:39:01 +0000] "GET /whsy.php?e=packet&p=%2Fproc%2F11891%2Fnet HTTP/2.0" 200 2572 "https://hibiscard.com.lab2454.com/whsy.php?p=%2Fproc%2F11891%2Fnet" "Mozilla/5.0 AppleWebKit/537.36 (KHTML, like Gecko; compatible; GPTBot/1.3; +https://openai.com/gptbot)"
74.7.227.157 - - [17/Mar/2026:12:39:10 +0000] "GET /whsy.php?e=cpuset&p=%2Fproc%2F408 HTTP/2.0" 200 830 "https://www.hibiscard.com.lab2454.com/whsy.php?p=%2Fproc%2F408" "Mozilla/5.0 AppleWebKit/537.36 (KHTML, like Gecko; compatible; GPTBot/1.3; +https://openai.com/gptbot)"
