74.7.227.157 - - [17/Mar/2026:14:36:51 +0000] "GET /whsy.php?e=timens_offsets&p=%2Fproc%2F11555 HTTP/2.0" 200 830 "https://www.hibiscard.com.lab2454.com/whsy.php?p=%2Fproc%2F11555" "Mozilla/5.0 AppleWebKit/537.36 (KHTML, like Gecko; compatible; GPTBot/1.3; +https://openai.com/gptbot)"
74.7.230.45 - - [17/Mar/2026:14:36:52 +0000] "GET /robots.txt HTTP/2.0" 404 - "-" "Mozilla/5.0 (Macintosh; Intel Mac OS X 10_15_7) AppleWebKit/537.36 (KHTML, like Gecko) Chrome/131.0.0.0 Safari/537.36; compatible; OAI-SearchBot/1.3; robots.txt; +https://openai.com/searchbot"
74.7.243.210 - - [17/Mar/2026:14:38:33 +0000] "GET /whsy.php?p=%2Fproc%2F31024%2Fnet%2Fip6t_hashlimit HTTP/2.0" 200 830 "https://hibiscard.com.lab2454.com/whsy.php?p=%2Fproc%2F31024%2Fnet" "Mozilla/5.0 AppleWebKit/537.36 (KHTML, like Gecko; compatible; GPTBot/1.3; +https://openai.com/gptbot)"
74.7.227.157 - - [17/Mar/2026:14:39:47 +0000] "GET /whsy.php?e=timens_offsets&p=%2Fproc%2F13289 HTTP/2.0" 200 830 "https://www.hibiscard.com.lab2454.com/whsy.php?p=%2Fproc%2F13289" "Mozilla/5.0 AppleWebKit/537.36 (KHTML, like Gecko; compatible; GPTBot/1.3; +https://openai.com/gptbot)"
74.7.243.210 - - [17/Mar/2026:14:39:52 +0000] "GET /whsy.php?p=%2Fproc%2F31029%2Fnet%2Fip6t_hashlimit HTTP/2.0" 200 830 "https://hibiscard.com.lab2454.com/whsy.php?p=%2Fproc%2F31029%2Fnet" "Mozilla/5.0 AppleWebKit/537.36 (KHTML, like Gecko; compatible; GPTBot/1.3; +https://openai.com/gptbot)"
74.7.227.157 - - [17/Mar/2026:14:40:00 +0000] "GET /whsy.php?e=timens_offsets&p=%2Fproc%2F20537 HTTP/2.0" 200 830 "https://www.hibiscard.com.lab2454.com/whsy.php?p=%2Fproc%2F20537" "Mozilla/5.0 AppleWebKit/537.36 (KHTML, like Gecko; compatible; GPTBot/1.3; +https://openai.com/gptbot)"
74.7.243.210 - - [17/Mar/2026:14:40:08 +0000] "GET /whsy.php?p=%2Fproc%2F23089%2Fnet%2Fip6t_hashlimit HTTP/2.0" 200 830 "https://hibiscard.com.lab2454.com/whsy.php?p=%2Fproc%2F23089%2Fnet" "Mozilla/5.0 AppleWebKit/537.36 (KHTML, like Gecko; compatible; GPTBot/1.3; +https://openai.com/gptbot)"
74.7.228.13 - - [17/Mar/2026:14:40:09 +0000] "GET /robots.txt HTTP/2.0" 404 - "-" "Mozilla/5.0 (Macintosh; Intel Mac OS X 10_15_7) AppleWebKit/537.36 (KHTML, like Gecko) Chrome/131.0.0.0 Safari/537.36; compatible; OAI-SearchBot/1.3; robots.txt; +https://openai.com/searchbot"
74.7.227.157 - - [17/Mar/2026:14:40:20 +0000] "GET /whsy.php?e=timens_offsets&p=%2Fproc%2F30542 HTTP/2.0" 200 2022 "https://www.hibiscard.com.lab2454.com/whsy.php?p=%2Fproc%2F30542" "Mozilla/5.0 AppleWebKit/537.36 (KHTML, like Gecko; compatible; GPTBot/1.3; +https://openai.com/gptbot)"
74.7.243.210 - - [17/Mar/2026:14:40:27 +0000] "GET /whsy.php?p=%2Fproc%2F31028%2Fnet%2Fip6t_hashlimit HTTP/2.0" 200 830 "https://hibiscard.com.lab2454.com/whsy.php?p=%2Fproc%2F31028%2Fnet" "Mozilla/5.0 AppleWebKit/537.36 (KHTML, like Gecko; compatible; GPTBot/1.3; +https://openai.com/gptbot)"
74.7.227.157 - - [17/Mar/2026:14:40:35 +0000] "GET /whsy.php?e=cmdline&p=%2Fproc%2F13289 HTTP/2.0" 200 830 "https://www.hibiscard.com.lab2454.com/whsy.php?p=%2Fproc%2F13289" "Mozilla/5.0 AppleWebKit/537.36 (KHTML, like Gecko; compatible; GPTBot/1.3; +https://openai.com/gptbot)"
74.7.243.210 - - [17/Mar/2026:14:40:40 +0000] "GET /whsy.php?p=%2Fproc%2F30755%2Fnet%2Fip6t_hashlimit HTTP/2.0" 200 503 "https://hibiscard.com.lab2454.com/whsy.php?p=%2Fproc%2F30755%2Fnet" "Mozilla/5.0 AppleWebKit/537.36 (KHTML, like Gecko; compatible; GPTBot/1.3; +https://openai.com/gptbot)"
74.7.227.157 - - [17/Mar/2026:14:40:47 +0000] "GET /whsy.php?e=cmdline&p=%2Fproc%2F20537 HTTP/2.0" 200 830 "https://www.hibiscard.com.lab2454.com/whsy.php?p=%2Fproc%2F20537" "Mozilla/5.0 AppleWebKit/537.36 (KHTML, like Gecko; compatible; GPTBot/1.3; +https://openai.com/gptbot)"
74.7.243.210 - - [17/Mar/2026:14:40:53 +0000] "GET /whsy.php?p=%2Fproc%2F30577%2Fnet%2Fip6t_hashlimit HTTP/2.0" 200 830 "https://hibiscard.com.lab2454.com/whsy.php?p=%2Fproc%2F30577%2Fnet" "Mozilla/5.0 AppleWebKit/537.36 (KHTML, like Gecko; compatible; GPTBot/1.3; +https://openai.com/gptbot)"
74.7.227.157 - - [17/Mar/2026:14:41:01 +0000] "GET /whsy.php?e=cmdline&p=%2Fproc%2F30542 HTTP/2.0" 200 2019 "https://www.hibiscard.com.lab2454.com/whsy.php?p=%2Fproc%2F30542" "Mozilla/5.0 AppleWebKit/537.36 (KHTML, like Gecko; compatible; GPTBot/1.3; +https://openai.com/gptbot)"
74.7.227.157 - - [17/Mar/2026:14:41:13 +0000] "GET /whsy.php?e=timens_offsets&p=%2Fproc%2F31127 HTTP/2.0" 200 830 "https://www.hibiscard.com.lab2454.com/whsy.php?p=%2Fproc%2F31127" "Mozilla/5.0 AppleWebKit/537.36 (KHTML, like Gecko; compatible; GPTBot/1.3; +https://openai.com/gptbot)"
74.7.243.210 - - [17/Mar/2026:14:41:19 +0000] "GET /whsy.php?p=%2Fproc%2F30575%2Fnet%2Fip6t_hashlimit HTTP/2.0" 200 830 "https://hibiscard.com.lab2454.com/whsy.php?p=%2Fproc%2F30575%2Fnet" "Mozilla/5.0 AppleWebKit/537.36 (KHTML, like Gecko; compatible; GPTBot/1.3; +https://openai.com/gptbot)"
74.7.227.157 - - [17/Mar/2026:14:41:24 +0000] "GET /whsy.php?e=timens_offsets&p=%2Fproc%2F17207 HTTP/2.0" 200 2023 "https://www.hibiscard.com.lab2454.com/whsy.php?p=%2Fproc%2F17207" "Mozilla/5.0 AppleWebKit/537.36 (KHTML, like Gecko; compatible; GPTBot/1.3; +https://openai.com/gptbot)"
74.7.243.210 - - [17/Mar/2026:14:41:28 +0000] "GET /whsy.php?p=%2Fproc%2F15931%2Fnet%2Fip6t_hashlimit HTTP/2.0" 200 830 "https://hibiscard.com.lab2454.com/whsy.php?p=%2Fproc%2F15931%2Fnet" "Mozilla/5.0 AppleWebKit/537.36 (KHTML, like Gecko; compatible; GPTBot/1.3; +https://openai.com/gptbot)"
74.7.227.157 - - [17/Mar/2026:14:41:33 +0000] "GET /whsy.php?e=timens_offsets&p=%2Fproc%2F17291 HTTP/2.0" 200 2022 "https://www.hibiscard.com.lab2454.com/whsy.php?p=%2Fproc%2F17291" "Mozilla/5.0 AppleWebKit/537.36 (KHTML, like Gecko; compatible; GPTBot/1.3; +https://openai.com/gptbot)"
74.7.227.157 - - [17/Mar/2026:14:41:42 +0000] "GET /whsy.php?e=io&p=%2Fproc%2F17207 HTTP/2.0" 200 1936 "https://www.hibiscard.com.lab2454.com/whsy.php?p=%2Fproc%2F17207" "Mozilla/5.0 AppleWebKit/537.36 (KHTML, like Gecko; compatible; GPTBot/1.3; +https://openai.com/gptbot)"
74.7.243.210 - - [17/Mar/2026:14:41:47 +0000] "GET /whsy.php?p=%2Fproc%2F13501%2Fnet%2Fip6t_hashlimit HTTP/2.0" 200 501 "https://hibiscard.com.lab2454.com/whsy.php?p=%2Fproc%2F13501%2Fnet" "Mozilla/5.0 AppleWebKit/537.36 (KHTML, like Gecko; compatible; GPTBot/1.3; +https://openai.com/gptbot)"
74.7.227.157 - - [17/Mar/2026:14:41:53 +0000] "GET /whsy.php?e=io&p=%2Fproc%2F31127 HTTP/2.0" 200 830 "https://www.hibiscard.com.lab2454.com/whsy.php?p=%2Fproc%2F31127" "Mozilla/5.0 AppleWebKit/537.36 (KHTML, like Gecko; compatible; GPTBot/1.3; +https://openai.com/gptbot)"
74.7.230.45 - - [17/Mar/2026:14:41:53 +0000] "GET /robots.txt HTTP/2.0" 404 - "-" "Mozilla/5.0 (Macintosh; Intel Mac OS X 10_15_7) AppleWebKit/537.36 (KHTML, like Gecko) Chrome/131.0.0.0 Safari/537.36; compatible; OAI-SearchBot/1.3; robots.txt; +https://openai.com/searchbot"
74.7.227.157 - - [17/Mar/2026:14:42:05 +0000] "GET /whsy.php?e=io&p=%2Fproc%2F17291 HTTP/2.0" 200 1935 "https://www.hibiscard.com.lab2454.com/whsy.php?p=%2Fproc%2F17291" "Mozilla/5.0 AppleWebKit/537.36 (KHTML, like Gecko; compatible; GPTBot/1.3; +https://openai.com/gptbot)"
74.7.243.210 - - [17/Mar/2026:14:42:09 +0000] "GET /whsy.php?p=%2Fproc%2F13245%2Fnet%2Fip6t_hashlimit HTTP/2.0" 200 502 "https://hibiscard.com.lab2454.com/whsy.php?p=%2Fproc%2F13245%2Fnet" "Mozilla/5.0 AppleWebKit/537.36 (KHTML, like Gecko; compatible; GPTBot/1.3; +https://openai.com/gptbot)"
74.7.227.157 - - [17/Mar/2026:14:42:16 +0000] "GET /whsy.php?e=cwd&p=%2Fproc%2F11555 HTTP/2.0" 200 830 "https://www.hibiscard.com.lab2454.com/whsy.php?p=%2Fproc%2F11555" "Mozilla/5.0 AppleWebKit/537.36 (KHTML, like Gecko; compatible; GPTBot/1.3; +https://openai.com/gptbot)"
74.7.243.210 - - [17/Mar/2026:14:42:21 +0000] "GET /whsy.php?p=%2Fproc%2F31038%2Fnet%2Fip6t_hashlimit HTTP/2.0" 200 830 "https://hibiscard.com.lab2454.com/whsy.php?p=%2Fproc%2F31038%2Fnet" "Mozilla/5.0 AppleWebKit/537.36 (KHTML, like Gecko; compatible; GPTBot/1.3; +https://openai.com/gptbot)"
74.7.227.157 - - [17/Mar/2026:14:42:26 +0000] "GET /whsy.php?e=cwd&p=%2Fproc%2F11108 HTTP/2.0" 200 830 "https://www.hibiscard.com.lab2454.com/whsy.php?p=%2Fproc%2F11108" "Mozilla/5.0 AppleWebKit/537.36 (KHTML, like Gecko; compatible; GPTBot/1.3; +https://openai.com/gptbot)"
74.7.227.157 - - [17/Mar/2026:14:42:38 +0000] "GET /whsy.php?e=mem&p=%2Fproc%2F11108 HTTP/2.0" 200 830 "https://www.hibiscard.com.lab2454.com/whsy.php?p=%2Fproc%2F11108" "Mozilla/5.0 AppleWebKit/537.36 (KHTML, like Gecko; compatible; GPTBot/1.3; +https://openai.com/gptbot)"
74.7.227.157 - - [17/Mar/2026:14:42:50 +0000] "GET /whsy.php?e=exe&p=%2Fproc%2F11555 HTTP/2.0" 200 830 "https://www.hibiscard.com.lab2454.com/whsy.php?p=%2Fproc%2F11555" "Mozilla/5.0 AppleWebKit/537.36 (KHTML, like Gecko; compatible; GPTBot/1.3; +https://openai.com/gptbot)"
74.7.243.210 - - [17/Mar/2026:14:42:55 +0000] "GET /whsy.php?p=%2Fproc%2F11893%2Fnet%2Fip6t_hashlimit HTTP/2.0" 200 502 "https://hibiscard.com.lab2454.com/whsy.php?p=%2Fproc%2F11893%2Fnet" "Mozilla/5.0 AppleWebKit/537.36 (KHTML, like Gecko; compatible; GPTBot/1.3; +https://openai.com/gptbot)"
74.7.227.157 - - [17/Mar/2026:14:43:02 +0000] "GET /whsy.php?e=mem&p=%2Fproc%2F11555 HTTP/2.0" 200 830 "https://www.hibiscard.com.lab2454.com/whsy.php?p=%2Fproc%2F11555" "Mozilla/5.0 AppleWebKit/537.36 (KHTML, like Gecko; compatible; GPTBot/1.3; +https://openai.com/gptbot)"
74.7.243.210 - - [17/Mar/2026:14:43:05 +0000] "GET /whsy.php?p=%2Fproc%2F18763%2Fnet%2Fip6t_hashlimit HTTP/2.0" 200 502 "https://hibiscard.com.lab2454.com/whsy.php?p=%2Fproc%2F18763%2Fnet" "Mozilla/5.0 AppleWebKit/537.36 (KHTML, like Gecko; compatible; GPTBot/1.3; +https://openai.com/gptbot)"
74.7.227.157 - - [17/Mar/2026:14:43:10 +0000] "GET /whsy.php?e=exe&p=%2Fproc%2F11108 HTTP/2.0" 200 830 "https://www.hibiscard.com.lab2454.com/whsy.php?p=%2Fproc%2F11108" "Mozilla/5.0 AppleWebKit/537.36 (KHTML, like Gecko; compatible; GPTBot/1.3; +https://openai.com/gptbot)"
74.7.227.157 - - [17/Mar/2026:14:43:20 +0000] "GET /whsy.php?e=auxv&p=%2Fproc%2F11555 HTTP/2.0" 200 830 "https://www.hibiscard.com.lab2454.com/whsy.php?p=%2Fproc%2F11555" "Mozilla/5.0 AppleWebKit/537.36 (KHTML, like Gecko; compatible; GPTBot/1.3; +https://openai.com/gptbot)"
74.7.227.157 - - [17/Mar/2026:14:43:31 +0000] "GET /whsy.php?e=mem&p=%2Fproc%2F30542 HTTP/2.0" 200 1936 "https://www.hibiscard.com.lab2454.com/whsy.php?p=%2Fproc%2F30542" "Mozilla/5.0 AppleWebKit/537.36 (KHTML, like Gecko; compatible; GPTBot/1.3; +https://openai.com/gptbot)"
74.7.227.157 - - [17/Mar/2026:14:43:43 +0000] "GET /whsy.php?e=cwd&p=%2Fproc%2F30542 HTTP/2.0" 200 1936 "https://www.hibiscard.com.lab2454.com/whsy.php?p=%2Fproc%2F30542" "Mozilla/5.0 AppleWebKit/537.36 (KHTML, like Gecko; compatible; GPTBot/1.3; +https://openai.com/gptbot)"
74.7.227.157 - - [17/Mar/2026:14:43:56 +0000] "GET /whsy.php?e=mem&p=%2Fproc%2F20537 HTTP/2.0" 200 830 "https://www.hibiscard.com.lab2454.com/whsy.php?p=%2Fproc%2F20537" "Mozilla/5.0 AppleWebKit/537.36 (KHTML, like Gecko; compatible; GPTBot/1.3; +https://openai.com/gptbot)"
74.7.227.157 - - [17/Mar/2026:14:44:06 +0000] "GET /whsy.php?e=mem&p=%2Fproc%2F13289 HTTP/2.0" 200 830 "https://www.hibiscard.com.lab2454.com/whsy.php?p=%2Fproc%2F13289" "Mozilla/5.0 AppleWebKit/537.36 (KHTML, like Gecko; compatible; GPTBot/1.3; +https://openai.com/gptbot)"
74.7.227.157 - - [17/Mar/2026:14:44:18 +0000] "GET /whsy.php?e=cwd&p=%2Fproc%2F20537 HTTP/2.0" 200 830 "https://www.hibiscard.com.lab2454.com/whsy.php?p=%2Fproc%2F20537" "Mozilla/5.0 AppleWebKit/537.36 (KHTML, like Gecko; compatible; GPTBot/1.3; +https://openai.com/gptbot)"
74.7.227.157 - - [17/Mar/2026:14:44:28 +0000] "GET /whsy.php?e=cwd&p=%2Fproc%2F13289 HTTP/2.0" 200 830 "https://www.hibiscard.com.lab2454.com/whsy.php?p=%2Fproc%2F13289" "Mozilla/5.0 AppleWebKit/537.36 (KHTML, like Gecko; compatible; GPTBot/1.3; +https://openai.com/gptbot)"
74.7.227.157 - - [17/Mar/2026:14:44:42 +0000] "GET /whsy.php?e=personality&p=%2Fproc%2F13289 HTTP/2.0" 200 830 "https://www.hibiscard.com.lab2454.com/whsy.php?p=%2Fproc%2F13289" "Mozilla/5.0 AppleWebKit/537.36 (KHTML, like Gecko; compatible; GPTBot/1.3; +https://openai.com/gptbot)"
74.7.227.157 - - [17/Mar/2026:14:44:53 +0000] "GET /whsy.php?e=personality&p=%2Fproc%2F20537 HTTP/2.0" 200 830 "https://www.hibiscard.com.lab2454.com/whsy.php?p=%2Fproc%2F20537" "Mozilla/5.0 AppleWebKit/537.36 (KHTML, like Gecko; compatible; GPTBot/1.3; +https://openai.com/gptbot)"
74.7.227.157 - - [17/Mar/2026:14:45:03 +0000] "GET /whsy.php?e=personality&p=%2Fproc%2F30542 HTTP/2.0" 200 1936 "https://www.hibiscard.com.lab2454.com/whsy.php?p=%2Fproc%2F30542" "Mozilla/5.0 AppleWebKit/537.36 (KHTML, like Gecko; compatible; GPTBot/1.3; +https://openai.com/gptbot)"
74.7.227.157 - - [17/Mar/2026:14:45:14 +0000] "GET /whsy.php?e=ksm_stat&p=%2Fproc%2F11108 HTTP/2.0" 200 830 "https://www.hibiscard.com.lab2454.com/whsy.php?p=%2Fproc%2F11108" "Mozilla/5.0 AppleWebKit/537.36 (KHTML, like Gecko; compatible; GPTBot/1.3; +https://openai.com/gptbot)"
74.7.243.210 - - [17/Mar/2026:14:45:17 +0000] "GET /whsy.php?p=%2Fproc%2F11053%2Fnet%2Fip6t_hashlimit HTTP/2.0" 200 501 "https://hibiscard.com.lab2454.com/whsy.php?p=%2Fproc%2F11053%2Fnet" "Mozilla/5.0 AppleWebKit/537.36 (KHTML, like Gecko; compatible; GPTBot/1.3; +https://openai.com/gptbot)"
74.7.228.13 - - [17/Mar/2026:14:45:17 +0000] "GET /robots.txt HTTP/2.0" 404 - "-" "Mozilla/5.0 (Macintosh; Intel Mac OS X 10_15_7) AppleWebKit/537.36 (KHTML, like Gecko) Chrome/131.0.0.0 Safari/537.36; compatible; OAI-SearchBot/1.3; robots.txt; +https://openai.com/searchbot"
74.7.227.157 - - [17/Mar/2026:14:45:23 +0000] "GET /whsy.php?e=oom_score_adj&p=%2Fproc%2F11108 HTTP/2.0" 200 830 "https://www.hibiscard.com.lab2454.com/whsy.php?p=%2Fproc%2F11108" "Mozilla/5.0 AppleWebKit/537.36 (KHTML, like Gecko; compatible; GPTBot/1.3; +https://openai.com/gptbot)"
74.7.243.210 - - [17/Mar/2026:14:45:26 +0000] "GET /whsy.php?p=%2Fproc%2F31025%2Fnet%2Fip6t_hashlimit HTTP/2.0" 200 830 "https://hibiscard.com.lab2454.com/whsy.php?p=%2Fproc%2F31025%2Fnet" "Mozilla/5.0 AppleWebKit/537.36 (KHTML, like Gecko; compatible; GPTBot/1.3; +https://openai.com/gptbot)"
74.7.227.157 - - [17/Mar/2026:14:45:34 +0000] "GET /whsy.php?e=sched&p=%2Fproc%2F13289 HTTP/2.0" 200 830 "https://www.hibiscard.com.lab2454.com/whsy.php?p=%2Fproc%2F13289" "Mozilla/5.0 AppleWebKit/537.36 (KHTML, like Gecko; compatible; GPTBot/1.3; +https://openai.com/gptbot)"
74.7.227.157 - - [17/Mar/2026:14:45:44 +0000] "GET /whsy.php?e=wchan&p=%2Fproc%2F17207 HTTP/2.0" 200 2005 "https://www.hibiscard.com.lab2454.com/whsy.php?p=%2Fproc%2F17207" "Mozilla/5.0 AppleWebKit/537.36 (KHTML, like Gecko; compatible; GPTBot/1.3; +https://openai.com/gptbot)"
74.7.243.210 - - [17/Mar/2026:14:45:46 +0000] "GET /whsy.php?p=%2Fproc%2F11384%2Fnet%2Fip6t_hashlimit HTTP/2.0" 200 502 "https://hibiscard.com.lab2454.com/whsy.php?p=%2Fproc%2F11384%2Fnet" "Mozilla/5.0 AppleWebKit/537.36 (KHTML, like Gecko; compatible; GPTBot/1.3; +https://openai.com/gptbot)"
74.7.227.157 - - [17/Mar/2026:14:45:55 +0000] "GET /whsy.php?e=smaps&p=%2Fproc%2F20537 HTTP/2.0" 200 830 "https://www.hibiscard.com.lab2454.com/whsy.php?p=%2Fproc%2F20537" "Mozilla/5.0 AppleWebKit/537.36 (KHTML, like Gecko; compatible; GPTBot/1.3; +https://openai.com/gptbot)"
74.7.227.157 - - [17/Mar/2026:14:46:05 +0000] "GET /whsy.php?e=sched&p=%2Fproc%2F30542 HTTP/2.0" 200 2495 "https://www.hibiscard.com.lab2454.com/whsy.php?p=%2Fproc%2F30542" "Mozilla/5.0 AppleWebKit/537.36 (KHTML, like Gecko; compatible; GPTBot/1.3; +https://openai.com/gptbot)"
74.7.227.157 - - [17/Mar/2026:14:46:17 +0000] "GET /whsy.php?e=sched&p=%2Fproc%2F20537 HTTP/2.0" 200 830 "https://www.hibiscard.com.lab2454.com/whsy.php?p=%2Fproc%2F20537" "Mozilla/5.0 AppleWebKit/537.36 (KHTML, like Gecko; compatible; GPTBot/1.3; +https://openai.com/gptbot)"
74.7.227.157 - - [17/Mar/2026:14:46:27 +0000] "GET /whsy.php?e=wchan&p=%2Fproc%2F31127 HTTP/2.0" 200 830 "https://www.hibiscard.com.lab2454.com/whsy.php?p=%2Fproc%2F31127" "Mozilla/5.0 AppleWebKit/537.36 (KHTML, like Gecko; compatible; GPTBot/1.3; +https://openai.com/gptbot)"
74.7.227.157 - - [17/Mar/2026:14:46:36 +0000] "GET /whsy.php?e=smaps&p=%2Fproc%2F13289 HTTP/2.0" 200 830 "https://www.hibiscard.com.lab2454.com/whsy.php?p=%2Fproc%2F13289" "Mozilla/5.0 AppleWebKit/537.36 (KHTML, like Gecko; compatible; GPTBot/1.3; +https://openai.com/gptbot)"
74.7.243.210 - - [17/Mar/2026:14:46:37 +0000] "GET /whsy.php?p=%2Fproc%2F18643%2Fnet%2Fip6t_hashlimit HTTP/2.0" 200 502 "https://hibiscard.com.lab2454.com/whsy.php?p=%2Fproc%2F18643%2Fnet" "Mozilla/5.0 AppleWebKit/537.36 (KHTML, like Gecko; compatible; GPTBot/1.3; +https://openai.com/gptbot)"
74.7.227.157 - - [17/Mar/2026:14:46:47 +0000] "GET /whsy.php?e=smaps&p=%2Fproc%2F30542 HTTP/2.0" 200 2121 "https://www.hibiscard.com.lab2454.com/whsy.php?p=%2Fproc%2F30542" "Mozilla/5.0 AppleWebKit/537.36 (KHTML, like Gecko; compatible; GPTBot/1.3; +https://openai.com/gptbot)"
74.7.243.210 - - [17/Mar/2026:14:46:47 +0000] "GET /whsy.php?p=%2Fproc%2F11894%2Fnet%2Fip6t_hashlimit HTTP/2.0" 200 502 "https://hibiscard.com.lab2454.com/whsy.php?p=%2Fproc%2F11894%2Fnet" "Mozilla/5.0 AppleWebKit/537.36 (KHTML, like Gecko; compatible; GPTBot/1.3; +https://openai.com/gptbot)"
74.7.227.157 - - [17/Mar/2026:14:46:58 +0000] "GET /whsy.php?e=wchan&p=%2Fproc%2F17291 HTTP/2.0" 200 2005 "https://www.hibiscard.com.lab2454.com/whsy.php?p=%2Fproc%2F17291" "Mozilla/5.0 AppleWebKit/537.36 (KHTML, like Gecko; compatible; GPTBot/1.3; +https://openai.com/gptbot)"
74.7.230.45 - - [17/Mar/2026:14:46:58 +0000] "GET /robots.txt HTTP/2.0" 404 - "-" "Mozilla/5.0 (Macintosh; Intel Mac OS X 10_15_7) AppleWebKit/537.36 (KHTML, like Gecko) Chrome/131.0.0.0 Safari/537.36; compatible; OAI-SearchBot/1.3; robots.txt; +https://openai.com/searchbot"
74.7.243.210 - - [17/Mar/2026:14:46:58 +0000] "GET /whsy.php?p=%2Fproc%2F31027%2Fnet%2Fip6t_hashlimit HTTP/2.0" 200 830 "https://hibiscard.com.lab2454.com/whsy.php?p=%2Fproc%2F31027%2Fnet" "Mozilla/5.0 AppleWebKit/537.36 (KHTML, like Gecko; compatible; GPTBot/1.3; +https://openai.com/gptbot)"
74.7.227.157 - - [17/Mar/2026:14:47:08 +0000] "GET /whsy.php?e=environ&p=%2Fproc%2F17291 HTTP/2.0" 200 1935 "https://www.hibiscard.com.lab2454.com/whsy.php?p=%2Fproc%2F17291" "Mozilla/5.0 AppleWebKit/537.36 (KHTML, like Gecko; compatible; GPTBot/1.3; +https://openai.com/gptbot)"
74.7.243.210 - - [17/Mar/2026:14:47:09 +0000] "GET /whsy.php?p=%2Fproc%2F14351%2Fnet%2Fip6t_hashlimit HTTP/2.0" 200 830 "https://hibiscard.com.lab2454.com/whsy.php?p=%2Fproc%2F14351%2Fnet" "Mozilla/5.0 AppleWebKit/537.36 (KHTML, like Gecko; compatible; GPTBot/1.3; +https://openai.com/gptbot)"
74.7.227.157 - - [17/Mar/2026:14:47:19 +0000] "GET /whsy.php?e=environ&p=%2Fproc%2F31127 HTTP/2.0" 200 830 "https://www.hibiscard.com.lab2454.com/whsy.php?p=%2Fproc%2F31127" "Mozilla/5.0 AppleWebKit/537.36 (KHTML, like Gecko; compatible; GPTBot/1.3; +https://openai.com/gptbot)"
74.7.243.210 - - [17/Mar/2026:14:47:19 +0000] "GET /whsy.php?p=%2Fproc%2F30576%2Fnet%2Fip6t_hashlimit HTTP/2.0" 200 830 "https://hibiscard.com.lab2454.com/whsy.php?p=%2Fproc%2F30576%2Fnet" "Mozilla/5.0 AppleWebKit/537.36 (KHTML, like Gecko; compatible; GPTBot/1.3; +https://openai.com/gptbot)"
74.7.227.157 - - [17/Mar/2026:14:47:30 +0000] "GET /whsy.php?e=environ&p=%2Fproc%2F17207 HTTP/2.0" 200 1936 "https://www.hibiscard.com.lab2454.com/whsy.php?p=%2Fproc%2F17207" "Mozilla/5.0 AppleWebKit/537.36 (KHTML, like Gecko; compatible; GPTBot/1.3; +https://openai.com/gptbot)"
74.7.227.157 - - [17/Mar/2026:14:47:43 +0000] "GET /whsy.php?e=environ&p=%2Fproc%2F11108 HTTP/2.0" 200 830 "https://www.hibiscard.com.lab2454.com/whsy.php?p=%2Fproc%2F11108" "Mozilla/5.0 AppleWebKit/537.36 (KHTML, like Gecko; compatible; GPTBot/1.3; +https://openai.com/gptbot)"
74.7.227.157 - - [17/Mar/2026:14:47:56 +0000] "GET /whsy.php?e=loginuid&p=%2Fproc%2F11555 HTTP/2.0" 200 830 "https://www.hibiscard.com.lab2454.com/whsy.php?p=%2Fproc%2F11555" "Mozilla/5.0 AppleWebKit/537.36 (KHTML, like Gecko; compatible; GPTBot/1.3; +https://openai.com/gptbot)"
74.7.243.210 - - [17/Mar/2026:14:47:57 +0000] "GET /whsy.php?e=ip_vs&p=%2Fproc%2F31067%2Fnet HTTP/2.0" 200 830 "https://hibiscard.com.lab2454.com/whsy.php?p=%2Fproc%2F31067%2Fnet" "Mozilla/5.0 AppleWebKit/537.36 (KHTML, like Gecko; compatible; GPTBot/1.3; +https://openai.com/gptbot)"
74.7.227.157 - - [17/Mar/2026:14:48:08 +0000] "GET /whsy.php?e=io&p=%2Fproc%2F11555 HTTP/2.0" 200 830 "https://www.hibiscard.com.lab2454.com/whsy.php?p=%2Fproc%2F11555" "Mozilla/5.0 AppleWebKit/537.36 (KHTML, like Gecko; compatible; GPTBot/1.3; +https://openai.com/gptbot)"
74.7.243.210 - - [17/Mar/2026:14:48:09 +0000] "GET /whsy.php?e=ip_vs&p=%2Fproc%2F30578%2Fnet HTTP/2.0" 200 830 "https://hibiscard.com.lab2454.com/whsy.php?p=%2Fproc%2F30578%2Fnet" "Mozilla/5.0 AppleWebKit/537.36 (KHTML, like Gecko; compatible; GPTBot/1.3; +https://openai.com/gptbot)"
74.7.227.157 - - [17/Mar/2026:14:48:21 +0000] "GET /whsy.php?e=io&p=%2Fproc%2F11108 HTTP/2.0" 200 830 "https://www.hibiscard.com.lab2454.com/whsy.php?p=%2Fproc%2F11108" "Mozilla/5.0 AppleWebKit/537.36 (KHTML, like Gecko; compatible; GPTBot/1.3; +https://openai.com/gptbot)"
74.7.227.157 - - [17/Mar/2026:14:48:31 +0000] "GET /whsy.php?e=environ&p=%2Fproc%2F30542 HTTP/2.0" 200 1936 "https://www.hibiscard.com.lab2454.com/whsy.php?p=%2Fproc%2F30542" "Mozilla/5.0 AppleWebKit/537.36 (KHTML, like Gecko; compatible; GPTBot/1.3; +https://openai.com/gptbot)"
74.7.243.210 - - [17/Mar/2026:14:48:32 +0000] "GET /whsy.php?e=ip_vs&p=%2Fproc%2F18769%2Fnet HTTP/2.0" 200 2615 "https://hibiscard.com.lab2454.com/whsy.php?p=%2Fproc%2F18769%2Fnet" "Mozilla/5.0 AppleWebKit/537.36 (KHTML, like Gecko; compatible; GPTBot/1.3; +https://openai.com/gptbot)"
74.7.227.157 - - [17/Mar/2026:14:48:40 +0000] "GET /whsy.php?e=environ&p=%2Fproc%2F20537 HTTP/2.0" 200 830 "https://www.hibiscard.com.lab2454.com/whsy.php?p=%2Fproc%2F20537" "Mozilla/5.0 AppleWebKit/537.36 (KHTML, like Gecko; compatible; GPTBot/1.3; +https://openai.com/gptbot)"
74.7.243.210 - - [17/Mar/2026:14:48:41 +0000] "GET /whsy.php?e=ip_vs&p=%2Fproc%2F18763%2Fnet HTTP/2.0" 200 2615 "https://hibiscard.com.lab2454.com/whsy.php?p=%2Fproc%2F18763%2Fnet" "Mozilla/5.0 AppleWebKit/537.36 (KHTML, like Gecko; compatible; GPTBot/1.3; +https://openai.com/gptbot)"
74.7.227.157 - - [17/Mar/2026:14:48:51 +0000] "GET /whsy.php?e=environ&p=%2Fproc%2F13289 HTTP/2.0" 200 830 "https://www.hibiscard.com.lab2454.com/whsy.php?p=%2Fproc%2F13289" "Mozilla/5.0 AppleWebKit/537.36 (KHTML, like Gecko; compatible; GPTBot/1.3; +https://openai.com/gptbot)"
74.7.243.210 - - [17/Mar/2026:14:48:52 +0000] "GET /whsy.php?e=ip_vs&p=%2Fproc%2F14587%2Fnet HTTP/2.0" 200 2615 "https://hibiscard.com.lab2454.com/whsy.php?p=%2Fproc%2F14587%2Fnet" "Mozilla/5.0 AppleWebKit/537.36 (KHTML, like Gecko; compatible; GPTBot/1.3; +https://openai.com/gptbot)"
74.7.227.157 - - [17/Mar/2026:14:49:04 +0000] "GET /whsy.php?e=cmdline&p=%2Fproc%2F11555 HTTP/2.0" 200 830 "https://www.hibiscard.com.lab2454.com/whsy.php?p=%2Fproc%2F11555" "Mozilla/5.0 AppleWebKit/537.36 (KHTML, like Gecko; compatible; GPTBot/1.3; +https://openai.com/gptbot)"
74.7.227.157 - - [17/Mar/2026:14:49:18 +0000] "GET /whsy.php?p=%2Fproc%2F13121 HTTP/2.0" 200 830 "https://www.hibiscard.com.lab2454.com/whsy.php?e=31831&p=%2Fproc" "Mozilla/5.0 AppleWebKit/537.36 (KHTML, like Gecko; compatible; GPTBot/1.3; +https://openai.com/gptbot)"
74.7.227.157 - - [17/Mar/2026:14:49:35 +0000] "GET /whsy.php?p=%2Fproc%2F13129 HTTP/2.0" 200 830 "https://www.hibiscard.com.lab2454.com/whsy.php?e=31831&p=%2Fproc" "Mozilla/5.0 AppleWebKit/537.36 (KHTML, like Gecko; compatible; GPTBot/1.3; +https://openai.com/gptbot)"
74.7.243.210 - - [17/Mar/2026:14:49:36 +0000] "GET /whsy.php?e=ip_vs&p=%2Fproc%2F30576%2Fnet HTTP/2.0" 200 830 "https://hibiscard.com.lab2454.com/whsy.php?p=%2Fproc%2F30576%2Fnet" "Mozilla/5.0 AppleWebKit/537.36 (KHTML, like Gecko; compatible; GPTBot/1.3; +https://openai.com/gptbot)"
74.7.227.157 - - [17/Mar/2026:14:49:48 +0000] "GET /whsy.php?p=%2Fproc%2F12559 HTTP/2.0" 200 830 "https://www.hibiscard.com.lab2454.com/whsy.php?e=31831&p=%2Fproc" "Mozilla/5.0 AppleWebKit/537.36 (KHTML, like Gecko; compatible; GPTBot/1.3; +https://openai.com/gptbot)"
74.7.227.157 - - [17/Mar/2026:14:49:59 +0000] "GET /whsy.php?p=%2Fproc%2F13150 HTTP/2.0" 200 830 "https://www.hibiscard.com.lab2454.com/whsy.php?e=31831&p=%2Fproc" "Mozilla/5.0 AppleWebKit/537.36 (KHTML, like Gecko; compatible; GPTBot/1.3; +https://openai.com/gptbot)"
74.7.243.210 - - [17/Mar/2026:14:49:59 +0000] "GET /whsy.php?e=ip_vs&p=%2Fproc%2F14589%2Fnet HTTP/2.0" 200 2615 "https://hibiscard.com.lab2454.com/whsy.php?p=%2Fproc%2F14589%2Fnet" "Mozilla/5.0 AppleWebKit/537.36 (KHTML, like Gecko; compatible; GPTBot/1.3; +https://openai.com/gptbot)"
74.7.227.157 - - [17/Mar/2026:14:50:08 +0000] "GET /whsy.php?p=%2Fproc%2F31805 HTTP/2.0" 200 830 "https://www.hibiscard.com.lab2454.com/whsy.php?p=%2Fproc%2F11890%2F.." "Mozilla/5.0 AppleWebKit/537.36 (KHTML, like Gecko; compatible; GPTBot/1.3; +https://openai.com/gptbot)"
74.7.227.157 - - [17/Mar/2026:14:50:18 +0000] "GET /whsy.php?p=%2Fproc%2F13160 HTTP/2.0" 200 830 "https://www.hibiscard.com.lab2454.com/whsy.php?e=31831&p=%2Fproc" "Mozilla/5.0 AppleWebKit/537.36 (KHTML, like Gecko; compatible; GPTBot/1.3; +https://openai.com/gptbot)"
74.7.227.157 - - [17/Mar/2026:14:50:29 +0000] "GET /whsy.php?p=%2Fproc%2F16868 HTTP/2.0" 200 830 "https://www.hibiscard.com.lab2454.com/whsy.php?p=%2Fproc%2F11890%2F.." "Mozilla/5.0 AppleWebKit/537.36 (KHTML, like Gecko; compatible; GPTBot/1.3; +https://openai.com/gptbot)"
74.7.227.157 - - [17/Mar/2026:14:50:43 +0000] "GET /whsy.php?p=%2Fproc%2F15367 HTTP/2.0" 200 830 "https://www.hibiscard.com.lab2454.com/whsy.php?p=%2Fproc%2F11890%2F.." "Mozilla/5.0 AppleWebKit/537.36 (KHTML, like Gecko; compatible; GPTBot/1.3; +https://openai.com/gptbot)"
74.7.243.210 - - [17/Mar/2026:14:50:44 +0000] "GET /whsy.php?e=ip_vs&p=%2Fproc%2F14590%2Fnet HTTP/2.0" 200 2615 "https://hibiscard.com.lab2454.com/whsy.php?p=%2Fproc%2F14590%2Fnet" "Mozilla/5.0 AppleWebKit/537.36 (KHTML, like Gecko; compatible; GPTBot/1.3; +https://openai.com/gptbot)"
74.7.227.157 - - [17/Mar/2026:14:50:57 +0000] "GET /whsy.php?p=%2Fproc%2F22651 HTTP/2.0" 200 830 "https://www.hibiscard.com.lab2454.com/whsy.php?p=%2Fproc%2F11890%2F.." "Mozilla/5.0 AppleWebKit/537.36 (KHTML, like Gecko; compatible; GPTBot/1.3; +https://openai.com/gptbot)"
74.7.243.210 - - [17/Mar/2026:14:50:58 +0000] "GET /whsy.php?e=ip_vs&p=%2Fproc%2F18643%2Fnet HTTP/2.0" 200 2615 "https://hibiscard.com.lab2454.com/whsy.php?p=%2Fproc%2F18643%2Fnet" "Mozilla/5.0 AppleWebKit/537.36 (KHTML, like Gecko; compatible; GPTBot/1.3; +https://openai.com/gptbot)"
74.7.228.13 - - [17/Mar/2026:14:50:59 +0000] "GET /robots.txt HTTP/2.0" 404 - "-" "Mozilla/5.0 (Macintosh; Intel Mac OS X 10_15_7) AppleWebKit/537.36 (KHTML, like Gecko) Chrome/131.0.0.0 Safari/537.36; compatible; OAI-SearchBot/1.3; robots.txt; +https://openai.com/searchbot"
74.7.227.157 - - [17/Mar/2026:14:51:11 +0000] "GET /whsy.php?p=%2Fproc%2F17192 HTTP/2.0" 200 1935 "https://www.hibiscard.com.lab2454.com/whsy.php?p=%2Fproc%2F11890%2F.." "Mozilla/5.0 AppleWebKit/537.36 (KHTML, like Gecko; compatible; GPTBot/1.3; +https://openai.com/gptbot)"
74.7.243.210 - - [17/Mar/2026:14:51:13 +0000] "GET /whsy.php?e=syscall&p=%2Fproc%2F2927 HTTP/2.0" 200 830 "https://hibiscard.com.lab2454.com/whsy.php?p=%2Fproc%2F2927" "Mozilla/5.0 AppleWebKit/537.36 (KHTML, like Gecko; compatible; GPTBot/1.3; +https://openai.com/gptbot)"
74.7.227.157 - - [17/Mar/2026:14:51:28 +0000] "GET /whsy.php?p=%2Fproc%2F17213 HTTP/2.0" 200 1935 "https://www.hibiscard.com.lab2454.com/whsy.php?p=%2Fproc%2F11890%2F.." "Mozilla/5.0 AppleWebKit/537.36 (KHTML, like Gecko; compatible; GPTBot/1.3; +https://openai.com/gptbot)"
74.7.243.210 - - [17/Mar/2026:14:51:29 +0000] "GET /whsy.php?e=pagemap&p=%2Fproc%2F2927 HTTP/2.0" 200 830 "https://hibiscard.com.lab2454.com/whsy.php?p=%2Fproc%2F2927" "Mozilla/5.0 AppleWebKit/537.36 (KHTML, like Gecko; compatible; GPTBot/1.3; +https://openai.com/gptbot)"
74.7.227.157 - - [17/Mar/2026:14:51:41 +0000] "GET /whsy.php?p=%2Fproc%2F11705 HTTP/2.0" 200 830 "https://www.hibiscard.com.lab2454.com/whsy.php?e=31831&p=%2Fproc" "Mozilla/5.0 AppleWebKit/537.36 (KHTML, like Gecko; compatible; GPTBot/1.3; +https://openai.com/gptbot)"
74.7.243.210 - - [17/Mar/2026:14:51:42 +0000] "GET /whsy.php?e=mountinfo&p=%2Fproc%2F98 HTTP/2.0" 200 2941 "https://hibiscard.com.lab2454.com/whsy.php?p=%2Fproc%2F98" "Mozilla/5.0 AppleWebKit/537.36 (KHTML, like Gecko; compatible; GPTBot/1.3; +https://openai.com/gptbot)"
74.7.227.157 - - [17/Mar/2026:14:51:53 +0000] "GET /whsy.php?p=%2Fproc%2F13159 HTTP/2.0" 200 830 "https://www.hibiscard.com.lab2454.com/whsy.php?e=31831&p=%2Fproc" "Mozilla/5.0 AppleWebKit/537.36 (KHTML, like Gecko; compatible; GPTBot/1.3; +https://openai.com/gptbot)"
74.7.243.210 - - [17/Mar/2026:14:51:54 +0000] "GET /whsy.php?e=netstat&p=%2Fproc%2F31032%2Fnet HTTP/2.0" 200 830 "https://hibiscard.com.lab2454.com/whsy.php?p=%2Fproc%2F31032%2Fnet" "Mozilla/5.0 AppleWebKit/537.36 (KHTML, like Gecko; compatible; GPTBot/1.3; +https://openai.com/gptbot)"
74.7.227.157 - - [17/Mar/2026:14:52:05 +0000] "GET /whsy.php?p=%2Fproc%2F13149 HTTP/2.0" 200 830 "https://www.hibiscard.com.lab2454.com/whsy.php?e=31831&p=%2Fproc" "Mozilla/5.0 AppleWebKit/537.36 (KHTML, like Gecko; compatible; GPTBot/1.3; +https://openai.com/gptbot)"
74.7.230.45 - - [17/Mar/2026:14:52:06 +0000] "GET /robots.txt HTTP/2.0" 404 - "-" "Mozilla/5.0 (Macintosh; Intel Mac OS X 10_15_7) AppleWebKit/537.36 (KHTML, like Gecko) Chrome/131.0.0.0 Safari/537.36; compatible; OAI-SearchBot/1.3; robots.txt; +https://openai.com/searchbot"
74.7.227.157 - - [17/Mar/2026:14:52:14 +0000] "GET /whsy.php?p=%2Fproc%2F17354 HTTP/2.0" 200 1936 "https://www.hibiscard.com.lab2454.com/whsy.php?p=%2Fproc%2F11890%2F.." "Mozilla/5.0 AppleWebKit/537.36 (KHTML, like Gecko; compatible; GPTBot/1.3; +https://openai.com/gptbot)"
74.7.227.157 - - [17/Mar/2026:14:52:25 +0000] "GET /whsy.php?p=%2Fproc%2F18993 HTTP/2.0" 200 830 "https://www.hibiscard.com.lab2454.com/whsy.php?p=%2Fproc%2F11890%2F.." "Mozilla/5.0 AppleWebKit/537.36 (KHTML, like Gecko; compatible; GPTBot/1.3; +https://openai.com/gptbot)"
74.7.227.157 - - [17/Mar/2026:14:52:37 +0000] "GET /whsy.php?p=%2Fproc%2F19436 HTTP/2.0" 200 830 "https://www.hibiscard.com.lab2454.com/whsy.php?p=%2Fproc%2F11890%2F.." "Mozilla/5.0 AppleWebKit/537.36 (KHTML, like Gecko; compatible; GPTBot/1.3; +https://openai.com/gptbot)"
74.7.227.157 - - [17/Mar/2026:14:52:48 +0000] "GET /whsy.php?p=%2Fproc%2F14858 HTTP/2.0" 200 830 "https://www.hibiscard.com.lab2454.com/whsy.php?p=%2Fproc%2F11890%2F.." "Mozilla/5.0 AppleWebKit/537.36 (KHTML, like Gecko; compatible; GPTBot/1.3; +https://openai.com/gptbot)"
74.7.227.157 - - [17/Mar/2026:14:53:01 +0000] "GET /whsy.php?p=%2Fproc%2F17226 HTTP/2.0" 200 1935 "https://www.hibiscard.com.lab2454.com/whsy.php?p=%2Fproc%2F11890%2F.." "Mozilla/5.0 AppleWebKit/537.36 (KHTML, like Gecko; compatible; GPTBot/1.3; +https://openai.com/gptbot)"
74.7.243.210 - - [17/Mar/2026:14:53:01 +0000] "GET /whsy.php?e=packet&p=%2Fproc%2F14225%2Fnet HTTP/2.0" 200 2572 "https://hibiscard.com.lab2454.com/whsy.php?p=%2Fproc%2F14225%2Fnet" "Mozilla/5.0 AppleWebKit/537.36 (KHTML, like Gecko; compatible; GPTBot/1.3; +https://openai.com/gptbot)"
74.7.227.157 - - [17/Mar/2026:14:53:14 +0000] "GET /whsy.php?p=%2Fproc%2F31843 HTTP/2.0" 200 1906 "https://www.hibiscard.com.lab2454.com/whsy.php?p=%2Fproc%2F11890%2F.." "Mozilla/5.0 AppleWebKit/537.36 (KHTML, like Gecko; compatible; GPTBot/1.3; +https://openai.com/gptbot)"
74.7.243.210 - - [17/Mar/2026:14:53:24 +0000] "GET /whsy.php?e=netstat&p=%2Fproc%2F13172%2Fnet HTTP/2.0" 200 4245 "https://hibiscard.com.lab2454.com/whsy.php?p=%2Fproc%2F13172%2Fnet" "Mozilla/5.0 AppleWebKit/537.36 (KHTML, like Gecko; compatible; GPTBot/1.3; +https://openai.com/gptbot)"
74.7.227.157 - - [17/Mar/2026:14:53:24 +0000] "GET /whsy.php?e=arch_status&p=%2Fproc%2F17192 HTTP/2.0" 200 2006 "https://www.hibiscard.com.lab2454.com/whsy.php?p=%2Fproc%2F17192" "Mozilla/5.0 AppleWebKit/537.36 (KHTML, like Gecko; compatible; GPTBot/1.3; +https://openai.com/gptbot)"
74.7.227.157 - - [17/Mar/2026:14:53:38 +0000] "GET /whsy.php?e=cmdline&p=%2Fproc%2F17213 HTTP/2.0" 200 2026 "https://www.hibiscard.com.lab2454.com/whsy.php?p=%2Fproc%2F17213" "Mozilla/5.0 AppleWebKit/537.36 (KHTML, like Gecko; compatible; GPTBot/1.3; +https://openai.com/gptbot)"
74.7.227.157 - - [17/Mar/2026:14:53:54 +0000] "GET /whsy.php?e=mountinfo&p=%2Fproc%2F17192 HTTP/2.0" 200 2950 "https://www.hibiscard.com.lab2454.com/whsy.php?p=%2Fproc%2F17192" "Mozilla/5.0 AppleWebKit/537.36 (KHTML, like Gecko; compatible; GPTBot/1.3; +https://openai.com/gptbot)"
74.7.243.210 - - [17/Mar/2026:14:54:05 +0000] "GET /whsy.php?e=netstat&p=%2Fproc%2F11891%2Fnet HTTP/2.0" 200 4245 "https://hibiscard.com.lab2454.com/whsy.php?p=%2Fproc%2F11891%2Fnet" "Mozilla/5.0 AppleWebKit/537.36 (KHTML, like Gecko; compatible; GPTBot/1.3; +https://openai.com/gptbot)"
74.7.227.157 - - [17/Mar/2026:14:54:05 +0000] "GET /whsy.php?e=mountinfo&p=%2Fproc%2F17213 HTTP/2.0" 200 2951 "https://www.hibiscard.com.lab2454.com/whsy.php?p=%2Fproc%2F17213" "Mozilla/5.0 AppleWebKit/537.36 (KHTML, like Gecko; compatible; GPTBot/1.3; +https://openai.com/gptbot)"
74.7.227.157 - - [17/Mar/2026:14:54:15 +0000] "GET /whsy.php?e=pagemap&p=%2Fproc%2F17192 HTTP/2.0" 200 1935 "https://www.hibiscard.com.lab2454.com/whsy.php?p=%2Fproc%2F17192" "Mozilla/5.0 AppleWebKit/537.36 (KHTML, like Gecko; compatible; GPTBot/1.3; +https://openai.com/gptbot)"
74.7.243.210 - - [17/Mar/2026:14:54:28 +0000] "GET /whsy.php?e=packet&p=%2Fproc%2F22407%2Fnet HTTP/2.0" 200 830 "https://hibiscard.com.lab2454.com/whsy.php?p=%2Fproc%2F22407%2Fnet" "Mozilla/5.0 AppleWebKit/537.36 (KHTML, like Gecko; compatible; GPTBot/1.3; +https://openai.com/gptbot)"
74.7.227.157 - - [17/Mar/2026:14:54:29 +0000] "GET /whsy.php?e=timerslack_ns&p=%2Fproc%2F17354 HTTP/2.0" 200 2008 "https://www.hibiscard.com.lab2454.com/whsy.php?p=%2Fproc%2F17354" "Mozilla/5.0 AppleWebKit/537.36 (KHTML, like Gecko; compatible; GPTBot/1.3; +https://openai.com/gptbot)"
74.7.227.157 - - [17/Mar/2026:14:54:42 +0000] "GET /whsy.php?e=stack&p=%2Fproc%2F17354 HTTP/2.0" 200 1936 "https://www.hibiscard.com.lab2454.com/whsy.php?p=%2Fproc%2F17354" "Mozilla/5.0 AppleWebKit/537.36 (KHTML, like Gecko; compatible; GPTBot/1.3; +https://openai.com/gptbot)"
74.7.243.210 - - [17/Mar/2026:14:54:54 +0000] "GET /whsy.php?e=packet&p=%2Fproc%2F29911%2Fnet HTTP/2.0" 200 2571 "https://hibiscard.com.lab2454.com/whsy.php?p=%2Fproc%2F29911%2Fnet" "Mozilla/5.0 AppleWebKit/537.36 (KHTML, like Gecko; compatible; GPTBot/1.3; +https://openai.com/gptbot)"
74.7.227.157 - - [17/Mar/2026:14:54:55 +0000] "GET /whsy.php?e=statm&p=%2Fproc%2F17354 HTTP/2.0" 200 2028 "https://www.hibiscard.com.lab2454.com/whsy.php?p=%2Fproc%2F17354" "Mozilla/5.0 AppleWebKit/537.36 (KHTML, like Gecko; compatible; GPTBot/1.3; +https://openai.com/gptbot)"
74.7.243.210 - - [17/Mar/2026:14:55:06 +0000] "GET /whsy.php?e=current&p=%2Fproc%2F11218%2Fattr HTTP/2.0" 200 847 "https://hibiscard.com.lab2454.com/whsy.php?p=%2Fproc%2F11218%2Fattr" "Mozilla/5.0 AppleWebKit/537.36 (KHTML, like Gecko; compatible; GPTBot/1.3; +https://openai.com/gptbot)"
74.7.227.157 - - [17/Mar/2026:14:55:06 +0000] "GET /whsy.php?e=schedstat&p=%2Fproc%2F17354 HTTP/2.0" 200 2035 "https://www.hibiscard.com.lab2454.com/whsy.php?p=%2Fproc%2F17354" "Mozilla/5.0 AppleWebKit/537.36 (KHTML, like Gecko; compatible; GPTBot/1.3; +https://openai.com/gptbot)"
74.7.243.210 - - [17/Mar/2026:14:55:17 +0000] "GET /whsy.php?e=current&p=%2Fproc%2F26646%2Fattr HTTP/2.0" 200 848 "https://hibiscard.com.lab2454.com/whsy.php?p=%2Fproc%2F26646%2Fattr" "Mozilla/5.0 AppleWebKit/537.36 (KHTML, like Gecko; compatible; GPTBot/1.3; +https://openai.com/gptbot)"
74.7.227.157 - - [17/Mar/2026:14:55:17 +0000] "GET /whsy.php?e=mountinfo&p=%2Fproc%2F17226 HTTP/2.0" 200 2988 "https://www.hibiscard.com.lab2454.com/whsy.php?p=%2Fproc%2F17226" "Mozilla/5.0 AppleWebKit/537.36 (KHTML, like Gecko; compatible; GPTBot/1.3; +https://openai.com/gptbot)"
74.7.227.157 - - [17/Mar/2026:14:55:28 +0000] "GET /whsy.php?e=uid_map&p=%2Fproc%2F31843 HTTP/2.0" 200 830 "https://www.hibiscard.com.lab2454.com/whsy.php?p=%2Fproc%2F31843" "Mozilla/5.0 AppleWebKit/537.36 (KHTML, like Gecko; compatible; GPTBot/1.3; +https://openai.com/gptbot)"
74.7.243.210 - - [17/Mar/2026:14:55:39 +0000] "GET /whsy.php?e=netstat&p=%2Fproc%2F29566%2Fnet HTTP/2.0" 200 4245 "https://hibiscard.com.lab2454.com/whsy.php?p=%2Fproc%2F29566%2Fnet" "Mozilla/5.0 AppleWebKit/537.36 (KHTML, like Gecko; compatible; GPTBot/1.3; +https://openai.com/gptbot)"
74.7.227.157 - - [17/Mar/2026:14:55:39 +0000] "GET /whsy.php?e=mem&p=%2Fproc%2F17354 HTTP/2.0" 200 1936 "https://www.hibiscard.com.lab2454.com/whsy.php?p=%2Fproc%2F17354" "Mozilla/5.0 AppleWebKit/537.36 (KHTML, like Gecko; compatible; GPTBot/1.3; +https://openai.com/gptbot)"
74.7.227.157 - - [17/Mar/2026:14:55:53 +0000] "GET /whsy.php?e=cwd&p=%2Fproc%2F17354 HTTP/2.0" 200 1936 "https://www.hibiscard.com.lab2454.com/whsy.php?p=%2Fproc%2F17354" "Mozilla/5.0 AppleWebKit/537.36 (KHTML, like Gecko; compatible; GPTBot/1.3; +https://openai.com/gptbot)"
74.7.243.210 - - [17/Mar/2026:14:56:07 +0000] "GET /whsy.php?e=packet&p=%2Fproc%2F12562%2Fnet HTTP/2.0" 200 2572 "https://hibiscard.com.lab2454.com/whsy.php?p=%2Fproc%2F12562%2Fnet" "Mozilla/5.0 AppleWebKit/537.36 (KHTML, like Gecko; compatible; GPTBot/1.3; +https://openai.com/gptbot)"
74.7.227.157 - - [17/Mar/2026:14:56:08 +0000] "GET /whsy.php?e=smaps&p=%2Fproc%2F17354 HTTP/2.0" 200 2121 "https://www.hibiscard.com.lab2454.com/whsy.php?p=%2Fproc%2F17354" "Mozilla/5.0 AppleWebKit/537.36 (KHTML, like Gecko; compatible; GPTBot/1.3; +https://openai.com/gptbot)"
74.7.228.13 - - [17/Mar/2026:14:56:20 +0000] "GET /robots.txt HTTP/2.0" 404 - "-" "Mozilla/5.0 (Macintosh; Intel Mac OS X 10_15_7) AppleWebKit/537.36 (KHTML, like Gecko) Chrome/131.0.0.0 Safari/537.36; compatible; OAI-SearchBot/1.3; robots.txt; +https://openai.com/searchbot"
74.7.227.157 - - [17/Mar/2026:14:56:19 +0000] "GET /whsy.php?e=mountinfo&p=%2Fproc%2F31843 HTTP/2.0" 200 830 "https://www.hibiscard.com.lab2454.com/whsy.php?p=%2Fproc%2F31843" "Mozilla/5.0 AppleWebKit/537.36 (KHTML, like Gecko; compatible; GPTBot/1.3; +https://openai.com/gptbot)"
74.7.243.210 - - [17/Mar/2026:14:56:33 +0000] "GET /whsy.php?e=psched&p=%2Fproc%2F30370%2Fnet HTTP/2.0" 200 830 "https://hibiscard.com.lab2454.com/whsy.php?p=%2Fproc%2F30370%2Fnet" "Mozilla/5.0 AppleWebKit/537.36 (KHTML, like Gecko; compatible; GPTBot/1.3; +https://openai.com/gptbot)"
74.7.227.157 - - [17/Mar/2026:14:56:34 +0000] "GET /whsy.php?e=mountinfo&p=%2Fproc%2F17354 HTTP/2.0" 200 2951 "https://www.hibiscard.com.lab2454.com/whsy.php?p=%2Fproc%2F17354" "Mozilla/5.0 AppleWebKit/537.36 (KHTML, like Gecko; compatible; GPTBot/1.3; +https://openai.com/gptbot)"
74.7.243.210 - - [17/Mar/2026:14:56:47 +0000] "GET /whsy.php?e=netstat&p=%2Fproc%2F16726%2Fnet HTTP/2.0" 200 830 "https://hibiscard.com.lab2454.com/whsy.php?p=%2Fproc%2F16726%2Fnet" "Mozilla/5.0 AppleWebKit/537.36 (KHTML, like Gecko; compatible; GPTBot/1.3; +https://openai.com/gptbot)"
74.7.227.157 - - [17/Mar/2026:14:56:47 +0000] "GET /whsy.php?e=timerslack_ns&p=%2Fproc%2F31843 HTTP/2.0" 200 830 "https://www.hibiscard.com.lab2454.com/whsy.php?p=%2Fproc%2F31843" "Mozilla/5.0 AppleWebKit/537.36 (KHTML, like Gecko; compatible; GPTBot/1.3; +https://openai.com/gptbot)"
74.7.227.157 - - [17/Mar/2026:14:57:02 +0000] "GET /whsy.php?e=autogroup&p=%2Fproc%2F17354 HTTP/2.0" 200 2022 "https://www.hibiscard.com.lab2454.com/whsy.php?p=%2Fproc%2F17354" "Mozilla/5.0 AppleWebKit/537.36 (KHTML, like Gecko; compatible; GPTBot/1.3; +https://openai.com/gptbot)"
74.7.227.157 - - [17/Mar/2026:14:57:21 +0000] "GET /whsy.php?e=stack&p=%2Fproc%2F31843 HTTP/2.0" 200 830 "https://www.hibiscard.com.lab2454.com/whsy.php?p=%2Fproc%2F31843" "Mozilla/5.0 AppleWebKit/537.36 (KHTML, like Gecko; compatible; GPTBot/1.3; +https://openai.com/gptbot)"
74.7.243.210 - - [17/Mar/2026:14:57:35 +0000] "GET /whsy.php?e=sockstat&p=%2Fproc%2F32362%2Fnet HTTP/2.0" 200 2602 "https://hibiscard.com.lab2454.com/whsy.php?p=%2Fproc%2F32362%2Fnet" "Mozilla/5.0 AppleWebKit/537.36 (KHTML, like Gecko; compatible; GPTBot/1.3; +https://openai.com/gptbot)"
74.7.227.157 - - [17/Mar/2026:14:57:35 +0000] "GET /whsy.php?e=statm&p=%2Fproc%2F31843 HTTP/2.0" 200 830 "https://www.hibiscard.com.lab2454.com/whsy.php?p=%2Fproc%2F31843" "Mozilla/5.0 AppleWebKit/537.36 (KHTML, like Gecko; compatible; GPTBot/1.3; +https://openai.com/gptbot)"
74.7.243.210 - - [17/Mar/2026:14:57:51 +0000] "GET /whsy.php?e=psched&p=%2Fproc%2F11877%2Fnet HTTP/2.0" 200 2533 "https://hibiscard.com.lab2454.com/whsy.php?p=%2Fproc%2F11877%2Fnet" "Mozilla/5.0 AppleWebKit/537.36 (KHTML, like Gecko; compatible; GPTBot/1.3; +https://openai.com/gptbot)"
74.7.227.157 - - [17/Mar/2026:14:57:52 +0000] "GET /whsy.php?e=wchan&p=%2Fproc%2F17354 HTTP/2.0" 200 2006 "https://www.hibiscard.com.lab2454.com/whsy.php?p=%2Fproc%2F17354" "Mozilla/5.0 AppleWebKit/537.36 (KHTML, like Gecko; compatible; GPTBot/1.3; +https://openai.com/gptbot)"
74.7.243.210 - - [17/Mar/2026:14:58:04 +0000] "GET /whsy.php?e=psched&p=%2Fproc%2F18011%2Fnet HTTP/2.0" 200 2532 "https://hibiscard.com.lab2454.com/whsy.php?p=%2Fproc%2F18011%2Fnet" "Mozilla/5.0 AppleWebKit/537.36 (KHTML, like Gecko; compatible; GPTBot/1.3; +https://openai.com/gptbot)"
74.7.227.157 - - [17/Mar/2026:14:58:04 +0000] "GET /whsy.php?e=auxv&p=%2Fproc%2F31843 HTTP/2.0" 200 830 "https://www.hibiscard.com.lab2454.com/whsy.php?p=%2Fproc%2F31843" "Mozilla/5.0 AppleWebKit/537.36 (KHTML, like Gecko; compatible; GPTBot/1.3; +https://openai.com/gptbot)"
74.7.227.157 - - [17/Mar/2026:14:58:19 +0000] "GET /whsy.php?e=syscall&p=%2Fproc%2F17226 HTTP/2.0" 200 1935 "https://www.hibiscard.com.lab2454.com/whsy.php?p=%2Fproc%2F17226" "Mozilla/5.0 AppleWebKit/537.36 (KHTML, like Gecko; compatible; GPTBot/1.3; +https://openai.com/gptbot)"
74.7.227.157 - - [17/Mar/2026:14:58:33 +0000] "GET /whsy.php?e=pagemap&p=%2Fproc%2F17213 HTTP/2.0" 200 1935 "https://www.hibiscard.com.lab2454.com/whsy.php?p=%2Fproc%2F17213" "Mozilla/5.0 AppleWebKit/537.36 (KHTML, like Gecko; compatible; GPTBot/1.3; +https://openai.com/gptbot)"
74.7.243.210 - - [17/Mar/2026:14:58:48 +0000] "GET /whsy.php?e=psched&p=%2Fproc%2F30636%2Fnet HTTP/2.0" 200 2531 "https://hibiscard.com.lab2454.com/whsy.php?p=%2Fproc%2F30636%2Fnet" "Mozilla/5.0 AppleWebKit/537.36 (KHTML, like Gecko; compatible; GPTBot/1.3; +https://openai.com/gptbot)"
74.7.227.157 - - [17/Mar/2026:14:58:49 +0000] "GET /whsy.php?e=auxv&p=%2Fproc%2F17354 HTTP/2.0" 200 1936 "https://www.hibiscard.com.lab2454.com/whsy.php?p=%2Fproc%2F17354" "Mozilla/5.0 AppleWebKit/537.36 (KHTML, like Gecko; compatible; GPTBot/1.3; +https://openai.com/gptbot)"
74.7.243.210 - - [17/Mar/2026:14:59:13 +0000] "GET /whsy.php?e=netstat&p=%2Fproc%2F28851%2Fnet HTTP/2.0" 200 4248 "https://hibiscard.com.lab2454.com/whsy.php?p=%2Fproc%2F28851%2Fnet" "Mozilla/5.0 AppleWebKit/537.36 (KHTML, like Gecko; compatible; GPTBot/1.3; +https://openai.com/gptbot)"
74.7.227.157 - - [17/Mar/2026:14:59:14 +0000] "GET /whsy.php?e=pagemap&p=%2Fproc%2F17226 HTTP/2.0" 200 1935 "https://www.hibiscard.com.lab2454.com/whsy.php?p=%2Fproc%2F17226" "Mozilla/5.0 AppleWebKit/537.36 (KHTML, like Gecko; compatible; GPTBot/1.3; +https://openai.com/gptbot)"
74.7.227.157 - - [17/Mar/2026:15:00:29 +0000] "GET /whsy.php?e=exe&p=%2Fproc%2F17354 HTTP/2.0" 200 1936 "https://www.hibiscard.com.lab2454.com/whsy.php?p=%2Fproc%2F17354" "Mozilla/5.0 AppleWebKit/537.36 (KHTML, like Gecko; compatible; GPTBot/1.3; +https://openai.com/gptbot)"
74.7.243.210 - - [17/Mar/2026:15:00:56 +0000] "GET /whsy.php?e=netstat&p=%2Fproc%2F13162%2Fnet HTTP/2.0" 200 830 "https://hibiscard.com.lab2454.com/whsy.php?p=%2Fproc%2F13162%2Fnet" "Mozilla/5.0 AppleWebKit/537.36 (KHTML, like Gecko; compatible; GPTBot/1.3; +https://openai.com/gptbot)"
74.7.227.157 - - [17/Mar/2026:15:00:56 +0000] "GET /whsy.php?e=wchan&p=%2Fproc%2F31843 HTTP/2.0" 200 830 "https://www.hibiscard.com.lab2454.com/whsy.php?p=%2Fproc%2F31843" "Mozilla/5.0 AppleWebKit/537.36 (KHTML, like Gecko; compatible; GPTBot/1.3; +https://openai.com/gptbot)"
74.7.227.157 - - [17/Mar/2026:15:01:21 +0000] "GET /whsy.php?e=statm&p=%2Fproc%2F17192 HTTP/2.0" 200 2030 "https://www.hibiscard.com.lab2454.com/whsy.php?p=%2Fproc%2F17192" "Mozilla/5.0 AppleWebKit/537.36 (KHTML, like Gecko; compatible; GPTBot/1.3; +https://openai.com/gptbot)"
74.7.243.210 - - [17/Mar/2026:15:01:39 +0000] "GET /whsy.php?e=psched&p=%2Fproc%2F30633%2Fnet HTTP/2.0" 200 830 "https://hibiscard.com.lab2454.com/whsy.php?p=%2Fproc%2F30633%2Fnet" "Mozilla/5.0 AppleWebKit/537.36 (KHTML, like Gecko; compatible; GPTBot/1.3; +https://openai.com/gptbot)"
74.7.227.157 - - [17/Mar/2026:15:01:39 +0000] "GET /whsy.php?e=stack&p=%2Fproc%2F17192 HTTP/2.0" 200 1935 "https://www.hibiscard.com.lab2454.com/whsy.php?p=%2Fproc%2F17192" "Mozilla/5.0 AppleWebKit/537.36 (KHTML, like Gecko; compatible; GPTBot/1.3; +https://openai.com/gptbot)"
74.7.228.13 - - [17/Mar/2026:15:01:40 +0000] "GET /robots.txt HTTP/2.0" 404 - "-" "Mozilla/5.0 (Macintosh; Intel Mac OS X 10_15_7) AppleWebKit/537.36 (KHTML, like Gecko) Chrome/131.0.0.0 Safari/537.36; compatible; OAI-SearchBot/1.3; robots.txt; +https://openai.com/searchbot"
74.7.243.210 - - [17/Mar/2026:15:02:00 +0000] "GET /whsy.php?e=netstat&p=%2Fproc%2F28849%2Fnet HTTP/2.0" 200 4253 "https://hibiscard.com.lab2454.com/whsy.php?p=%2Fproc%2F28849%2Fnet" "Mozilla/5.0 AppleWebKit/537.36 (KHTML, like Gecko; compatible; GPTBot/1.3; +https://openai.com/gptbot)"
74.7.227.157 - - [17/Mar/2026:15:02:03 +0000] "GET /whsy.php?e=statm&p=%2Fproc%2F17213 HTTP/2.0" 200 2031 "https://www.hibiscard.com.lab2454.com/whsy.php?p=%2Fproc%2F17213" "Mozilla/5.0 AppleWebKit/537.36 (KHTML, like Gecko; compatible; GPTBot/1.3; +https://openai.com/gptbot)"
74.7.227.157 - - [17/Mar/2026:15:02:57 +0000] "GET /whsy.php?e=sched&p=%2Fproc%2F17354 HTTP/2.0" 200 2487 "https://www.hibiscard.com.lab2454.com/whsy.php?p=%2Fproc%2F17354" "Mozilla/5.0 AppleWebKit/537.36 (KHTML, like Gecko; compatible; GPTBot/1.3; +https://openai.com/gptbot)"
74.7.230.45 - - [17/Mar/2026:15:03:03 +0000] "GET /robots.txt HTTP/2.0" 404 - "-" "Mozilla/5.0 (Macintosh; Intel Mac OS X 10_15_7) AppleWebKit/537.36 (KHTML, like Gecko) Chrome/131.0.0.0 Safari/537.36; compatible; OAI-SearchBot/1.3; robots.txt; +https://openai.com/searchbot"
74.7.227.157 - - [17/Mar/2026:15:03:31 +0000] "GET /whsy.php?e=stack&p=%2Fproc%2F17213 HTTP/2.0" 200 1935 "https://www.hibiscard.com.lab2454.com/whsy.php?p=%2Fproc%2F17213" "Mozilla/5.0 AppleWebKit/537.36 (KHTML, like Gecko; compatible; GPTBot/1.3; +https://openai.com/gptbot)"
74.7.243.210 - - [17/Mar/2026:15:03:59 +0000] "GET /whsy.php?e=netstat&p=%2Fproc%2F20507%2Fnet HTTP/2.0" 200 4245 "https://hibiscard.com.lab2454.com/whsy.php?p=%2Fproc%2F20507%2Fnet" "Mozilla/5.0 AppleWebKit/537.36 (KHTML, like Gecko; compatible; GPTBot/1.3; +https://openai.com/gptbot)"
74.7.227.157 - - [17/Mar/2026:15:04:16 +0000] "GET /whsy.php?e=autogroup&p=%2Fproc%2F17192 HTTP/2.0" 200 2021 "https://www.hibiscard.com.lab2454.com/whsy.php?p=%2Fproc%2F17192" "Mozilla/5.0 AppleWebKit/537.36 (KHTML, like Gecko; compatible; GPTBot/1.3; +https://openai.com/gptbot)"
74.7.227.157 - - [17/Mar/2026:15:04:48 +0000] "GET /whsy.php?e=autogroup&p=%2Fproc%2F17213 HTTP/2.0" 200 2022 "https://www.hibiscard.com.lab2454.com/whsy.php?p=%2Fproc%2F17213" "Mozilla/5.0 AppleWebKit/537.36 (KHTML, like Gecko; compatible; GPTBot/1.3; +https://openai.com/gptbot)"
74.7.243.210 - - [17/Mar/2026:15:04:59 +0000] "GET /whsy.php?e=netstat&p=%2Fproc%2F28508%2Fnet HTTP/2.0" 200 4250 "https://hibiscard.com.lab2454.com/whsy.php?p=%2Fproc%2F28508%2Fnet" "Mozilla/5.0 AppleWebKit/537.36 (KHTML, like Gecko; compatible; GPTBot/1.3; +https://openai.com/gptbot)"
74.7.227.157 - - [17/Mar/2026:15:05:04 +0000] "GET /whsy.php?e=timerslack_ns&p=%2Fproc%2F17192 HTTP/2.0" 200 2007 "https://www.hibiscard.com.lab2454.com/whsy.php?p=%2Fproc%2F17192" "Mozilla/5.0 AppleWebKit/537.36 (KHTML, like Gecko; compatible; GPTBot/1.3; +https://openai.com/gptbot)"
74.7.243.210 - - [17/Mar/2026:15:05:19 +0000] "GET /whsy.php?e=psched&p=%2Fproc%2F11891%2Fnet HTTP/2.0" 200 2531 "https://hibiscard.com.lab2454.com/whsy.php?p=%2Fproc%2F11891%2Fnet" "Mozilla/5.0 AppleWebKit/537.36 (KHTML, like Gecko; compatible; GPTBot/1.3; +https://openai.com/gptbot)"
74.7.227.157 - - [17/Mar/2026:15:05:27 +0000] "GET /whsy.php?e=timerslack_ns&p=%2Fproc%2F17213 HTTP/2.0" 200 2007 "https://www.hibiscard.com.lab2454.com/whsy.php?p=%2Fproc%2F17213" "Mozilla/5.0 AppleWebKit/537.36 (KHTML, like Gecko; compatible; GPTBot/1.3; +https://openai.com/gptbot)"
74.7.227.157 - - [17/Mar/2026:15:06:02 +0000] "GET /whsy.php?e=timens_offsets&p=%2Fproc%2F17354 HTTP/2.0" 200 2024 "https://www.hibiscard.com.lab2454.com/whsy.php?p=%2Fproc%2F17354" "Mozilla/5.0 AppleWebKit/537.36 (KHTML, like Gecko; compatible; GPTBot/1.3; +https://openai.com/gptbot)"
74.7.227.157 - - [17/Mar/2026:15:06:51 +0000] "GET /whsy.php?e=autogroup&p=%2Fproc%2F31843 HTTP/2.0" 200 830 "https://www.hibiscard.com.lab2454.com/whsy.php?p=%2Fproc%2F31843" "Mozilla/5.0 AppleWebKit/537.36 (KHTML, like Gecko; compatible; GPTBot/1.3; +https://openai.com/gptbot)"
74.7.243.210 - - [17/Mar/2026:15:07:01 +0000] "GET /whsy.php?e=netstat&p=%2Fproc%2F13523%2Fnet HTTP/2.0" 200 4251 "https://hibiscard.com.lab2454.com/whsy.php?p=%2Fproc%2F13523%2Fnet" "Mozilla/5.0 AppleWebKit/537.36 (KHTML, like Gecko; compatible; GPTBot/1.3; +https://openai.com/gptbot)"
