74.7.227.157 - - [17/Mar/2026:13:29:39 +0000] "GET /whsy.php?e=sessionid&p=%2Fproc%2F20537 HTTP/2.0" 200 2018 "https://www.hibiscard.com.lab2454.com/whsy.php?p=%2Fproc%2F20537" "Mozilla/5.0 AppleWebKit/537.36 (KHTML, like Gecko; compatible; GPTBot/1.3; +https://openai.com/gptbot)"
74.7.227.157 - - [17/Mar/2026:13:29:55 +0000] "GET /whsy.php?e=sessionid&p=%2Fproc%2F13289 HTTP/2.0" 200 830 "https://www.hibiscard.com.lab2454.com/whsy.php?p=%2Fproc%2F13289" "Mozilla/5.0 AppleWebKit/537.36 (KHTML, like Gecko; compatible; GPTBot/1.3; +https://openai.com/gptbot)"
74.7.227.157 - - [17/Mar/2026:13:30:04 +0000] "GET /whsy.php?e=autogroup&p=%2Fproc%2F17207 HTTP/2.0" 200 2021 "https://www.hibiscard.com.lab2454.com/whsy.php?p=%2Fproc%2F17207" "Mozilla/5.0 AppleWebKit/537.36 (KHTML, like Gecko; compatible; GPTBot/1.3; +https://openai.com/gptbot)"
74.7.227.157 - - [17/Mar/2026:13:30:15 +0000] "GET /whsy.php?e=autogroup&p=%2Fproc%2F31127 HTTP/2.0" 200 830 "https://www.hibiscard.com.lab2454.com/whsy.php?p=%2Fproc%2F31127" "Mozilla/5.0 AppleWebKit/537.36 (KHTML, like Gecko; compatible; GPTBot/1.3; +https://openai.com/gptbot)"
74.7.227.157 - - [17/Mar/2026:13:30:28 +0000] "GET /whsy.php?e=autogroup&p=%2Fproc%2F11108 HTTP/2.0" 200 830 "https://www.hibiscard.com.lab2454.com/whsy.php?p=%2Fproc%2F11108" "Mozilla/5.0 AppleWebKit/537.36 (KHTML, like Gecko; compatible; GPTBot/1.3; +https://openai.com/gptbot)"
74.7.227.157 - - [17/Mar/2026:13:30:41 +0000] "GET /whsy.php?e=timerslack_ns&p=%2Fproc%2F30542 HTTP/2.0" 200 2008 "https://www.hibiscard.com.lab2454.com/whsy.php?p=%2Fproc%2F30542" "Mozilla/5.0 AppleWebKit/537.36 (KHTML, like Gecko; compatible; GPTBot/1.3; +https://openai.com/gptbot)"
74.7.227.157 - - [17/Mar/2026:13:30:57 +0000] "GET /whsy.php?e=timerslack_ns&p=%2Fproc%2F20537 HTTP/2.0" 200 2008 "https://www.hibiscard.com.lab2454.com/whsy.php?p=%2Fproc%2F20537" "Mozilla/5.0 AppleWebKit/537.36 (KHTML, like Gecko; compatible; GPTBot/1.3; +https://openai.com/gptbot)"
74.7.227.157 - - [17/Mar/2026:13:31:15 +0000] "GET /whsy.php?e=timerslack_ns&p=%2Fproc%2F17207 HTTP/2.0" 200 2008 "https://www.hibiscard.com.lab2454.com/whsy.php?p=%2Fproc%2F17207" "Mozilla/5.0 AppleWebKit/537.36 (KHTML, like Gecko; compatible; GPTBot/1.3; +https://openai.com/gptbot)"
74.7.227.157 - - [17/Mar/2026:13:31:28 +0000] "GET /whsy.php?e=timerslack_ns&p=%2Fproc%2F17291 HTTP/2.0" 200 2007 "https://www.hibiscard.com.lab2454.com/whsy.php?p=%2Fproc%2F17291" "Mozilla/5.0 AppleWebKit/537.36 (KHTML, like Gecko; compatible; GPTBot/1.3; +https://openai.com/gptbot)"
74.7.227.157 - - [17/Mar/2026:13:31:51 +0000] "GET /whsy.php?e=timerslack_ns&p=%2Fproc%2F13289 HTTP/2.0" 200 830 "https://www.hibiscard.com.lab2454.com/whsy.php?p=%2Fproc%2F13289" "Mozilla/5.0 AppleWebKit/537.36 (KHTML, like Gecko; compatible; GPTBot/1.3; +https://openai.com/gptbot)"
74.7.227.157 - - [17/Mar/2026:13:32:05 +0000] "GET /whsy.php?e=timerslack_ns&p=%2Fproc%2F31127 HTTP/2.0" 200 830 "https://www.hibiscard.com.lab2454.com/whsy.php?p=%2Fproc%2F31127" "Mozilla/5.0 AppleWebKit/537.36 (KHTML, like Gecko; compatible; GPTBot/1.3; +https://openai.com/gptbot)"
74.7.227.157 - - [17/Mar/2026:13:32:16 +0000] "GET /whsy.php?e=autogroup&p=%2Fproc%2F13289 HTTP/2.0" 200 830 "https://www.hibiscard.com.lab2454.com/whsy.php?p=%2Fproc%2F13289" "Mozilla/5.0 AppleWebKit/537.36 (KHTML, like Gecko; compatible; GPTBot/1.3; +https://openai.com/gptbot)"
74.7.243.210 - - [17/Mar/2026:13:32:21 +0000] "GET /whsy.php?p=%2Fproc%2F31022%2Ffdinfo HTTP/2.0" 200 830 "https://hibiscard.com.lab2454.com/whsy.php?p=%2Fproc%2F31022" "Mozilla/5.0 AppleWebKit/537.36 (KHTML, like Gecko; compatible; GPTBot/1.3; +https://openai.com/gptbot)"
74.7.227.157 - - [17/Mar/2026:13:32:27 +0000] "GET /whsy.php?e=autogroup&p=%2Fproc%2F20537 HTTP/2.0" 200 2004 "https://www.hibiscard.com.lab2454.com/whsy.php?p=%2Fproc%2F20537" "Mozilla/5.0 AppleWebKit/537.36 (KHTML, like Gecko; compatible; GPTBot/1.3; +https://openai.com/gptbot)"
74.7.227.157 - - [17/Mar/2026:13:32:39 +0000] "GET /whsy.php?e=schedstat&p=%2Fproc%2F20537 HTTP/2.0" 200 2032 "https://www.hibiscard.com.lab2454.com/whsy.php?p=%2Fproc%2F20537" "Mozilla/5.0 AppleWebKit/537.36 (KHTML, like Gecko; compatible; GPTBot/1.3; +https://openai.com/gptbot)"
74.7.227.157 - - [17/Mar/2026:13:32:53 +0000] "GET /whsy.php?e=schedstat&p=%2Fproc%2F13289 HTTP/2.0" 200 830 "https://www.hibiscard.com.lab2454.com/whsy.php?p=%2Fproc%2F13289" "Mozilla/5.0 AppleWebKit/537.36 (KHTML, like Gecko; compatible; GPTBot/1.3; +https://openai.com/gptbot)"
74.7.227.157 - - [17/Mar/2026:13:33:08 +0000] "GET /whsy.php?e=autogroup&p=%2Fproc%2F30542 HTTP/2.0" 200 2022 "https://www.hibiscard.com.lab2454.com/whsy.php?p=%2Fproc%2F30542" "Mozilla/5.0 AppleWebKit/537.36 (KHTML, like Gecko; compatible; GPTBot/1.3; +https://openai.com/gptbot)"
74.7.227.157 - - [17/Mar/2026:13:33:22 +0000] "GET /whsy.php?e=wchan&p=%2Fproc%2F30542 HTTP/2.0" 200 2005 "https://www.hibiscard.com.lab2454.com/whsy.php?p=%2Fproc%2F30542" "Mozilla/5.0 AppleWebKit/537.36 (KHTML, like Gecko; compatible; GPTBot/1.3; +https://openai.com/gptbot)"
74.7.227.157 - - [17/Mar/2026:13:33:34 +0000] "GET /whsy.php?e=wchan&p=%2Fproc%2F20537 HTTP/2.0" 200 2006 "https://www.hibiscard.com.lab2454.com/whsy.php?p=%2Fproc%2F20537" "Mozilla/5.0 AppleWebKit/537.36 (KHTML, like Gecko; compatible; GPTBot/1.3; +https://openai.com/gptbot)"
74.7.227.157 - - [17/Mar/2026:13:33:48 +0000] "GET /whsy.php?e=wchan&p=%2Fproc%2F13289 HTTP/2.0" 200 830 "https://www.hibiscard.com.lab2454.com/whsy.php?p=%2Fproc%2F13289" "Mozilla/5.0 AppleWebKit/537.36 (KHTML, like Gecko; compatible; GPTBot/1.3; +https://openai.com/gptbot)"
74.7.230.45 - - [17/Mar/2026:13:33:49 +0000] "GET /robots.txt HTTP/2.0" 404 - "-" "Mozilla/5.0 (Macintosh; Intel Mac OS X 10_15_7) AppleWebKit/537.36 (KHTML, like Gecko) Chrome/131.0.0.0 Safari/537.36; compatible; OAI-SearchBot/1.3; robots.txt; +https://openai.com/searchbot"
74.7.243.210 - - [17/Mar/2026:13:33:26 +0000] "GET /whsy.php?p=%2Fproc%2F13523%2Ffdinfo HTTP/2.0" 200 288126 "https://hibiscard.com.lab2454.com/whsy.php?p=%2Fproc%2F13523" "Mozilla/5.0 AppleWebKit/537.36 (KHTML, like Gecko; compatible; GPTBot/1.3; +https://openai.com/gptbot)"
74.7.228.13 - - [17/Mar/2026:13:33:56 +0000] "GET /robots.txt HTTP/2.0" 404 - "-" "Mozilla/5.0 (Macintosh; Intel Mac OS X 10_15_7) AppleWebKit/537.36 (KHTML, like Gecko) Chrome/131.0.0.0 Safari/537.36; compatible; OAI-SearchBot/1.3; robots.txt; +https://openai.com/searchbot"
74.7.227.157 - - [17/Mar/2026:13:34:00 +0000] "GET /whsy.php?e=uid_map&p=%2Fproc%2F17207 HTTP/2.0" 200 2022 "https://www.hibiscard.com.lab2454.com/whsy.php?p=%2Fproc%2F17207" "Mozilla/5.0 AppleWebKit/537.36 (KHTML, like Gecko; compatible; GPTBot/1.3; +https://openai.com/gptbot)"
74.7.227.157 - - [17/Mar/2026:13:34:08 +0000] "GET /whsy.php?e=uid_map&p=%2Fproc%2F31127 HTTP/2.0" 200 830 "https://www.hibiscard.com.lab2454.com/whsy.php?p=%2Fproc%2F31127" "Mozilla/5.0 AppleWebKit/537.36 (KHTML, like Gecko; compatible; GPTBot/1.3; +https://openai.com/gptbot)"
74.7.227.157 - - [17/Mar/2026:13:34:18 +0000] "GET /whsy.php?e=gid_map&p=%2Fproc%2F31127 HTTP/2.0" 200 830 "https://www.hibiscard.com.lab2454.com/whsy.php?p=%2Fproc%2F31127" "Mozilla/5.0 AppleWebKit/537.36 (KHTML, like Gecko; compatible; GPTBot/1.3; +https://openai.com/gptbot)"
74.7.243.210 - - [17/Mar/2026:13:34:20 +0000] "GET /whsy.php?p=%2Fproc%2F13162%2Ffdinfo HTTP/2.0" 200 830 "https://hibiscard.com.lab2454.com/whsy.php?p=%2Fproc%2F13162" "Mozilla/5.0 AppleWebKit/537.36 (KHTML, like Gecko; compatible; GPTBot/1.3; +https://openai.com/gptbot)"
74.7.227.157 - - [17/Mar/2026:13:34:29 +0000] "GET /whsy.php?e=uid_map&p=%2Fproc%2F17291 HTTP/2.0" 200 2021 "https://www.hibiscard.com.lab2454.com/whsy.php?p=%2Fproc%2F17291" "Mozilla/5.0 AppleWebKit/537.36 (KHTML, like Gecko; compatible; GPTBot/1.3; +https://openai.com/gptbot)"
74.7.227.157 - - [17/Mar/2026:13:34:40 +0000] "GET /whsy.php?e=gid_map&p=%2Fproc%2F17207 HTTP/2.0" 200 2025 "https://www.hibiscard.com.lab2454.com/whsy.php?p=%2Fproc%2F17207" "Mozilla/5.0 AppleWebKit/537.36 (KHTML, like Gecko; compatible; GPTBot/1.3; +https://openai.com/gptbot)"
74.7.227.157 - - [17/Mar/2026:13:34:54 +0000] "GET /whsy.php?e=gid_map&p=%2Fproc%2F17291 HTTP/2.0" 200 2025 "https://www.hibiscard.com.lab2454.com/whsy.php?p=%2Fproc%2F17291" "Mozilla/5.0 AppleWebKit/537.36 (KHTML, like Gecko; compatible; GPTBot/1.3; +https://openai.com/gptbot)"
74.7.227.157 - - [17/Mar/2026:13:35:04 +0000] "GET /whsy.php?e=schedstat&p=%2Fproc%2F17291 HTTP/2.0" 200 2033 "https://www.hibiscard.com.lab2454.com/whsy.php?p=%2Fproc%2F17291" "Mozilla/5.0 AppleWebKit/537.36 (KHTML, like Gecko; compatible; GPTBot/1.3; +https://openai.com/gptbot)"
74.7.227.157 - - [17/Mar/2026:13:35:14 +0000] "GET /whsy.php?e=schedstat&p=%2Fproc%2F17207 HTTP/2.0" 200 2028 "https://www.hibiscard.com.lab2454.com/whsy.php?p=%2Fproc%2F17207" "Mozilla/5.0 AppleWebKit/537.36 (KHTML, like Gecko; compatible; GPTBot/1.3; +https://openai.com/gptbot)"
74.7.227.157 - - [17/Mar/2026:13:35:24 +0000] "GET /whsy.php?e=schedstat&p=%2Fproc%2F31127 HTTP/2.0" 200 830 "https://www.hibiscard.com.lab2454.com/whsy.php?p=%2Fproc%2F31127" "Mozilla/5.0 AppleWebKit/537.36 (KHTML, like Gecko; compatible; GPTBot/1.3; +https://openai.com/gptbot)"
74.7.227.157 - - [17/Mar/2026:13:35:34 +0000] "GET /whsy.php?e=schedstat&p=%2Fproc%2F11108 HTTP/2.0" 200 830 "https://www.hibiscard.com.lab2454.com/whsy.php?p=%2Fproc%2F11108" "Mozilla/5.0 AppleWebKit/537.36 (KHTML, like Gecko; compatible; GPTBot/1.3; +https://openai.com/gptbot)"
74.7.227.157 - - [17/Mar/2026:13:35:47 +0000] "GET /whsy.php?e=smaps&p=%2Fproc%2F17207 HTTP/2.0" 200 2121 "https://www.hibiscard.com.lab2454.com/whsy.php?p=%2Fproc%2F17207" "Mozilla/5.0 AppleWebKit/537.36 (KHTML, like Gecko; compatible; GPTBot/1.3; +https://openai.com/gptbot)"
74.7.227.157 - - [17/Mar/2026:13:35:59 +0000] "GET /whsy.php?e=sched&p=%2Fproc%2F17207 HTTP/2.0" 200 2465 "https://www.hibiscard.com.lab2454.com/whsy.php?p=%2Fproc%2F17207" "Mozilla/5.0 AppleWebKit/537.36 (KHTML, like Gecko; compatible; GPTBot/1.3; +https://openai.com/gptbot)"
74.7.227.157 - - [17/Mar/2026:13:36:09 +0000] "GET /whsy.php?e=sched&p=%2Fproc%2F31127 HTTP/2.0" 200 830 "https://www.hibiscard.com.lab2454.com/whsy.php?p=%2Fproc%2F31127" "Mozilla/5.0 AppleWebKit/537.36 (KHTML, like Gecko; compatible; GPTBot/1.3; +https://openai.com/gptbot)"
74.7.227.157 - - [17/Mar/2026:13:36:18 +0000] "GET /whsy.php?e=smaps&p=%2Fproc%2F17291 HTTP/2.0" 200 2121 "https://www.hibiscard.com.lab2454.com/whsy.php?p=%2Fproc%2F17291" "Mozilla/5.0 AppleWebKit/537.36 (KHTML, like Gecko; compatible; GPTBot/1.3; +https://openai.com/gptbot)"
74.7.227.157 - - [17/Mar/2026:13:36:31 +0000] "GET /whsy.php?e=smaps&p=%2Fproc%2F31127 HTTP/2.0" 200 830 "https://www.hibiscard.com.lab2454.com/whsy.php?p=%2Fproc%2F31127" "Mozilla/5.0 AppleWebKit/537.36 (KHTML, like Gecko; compatible; GPTBot/1.3; +https://openai.com/gptbot)"
74.7.227.157 - - [17/Mar/2026:13:36:46 +0000] "GET /whsy.php?e=sched&p=%2Fproc%2F17291 HTTP/2.0" 200 2488 "https://www.hibiscard.com.lab2454.com/whsy.php?p=%2Fproc%2F17291" "Mozilla/5.0 AppleWebKit/537.36 (KHTML, like Gecko; compatible; GPTBot/1.3; +https://openai.com/gptbot)"
74.7.243.210 - - [17/Mar/2026:13:36:18 +0000] "GET /whsy.php?p=%2Fproc%2F11328%2Ffdinfo HTTP/2.0" 200 438453 "https://hibiscard.com.lab2454.com/whsy.php?p=%2Fproc%2F11328" "Mozilla/5.0 AppleWebKit/537.36 (KHTML, like Gecko; compatible; GPTBot/1.3; +https://openai.com/gptbot)"
74.7.227.157 - - [17/Mar/2026:13:36:59 +0000] "GET /whsy.php?e=oom_adj&p=%2Fproc%2F13289 HTTP/2.0" 200 830 "https://www.hibiscard.com.lab2454.com/whsy.php?p=%2Fproc%2F13289" "Mozilla/5.0 AppleWebKit/537.36 (KHTML, like Gecko; compatible; GPTBot/1.3; +https://openai.com/gptbot)"
74.7.227.157 - - [17/Mar/2026:13:37:12 +0000] "GET /whsy.php?e=gid_map&p=%2Fproc%2F20537 HTTP/2.0" 200 2026 "https://www.hibiscard.com.lab2454.com/whsy.php?p=%2Fproc%2F20537" "Mozilla/5.0 AppleWebKit/537.36 (KHTML, like Gecko; compatible; GPTBot/1.3; +https://openai.com/gptbot)"
74.7.243.210 - - [17/Mar/2026:13:37:12 +0000] "GET /whsy.php?p=%2Fproc%2F31021%2Ffdinfo HTTP/2.0" 200 830 "https://hibiscard.com.lab2454.com/whsy.php?p=%2Fproc%2F31021" "Mozilla/5.0 AppleWebKit/537.36 (KHTML, like Gecko; compatible; GPTBot/1.3; +https://openai.com/gptbot)"
74.7.227.157 - - [17/Mar/2026:13:37:23 +0000] "GET /whsy.php?e=oom_adj&p=%2Fproc%2F20537 HTTP/2.0" 200 2006 "https://www.hibiscard.com.lab2454.com/whsy.php?p=%2Fproc%2F20537" "Mozilla/5.0 AppleWebKit/537.36 (KHTML, like Gecko; compatible; GPTBot/1.3; +https://openai.com/gptbot)"
74.7.227.157 - - [17/Mar/2026:13:37:33 +0000] "GET /whsy.php?e=gid_map&p=%2Fproc%2F13289 HTTP/2.0" 200 830 "https://www.hibiscard.com.lab2454.com/whsy.php?p=%2Fproc%2F13289" "Mozilla/5.0 AppleWebKit/537.36 (KHTML, like Gecko; compatible; GPTBot/1.3; +https://openai.com/gptbot)"
74.7.227.157 - - [17/Mar/2026:13:37:44 +0000] "GET /whsy.php?e=gid_map&p=%2Fproc%2F30542 HTTP/2.0" 200 2025 "https://www.hibiscard.com.lab2454.com/whsy.php?p=%2Fproc%2F30542" "Mozilla/5.0 AppleWebKit/537.36 (KHTML, like Gecko; compatible; GPTBot/1.3; +https://openai.com/gptbot)"
74.7.227.157 - - [17/Mar/2026:13:37:59 +0000] "GET /whsy.php?e=oom_adj&p=%2Fproc%2F30542 HTTP/2.0" 200 2006 "https://www.hibiscard.com.lab2454.com/whsy.php?p=%2Fproc%2F30542" "Mozilla/5.0 AppleWebKit/537.36 (KHTML, like Gecko; compatible; GPTBot/1.3; +https://openai.com/gptbot)"
74.7.227.157 - - [17/Mar/2026:13:38:13 +0000] "GET /whsy.php?e=uid_map&p=%2Fproc%2F13289 HTTP/2.0" 200 830 "https://www.hibiscard.com.lab2454.com/whsy.php?p=%2Fproc%2F13289" "Mozilla/5.0 AppleWebKit/537.36 (KHTML, like Gecko; compatible; GPTBot/1.3; +https://openai.com/gptbot)"
74.7.243.210 - - [17/Mar/2026:13:38:16 +0000] "GET /whsy.php?p=%2Fproc%2F31032%2Ffdinfo HTTP/2.0" 200 830 "https://hibiscard.com.lab2454.com/whsy.php?p=%2Fproc%2F31032" "Mozilla/5.0 AppleWebKit/537.36 (KHTML, like Gecko; compatible; GPTBot/1.3; +https://openai.com/gptbot)"
74.7.227.157 - - [17/Mar/2026:13:38:24 +0000] "GET /whsy.php?e=uid_map&p=%2Fproc%2F30542 HTTP/2.0" 200 2022 "https://www.hibiscard.com.lab2454.com/whsy.php?p=%2Fproc%2F30542" "Mozilla/5.0 AppleWebKit/537.36 (KHTML, like Gecko; compatible; GPTBot/1.3; +https://openai.com/gptbot)"
74.7.227.157 - - [17/Mar/2026:13:38:37 +0000] "GET /whsy.php?e=uid_map&p=%2Fproc%2F20537 HTTP/2.0" 200 2023 "https://www.hibiscard.com.lab2454.com/whsy.php?p=%2Fproc%2F20537" "Mozilla/5.0 AppleWebKit/537.36 (KHTML, like Gecko; compatible; GPTBot/1.3; +https://openai.com/gptbot)"
74.7.227.157 - - [17/Mar/2026:13:38:54 +0000] "GET /whsy.php?e=statm&p=%2Fproc%2F11108 HTTP/2.0" 200 830 "https://www.hibiscard.com.lab2454.com/whsy.php?p=%2Fproc%2F11108" "Mozilla/5.0 AppleWebKit/537.36 (KHTML, like Gecko; compatible; GPTBot/1.3; +https://openai.com/gptbot)"
74.7.230.45 - - [17/Mar/2026:13:38:55 +0000] "GET /robots.txt HTTP/2.0" 404 - "-" "Mozilla/5.0 (Macintosh; Intel Mac OS X 10_15_7) AppleWebKit/537.36 (KHTML, like Gecko) Chrome/131.0.0.0 Safari/537.36; compatible; OAI-SearchBot/1.3; robots.txt; +https://openai.com/searchbot"
74.7.227.157 - - [17/Mar/2026:13:39:07 +0000] "GET /whsy.php?e=stack&p=%2Fproc%2F11108 HTTP/2.0" 200 830 "https://www.hibiscard.com.lab2454.com/whsy.php?p=%2Fproc%2F11108" "Mozilla/5.0 AppleWebKit/537.36 (KHTML, like Gecko; compatible; GPTBot/1.3; +https://openai.com/gptbot)"
74.7.228.13 - - [17/Mar/2026:13:39:09 +0000] "GET /robots.txt HTTP/2.0" 404 - "-" "Mozilla/5.0 (Macintosh; Intel Mac OS X 10_15_7) AppleWebKit/537.36 (KHTML, like Gecko) Chrome/131.0.0.0 Safari/537.36; compatible; OAI-SearchBot/1.3; robots.txt; +https://openai.com/searchbot"
74.7.227.157 - - [17/Mar/2026:13:39:15 +0000] "GET /whsy.php?e=auxv&p=%2Fproc%2F31127 HTTP/2.0" 200 830 "https://www.hibiscard.com.lab2454.com/whsy.php?p=%2Fproc%2F31127" "Mozilla/5.0 AppleWebKit/537.36 (KHTML, like Gecko; compatible; GPTBot/1.3; +https://openai.com/gptbot)"
74.7.227.157 - - [17/Mar/2026:13:39:23 +0000] "GET /whsy.php?e=auxv&p=%2Fproc%2F17291 HTTP/2.0" 200 1935 "https://www.hibiscard.com.lab2454.com/whsy.php?p=%2Fproc%2F17291" "Mozilla/5.0 AppleWebKit/537.36 (KHTML, like Gecko; compatible; GPTBot/1.3; +https://openai.com/gptbot)"
74.7.227.157 - - [17/Mar/2026:13:39:32 +0000] "GET /whsy.php?e=uid_map&p=%2Fproc%2F11108 HTTP/2.0" 200 830 "https://www.hibiscard.com.lab2454.com/whsy.php?p=%2Fproc%2F11108" "Mozilla/5.0 AppleWebKit/537.36 (KHTML, like Gecko; compatible; GPTBot/1.3; +https://openai.com/gptbot)"
74.7.227.157 - - [17/Mar/2026:13:39:42 +0000] "GET /whsy.php?e=gid_map&p=%2Fproc%2F11108 HTTP/2.0" 200 830 "https://www.hibiscard.com.lab2454.com/whsy.php?p=%2Fproc%2F11108" "Mozilla/5.0 AppleWebKit/537.36 (KHTML, like Gecko; compatible; GPTBot/1.3; +https://openai.com/gptbot)"
74.7.227.157 - - [17/Mar/2026:13:39:54 +0000] "GET /whsy.php?e=sessionid&p=%2Fproc%2F17207 HTTP/2.0" 200 2016 "https://www.hibiscard.com.lab2454.com/whsy.php?p=%2Fproc%2F17207" "Mozilla/5.0 AppleWebKit/537.36 (KHTML, like Gecko; compatible; GPTBot/1.3; +https://openai.com/gptbot)"
74.7.227.157 - - [17/Mar/2026:13:40:32 +0000] "GET /whsy.php?e=sessionid&p=%2Fproc%2F31127 HTTP/2.0" 200 830 "https://www.hibiscard.com.lab2454.com/whsy.php?p=%2Fproc%2F31127" "Mozilla/5.0 AppleWebKit/537.36 (KHTML, like Gecko; compatible; GPTBot/1.3; +https://openai.com/gptbot)"
74.7.243.210 - - [17/Mar/2026:13:40:13 +0000] "GET /whsy.php?p=%2Fproc%2F14225%2Ffdinfo HTTP/2.0" 200 180969 "https://hibiscard.com.lab2454.com/whsy.php?p=%2Fproc%2F14225" "Mozilla/5.0 AppleWebKit/537.36 (KHTML, like Gecko; compatible; GPTBot/1.3; +https://openai.com/gptbot)"
74.7.227.157 - - [17/Mar/2026:13:40:55 +0000] "GET /whsy.php?e=setgroups&p=%2Fproc%2F17207 HTTP/2.0" 200 2007 "https://www.hibiscard.com.lab2454.com/whsy.php?p=%2Fproc%2F17207" "Mozilla/5.0 AppleWebKit/537.36 (KHTML, like Gecko; compatible; GPTBot/1.3; +https://openai.com/gptbot)"
74.7.227.157 - - [17/Mar/2026:13:41:08 +0000] "GET /whsy.php?e=sessionid&p=%2Fproc%2F17291 HTTP/2.0" 200 2015 "https://www.hibiscard.com.lab2454.com/whsy.php?p=%2Fproc%2F17291" "Mozilla/5.0 AppleWebKit/537.36 (KHTML, like Gecko; compatible; GPTBot/1.3; +https://openai.com/gptbot)"
74.7.227.157 - - [17/Mar/2026:13:41:22 +0000] "GET /whsy.php?e=setgroups&p=%2Fproc%2F31127 HTTP/2.0" 200 830 "https://www.hibiscard.com.lab2454.com/whsy.php?p=%2Fproc%2F31127" "Mozilla/5.0 AppleWebKit/537.36 (KHTML, like Gecko; compatible; GPTBot/1.3; +https://openai.com/gptbot)"
74.7.227.157 - - [17/Mar/2026:13:41:34 +0000] "GET /whsy.php?e=setgroups&p=%2Fproc%2F17291 HTTP/2.0" 200 2007 "https://www.hibiscard.com.lab2454.com/whsy.php?p=%2Fproc%2F17291" "Mozilla/5.0 AppleWebKit/537.36 (KHTML, like Gecko; compatible; GPTBot/1.3; +https://openai.com/gptbot)"
74.7.227.157 - - [17/Mar/2026:13:41:50 +0000] "GET /whsy.php?e=setgroups&p=%2Fproc%2F11108 HTTP/2.0" 200 830 "https://www.hibiscard.com.lab2454.com/whsy.php?p=%2Fproc%2F11108" "Mozilla/5.0 AppleWebKit/537.36 (KHTML, like Gecko; compatible; GPTBot/1.3; +https://openai.com/gptbot)"
74.7.227.157 - - [17/Mar/2026:13:42:06 +0000] "GET /whsy.php?e=sessionid&p=%2Fproc%2F11108 HTTP/2.0" 200 830 "https://www.hibiscard.com.lab2454.com/whsy.php?p=%2Fproc%2F11108" "Mozilla/5.0 AppleWebKit/537.36 (KHTML, like Gecko; compatible; GPTBot/1.3; +https://openai.com/gptbot)"
74.7.227.157 - - [17/Mar/2026:13:42:22 +0000] "GET /whsy.php?e=autogroup&p=%2Fproc%2F11555 HTTP/2.0" 200 830 "https://www.hibiscard.com.lab2454.com/whsy.php?p=%2Fproc%2F11555" "Mozilla/5.0 AppleWebKit/537.36 (KHTML, like Gecko; compatible; GPTBot/1.3; +https://openai.com/gptbot)"
74.7.243.210 - - [17/Mar/2026:13:42:02 +0000] "GET /whsy.php?p=%2Fproc%2F29911%2Ffdinfo HTTP/2.0" 200 618882 "https://hibiscard.com.lab2454.com/whsy.php?p=%2Fproc%2F29911" "Mozilla/5.0 AppleWebKit/537.36 (KHTML, like Gecko; compatible; GPTBot/1.3; +https://openai.com/gptbot)"
74.7.227.157 - - [17/Mar/2026:13:42:37 +0000] "GET /whsy.php?e=mem&p=%2Fproc%2F17291 HTTP/2.0" 200 1935 "https://www.hibiscard.com.lab2454.com/whsy.php?p=%2Fproc%2F17291" "Mozilla/5.0 AppleWebKit/537.36 (KHTML, like Gecko; compatible; GPTBot/1.3; +https://openai.com/gptbot)"
74.7.227.157 - - [17/Mar/2026:13:42:52 +0000] "GET /whsy.php?e=exe&p=%2Fproc%2F31127 HTTP/2.0" 200 830 "https://www.hibiscard.com.lab2454.com/whsy.php?p=%2Fproc%2F31127" "Mozilla/5.0 AppleWebKit/537.36 (KHTML, like Gecko; compatible; GPTBot/1.3; +https://openai.com/gptbot)"
74.7.227.157 - - [17/Mar/2026:13:43:07 +0000] "GET /whsy.php?e=cwd&p=%2Fproc%2F31127 HTTP/2.0" 200 830 "https://www.hibiscard.com.lab2454.com/whsy.php?p=%2Fproc%2F31127" "Mozilla/5.0 AppleWebKit/537.36 (KHTML, like Gecko; compatible; GPTBot/1.3; +https://openai.com/gptbot)"
74.7.227.157 - - [17/Mar/2026:13:43:19 +0000] "GET /whsy.php?e=mem&p=%2Fproc%2F31127 HTTP/2.0" 200 830 "https://www.hibiscard.com.lab2454.com/whsy.php?p=%2Fproc%2F31127" "Mozilla/5.0 AppleWebKit/537.36 (KHTML, like Gecko; compatible; GPTBot/1.3; +https://openai.com/gptbot)"
74.7.243.210 - - [17/Mar/2026:13:43:00 +0000] "GET /whsy.php?p=%2Fproc%2F13172%2Ffdinfo HTTP/2.0" 200 508887 "https://hibiscard.com.lab2454.com/whsy.php?p=%2Fproc%2F13172" "Mozilla/5.0 AppleWebKit/537.36 (KHTML, like Gecko; compatible; GPTBot/1.3; +https://openai.com/gptbot)"
74.7.227.157 - - [17/Mar/2026:13:43:36 +0000] "GET /whsy.php?e=exe&p=%2Fproc%2F17291 HTTP/2.0" 200 1935 "https://www.hibiscard.com.lab2454.com/whsy.php?p=%2Fproc%2F17291" "Mozilla/5.0 AppleWebKit/537.36 (KHTML, like Gecko; compatible; GPTBot/1.3; +https://openai.com/gptbot)"
74.7.227.157 - - [17/Mar/2026:13:43:54 +0000] "GET /whsy.php?e=exe&p=%2Fproc%2F17207 HTTP/2.0" 200 1936 "https://www.hibiscard.com.lab2454.com/whsy.php?p=%2Fproc%2F17207" "Mozilla/5.0 AppleWebKit/537.36 (KHTML, like Gecko; compatible; GPTBot/1.3; +https://openai.com/gptbot)"
74.7.227.157 - - [17/Mar/2026:13:44:13 +0000] "GET /whsy.php?e=cwd&p=%2Fproc%2F17291 HTTP/2.0" 200 1935 "https://www.hibiscard.com.lab2454.com/whsy.php?p=%2Fproc%2F17291" "Mozilla/5.0 AppleWebKit/537.36 (KHTML, like Gecko; compatible; GPTBot/1.3; +https://openai.com/gptbot)"
74.7.227.157 - - [17/Mar/2026:13:44:31 +0000] "GET /whsy.php?e=cwd&p=%2Fproc%2F17207 HTTP/2.0" 200 1936 "https://www.hibiscard.com.lab2454.com/whsy.php?p=%2Fproc%2F17207" "Mozilla/5.0 AppleWebKit/537.36 (KHTML, like Gecko; compatible; GPTBot/1.3; +https://openai.com/gptbot)"
74.7.228.13 - - [17/Mar/2026:13:44:36 +0000] "GET /robots.txt HTTP/2.0" 404 - "-" "Mozilla/5.0 (Macintosh; Intel Mac OS X 10_15_7) AppleWebKit/537.36 (KHTML, like Gecko) Chrome/131.0.0.0 Safari/537.36; compatible; OAI-SearchBot/1.3; robots.txt; +https://openai.com/searchbot"
74.7.227.157 - - [17/Mar/2026:13:44:46 +0000] "GET /whsy.php?e=mem&p=%2Fproc%2F17207 HTTP/2.0" 200 1936 "https://www.hibiscard.com.lab2454.com/whsy.php?p=%2Fproc%2F17207" "Mozilla/5.0 AppleWebKit/537.36 (KHTML, like Gecko; compatible; GPTBot/1.3; +https://openai.com/gptbot)"
74.7.227.157 - - [17/Mar/2026:13:44:57 +0000] "GET /whsy.php?e=stat&p=%2Fproc%2F13289 HTTP/2.0" 200 830 "https://www.hibiscard.com.lab2454.com/whsy.php?p=%2Fproc%2F13289" "Mozilla/5.0 AppleWebKit/537.36 (KHTML, like Gecko; compatible; GPTBot/1.3; +https://openai.com/gptbot)"
74.7.227.157 - - [17/Mar/2026:13:45:10 +0000] "GET /whsy.php?e=stat&p=%2Fproc%2F20537 HTTP/2.0" 200 2120 "https://www.hibiscard.com.lab2454.com/whsy.php?p=%2Fproc%2F20537" "Mozilla/5.0 AppleWebKit/537.36 (KHTML, like Gecko; compatible; GPTBot/1.3; +https://openai.com/gptbot)"
74.7.227.157 - - [17/Mar/2026:13:45:22 +0000] "GET /whsy.php?e=stat&p=%2Fproc%2F30542 HTTP/2.0" 200 2124 "https://www.hibiscard.com.lab2454.com/whsy.php?p=%2Fproc%2F30542" "Mozilla/5.0 AppleWebKit/537.36 (KHTML, like Gecko; compatible; GPTBot/1.3; +https://openai.com/gptbot)"
74.7.227.157 - - [17/Mar/2026:13:45:35 +0000] "GET /whsy.php?e=ksm_stat&p=%2Fproc%2F31127 HTTP/2.0" 200 830 "https://www.hibiscard.com.lab2454.com/whsy.php?p=%2Fproc%2F31127" "Mozilla/5.0 AppleWebKit/537.36 (KHTML, like Gecko; compatible; GPTBot/1.3; +https://openai.com/gptbot)"
74.7.227.157 - - [17/Mar/2026:13:45:58 +0000] "GET /whsy.php?e=ksm_stat&p=%2Fproc%2F17291 HTTP/2.0" 200 1935 "https://www.hibiscard.com.lab2454.com/whsy.php?p=%2Fproc%2F17291" "Mozilla/5.0 AppleWebKit/537.36 (KHTML, like Gecko; compatible; GPTBot/1.3; +https://openai.com/gptbot)"
74.7.227.157 - - [17/Mar/2026:13:46:11 +0000] "GET /whsy.php?e=ksm_stat&p=%2Fproc%2F17207 HTTP/2.0" 200 1936 "https://www.hibiscard.com.lab2454.com/whsy.php?p=%2Fproc%2F17207" "Mozilla/5.0 AppleWebKit/537.36 (KHTML, like Gecko; compatible; GPTBot/1.3; +https://openai.com/gptbot)"
74.7.227.157 - - [17/Mar/2026:13:46:30 +0000] "GET /whsy.php?e=exe&p=%2Fproc%2F30542 HTTP/2.0" 200 1936 "https://www.hibiscard.com.lab2454.com/whsy.php?p=%2Fproc%2F30542" "Mozilla/5.0 AppleWebKit/537.36 (KHTML, like Gecko; compatible; GPTBot/1.3; +https://openai.com/gptbot)"
74.7.227.157 - - [17/Mar/2026:13:46:56 +0000] "GET /whsy.php?e=exe&p=%2Fproc%2F13289 HTTP/2.0" 200 830 "https://www.hibiscard.com.lab2454.com/whsy.php?p=%2Fproc%2F13289" "Mozilla/5.0 AppleWebKit/537.36 (KHTML, like Gecko; compatible; GPTBot/1.3; +https://openai.com/gptbot)"
74.7.227.157 - - [17/Mar/2026:13:47:14 +0000] "GET /whsy.php?e=exe&p=%2Fproc%2F20537 HTTP/2.0" 200 1936 "https://www.hibiscard.com.lab2454.com/whsy.php?p=%2Fproc%2F20537" "Mozilla/5.0 AppleWebKit/537.36 (KHTML, like Gecko; compatible; GPTBot/1.3; +https://openai.com/gptbot)"
74.7.227.157 - - [17/Mar/2026:13:47:32 +0000] "GET /whsy.php?e=oom_adj&p=%2Fproc%2F17291 HTTP/2.0" 200 2006 "https://www.hibiscard.com.lab2454.com/whsy.php?p=%2Fproc%2F17291" "Mozilla/5.0 AppleWebKit/537.36 (KHTML, like Gecko; compatible; GPTBot/1.3; +https://openai.com/gptbot)"
74.7.227.157 - - [17/Mar/2026:13:48:12 +0000] "GET /whsy.php?e=oom_adj&p=%2Fproc%2F17207 HTTP/2.0" 200 2007 "https://www.hibiscard.com.lab2454.com/whsy.php?p=%2Fproc%2F17207" "Mozilla/5.0 AppleWebKit/537.36 (KHTML, like Gecko; compatible; GPTBot/1.3; +https://openai.com/gptbot)"
74.7.227.157 - - [17/Mar/2026:13:49:05 +0000] "GET /whsy.php?e=oom_adj&p=%2Fproc%2F31127 HTTP/2.0" 200 830 "https://www.hibiscard.com.lab2454.com/whsy.php?p=%2Fproc%2F31127" "Mozilla/5.0 AppleWebKit/537.36 (KHTML, like Gecko; compatible; GPTBot/1.3; +https://openai.com/gptbot)"
74.7.243.210 - - [17/Mar/2026:13:48:36 +0000] "GET /whsy.php?p=%2Fproc%2F11891%2Ffdinfo HTTP/2.0" 200 458234 "https://hibiscard.com.lab2454.com/whsy.php?p=%2Fproc%2F11891" "Mozilla/5.0 AppleWebKit/537.36 (KHTML, like Gecko; compatible; GPTBot/1.3; +https://openai.com/gptbot)"
74.7.227.157 - - [17/Mar/2026:13:49:23 +0000] "GET /whsy.php?e=sched&p=%2Fproc%2F11555 HTTP/2.0" 200 830 "https://www.hibiscard.com.lab2454.com/whsy.php?p=%2Fproc%2F11555" "Mozilla/5.0 AppleWebKit/537.36 (KHTML, like Gecko; compatible; GPTBot/1.3; +https://openai.com/gptbot)"
74.7.230.45 - - [17/Mar/2026:13:49:24 +0000] "GET /robots.txt HTTP/2.0" 404 - "-" "Mozilla/5.0 (Macintosh; Intel Mac OS X 10_15_7) AppleWebKit/537.36 (KHTML, like Gecko) Chrome/131.0.0.0 Safari/537.36; compatible; OAI-SearchBot/1.3; robots.txt; +https://openai.com/searchbot"
74.7.227.157 - - [17/Mar/2026:13:49:47 +0000] "GET /whsy.php?e=wchan&p=%2Fproc%2F11555 HTTP/2.0" 200 830 "https://www.hibiscard.com.lab2454.com/whsy.php?p=%2Fproc%2F11555" "Mozilla/5.0 AppleWebKit/537.36 (KHTML, like Gecko; compatible; GPTBot/1.3; +https://openai.com/gptbot)"
74.7.243.210 - - [17/Mar/2026:13:49:24 +0000] "GET /whsy.php?p=%2Fproc%2F11237%2Ffdinfo HTTP/2.0" 200 356667 "https://hibiscard.com.lab2454.com/whsy.php?p=%2Fproc%2F11237" "Mozilla/5.0 AppleWebKit/537.36 (KHTML, like Gecko; compatible; GPTBot/1.3; +https://openai.com/gptbot)"
74.7.227.157 - - [17/Mar/2026:13:50:01 +0000] "GET /whsy.php?e=sched&p=%2Fproc%2F11108 HTTP/2.0" 200 830 "https://www.hibiscard.com.lab2454.com/whsy.php?p=%2Fproc%2F11108" "Mozilla/5.0 AppleWebKit/537.36 (KHTML, like Gecko; compatible; GPTBot/1.3; +https://openai.com/gptbot)"
74.7.227.157 - - [17/Mar/2026:13:50:13 +0000] "GET /whsy.php?e=smaps&p=%2Fproc%2F11108 HTTP/2.0" 200 830 "https://www.hibiscard.com.lab2454.com/whsy.php?p=%2Fproc%2F11108" "Mozilla/5.0 AppleWebKit/537.36 (KHTML, like Gecko; compatible; GPTBot/1.3; +https://openai.com/gptbot)"
74.7.227.157 - - [17/Mar/2026:13:50:27 +0000] "GET /whsy.php?e=timerslack_ns&p=%2Fproc%2F11555 HTTP/2.0" 200 830 "https://www.hibiscard.com.lab2454.com/whsy.php?p=%2Fproc%2F11555" "Mozilla/5.0 AppleWebKit/537.36 (KHTML, like Gecko; compatible; GPTBot/1.3; +https://openai.com/gptbot)"
74.7.227.157 - - [17/Mar/2026:13:50:48 +0000] "GET /whsy.php?e=cmdline&p=%2Fproc%2F17207 HTTP/2.0" 200 2027 "https://www.hibiscard.com.lab2454.com/whsy.php?p=%2Fproc%2F17207" "Mozilla/5.0 AppleWebKit/537.36 (KHTML, like Gecko; compatible; GPTBot/1.3; +https://openai.com/gptbot)"
74.7.227.157 - - [17/Mar/2026:13:51:07 +0000] "GET /whsy.php?e=cmdline&p=%2Fproc%2F17291 HTTP/2.0" 200 2042 "https://www.hibiscard.com.lab2454.com/whsy.php?p=%2Fproc%2F17291" "Mozilla/5.0 AppleWebKit/537.36 (KHTML, like Gecko; compatible; GPTBot/1.3; +https://openai.com/gptbot)"
74.7.227.157 - - [17/Mar/2026:13:51:25 +0000] "GET /whsy.php?e=cmdline&p=%2Fproc%2F31127 HTTP/2.0" 200 830 "https://www.hibiscard.com.lab2454.com/whsy.php?p=%2Fproc%2F31127" "Mozilla/5.0 AppleWebKit/537.36 (KHTML, like Gecko; compatible; GPTBot/1.3; +https://openai.com/gptbot)"
74.7.243.210 - - [17/Mar/2026:13:51:30 +0000] "GET /whsy.php?p=%2Fproc%2F30633%2Ffdinfo HTTP/2.0" 200 830 "https://hibiscard.com.lab2454.com/whsy.php?p=%2Fproc%2F30633" "Mozilla/5.0 AppleWebKit/537.36 (KHTML, like Gecko; compatible; GPTBot/1.3; +https://openai.com/gptbot)"
74.7.228.13 - - [17/Mar/2026:13:51:30 +0000] "GET /robots.txt HTTP/2.0" 404 - "-" "Mozilla/5.0 (Macintosh; Intel Mac OS X 10_15_7) AppleWebKit/537.36 (KHTML, like Gecko) Chrome/131.0.0.0 Safari/537.36; compatible; OAI-SearchBot/1.3; robots.txt; +https://openai.com/searchbot"
74.7.227.157 - - [17/Mar/2026:13:51:41 +0000] "GET /whsy.php?e=cmdline&p=%2Fproc%2F11108 HTTP/2.0" 200 830 "https://www.hibiscard.com.lab2454.com/whsy.php?p=%2Fproc%2F11108" "Mozilla/5.0 AppleWebKit/537.36 (KHTML, like Gecko; compatible; GPTBot/1.3; +https://openai.com/gptbot)"
74.7.227.157 - - [17/Mar/2026:13:52:03 +0000] "GET /whsy.php?e=schedstat&p=%2Fproc%2F11555 HTTP/2.0" 200 830 "https://www.hibiscard.com.lab2454.com/whsy.php?p=%2Fproc%2F11555" "Mozilla/5.0 AppleWebKit/537.36 (KHTML, like Gecko; compatible; GPTBot/1.3; +https://openai.com/gptbot)"
74.7.227.157 - - [17/Mar/2026:13:52:27 +0000] "GET /whsy.php?e=sessionid&p=%2Fproc%2F11555 HTTP/2.0" 200 830 "https://www.hibiscard.com.lab2454.com/whsy.php?p=%2Fproc%2F11555" "Mozilla/5.0 AppleWebKit/537.36 (KHTML, like Gecko; compatible; GPTBot/1.3; +https://openai.com/gptbot)"
74.7.243.210 - - [17/Mar/2026:13:52:36 +0000] "GET /whsy.php?p=%2Fproc%2F12526%2Ffdinfo HTTP/2.0" 200 830 "https://hibiscard.com.lab2454.com/whsy.php?p=%2Fproc%2F12526" "Mozilla/5.0 AppleWebKit/537.36 (KHTML, like Gecko; compatible; GPTBot/1.3; +https://openai.com/gptbot)"
74.7.227.157 - - [17/Mar/2026:13:52:47 +0000] "GET /whsy.php?e=ksm_stat&p=%2Fproc%2F30542 HTTP/2.0" 200 1936 "https://www.hibiscard.com.lab2454.com/whsy.php?p=%2Fproc%2F30542" "Mozilla/5.0 AppleWebKit/537.36 (KHTML, like Gecko; compatible; GPTBot/1.3; +https://openai.com/gptbot)"
74.7.227.157 - - [17/Mar/2026:13:53:18 +0000] "GET /whsy.php?e=ksm_stat&p=%2Fproc%2F13289 HTTP/2.0" 200 830 "https://www.hibiscard.com.lab2454.com/whsy.php?p=%2Fproc%2F13289" "Mozilla/5.0 AppleWebKit/537.36 (KHTML, like Gecko; compatible; GPTBot/1.3; +https://openai.com/gptbot)"
74.7.227.157 - - [17/Mar/2026:13:53:49 +0000] "GET /whsy.php?e=ksm_stat&p=%2Fproc%2F20537 HTTP/2.0" 200 1936 "https://www.hibiscard.com.lab2454.com/whsy.php?p=%2Fproc%2F20537" "Mozilla/5.0 AppleWebKit/537.36 (KHTML, like Gecko; compatible; GPTBot/1.3; +https://openai.com/gptbot)"
74.7.243.210 - - [17/Mar/2026:13:53:35 +0000] "GET /whsy.php?p=%2Fproc%2F18011%2Ffdinfo HTTP/2.0" 200 478099 "https://hibiscard.com.lab2454.com/whsy.php?p=%2Fproc%2F18011" "Mozilla/5.0 AppleWebKit/537.36 (KHTML, like Gecko; compatible; GPTBot/1.3; +https://openai.com/gptbot)"
74.7.227.157 - - [17/Mar/2026:13:54:09 +0000] "GET /whsy.php?e=oom_score_adj&p=%2Fproc%2F17291 HTTP/2.0" 200 2007 "https://www.hibiscard.com.lab2454.com/whsy.php?p=%2Fproc%2F17291" "Mozilla/5.0 AppleWebKit/537.36 (KHTML, like Gecko; compatible; GPTBot/1.3; +https://openai.com/gptbot)"
74.7.243.210 - - [17/Mar/2026:13:54:21 +0000] "GET /whsy.php?p=%2Fproc%2F15253%2Ffdinfo HTTP/2.0" 200 830 "https://hibiscard.com.lab2454.com/whsy.php?p=%2Fproc%2F15253" "Mozilla/5.0 AppleWebKit/537.36 (KHTML, like Gecko; compatible; GPTBot/1.3; +https://openai.com/gptbot)"
74.7.227.157 - - [17/Mar/2026:13:54:25 +0000] "GET /whsy.php?e=oom_score_adj&p=%2Fproc%2F17207 HTTP/2.0" 200 2008 "https://www.hibiscard.com.lab2454.com/whsy.php?p=%2Fproc%2F17207" "Mozilla/5.0 AppleWebKit/537.36 (KHTML, like Gecko; compatible; GPTBot/1.3; +https://openai.com/gptbot)"
74.7.227.157 - - [17/Mar/2026:13:54:42 +0000] "GET /whsy.php?e=oom_score_adj&p=%2Fproc%2F31127 HTTP/2.0" 200 830 "https://www.hibiscard.com.lab2454.com/whsy.php?p=%2Fproc%2F31127" "Mozilla/5.0 AppleWebKit/537.36 (KHTML, like Gecko; compatible; GPTBot/1.3; +https://openai.com/gptbot)"
74.7.227.157 - - [17/Mar/2026:13:55:01 +0000] "GET /whsy.php?e=root&p=%2Fproc%2F30542 HTTP/2.0" 200 1936 "https://www.hibiscard.com.lab2454.com/whsy.php?p=%2Fproc%2F30542" "Mozilla/5.0 AppleWebKit/537.36 (KHTML, like Gecko; compatible; GPTBot/1.3; +https://openai.com/gptbot)"
74.7.227.157 - - [17/Mar/2026:13:55:34 +0000] "GET /whsy.php?e=root&p=%2Fproc%2F13289 HTTP/2.0" 200 830 "https://www.hibiscard.com.lab2454.com/whsy.php?p=%2Fproc%2F13289" "Mozilla/5.0 AppleWebKit/537.36 (KHTML, like Gecko; compatible; GPTBot/1.3; +https://openai.com/gptbot)"
74.7.227.157 - - [17/Mar/2026:13:56:13 +0000] "GET /whsy.php?e=root&p=%2Fproc%2F20537 HTTP/2.0" 200 1936 "https://www.hibiscard.com.lab2454.com/whsy.php?p=%2Fproc%2F20537" "Mozilla/5.0 AppleWebKit/537.36 (KHTML, like Gecko; compatible; GPTBot/1.3; +https://openai.com/gptbot)"
74.7.227.157 - - [17/Mar/2026:13:56:46 +0000] "GET /whsy.php?e=personality&p=%2Fproc%2F31127 HTTP/2.0" 200 830 "https://www.hibiscard.com.lab2454.com/whsy.php?p=%2Fproc%2F31127" "Mozilla/5.0 AppleWebKit/537.36 (KHTML, like Gecko; compatible; GPTBot/1.3; +https://openai.com/gptbot)"
74.7.243.210 - - [17/Mar/2026:13:56:46 +0000] "GET /whsy.php?p=%2Fproc%2F12562%2Ffdinfo HTTP/2.0" 200 661451 "https://hibiscard.com.lab2454.com/whsy.php?p=%2Fproc%2F12562" "Mozilla/5.0 AppleWebKit/537.36 (KHTML, like Gecko; compatible; GPTBot/1.3; +https://openai.com/gptbot)"
74.7.228.13 - - [17/Mar/2026:13:57:16 +0000] "GET /robots.txt HTTP/2.0" 404 - "-" "Mozilla/5.0 (Macintosh; Intel Mac OS X 10_15_7) AppleWebKit/537.36 (KHTML, like Gecko) Chrome/131.0.0.0 Safari/537.36; compatible; OAI-SearchBot/1.3; robots.txt; +https://openai.com/searchbot"
74.7.227.157 - - [17/Mar/2026:13:57:20 +0000] "GET /whsy.php?e=personality&p=%2Fproc%2F17291 HTTP/2.0" 200 1935 "https://www.hibiscard.com.lab2454.com/whsy.php?p=%2Fproc%2F17291" "Mozilla/5.0 AppleWebKit/537.36 (KHTML, like Gecko; compatible; GPTBot/1.3; +https://openai.com/gptbot)"
74.7.227.157 - - [17/Mar/2026:13:57:54 +0000] "GET /whsy.php?e=personality&p=%2Fproc%2F17207 HTTP/2.0" 200 1936 "https://www.hibiscard.com.lab2454.com/whsy.php?p=%2Fproc%2F17207" "Mozilla/5.0 AppleWebKit/537.36 (KHTML, like Gecko; compatible; GPTBot/1.3; +https://openai.com/gptbot)"
74.7.227.157 - - [17/Mar/2026:13:58:28 +0000] "GET /whsy.php?e=oom_score_adj&p=%2Fproc%2F30542 HTTP/2.0" 200 2008 "https://www.hibiscard.com.lab2454.com/whsy.php?p=%2Fproc%2F30542" "Mozilla/5.0 AppleWebKit/537.36 (KHTML, like Gecko; compatible; GPTBot/1.3; +https://openai.com/gptbot)"
74.7.227.157 - - [17/Mar/2026:13:59:06 +0000] "GET /whsy.php?e=oom_score_adj&p=%2Fproc%2F20537 HTTP/2.0" 200 2008 "https://www.hibiscard.com.lab2454.com/whsy.php?p=%2Fproc%2F20537" "Mozilla/5.0 AppleWebKit/537.36 (KHTML, like Gecko; compatible; GPTBot/1.3; +https://openai.com/gptbot)"
74.7.243.210 - - [17/Mar/2026:13:58:56 +0000] "GET /whsy.php?p=%2Fproc%2F20507%2Ffdinfo HTTP/2.0" 200 473456 "https://hibiscard.com.lab2454.com/whsy.php?p=%2Fproc%2F20507" "Mozilla/5.0 AppleWebKit/537.36 (KHTML, like Gecko; compatible; GPTBot/1.3; +https://openai.com/gptbot)"
74.7.227.157 - - [17/Mar/2026:13:59:27 +0000] "GET /whsy.php?e=oom_score_adj&p=%2Fproc%2F13289 HTTP/2.0" 200 830 "https://www.hibiscard.com.lab2454.com/whsy.php?p=%2Fproc%2F13289" "Mozilla/5.0 AppleWebKit/537.36 (KHTML, like Gecko; compatible; GPTBot/1.3; +https://openai.com/gptbot)"
74.7.230.45 - - [17/Mar/2026:13:59:28 +0000] "GET /robots.txt HTTP/2.0" 404 - "-" "Mozilla/5.0 (Macintosh; Intel Mac OS X 10_15_7) AppleWebKit/537.36 (KHTML, like Gecko) Chrome/131.0.0.0 Safari/537.36; compatible; OAI-SearchBot/1.3; robots.txt; +https://openai.com/searchbot"
74.7.227.157 - - [17/Mar/2026:14:00:07 +0000] "GET /whsy.php?e=comm&p=%2Fproc%2F31127 HTTP/2.0" 200 830 "https://www.hibiscard.com.lab2454.com/whsy.php?p=%2Fproc%2F31127" "Mozilla/5.0 AppleWebKit/537.36 (KHTML, like Gecko; compatible; GPTBot/1.3; +https://openai.com/gptbot)"
74.7.227.157 - - [17/Mar/2026:14:00:50 +0000] "GET /whsy.php?e=comm&p=%2Fproc%2F17291 HTTP/2.0" 200 2015 "https://www.hibiscard.com.lab2454.com/whsy.php?p=%2Fproc%2F17291" "Mozilla/5.0 AppleWebKit/537.36 (KHTML, like Gecko; compatible; GPTBot/1.3; +https://openai.com/gptbot)"
74.7.227.157 - - [17/Mar/2026:14:01:52 +0000] "GET /whsy.php?e=root&p=%2Fproc%2F31127 HTTP/2.0" 200 830 "https://www.hibiscard.com.lab2454.com/whsy.php?p=%2Fproc%2F31127" "Mozilla/5.0 AppleWebKit/537.36 (KHTML, like Gecko; compatible; GPTBot/1.3; +https://openai.com/gptbot)"
74.7.227.157 - - [17/Mar/2026:14:02:35 +0000] "GET /whsy.php?e=maps&p=%2Fproc%2F17207 HTTP/2.0" 200 2119 "https://www.hibiscard.com.lab2454.com/whsy.php?p=%2Fproc%2F17207" "Mozilla/5.0 AppleWebKit/537.36 (KHTML, like Gecko; compatible; GPTBot/1.3; +https://openai.com/gptbot)"
74.7.243.210 - - [17/Mar/2026:14:02:45 +0000] "GET /whsy.php?p=%2Fproc%2F29566%2Ffdinfo HTTP/2.0" 200 706860 "https://hibiscard.com.lab2454.com/whsy.php?p=%2Fproc%2F29566" "Mozilla/5.0 AppleWebKit/537.36 (KHTML, like Gecko; compatible; GPTBot/1.3; +https://openai.com/gptbot)"
74.7.228.13 - - [17/Mar/2026:14:03:15 +0000] "GET /robots.txt HTTP/2.0" 404 - "-" "Mozilla/5.0 (Macintosh; Intel Mac OS X 10_15_7) AppleWebKit/537.36 (KHTML, like Gecko) Chrome/131.0.0.0 Safari/537.36; compatible; OAI-SearchBot/1.3; robots.txt; +https://openai.com/searchbot"
74.7.227.157 - - [17/Mar/2026:14:03:32 +0000] "GET /whsy.php?e=root&p=%2Fproc%2F17207 HTTP/2.0" 200 1936 "https://www.hibiscard.com.lab2454.com/whsy.php?p=%2Fproc%2F17207" "Mozilla/5.0 AppleWebKit/537.36 (KHTML, like Gecko; compatible; GPTBot/1.3; +https://openai.com/gptbot)"
74.7.243.210 - - [17/Mar/2026:14:04:02 +0000] "GET /whsy.php?p=%2Fproc%2F24478%2Ffdinfo HTTP/2.0" 200 830 "https://hibiscard.com.lab2454.com/whsy.php?p=%2Fproc%2F24478" "Mozilla/5.0 AppleWebKit/537.36 (KHTML, like Gecko; compatible; GPTBot/1.3; +https://openai.com/gptbot)"
74.7.227.157 - - [17/Mar/2026:14:04:10 +0000] "GET /whsy.php?e=maps&p=%2Fproc%2F17291 HTTP/2.0" 200 2119 "https://www.hibiscard.com.lab2454.com/whsy.php?p=%2Fproc%2F17291" "Mozilla/5.0 AppleWebKit/537.36 (KHTML, like Gecko; compatible; GPTBot/1.3; +https://openai.com/gptbot)"
74.7.230.45 - - [17/Mar/2026:14:04:31 +0000] "GET /robots.txt HTTP/2.0" 404 - "-" "Mozilla/5.0 (Macintosh; Intel Mac OS X 10_15_7) AppleWebKit/537.36 (KHTML, like Gecko) Chrome/131.0.0.0 Safari/537.36; compatible; OAI-SearchBot/1.3; robots.txt; +https://openai.com/searchbot"
74.7.227.157 - - [17/Mar/2026:14:05:30 +0000] "GET /whsy.php?e=maps&p=%2Fproc%2F31127 HTTP/2.0" 200 830 "https://www.hibiscard.com.lab2454.com/whsy.php?p=%2Fproc%2F31127" "Mozilla/5.0 AppleWebKit/537.36 (KHTML, like Gecko; compatible; GPTBot/1.3; +https://openai.com/gptbot)"
74.7.227.157 - - [17/Mar/2026:14:05:43 +0000] "GET /whsy.php?e=comm&p=%2Fproc%2F17207 HTTP/2.0" 200 2014 "https://www.hibiscard.com.lab2454.com/whsy.php?p=%2Fproc%2F17207" "Mozilla/5.0 AppleWebKit/537.36 (KHTML, like Gecko; compatible; GPTBot/1.3; +https://openai.com/gptbot)"
74.7.227.157 - - [17/Mar/2026:14:06:02 +0000] "GET /whsy.php?e=root&p=%2Fproc%2F17291 HTTP/2.0" 200 1935 "https://www.hibiscard.com.lab2454.com/whsy.php?p=%2Fproc%2F17291" "Mozilla/5.0 AppleWebKit/537.36 (KHTML, like Gecko; compatible; GPTBot/1.3; +https://openai.com/gptbot)"
74.7.227.157 - - [17/Mar/2026:14:06:21 +0000] "GET /whsy.php?e=personality&p=%2Fproc%2F11108 HTTP/2.0" 200 830 "https://www.hibiscard.com.lab2454.com/whsy.php?p=%2Fproc%2F11108" "Mozilla/5.0 AppleWebKit/537.36 (KHTML, like Gecko; compatible; GPTBot/1.3; +https://openai.com/gptbot)"
74.7.227.157 - - [17/Mar/2026:14:06:37 +0000] "GET /whsy.php?e=cpuset&p=%2Fproc%2F31127 HTTP/2.0" 200 830 "https://www.hibiscard.com.lab2454.com/whsy.php?p=%2Fproc%2F31127" "Mozilla/5.0 AppleWebKit/537.36 (KHTML, like Gecko; compatible; GPTBot/1.3; +https://openai.com/gptbot)"
74.7.227.157 - - [17/Mar/2026:14:07:00 +0000] "GET /whsy.php?e=cgroup&p=%2Fproc%2F17207 HTTP/2.0" 200 2141 "https://www.hibiscard.com.lab2454.com/whsy.php?p=%2Fproc%2F17207" "Mozilla/5.0 AppleWebKit/537.36 (KHTML, like Gecko; compatible; GPTBot/1.3; +https://openai.com/gptbot)"
74.7.227.157 - - [17/Mar/2026:14:07:44 +0000] "GET /whsy.php?e=cpuset&p=%2Fproc%2F17207 HTTP/2.0" 200 2006 "https://www.hibiscard.com.lab2454.com/whsy.php?p=%2Fproc%2F17207" "Mozilla/5.0 AppleWebKit/537.36 (KHTML, like Gecko; compatible; GPTBot/1.3; +https://openai.com/gptbot)"
74.7.243.210 - - [17/Mar/2026:14:07:46 +0000] "GET /whsy.php?e=packet&p=%2Fproc%2F11197%2Fnet HTTP/2.0" 200 2571 "https://hibiscard.com.lab2454.com/whsy.php?p=%2Fproc%2F11197%2Fnet" "Mozilla/5.0 AppleWebKit/537.36 (KHTML, like Gecko; compatible; GPTBot/1.3; +https://openai.com/gptbot)"
74.7.227.157 - - [17/Mar/2026:14:08:27 +0000] "GET /whsy.php?e=cpuset&p=%2Fproc%2F17291 HTTP/2.0" 200 2006 "https://www.hibiscard.com.lab2454.com/whsy.php?p=%2Fproc%2F17291" "Mozilla/5.0 AppleWebKit/537.36 (KHTML, like Gecko; compatible; GPTBot/1.3; +https://openai.com/gptbot)"
74.7.243.210 - - [17/Mar/2026:14:08:31 +0000] "GET /whsy.php?e=environ&p=%2Fproc%2F2927 HTTP/2.0" 200 830 "https://hibiscard.com.lab2454.com/whsy.php?p=%2Fproc%2F2927" "Mozilla/5.0 AppleWebKit/537.36 (KHTML, like Gecko; compatible; GPTBot/1.3; +https://openai.com/gptbot)"
74.7.228.13 - - [17/Mar/2026:14:08:31 +0000] "GET /robots.txt HTTP/2.0" 404 - "-" "Mozilla/5.0 (Macintosh; Intel Mac OS X 10_15_7) AppleWebKit/537.36 (KHTML, like Gecko) Chrome/131.0.0.0 Safari/537.36; compatible; OAI-SearchBot/1.3; robots.txt; +https://openai.com/searchbot"
74.7.227.157 - - [17/Mar/2026:14:09:05 +0000] "GET /whsy.php?e=cgroup&p=%2Fproc%2F31127 HTTP/2.0" 200 830 "https://www.hibiscard.com.lab2454.com/whsy.php?p=%2Fproc%2F31127" "Mozilla/5.0 AppleWebKit/537.36 (KHTML, like Gecko; compatible; GPTBot/1.3; +https://openai.com/gptbot)"
74.7.243.210 - - [17/Mar/2026:14:09:08 +0000] "GET /whsy.php?p=%2Fproc%2F29140%2Fnet%2Fip6t_hashlimit HTTP/2.0" 200 502 "https://hibiscard.com.lab2454.com/whsy.php?p=%2Fproc%2F29140%2Fnet" "Mozilla/5.0 AppleWebKit/537.36 (KHTML, like Gecko; compatible; GPTBot/1.3; +https://openai.com/gptbot)"
74.7.227.157 - - [17/Mar/2026:14:09:30 +0000] "GET /whsy.php?e=cgroup&p=%2Fproc%2F17291 HTTP/2.0" 200 2142 "https://www.hibiscard.com.lab2454.com/whsy.php?p=%2Fproc%2F17291" "Mozilla/5.0 AppleWebKit/537.36 (KHTML, like Gecko; compatible; GPTBot/1.3; +https://openai.com/gptbot)"
74.7.227.157 - - [17/Mar/2026:14:11:13 +0000] "GET /whsy.php?e=auxv&p=%2Fproc%2F11108 HTTP/2.0" 200 830 "https://www.hibiscard.com.lab2454.com/whsy.php?p=%2Fproc%2F11108" "Mozilla/5.0 AppleWebKit/537.36 (KHTML, like Gecko; compatible; GPTBot/1.3; +https://openai.com/gptbot)"
74.7.230.45 - - [17/Mar/2026:14:11:13 +0000] "GET /robots.txt HTTP/2.0" 404 - "-" "Mozilla/5.0 (Macintosh; Intel Mac OS X 10_15_7) AppleWebKit/537.36 (KHTML, like Gecko) Chrome/131.0.0.0 Safari/537.36; compatible; OAI-SearchBot/1.3; robots.txt; +https://openai.com/searchbot"
74.7.243.210 - - [17/Mar/2026:14:11:24 +0000] "GET /whsy.php?p=%2Fproc%2F31067%2Fnet%2Fip6t_hashlimit HTTP/2.0" 200 830 "https://hibiscard.com.lab2454.com/whsy.php?p=%2Fproc%2F31067%2Fnet" "Mozilla/5.0 AppleWebKit/537.36 (KHTML, like Gecko; compatible; GPTBot/1.3; +https://openai.com/gptbot)"
74.7.227.157 - - [17/Mar/2026:14:13:22 +0000] "GET /whsy.php?e=cpuset&p=%2Fproc%2F11108 HTTP/2.0" 200 830 "https://www.hibiscard.com.lab2454.com/whsy.php?p=%2Fproc%2F11108" "Mozilla/5.0 AppleWebKit/537.36 (KHTML, like Gecko; compatible; GPTBot/1.3; +https://openai.com/gptbot)"
74.7.243.210 - - [17/Mar/2026:14:13:54 +0000] "GET /whsy.php?p=%2Fproc%2F13147%2Fnet%2Fip6t_hashlimit HTTP/2.0" 200 502 "https://hibiscard.com.lab2454.com/whsy.php?p=%2Fproc%2F13147%2Fnet" "Mozilla/5.0 AppleWebKit/537.36 (KHTML, like Gecko; compatible; GPTBot/1.3; +https://openai.com/gptbot)"
74.7.228.13 - - [17/Mar/2026:14:13:55 +0000] "GET /robots.txt HTTP/2.0" 404 - "-" "Mozilla/5.0 (Macintosh; Intel Mac OS X 10_15_7) AppleWebKit/537.36 (KHTML, like Gecko) Chrome/131.0.0.0 Safari/537.36; compatible; OAI-SearchBot/1.3; robots.txt; +https://openai.com/searchbot"
74.7.227.157 - - [17/Mar/2026:14:15:59 +0000] "GET /whsy.php?e=cgroup&p=%2Fproc%2F11108 HTTP/2.0" 200 830 "https://www.hibiscard.com.lab2454.com/whsy.php?p=%2Fproc%2F11108" "Mozilla/5.0 AppleWebKit/537.36 (KHTML, like Gecko; compatible; GPTBot/1.3; +https://openai.com/gptbot)"
74.7.230.45 - - [17/Mar/2026:14:16:15 +0000] "GET /robots.txt HTTP/2.0" 404 - "-" "Mozilla/5.0 (Macintosh; Intel Mac OS X 10_15_7) AppleWebKit/537.36 (KHTML, like Gecko) Chrome/131.0.0.0 Safari/537.36; compatible; OAI-SearchBot/1.3; robots.txt; +https://openai.com/searchbot"
74.7.243.210 - - [17/Mar/2026:14:17:22 +0000] "GET /whsy.php?p=%2Fproc%2F17913%2Fnet%2Fip6t_hashlimit HTTP/2.0" 200 501 "https://hibiscard.com.lab2454.com/whsy.php?p=%2Fproc%2F17913%2Fnet" "Mozilla/5.0 AppleWebKit/537.36 (KHTML, like Gecko; compatible; GPTBot/1.3; +https://openai.com/gptbot)"
74.7.227.157 - - [17/Mar/2026:14:20:58 +0000] "GET /whsy.php?e=timens_offsets&p=%2Fproc%2F11108 HTTP/2.0" 200 830 "https://www.hibiscard.com.lab2454.com/whsy.php?p=%2Fproc%2F11108" "Mozilla/5.0 AppleWebKit/537.36 (KHTML, like Gecko; compatible; GPTBot/1.3; +https://openai.com/gptbot)"
74.7.243.210 - - [17/Mar/2026:14:21:29 +0000] "GET /whsy.php?p=%2Fproc%2F18769%2Fnet%2Fip6t_hashlimit HTTP/2.0" 200 502 "https://hibiscard.com.lab2454.com/whsy.php?p=%2Fproc%2F18769%2Fnet" "Mozilla/5.0 AppleWebKit/537.36 (KHTML, like Gecko; compatible; GPTBot/1.3; +https://openai.com/gptbot)"
74.7.227.157 - - [17/Mar/2026:14:23:46 +0000] "GET /whsy.php?e=gid_map&p=%2Fproc%2F11555 HTTP/2.0" 200 830 "https://www.hibiscard.com.lab2454.com/whsy.php?p=%2Fproc%2F11555" "Mozilla/5.0 AppleWebKit/537.36 (KHTML, like Gecko; compatible; GPTBot/1.3; +https://openai.com/gptbot)"
74.7.230.45 - - [17/Mar/2026:14:23:46 +0000] "GET /robots.txt HTTP/2.0" 404 - "-" "Mozilla/5.0 (Macintosh; Intel Mac OS X 10_15_7) AppleWebKit/537.36 (KHTML, like Gecko) Chrome/131.0.0.0 Safari/537.36; compatible; OAI-SearchBot/1.3; robots.txt; +https://openai.com/searchbot"
74.7.227.157 - - [17/Mar/2026:14:26:33 +0000] "GET /whsy.php?e=uid_map&p=%2Fproc%2F11555 HTTP/2.0" 200 830 "https://www.hibiscard.com.lab2454.com/whsy.php?p=%2Fproc%2F11555" "Mozilla/5.0 AppleWebKit/537.36 (KHTML, like Gecko; compatible; GPTBot/1.3; +https://openai.com/gptbot)"
74.7.228.13 - - [17/Mar/2026:14:28:19 +0000] "GET /robots.txt HTTP/2.0" 404 - "-" "Mozilla/5.0 (Macintosh; Intel Mac OS X 10_15_7) AppleWebKit/537.36 (KHTML, like Gecko) Chrome/131.0.0.0 Safari/537.36; compatible; OAI-SearchBot/1.3; robots.txt; +https://openai.com/searchbot"
74.7.227.157 - - [17/Mar/2026:14:30:31 +0000] "GET /whsy.php?e=oom_adj&p=%2Fproc%2F11555 HTTP/2.0" 200 830 "https://www.hibiscard.com.lab2454.com/whsy.php?p=%2Fproc%2F11555" "Mozilla/5.0 AppleWebKit/537.36 (KHTML, like Gecko; compatible; GPTBot/1.3; +https://openai.com/gptbot)"
74.7.230.45 - - [17/Mar/2026:14:30:32 +0000] "GET /robots.txt HTTP/2.0" 404 - "-" "Mozilla/5.0 (Macintosh; Intel Mac OS X 10_15_7) AppleWebKit/537.36 (KHTML, like Gecko) Chrome/131.0.0.0 Safari/537.36; compatible; OAI-SearchBot/1.3; robots.txt; +https://openai.com/searchbot"
74.7.227.157 - - [17/Mar/2026:14:33:47 +0000] "GET /whsy.php?e=oom_adj&p=%2Fproc%2F11108 HTTP/2.0" 200 830 "https://www.hibiscard.com.lab2454.com/whsy.php?p=%2Fproc%2F11108" "Mozilla/5.0 AppleWebKit/537.36 (KHTML, like Gecko; compatible; GPTBot/1.3; +https://openai.com/gptbot)"
74.7.228.13 - - [17/Mar/2026:14:33:51 +0000] "GET /robots.txt HTTP/2.0" 404 - "-" "Mozilla/5.0 (Macintosh; Intel Mac OS X 10_15_7) AppleWebKit/537.36 (KHTML, like Gecko) Chrome/131.0.0.0 Safari/537.36; compatible; OAI-SearchBot/1.3; robots.txt; +https://openai.com/searchbot"
74.7.227.157 - - [17/Mar/2026:14:33:58 +0000] "GET /whsy.php?e=cgroup&p=%2Fproc%2F11555 HTTP/2.0" 200 830 "https://www.hibiscard.com.lab2454.com/whsy.php?p=%2Fproc%2F11555" "Mozilla/5.0 AppleWebKit/537.36 (KHTML, like Gecko; compatible; GPTBot/1.3; +https://openai.com/gptbot)"
74.7.243.210 - - [17/Mar/2026:14:34:01 +0000] "GET /whsy.php?p=%2Fproc%2F11890%2Fnet%2Fip6t_hashlimit HTTP/2.0" 200 502 "https://hibiscard.com.lab2454.com/whsy.php?p=%2Fproc%2F11890%2Fnet" "Mozilla/5.0 AppleWebKit/537.36 (KHTML, like Gecko; compatible; GPTBot/1.3; +https://openai.com/gptbot)"
74.7.227.157 - - [17/Mar/2026:14:34:24 +0000] "GET /whsy.php?e=cpuset&p=%2Fproc%2F11555 HTTP/2.0" 200 830 "https://www.hibiscard.com.lab2454.com/whsy.php?p=%2Fproc%2F11555" "Mozilla/5.0 AppleWebKit/537.36 (KHTML, like Gecko; compatible; GPTBot/1.3; +https://openai.com/gptbot)"
