74.7.227.29 - - [17/Mar/2026:17:11:54 +0000] "GET /whsy.php?e=maps&p=%2Fproc%2F17291 HTTP/2.0" 200 2119 "https://hibiscard.com.lab2454.com/whsy.php?p=%2Fproc%2F17291" "Mozilla/5.0 AppleWebKit/537.36 (KHTML, like Gecko; compatible; GPTBot/1.3; +https://openai.com/gptbot)"
74.7.227.52 - - [17/Mar/2026:17:11:55 +0000] "GET /whsy.php?e=arch_status&p=%2Fproc%2F17213 HTTP/2.0" 200 2006 "https://www.hibiscard.com.lab2454.com/whsy.php?p=%2Fproc%2F17213" "Mozilla/5.0 AppleWebKit/537.36 (KHTML, like Gecko; compatible; GPTBot/1.3; +https://openai.com/gptbot)"
74.7.227.29 - - [17/Mar/2026:17:12:04 +0000] "GET /whsy.php?e=root&p=%2Fproc%2F17291 HTTP/2.0" 200 1935 "https://hibiscard.com.lab2454.com/whsy.php?p=%2Fproc%2F17291" "Mozilla/5.0 AppleWebKit/537.36 (KHTML, like Gecko; compatible; GPTBot/1.3; +https://openai.com/gptbot)"
74.7.227.52 - - [17/Mar/2026:17:12:06 +0000] "GET /whsy.php?e=arch_status&p=%2Fproc%2F31127 HTTP/2.0" 200 830 "https://www.hibiscard.com.lab2454.com/whsy.php?p=%2Fproc%2F31127" "Mozilla/5.0 AppleWebKit/537.36 (KHTML, like Gecko; compatible; GPTBot/1.3; +https://openai.com/gptbot)"
74.7.227.29 - - [17/Mar/2026:17:12:17 +0000] "GET /whsy.php?e=comm&p=%2Fproc%2F17291 HTTP/2.0" 200 2015 "https://hibiscard.com.lab2454.com/whsy.php?p=%2Fproc%2F17291" "Mozilla/5.0 AppleWebKit/537.36 (KHTML, like Gecko; compatible; GPTBot/1.3; +https://openai.com/gptbot)"
74.7.227.52 - - [17/Mar/2026:17:12:18 +0000] "GET /whsy.php?e=arch_status&p=%2Fproc%2F17291 HTTP/2.0" 200 2006 "https://www.hibiscard.com.lab2454.com/whsy.php?p=%2Fproc%2F17291" "Mozilla/5.0 AppleWebKit/537.36 (KHTML, like Gecko; compatible; GPTBot/1.3; +https://openai.com/gptbot)"
74.7.227.52 - - [17/Mar/2026:17:12:29 +0000] "GET /whsy.php?e=arch_status&p=%2Fproc%2F11108 HTTP/2.0" 200 830 "https://www.hibiscard.com.lab2454.com/whsy.php?p=%2Fproc%2F11108" "Mozilla/5.0 AppleWebKit/537.36 (KHTML, like Gecko; compatible; GPTBot/1.3; +https://openai.com/gptbot)"
74.7.227.52 - - [17/Mar/2026:17:12:39 +0000] "GET /whsy.php?e=numa_maps&p=%2Fproc%2F11108 HTTP/2.0" 200 830 "https://www.hibiscard.com.lab2454.com/whsy.php?p=%2Fproc%2F11108" "Mozilla/5.0 AppleWebKit/537.36 (KHTML, like Gecko; compatible; GPTBot/1.3; +https://openai.com/gptbot)"
74.7.227.52 - - [17/Mar/2026:17:12:49 +0000] "GET /whsy.php?e=numa_maps&p=%2Fproc%2F11555 HTTP/2.0" 200 830 "https://www.hibiscard.com.lab2454.com/whsy.php?p=%2Fproc%2F11555" "Mozilla/5.0 AppleWebKit/537.36 (KHTML, like Gecko; compatible; GPTBot/1.3; +https://openai.com/gptbot)"
74.7.227.29 - - [17/Mar/2026:17:13:02 +0000] "GET /whsy.php?e=cpuset&p=%2Fproc%2F17291 HTTP/2.0" 200 2006 "https://hibiscard.com.lab2454.com/whsy.php?p=%2Fproc%2F17291" "Mozilla/5.0 AppleWebKit/537.36 (KHTML, like Gecko; compatible; GPTBot/1.3; +https://openai.com/gptbot)"
74.7.227.52 - - [17/Mar/2026:17:13:02 +0000] "GET /whsy.php?e=pppoe&p=%2Fproc%2F17354%2Fnet HTTP/2.0" 200 2525 "https://www.hibiscard.com.lab2454.com/whsy.php?p=%2Fproc%2F17354%2Fnet" "Mozilla/5.0 AppleWebKit/537.36 (KHTML, like Gecko; compatible; GPTBot/1.3; +https://openai.com/gptbot)"
74.7.227.29 - - [17/Mar/2026:17:13:14 +0000] "GET /whsy.php?e=cgroup&p=%2Fproc%2F17291 HTTP/2.0" 200 2142 "https://hibiscard.com.lab2454.com/whsy.php?p=%2Fproc%2F17291" "Mozilla/5.0 AppleWebKit/537.36 (KHTML, like Gecko; compatible; GPTBot/1.3; +https://openai.com/gptbot)"
74.7.227.52 - - [17/Mar/2026:17:13:15 +0000] "GET /whsy.php?e=unix&p=%2Fproc%2F17291%2Fnet HTTP/2.0" 200 5069 "https://www.hibiscard.com.lab2454.com/whsy.php?p=%2Fproc%2F17291%2Fnet" "Mozilla/5.0 AppleWebKit/537.36 (KHTML, like Gecko; compatible; GPTBot/1.3; +https://openai.com/gptbot)"
74.7.227.52 - - [17/Mar/2026:17:13:29 +0000] "GET /whsy.php?e=unix&p=%2Fproc%2F17213%2Fnet HTTP/2.0" 200 5087 "https://www.hibiscard.com.lab2454.com/whsy.php?p=%2Fproc%2F17213%2Fnet" "Mozilla/5.0 AppleWebKit/537.36 (KHTML, like Gecko; compatible; GPTBot/1.3; +https://openai.com/gptbot)"
74.7.244.51 - - [17/Mar/2026:17:13:30 +0000] "GET /robots.txt HTTP/2.0" 404 - "-" "Mozilla/5.0 (Macintosh; Intel Mac OS X 10_15_7) AppleWebKit/537.36 (KHTML, like Gecko) Chrome/131.0.0.0 Safari/537.36; compatible; OAI-SearchBot/1.3; robots.txt; +https://openai.com/searchbot"
74.7.227.52 - - [17/Mar/2026:17:13:41 +0000] "GET /whsy.php?e=unix&p=%2Fproc%2F17192%2Fnet HTTP/2.0" 200 5052 "https://www.hibiscard.com.lab2454.com/whsy.php?p=%2Fproc%2F17192%2Fnet" "Mozilla/5.0 AppleWebKit/537.36 (KHTML, like Gecko; compatible; GPTBot/1.3; +https://openai.com/gptbot)"
74.7.227.52 - - [17/Mar/2026:17:13:57 +0000] "GET /whsy.php?e=snmp&p=%2Fproc%2F17354%2Fnet HTTP/2.0" 200 3232 "https://www.hibiscard.com.lab2454.com/whsy.php?p=%2Fproc%2F17354%2Fnet" "Mozilla/5.0 AppleWebKit/537.36 (KHTML, like Gecko; compatible; GPTBot/1.3; +https://openai.com/gptbot)"
74.7.227.29 - - [17/Mar/2026:17:14:08 +0000] "GET /whsy.php?e=timens_offsets&p=%2Fproc%2F17291 HTTP/2.0" 200 2022 "https://hibiscard.com.lab2454.com/whsy.php?p=%2Fproc%2F17291" "Mozilla/5.0 AppleWebKit/537.36 (KHTML, like Gecko; compatible; GPTBot/1.3; +https://openai.com/gptbot)"
74.7.228.29 - - [17/Mar/2026:17:14:09 +0000] "GET /robots.txt HTTP/2.0" 404 - "-" "Mozilla/5.0 (Macintosh; Intel Mac OS X 10_15_7) AppleWebKit/537.36 (KHTML, like Gecko) Chrome/131.0.0.0 Safari/537.36; compatible; OAI-SearchBot/1.3; robots.txt; +https://openai.com/searchbot"
74.7.227.52 - - [17/Mar/2026:17:14:09 +0000] "GET /whsy.php?e=unix&p=%2Fproc%2F17207%2Fnet HTTP/2.0" 200 5034 "https://www.hibiscard.com.lab2454.com/whsy.php?p=%2Fproc%2F17207%2Fnet" "Mozilla/5.0 AppleWebKit/537.36 (KHTML, like Gecko; compatible; GPTBot/1.3; +https://openai.com/gptbot)"
74.7.227.52 - - [17/Mar/2026:17:14:19 +0000] "GET /whsy.php?e=psched&p=%2Fproc%2F17226%2Fnet HTTP/2.0" 200 2532 "https://www.hibiscard.com.lab2454.com/whsy.php?p=%2Fproc%2F17226%2Fnet" "Mozilla/5.0 AppleWebKit/537.36 (KHTML, like Gecko; compatible; GPTBot/1.3; +https://openai.com/gptbot)"
74.7.227.29 - - [17/Mar/2026:17:14:30 +0000] "GET /whsy.php?e=io&p=%2Fproc%2F17291 HTTP/2.0" 200 1935 "https://hibiscard.com.lab2454.com/whsy.php?p=%2Fproc%2F17291" "Mozilla/5.0 AppleWebKit/537.36 (KHTML, like Gecko; compatible; GPTBot/1.3; +https://openai.com/gptbot)"
74.7.227.52 - - [17/Mar/2026:17:14:31 +0000] "GET /whsy.php?e=netstat&p=%2Fproc%2F17226%2Fnet HTTP/2.0" 200 4245 "https://www.hibiscard.com.lab2454.com/whsy.php?p=%2Fproc%2F17226%2Fnet" "Mozilla/5.0 AppleWebKit/537.36 (KHTML, like Gecko; compatible; GPTBot/1.3; +https://openai.com/gptbot)"
74.7.227.52 - - [17/Mar/2026:17:14:45 +0000] "GET /whsy.php?e=psched&p=%2Fproc%2F17213%2Fnet HTTP/2.0" 200 2532 "https://www.hibiscard.com.lab2454.com/whsy.php?p=%2Fproc%2F17213%2Fnet" "Mozilla/5.0 AppleWebKit/537.36 (KHTML, like Gecko; compatible; GPTBot/1.3; +https://openai.com/gptbot)"
74.7.227.52 - - [17/Mar/2026:17:14:55 +0000] "GET /whsy.php?e=psched&p=%2Fproc%2F17291%2Fnet HTTP/2.0" 200 2532 "https://www.hibiscard.com.lab2454.com/whsy.php?p=%2Fproc%2F17291%2Fnet" "Mozilla/5.0 AppleWebKit/537.36 (KHTML, like Gecko; compatible; GPTBot/1.3; +https://openai.com/gptbot)"
74.7.227.52 - - [17/Mar/2026:17:15:05 +0000] "GET /whsy.php?e=psched&p=%2Fproc%2F17192%2Fnet HTTP/2.0" 200 2532 "https://www.hibiscard.com.lab2454.com/whsy.php?p=%2Fproc%2F17192%2Fnet" "Mozilla/5.0 AppleWebKit/537.36 (KHTML, like Gecko; compatible; GPTBot/1.3; +https://openai.com/gptbot)"
74.7.227.52 - - [17/Mar/2026:17:15:21 +0000] "GET /whsy.php?e=psched&p=%2Fproc%2F17207%2Fnet HTTP/2.0" 200 2532 "https://www.hibiscard.com.lab2454.com/whsy.php?p=%2Fproc%2F17207%2Fnet" "Mozilla/5.0 AppleWebKit/537.36 (KHTML, like Gecko; compatible; GPTBot/1.3; +https://openai.com/gptbot)"
74.7.227.52 - - [17/Mar/2026:17:15:34 +0000] "GET /whsy.php?p=%2Fproc%2F11108%2Fattr HTTP/2.0" 200 830 "https://www.hibiscard.com.lab2454.com/whsy.php?p=%2Fproc%2F11108" "Mozilla/5.0 AppleWebKit/537.36 (KHTML, like Gecko; compatible; GPTBot/1.3; +https://openai.com/gptbot)"
74.7.227.52 - - [17/Mar/2026:17:15:45 +0000] "GET /whsy.php?p=%2Fproc%2F11108%2Fnet HTTP/2.0" 200 830 "https://www.hibiscard.com.lab2454.com/whsy.php?p=%2Fproc%2F11108" "Mozilla/5.0 AppleWebKit/537.36 (KHTML, like Gecko; compatible; GPTBot/1.3; +https://openai.com/gptbot)"
74.7.227.52 - - [17/Mar/2026:17:15:56 +0000] "GET /whsy.php?p=%2Fproc%2F11555%2Ftask HTTP/2.0" 200 830 "https://www.hibiscard.com.lab2454.com/whsy.php?p=%2Fproc%2F11555" "Mozilla/5.0 AppleWebKit/537.36 (KHTML, like Gecko; compatible; GPTBot/1.3; +https://openai.com/gptbot)"
74.7.227.29 - - [17/Mar/2026:17:16:07 +0000] "GET /whsy.php?e=wchan&p=%2Fproc%2F17291 HTTP/2.0" 200 2005 "https://hibiscard.com.lab2454.com/whsy.php?p=%2Fproc%2F17291" "Mozilla/5.0 AppleWebKit/537.36 (KHTML, like Gecko; compatible; GPTBot/1.3; +https://openai.com/gptbot)"
74.7.227.52 - - [17/Mar/2026:17:16:08 +0000] "GET /whsy.php?p=%2Fproc%2F11555%2Fattr HTTP/2.0" 200 830 "https://www.hibiscard.com.lab2454.com/whsy.php?p=%2Fproc%2F11555" "Mozilla/5.0 AppleWebKit/537.36 (KHTML, like Gecko; compatible; GPTBot/1.3; +https://openai.com/gptbot)"
74.7.227.29 - - [17/Mar/2026:17:16:18 +0000] "GET /whsy.php?e=environ&p=%2Fproc%2F17291 HTTP/2.0" 200 1935 "https://hibiscard.com.lab2454.com/whsy.php?p=%2Fproc%2F17291" "Mozilla/5.0 AppleWebKit/537.36 (KHTML, like Gecko; compatible; GPTBot/1.3; +https://openai.com/gptbot)"
74.7.227.52 - - [17/Mar/2026:17:16:18 +0000] "GET /whsy.php?p=%2Fproc%2F11108%2Ftask HTTP/2.0" 200 830 "https://www.hibiscard.com.lab2454.com/whsy.php?p=%2Fproc%2F11108" "Mozilla/5.0 AppleWebKit/537.36 (KHTML, like Gecko; compatible; GPTBot/1.3; +https://openai.com/gptbot)"
74.7.227.52 - - [17/Mar/2026:17:16:30 +0000] "GET /whsy.php?p=%2Fproc%2F11555%2Fnet HTTP/2.0" 200 830 "https://www.hibiscard.com.lab2454.com/whsy.php?p=%2Fproc%2F11555" "Mozilla/5.0 AppleWebKit/537.36 (KHTML, like Gecko; compatible; GPTBot/1.3; +https://openai.com/gptbot)"
74.7.227.52 - - [17/Mar/2026:17:16:42 +0000] "GET /whsy.php?p=%2Fproc%2F17354%2Fnet%2Fipt_hashlimit HTTP/2.0" 200 500 "https://www.hibiscard.com.lab2454.com/whsy.php?p=%2Fproc%2F17354%2Fnet" "Mozilla/5.0 AppleWebKit/537.36 (KHTML, like Gecko; compatible; GPTBot/1.3; +https://openai.com/gptbot)"
74.7.227.52 - - [17/Mar/2026:17:16:57 +0000] "GET /whsy.php?e=raw&p=%2Fproc%2F17354%2Fnet HTTP/2.0" 200 2578 "https://www.hibiscard.com.lab2454.com/whsy.php?p=%2Fproc%2F17354%2Fnet" "Mozilla/5.0 AppleWebKit/537.36 (KHTML, like Gecko; compatible; GPTBot/1.3; +https://openai.com/gptbot)"
74.7.227.29 - - [17/Mar/2026:17:17:08 +0000] "GET /whsy.php?p=%2Fproc%2F14980 HTTP/2.0" 200 830 "https://hibiscard.com.lab2454.com/whsy.php?e=swaps&p=%2Fproc" "Mozilla/5.0 AppleWebKit/537.36 (KHTML, like Gecko; compatible; GPTBot/1.3; +https://openai.com/gptbot)"
74.7.227.52 - - [17/Mar/2026:17:17:08 +0000] "GET /whsy.php?e=arp&p=%2Fproc%2F17354%2Fnet HTTP/2.0" 200 2580 "https://www.hibiscard.com.lab2454.com/whsy.php?p=%2Fproc%2F17354%2Fnet" "Mozilla/5.0 AppleWebKit/537.36 (KHTML, like Gecko; compatible; GPTBot/1.3; +https://openai.com/gptbot)"
74.7.227.29 - - [17/Mar/2026:17:17:20 +0000] "GET /whsy.php?p=%2Fproc%2F16084 HTTP/2.0" 200 830 "https://hibiscard.com.lab2454.com/whsy.php?e=swaps&p=%2Fproc" "Mozilla/5.0 AppleWebKit/537.36 (KHTML, like Gecko; compatible; GPTBot/1.3; +https://openai.com/gptbot)"
74.7.227.52 - - [17/Mar/2026:17:17:21 +0000] "GET /whsy.php?e=oom_score&p=%2Fproc%2F31127 HTTP/2.0" 200 830 "https://www.hibiscard.com.lab2454.com/whsy.php?p=%2Fproc%2F31127" "Mozilla/5.0 AppleWebKit/537.36 (KHTML, like Gecko; compatible; GPTBot/1.3; +https://openai.com/gptbot)"
74.7.227.29 - - [17/Mar/2026:17:17:34 +0000] "GET /whsy.php?p=%2Fproc%2F17304 HTTP/2.0" 200 1936 "https://hibiscard.com.lab2454.com/whsy.php?e=swaps&p=%2Fproc" "Mozilla/5.0 AppleWebKit/537.36 (KHTML, like Gecko; compatible; GPTBot/1.3; +https://openai.com/gptbot)"
74.7.227.52 - - [17/Mar/2026:17:17:34 +0000] "GET /whsy.php?e=oom_score&p=%2Fproc%2F17207 HTTP/2.0" 200 2007 "https://www.hibiscard.com.lab2454.com/whsy.php?p=%2Fproc%2F17207" "Mozilla/5.0 AppleWebKit/537.36 (KHTML, like Gecko; compatible; GPTBot/1.3; +https://openai.com/gptbot)"
74.7.227.52 - - [17/Mar/2026:17:17:46 +0000] "GET /whsy.php?e=oom_score&p=%2Fproc%2F17291 HTTP/2.0" 200 2008 "https://www.hibiscard.com.lab2454.com/whsy.php?p=%2Fproc%2F17291" "Mozilla/5.0 AppleWebKit/537.36 (KHTML, like Gecko; compatible; GPTBot/1.3; +https://openai.com/gptbot)"
74.7.227.29 - - [17/Mar/2026:17:17:57 +0000] "GET /whsy.php?p=%2Fproc%2F12799 HTTP/2.0" 200 830 "https://hibiscard.com.lab2454.com/whsy.php?e=swaps&p=%2Fproc" "Mozilla/5.0 AppleWebKit/537.36 (KHTML, like Gecko; compatible; GPTBot/1.3; +https://openai.com/gptbot)"
74.7.227.52 - - [17/Mar/2026:17:17:58 +0000] "GET /whsy.php?e=oom_score&p=%2Fproc%2F17213 HTTP/2.0" 200 2008 "https://www.hibiscard.com.lab2454.com/whsy.php?p=%2Fproc%2F17213" "Mozilla/5.0 AppleWebKit/537.36 (KHTML, like Gecko; compatible; GPTBot/1.3; +https://openai.com/gptbot)"
74.7.227.52 - - [17/Mar/2026:17:18:14 +0000] "GET /whsy.php?e=oom_score&p=%2Fproc%2F17192 HTTP/2.0" 200 2008 "https://www.hibiscard.com.lab2454.com/whsy.php?p=%2Fproc%2F17192" "Mozilla/5.0 AppleWebKit/537.36 (KHTML, like Gecko; compatible; GPTBot/1.3; +https://openai.com/gptbot)"
74.7.227.29 - - [17/Mar/2026:17:18:26 +0000] "GET /whsy.php?p=%2Fproc%2F17207 HTTP/2.0" 200 1936 "https://hibiscard.com.lab2454.com/whsy.php?e=swaps&p=%2Fproc" "Mozilla/5.0 AppleWebKit/537.36 (KHTML, like Gecko; compatible; GPTBot/1.3; +https://openai.com/gptbot)"
74.7.227.52 - - [17/Mar/2026:17:18:28 +0000] "GET /whsy.php?e=sockstat&p=%2Fproc%2F17207%2Fnet HTTP/2.0" 200 2606 "https://www.hibiscard.com.lab2454.com/whsy.php?p=%2Fproc%2F17207%2Fnet" "Mozilla/5.0 AppleWebKit/537.36 (KHTML, like Gecko; compatible; GPTBot/1.3; +https://openai.com/gptbot)"
74.7.227.52 - - [17/Mar/2026:17:18:40 +0000] "GET /whsy.php?e=sockstat&p=%2Fproc%2F17213%2Fnet HTTP/2.0" 200 2606 "https://www.hibiscard.com.lab2454.com/whsy.php?p=%2Fproc%2F17213%2Fnet" "Mozilla/5.0 AppleWebKit/537.36 (KHTML, like Gecko; compatible; GPTBot/1.3; +https://openai.com/gptbot)"
74.7.244.51 - - [17/Mar/2026:17:18:41 +0000] "GET /robots.txt HTTP/2.0" 404 - "-" "Mozilla/5.0 (Macintosh; Intel Mac OS X 10_15_7) AppleWebKit/537.36 (KHTML, like Gecko) Chrome/131.0.0.0 Safari/537.36; compatible; OAI-SearchBot/1.3; robots.txt; +https://openai.com/searchbot"
74.7.227.29 - - [17/Mar/2026:17:18:49 +0000] "GET /whsy.php?p=%2Fproc%2F12918 HTTP/2.0" 200 830 "https://hibiscard.com.lab2454.com/whsy.php?e=swaps&p=%2Fproc" "Mozilla/5.0 AppleWebKit/537.36 (KHTML, like Gecko; compatible; GPTBot/1.3; +https://openai.com/gptbot)"
74.7.227.52 - - [17/Mar/2026:17:18:51 +0000] "GET /whsy.php?e=sockstat&p=%2Fproc%2F17291%2Fnet HTTP/2.0" 200 2606 "https://www.hibiscard.com.lab2454.com/whsy.php?p=%2Fproc%2F17291%2Fnet" "Mozilla/5.0 AppleWebKit/537.36 (KHTML, like Gecko; compatible; GPTBot/1.3; +https://openai.com/gptbot)"
74.7.227.29 - - [17/Mar/2026:17:18:59 +0000] "GET /whsy.php?p=%2Fproc%2F17259 HTTP/2.0" 200 1936 "https://hibiscard.com.lab2454.com/whsy.php?e=swaps&p=%2Fproc" "Mozilla/5.0 AppleWebKit/537.36 (KHTML, like Gecko; compatible; GPTBot/1.3; +https://openai.com/gptbot)"
74.7.227.52 - - [17/Mar/2026:17:19:00 +0000] "GET /whsy.php?e=sockstat&p=%2Fproc%2F17192%2Fnet HTTP/2.0" 200 2606 "https://www.hibiscard.com.lab2454.com/whsy.php?p=%2Fproc%2F17192%2Fnet" "Mozilla/5.0 AppleWebKit/537.36 (KHTML, like Gecko; compatible; GPTBot/1.3; +https://openai.com/gptbot)"
74.7.227.29 - - [17/Mar/2026:17:19:14 +0000] "GET /whsy.php?p=%2Fproc%2F17688 HTTP/2.0" 200 830 "https://hibiscard.com.lab2454.com/whsy.php?e=swaps&p=%2Fproc" "Mozilla/5.0 AppleWebKit/537.36 (KHTML, like Gecko; compatible; GPTBot/1.3; +https://openai.com/gptbot)"
74.7.228.29 - - [17/Mar/2026:17:19:15 +0000] "GET /robots.txt HTTP/2.0" 404 - "-" "Mozilla/5.0 (Macintosh; Intel Mac OS X 10_15_7) AppleWebKit/537.36 (KHTML, like Gecko) Chrome/131.0.0.0 Safari/537.36; compatible; OAI-SearchBot/1.3; robots.txt; +https://openai.com/searchbot"
74.7.227.52 - - [17/Mar/2026:17:19:16 +0000] "GET /whsy.php?e=netlink&p=%2Fproc%2F17226%2Fnet HTTP/2.0" 200 2811 "https://www.hibiscard.com.lab2454.com/whsy.php?p=%2Fproc%2F17226%2Fnet" "Mozilla/5.0 AppleWebKit/537.36 (KHTML, like Gecko; compatible; GPTBot/1.3; +https://openai.com/gptbot)"
74.7.227.29 - - [17/Mar/2026:17:19:29 +0000] "GET /whsy.php?p=%2Fproc%2F12707 HTTP/2.0" 200 830 "https://hibiscard.com.lab2454.com/whsy.php?e=swaps&p=%2Fproc" "Mozilla/5.0 AppleWebKit/537.36 (KHTML, like Gecko; compatible; GPTBot/1.3; +https://openai.com/gptbot)"
74.7.227.52 - - [17/Mar/2026:17:19:30 +0000] "GET /whsy.php?e=mcfilter&p=%2Fproc%2F17354%2Fnet HTTP/2.0" 200 2538 "https://www.hibiscard.com.lab2454.com/whsy.php?p=%2Fproc%2F17354%2Fnet" "Mozilla/5.0 AppleWebKit/537.36 (KHTML, like Gecko; compatible; GPTBot/1.3; +https://openai.com/gptbot)"
74.7.227.52 - - [17/Mar/2026:17:19:45 +0000] "GET /whsy.php?e=fib_trie&p=%2Fproc%2F17354%2Fnet HTTP/2.0" 200 2694 "https://www.hibiscard.com.lab2454.com/whsy.php?p=%2Fproc%2F17354%2Fnet" "Mozilla/5.0 AppleWebKit/537.36 (KHTML, like Gecko; compatible; GPTBot/1.3; +https://openai.com/gptbot)"
74.7.227.29 - - [17/Mar/2026:17:19:56 +0000] "GET /whsy.php?e=cpuset&p=%2Fproc%2F17304 HTTP/2.0" 200 2005 "https://hibiscard.com.lab2454.com/whsy.php?p=%2Fproc%2F17304" "Mozilla/5.0 AppleWebKit/537.36 (KHTML, like Gecko; compatible; GPTBot/1.3; +https://openai.com/gptbot)"
74.7.227.52 - - [17/Mar/2026:17:19:58 +0000] "GET /whsy.php?e=mcfilter&p=%2Fproc%2F17207%2Fnet HTTP/2.0" 200 2538 "https://www.hibiscard.com.lab2454.com/whsy.php?p=%2Fproc%2F17207%2Fnet" "Mozilla/5.0 AppleWebKit/537.36 (KHTML, like Gecko; compatible; GPTBot/1.3; +https://openai.com/gptbot)"
74.7.227.29 - - [17/Mar/2026:17:20:11 +0000] "GET /whsy.php?e=timerslack_ns&p=%2Fproc%2F17304 HTTP/2.0" 200 2008 "https://hibiscard.com.lab2454.com/whsy.php?p=%2Fproc%2F17304" "Mozilla/5.0 AppleWebKit/537.36 (KHTML, like Gecko; compatible; GPTBot/1.3; +https://openai.com/gptbot)"
74.7.227.52 - - [17/Mar/2026:17:20:12 +0000] "GET /whsy.php?e=fib_trie&p=%2Fproc%2F17192%2Fnet HTTP/2.0" 200 2694 "https://www.hibiscard.com.lab2454.com/whsy.php?p=%2Fproc%2F17192%2Fnet" "Mozilla/5.0 AppleWebKit/537.36 (KHTML, like Gecko; compatible; GPTBot/1.3; +https://openai.com/gptbot)"
74.7.227.29 - - [17/Mar/2026:17:20:28 +0000] "GET /whsy.php?e=statm&p=%2Fproc%2F17304 HTTP/2.0" 200 2030 "https://hibiscard.com.lab2454.com/whsy.php?p=%2Fproc%2F17304" "Mozilla/5.0 AppleWebKit/537.36 (KHTML, like Gecko; compatible; GPTBot/1.3; +https://openai.com/gptbot)"
74.7.227.52 - - [17/Mar/2026:17:20:30 +0000] "GET /whsy.php?e=fib_trie&p=%2Fproc%2F17213%2Fnet HTTP/2.0" 200 2693 "https://www.hibiscard.com.lab2454.com/whsy.php?p=%2Fproc%2F17213%2Fnet" "Mozilla/5.0 AppleWebKit/537.36 (KHTML, like Gecko; compatible; GPTBot/1.3; +https://openai.com/gptbot)"
74.7.227.29 - - [17/Mar/2026:17:20:43 +0000] "GET /whsy.php?e=stack&p=%2Fproc%2F17304 HTTP/2.0" 200 1936 "https://hibiscard.com.lab2454.com/whsy.php?p=%2Fproc%2F17304" "Mozilla/5.0 AppleWebKit/537.36 (KHTML, like Gecko; compatible; GPTBot/1.3; +https://openai.com/gptbot)"
74.7.227.52 - - [17/Mar/2026:17:20:45 +0000] "GET /whsy.php?e=fib_trie&p=%2Fproc%2F17291%2Fnet HTTP/2.0" 200 2694 "https://www.hibiscard.com.lab2454.com/whsy.php?p=%2Fproc%2F17291%2Fnet" "Mozilla/5.0 AppleWebKit/537.36 (KHTML, like Gecko; compatible; GPTBot/1.3; +https://openai.com/gptbot)"
74.7.227.29 - - [17/Mar/2026:17:20:54 +0000] "GET /whsy.php?e=schedstat&p=%2Fproc%2F17304 HTTP/2.0" 200 2028 "https://hibiscard.com.lab2454.com/whsy.php?p=%2Fproc%2F17304" "Mozilla/5.0 AppleWebKit/537.36 (KHTML, like Gecko; compatible; GPTBot/1.3; +https://openai.com/gptbot)"
74.7.227.52 - - [17/Mar/2026:17:20:56 +0000] "GET /whsy.php?e=mcfilter&p=%2Fproc%2F17213%2Fnet HTTP/2.0" 200 2538 "https://www.hibiscard.com.lab2454.com/whsy.php?p=%2Fproc%2F17213%2Fnet" "Mozilla/5.0 AppleWebKit/537.36 (KHTML, like Gecko; compatible; GPTBot/1.3; +https://openai.com/gptbot)"
74.7.227.29 - - [17/Mar/2026:17:21:10 +0000] "GET /whsy.php?e=mem&p=%2Fproc%2F17304 HTTP/2.0" 200 1936 "https://hibiscard.com.lab2454.com/whsy.php?p=%2Fproc%2F17304" "Mozilla/5.0 AppleWebKit/537.36 (KHTML, like Gecko; compatible; GPTBot/1.3; +https://openai.com/gptbot)"
74.7.227.52 - - [17/Mar/2026:17:21:13 +0000] "GET /whsy.php?e=mcfilter&p=%2Fproc%2F17291%2Fnet HTTP/2.0" 200 2538 "https://www.hibiscard.com.lab2454.com/whsy.php?p=%2Fproc%2F17291%2Fnet" "Mozilla/5.0 AppleWebKit/537.36 (KHTML, like Gecko; compatible; GPTBot/1.3; +https://openai.com/gptbot)"
74.7.227.29 - - [17/Mar/2026:17:21:25 +0000] "GET /whsy.php?e=cwd&p=%2Fproc%2F17304 HTTP/2.0" 200 1936 "https://hibiscard.com.lab2454.com/whsy.php?p=%2Fproc%2F17304" "Mozilla/5.0 AppleWebKit/537.36 (KHTML, like Gecko; compatible; GPTBot/1.3; +https://openai.com/gptbot)"
74.7.227.52 - - [17/Mar/2026:17:21:26 +0000] "GET /whsy.php?e=current&p=%2Fproc%2F17354%2Fattr HTTP/2.0" 200 849 "https://www.hibiscard.com.lab2454.com/whsy.php?p=%2Fproc%2F17354%2Fattr" "Mozilla/5.0 AppleWebKit/537.36 (KHTML, like Gecko; compatible; GPTBot/1.3; +https://openai.com/gptbot)"
74.7.227.29 - - [17/Mar/2026:17:21:37 +0000] "GET /whsy.php?e=smaps&p=%2Fproc%2F17304 HTTP/2.0" 200 2121 "https://hibiscard.com.lab2454.com/whsy.php?p=%2Fproc%2F17304" "Mozilla/5.0 AppleWebKit/537.36 (KHTML, like Gecko; compatible; GPTBot/1.3; +https://openai.com/gptbot)"
74.7.227.52 - - [17/Mar/2026:17:21:38 +0000] "GET /whsy.php?e=rt_cache&p=%2Fproc%2F17354%2Fnet HTTP/2.0" 200 2599 "https://www.hibiscard.com.lab2454.com/whsy.php?p=%2Fproc%2F17354%2Fnet" "Mozilla/5.0 AppleWebKit/537.36 (KHTML, like Gecko; compatible; GPTBot/1.3; +https://openai.com/gptbot)"
74.7.227.29 - - [17/Mar/2026:17:21:51 +0000] "GET /whsy.php?e=mountinfo&p=%2Fproc%2F17259 HTTP/2.0" 200 2950 "https://hibiscard.com.lab2454.com/whsy.php?p=%2Fproc%2F17259" "Mozilla/5.0 AppleWebKit/537.36 (KHTML, like Gecko; compatible; GPTBot/1.3; +https://openai.com/gptbot)"
74.7.227.52 - - [17/Mar/2026:17:21:53 +0000] "GET /whsy.php?e=mcfilter&p=%2Fproc%2F17192%2Fnet HTTP/2.0" 200 2538 "https://www.hibiscard.com.lab2454.com/whsy.php?p=%2Fproc%2F17192%2Fnet" "Mozilla/5.0 AppleWebKit/537.36 (KHTML, like Gecko; compatible; GPTBot/1.3; +https://openai.com/gptbot)"
74.7.227.29 - - [17/Mar/2026:17:22:06 +0000] "GET /whsy.php?e=mountinfo&p=%2Fproc%2F17304 HTTP/2.0" 200 2951 "https://hibiscard.com.lab2454.com/whsy.php?p=%2Fproc%2F17304" "Mozilla/5.0 AppleWebKit/537.36 (KHTML, like Gecko; compatible; GPTBot/1.3; +https://openai.com/gptbot)"
74.7.227.52 - - [17/Mar/2026:17:22:08 +0000] "GET /whsy.php?e=fib_trie&p=%2Fproc%2F17207%2Fnet HTTP/2.0" 200 2694 "https://www.hibiscard.com.lab2454.com/whsy.php?p=%2Fproc%2F17207%2Fnet" "Mozilla/5.0 AppleWebKit/537.36 (KHTML, like Gecko; compatible; GPTBot/1.3; +https://openai.com/gptbot)"
74.7.227.52 - - [17/Mar/2026:17:22:22 +0000] "GET /whsy.php?e=udplite&p=%2Fproc%2F17354%2Fnet HTTP/2.0" 200 2584 "https://www.hibiscard.com.lab2454.com/whsy.php?p=%2Fproc%2F17354%2Fnet" "Mozilla/5.0 AppleWebKit/537.36 (KHTML, like Gecko; compatible; GPTBot/1.3; +https://openai.com/gptbot)"
74.7.227.29 - - [17/Mar/2026:17:22:34 +0000] "GET /whsy.php?e=mountinfo&p=%2Fproc%2F17207 HTTP/2.0" 200 2951 "https://hibiscard.com.lab2454.com/whsy.php?p=%2Fproc%2F17207" "Mozilla/5.0 AppleWebKit/537.36 (KHTML, like Gecko; compatible; GPTBot/1.3; +https://openai.com/gptbot)"
74.7.227.52 - - [17/Mar/2026:17:22:36 +0000] "GET /whsy.php?e=netlink&p=%2Fproc%2F17354%2Fnet HTTP/2.0" 200 2812 "https://www.hibiscard.com.lab2454.com/whsy.php?p=%2Fproc%2F17354%2Fnet" "Mozilla/5.0 AppleWebKit/537.36 (KHTML, like Gecko; compatible; GPTBot/1.3; +https://openai.com/gptbot)"
74.7.227.29 - - [17/Mar/2026:17:22:52 +0000] "GET /whsy.php?e=autogroup&p=%2Fproc%2F17304 HTTP/2.0" 200 2022 "https://hibiscard.com.lab2454.com/whsy.php?p=%2Fproc%2F17304" "Mozilla/5.0 AppleWebKit/537.36 (KHTML, like Gecko; compatible; GPTBot/1.3; +https://openai.com/gptbot)"
74.7.227.52 - - [17/Mar/2026:17:22:53 +0000] "GET /whsy.php?e=snmp&p=%2Fproc%2F17226%2Fnet HTTP/2.0" 200 3234 "https://www.hibiscard.com.lab2454.com/whsy.php?p=%2Fproc%2F17226%2Fnet" "Mozilla/5.0 AppleWebKit/537.36 (KHTML, like Gecko; compatible; GPTBot/1.3; +https://openai.com/gptbot)"
74.7.227.52 - - [17/Mar/2026:17:23:10 +0000] "GET /whsy.php?e=current&p=%2Fproc%2F17213%2Fattr HTTP/2.0" 200 848 "https://www.hibiscard.com.lab2454.com/whsy.php?p=%2Fproc%2F17213%2Fattr" "Mozilla/5.0 AppleWebKit/537.36 (KHTML, like Gecko; compatible; GPTBot/1.3; +https://openai.com/gptbot)"
74.7.227.29 - - [17/Mar/2026:17:23:32 +0000] "GET /whsy.php?e=wchan&p=%2Fproc%2F17304 HTTP/2.0" 200 2005 "https://hibiscard.com.lab2454.com/whsy.php?p=%2Fproc%2F17304" "Mozilla/5.0 AppleWebKit/537.36 (KHTML, like Gecko; compatible; GPTBot/1.3; +https://openai.com/gptbot)"
74.7.227.52 - - [17/Mar/2026:17:23:34 +0000] "GET /whsy.php?e=rt_cache&p=%2Fproc%2F17207%2Fnet HTTP/2.0" 200 2598 "https://www.hibiscard.com.lab2454.com/whsy.php?p=%2Fproc%2F17207%2Fnet" "Mozilla/5.0 AppleWebKit/537.36 (KHTML, like Gecko; compatible; GPTBot/1.3; +https://openai.com/gptbot)"
74.7.227.29 - - [17/Mar/2026:17:23:46 +0000] "GET /whsy.php?e=statm&p=%2Fproc%2F17259 HTTP/2.0" 200 2032 "https://hibiscard.com.lab2454.com/whsy.php?p=%2Fproc%2F17259" "Mozilla/5.0 AppleWebKit/537.36 (KHTML, like Gecko; compatible; GPTBot/1.3; +https://openai.com/gptbot)"
74.7.227.52 - - [17/Mar/2026:17:23:49 +0000] "GET /whsy.php?e=current&p=%2Fproc%2F17291%2Fattr HTTP/2.0" 200 848 "https://www.hibiscard.com.lab2454.com/whsy.php?p=%2Fproc%2F17291%2Fattr" "Mozilla/5.0 AppleWebKit/537.36 (KHTML, like Gecko; compatible; GPTBot/1.3; +https://openai.com/gptbot)"
74.7.244.51 - - [17/Mar/2026:17:23:50 +0000] "GET /robots.txt HTTP/2.0" 404 - "-" "Mozilla/5.0 (Macintosh; Intel Mac OS X 10_15_7) AppleWebKit/537.36 (KHTML, like Gecko) Chrome/131.0.0.0 Safari/537.36; compatible; OAI-SearchBot/1.3; robots.txt; +https://openai.com/searchbot"
74.7.227.29 - - [17/Mar/2026:17:24:06 +0000] "GET /whsy.php?e=stack&p=%2Fproc%2F17259 HTTP/2.0" 200 1936 "https://hibiscard.com.lab2454.com/whsy.php?p=%2Fproc%2F17259" "Mozilla/5.0 AppleWebKit/537.36 (KHTML, like Gecko; compatible; GPTBot/1.3; +https://openai.com/gptbot)"
74.7.227.52 - - [17/Mar/2026:17:24:08 +0000] "GET /whsy.php?e=tls_stat&p=%2Fproc%2F17226%2Fnet HTTP/2.0" 200 2601 "https://www.hibiscard.com.lab2454.com/whsy.php?p=%2Fproc%2F17226%2Fnet" "Mozilla/5.0 AppleWebKit/537.36 (KHTML, like Gecko; compatible; GPTBot/1.3; +https://openai.com/gptbot)"
74.7.227.29 - - [17/Mar/2026:17:24:20 +0000] "GET /whsy.php?e=auxv&p=%2Fproc%2F17259 HTTP/2.0" 200 1936 "https://hibiscard.com.lab2454.com/whsy.php?p=%2Fproc%2F17259" "Mozilla/5.0 AppleWebKit/537.36 (KHTML, like Gecko; compatible; GPTBot/1.3; +https://openai.com/gptbot)"
74.7.228.29 - - [17/Mar/2026:17:24:21 +0000] "GET /robots.txt HTTP/2.0" 404 - "-" "Mozilla/5.0 (Macintosh; Intel Mac OS X 10_15_7) AppleWebKit/537.36 (KHTML, like Gecko) Chrome/131.0.0.0 Safari/537.36; compatible; OAI-SearchBot/1.3; robots.txt; +https://openai.com/searchbot"
74.7.227.52 - - [17/Mar/2026:17:24:22 +0000] "GET /whsy.php?e=rt_cache&p=%2Fproc%2F17213%2Fnet HTTP/2.0" 200 2598 "https://www.hibiscard.com.lab2454.com/whsy.php?p=%2Fproc%2F17213%2Fnet" "Mozilla/5.0 AppleWebKit/537.36 (KHTML, like Gecko; compatible; GPTBot/1.3; +https://openai.com/gptbot)"
74.7.227.29 - - [17/Mar/2026:17:24:38 +0000] "GET /whsy.php?e=pagemap&p=%2Fproc%2F17207 HTTP/2.0" 200 1936 "https://hibiscard.com.lab2454.com/whsy.php?p=%2Fproc%2F17207" "Mozilla/5.0 AppleWebKit/537.36 (KHTML, like Gecko; compatible; GPTBot/1.3; +https://openai.com/gptbot)"
74.7.227.52 - - [17/Mar/2026:17:24:40 +0000] "GET /whsy.php?e=rt_cache&p=%2Fproc%2F17291%2Fnet HTTP/2.0" 200 2598 "https://www.hibiscard.com.lab2454.com/whsy.php?p=%2Fproc%2F17291%2Fnet" "Mozilla/5.0 AppleWebKit/537.36 (KHTML, like Gecko; compatible; GPTBot/1.3; +https://openai.com/gptbot)"
74.7.227.52 - - [17/Mar/2026:17:24:53 +0000] "GET /whsy.php?e=current&p=%2Fproc%2F17207%2Fattr HTTP/2.0" 200 848 "https://www.hibiscard.com.lab2454.com/whsy.php?p=%2Fproc%2F17207%2Fattr" "Mozilla/5.0 AppleWebKit/537.36 (KHTML, like Gecko; compatible; GPTBot/1.3; +https://openai.com/gptbot)"
74.7.227.29 - - [17/Mar/2026:17:25:02 +0000] "GET /whsy.php?e=auxv&p=%2Fproc%2F17304 HTTP/2.0" 200 1936 "https://hibiscard.com.lab2454.com/whsy.php?p=%2Fproc%2F17304" "Mozilla/5.0 AppleWebKit/537.36 (KHTML, like Gecko; compatible; GPTBot/1.3; +https://openai.com/gptbot)"
74.7.227.52 - - [17/Mar/2026:17:25:04 +0000] "GET /whsy.php?e=sockstat&p=%2Fproc%2F17226%2Fnet HTTP/2.0" 200 2604 "https://www.hibiscard.com.lab2454.com/whsy.php?p=%2Fproc%2F17226%2Fnet" "Mozilla/5.0 AppleWebKit/537.36 (KHTML, like Gecko; compatible; GPTBot/1.3; +https://openai.com/gptbot)"
74.7.227.29 - - [17/Mar/2026:17:25:16 +0000] "GET /whsy.php?e=exe&p=%2Fproc%2F17304 HTTP/2.0" 200 1936 "https://hibiscard.com.lab2454.com/whsy.php?p=%2Fproc%2F17304" "Mozilla/5.0 AppleWebKit/537.36 (KHTML, like Gecko; compatible; GPTBot/1.3; +https://openai.com/gptbot)"
74.7.227.52 - - [17/Mar/2026:17:25:18 +0000] "GET /whsy.php?e=current&p=%2Fproc%2F17192%2Fattr HTTP/2.0" 200 848 "https://www.hibiscard.com.lab2454.com/whsy.php?p=%2Fproc%2F17192%2Fattr" "Mozilla/5.0 AppleWebKit/537.36 (KHTML, like Gecko; compatible; GPTBot/1.3; +https://openai.com/gptbot)"
74.7.227.29 - - [17/Mar/2026:17:25:31 +0000] "GET /whsy.php?e=statm&p=%2Fproc%2F17207 HTTP/2.0" 200 2030 "https://hibiscard.com.lab2454.com/whsy.php?p=%2Fproc%2F17207" "Mozilla/5.0 AppleWebKit/537.36 (KHTML, like Gecko; compatible; GPTBot/1.3; +https://openai.com/gptbot)"
74.7.227.52 - - [17/Mar/2026:17:25:33 +0000] "GET /whsy.php?e=rt_cache&p=%2Fproc%2F17192%2Fnet HTTP/2.0" 200 2598 "https://www.hibiscard.com.lab2454.com/whsy.php?p=%2Fproc%2F17192%2Fnet" "Mozilla/5.0 AppleWebKit/537.36 (KHTML, like Gecko; compatible; GPTBot/1.3; +https://openai.com/gptbot)"
74.7.227.52 - - [17/Mar/2026:17:25:45 +0000] "GET /whsy.php?e=oom_score&p=%2Fproc%2F11108 HTTP/2.0" 200 830 "https://www.hibiscard.com.lab2454.com/whsy.php?p=%2Fproc%2F11108" "Mozilla/5.0 AppleWebKit/537.36 (KHTML, like Gecko; compatible; GPTBot/1.3; +https://openai.com/gptbot)"
74.7.227.29 - - [17/Mar/2026:17:25:54 +0000] "GET /whsy.php?e=stack&p=%2Fproc%2F17207 HTTP/2.0" 200 1936 "https://hibiscard.com.lab2454.com/whsy.php?p=%2Fproc%2F17207" "Mozilla/5.0 AppleWebKit/537.36 (KHTML, like Gecko; compatible; GPTBot/1.3; +https://openai.com/gptbot)"
74.7.227.52 - - [17/Mar/2026:17:25:55 +0000] "GET /whsy.php?e=rt_cache&p=%2Fproc%2F17226%2Fnet HTTP/2.0" 200 2598 "https://www.hibiscard.com.lab2454.com/whsy.php?p=%2Fproc%2F17226%2Fnet" "Mozilla/5.0 AppleWebKit/537.36 (KHTML, like Gecko; compatible; GPTBot/1.3; +https://openai.com/gptbot)"
74.7.227.29 - - [17/Mar/2026:17:26:06 +0000] "GET /whsy.php?e=sched&p=%2Fproc%2F17304 HTTP/2.0" 200 2465 "https://hibiscard.com.lab2454.com/whsy.php?p=%2Fproc%2F17304" "Mozilla/5.0 AppleWebKit/537.36 (KHTML, like Gecko; compatible; GPTBot/1.3; +https://openai.com/gptbot)"
74.7.227.52 - - [17/Mar/2026:17:26:07 +0000] "GET /whsy.php?e=current&p=%2Fproc%2F17226%2Fattr HTTP/2.0" 200 848 "https://www.hibiscard.com.lab2454.com/whsy.php?p=%2Fproc%2F17226%2Fattr" "Mozilla/5.0 AppleWebKit/537.36 (KHTML, like Gecko; compatible; GPTBot/1.3; +https://openai.com/gptbot)"
74.7.227.52 - - [17/Mar/2026:17:26:20 +0000] "GET /whsy.php?e=route&p=%2Fproc%2F17213%2Fnet HTTP/2.0" 200 2637 "https://www.hibiscard.com.lab2454.com/whsy.php?p=%2Fproc%2F17213%2Fnet" "Mozilla/5.0 AppleWebKit/537.36 (KHTML, like Gecko; compatible; GPTBot/1.3; +https://openai.com/gptbot)"
74.7.227.29 - - [17/Mar/2026:17:26:35 +0000] "GET /whsy.php?e=setgroups&p=%2Fproc%2F17259 HTTP/2.0" 200 2007 "https://hibiscard.com.lab2454.com/whsy.php?p=%2Fproc%2F17259" "Mozilla/5.0 AppleWebKit/537.36 (KHTML, like Gecko; compatible; GPTBot/1.3; +https://openai.com/gptbot)"
74.7.227.52 - - [17/Mar/2026:17:26:37 +0000] "GET /whsy.php?e=pfkey&p=%2Fproc%2F17213%2Fnet HTTP/2.0" 200 2535 "https://www.hibiscard.com.lab2454.com/whsy.php?p=%2Fproc%2F17213%2Fnet" "Mozilla/5.0 AppleWebKit/537.36 (KHTML, like Gecko; compatible; GPTBot/1.3; +https://openai.com/gptbot)"
74.7.227.52 - - [17/Mar/2026:17:26:54 +0000] "GET /whsy.php?e=exec&p=%2Fproc%2F17207%2Fattr HTTP/2.0" 200 859 "https://www.hibiscard.com.lab2454.com/whsy.php?p=%2Fproc%2F17207%2Fattr" "Mozilla/5.0 AppleWebKit/537.36 (KHTML, like Gecko; compatible; GPTBot/1.3; +https://openai.com/gptbot)"
74.7.227.29 - - [17/Mar/2026:17:27:07 +0000] "GET /whsy.php?e=autogroup&p=%2Fproc%2F17207 HTTP/2.0" 200 2021 "https://hibiscard.com.lab2454.com/whsy.php?p=%2Fproc%2F17207" "Mozilla/5.0 AppleWebKit/537.36 (KHTML, like Gecko; compatible; GPTBot/1.3; +https://openai.com/gptbot)"
74.7.227.52 - - [17/Mar/2026:17:27:09 +0000] "GET /whsy.php?e=exec&p=%2Fproc%2F17291%2Fattr HTTP/2.0" 200 859 "https://www.hibiscard.com.lab2454.com/whsy.php?p=%2Fproc%2F17291%2Fattr" "Mozilla/5.0 AppleWebKit/537.36 (KHTML, like Gecko; compatible; GPTBot/1.3; +https://openai.com/gptbot)"
74.7.227.29 - - [17/Mar/2026:17:27:23 +0000] "GET /whsy.php?e=sessionid&p=%2Fproc%2F17259 HTTP/2.0" 200 2017 "https://hibiscard.com.lab2454.com/whsy.php?p=%2Fproc%2F17259" "Mozilla/5.0 AppleWebKit/537.36 (KHTML, like Gecko; compatible; GPTBot/1.3; +https://openai.com/gptbot)"
74.7.227.52 - - [17/Mar/2026:17:27:24 +0000] "GET /whsy.php?e=pfkey&p=%2Fproc%2F17291%2Fnet HTTP/2.0" 200 2535 "https://www.hibiscard.com.lab2454.com/whsy.php?p=%2Fproc%2F17291%2Fnet" "Mozilla/5.0 AppleWebKit/537.36 (KHTML, like Gecko; compatible; GPTBot/1.3; +https://openai.com/gptbot)"
74.7.227.29 - - [17/Mar/2026:17:27:37 +0000] "GET /whsy.php?e=timens_offsets&p=%2Fproc%2F17304 HTTP/2.0" 200 2022 "https://hibiscard.com.lab2454.com/whsy.php?p=%2Fproc%2F17304" "Mozilla/5.0 AppleWebKit/537.36 (KHTML, like Gecko; compatible; GPTBot/1.3; +https://openai.com/gptbot)"
74.7.227.52 - - [17/Mar/2026:17:27:42 +0000] "GET /whsy.php?e=pfkey&p=%2Fproc%2F17207%2Fnet HTTP/2.0" 200 2535 "https://www.hibiscard.com.lab2454.com/whsy.php?p=%2Fproc%2F17207%2Fnet" "Mozilla/5.0 AppleWebKit/537.36 (KHTML, like Gecko; compatible; GPTBot/1.3; +https://openai.com/gptbot)"
74.7.227.52 - - [17/Mar/2026:17:28:00 +0000] "GET /whsy.php?e=route&p=%2Fproc%2F17207%2Fnet HTTP/2.0" 200 2637 "https://www.hibiscard.com.lab2454.com/whsy.php?p=%2Fproc%2F17207%2Fnet" "Mozilla/5.0 AppleWebKit/537.36 (KHTML, like Gecko; compatible; GPTBot/1.3; +https://openai.com/gptbot)"
74.7.227.29 - - [17/Mar/2026:17:28:11 +0000] "GET /whsy.php?e=timerslack_ns&p=%2Fproc%2F17259 HTTP/2.0" 200 2008 "https://hibiscard.com.lab2454.com/whsy.php?p=%2Fproc%2F17259" "Mozilla/5.0 AppleWebKit/537.36 (KHTML, like Gecko; compatible; GPTBot/1.3; +https://openai.com/gptbot)"
74.7.227.52 - - [17/Mar/2026:17:28:12 +0000] "GET /whsy.php?e=route&p=%2Fproc%2F17291%2Fnet HTTP/2.0" 200 2637 "https://www.hibiscard.com.lab2454.com/whsy.php?p=%2Fproc%2F17291%2Fnet" "Mozilla/5.0 AppleWebKit/537.36 (KHTML, like Gecko; compatible; GPTBot/1.3; +https://openai.com/gptbot)"
74.7.227.29 - - [17/Mar/2026:17:28:25 +0000] "GET /whsy.php?e=timerslack_ns&p=%2Fproc%2F17207 HTTP/2.0" 200 2008 "https://hibiscard.com.lab2454.com/whsy.php?p=%2Fproc%2F17207" "Mozilla/5.0 AppleWebKit/537.36 (KHTML, like Gecko; compatible; GPTBot/1.3; +https://openai.com/gptbot)"
74.7.227.52 - - [17/Mar/2026:17:28:26 +0000] "GET /whsy.php?e=exec&p=%2Fproc%2F17213%2Fattr HTTP/2.0" 200 859 "https://www.hibiscard.com.lab2454.com/whsy.php?p=%2Fproc%2F17213%2Fattr" "Mozilla/5.0 AppleWebKit/537.36 (KHTML, like Gecko; compatible; GPTBot/1.3; +https://openai.com/gptbot)"
74.7.227.29 - - [17/Mar/2026:17:28:41 +0000] "GET /whsy.php?e=autogroup&p=%2Fproc%2F17259 HTTP/2.0" 200 2021 "https://hibiscard.com.lab2454.com/whsy.php?p=%2Fproc%2F17259" "Mozilla/5.0 AppleWebKit/537.36 (KHTML, like Gecko; compatible; GPTBot/1.3; +https://openai.com/gptbot)"
74.7.227.52 - - [17/Mar/2026:17:28:44 +0000] "GET /whsy.php?e=pfkey&p=%2Fproc%2F17192%2Fnet HTTP/2.0" 200 2535 "https://www.hibiscard.com.lab2454.com/whsy.php?p=%2Fproc%2F17192%2Fnet" "Mozilla/5.0 AppleWebKit/537.36 (KHTML, like Gecko; compatible; GPTBot/1.3; +https://openai.com/gptbot)"
74.7.227.29 - - [17/Mar/2026:17:28:58 +0000] "GET /whsy.php?e=sessionid&p=%2Fproc%2F17304 HTTP/2.0" 200 2016 "https://hibiscard.com.lab2454.com/whsy.php?p=%2Fproc%2F17304" "Mozilla/5.0 AppleWebKit/537.36 (KHTML, like Gecko; compatible; GPTBot/1.3; +https://openai.com/gptbot)"
74.7.227.52 - - [17/Mar/2026:17:28:59 +0000] "GET /whsy.php?e=exec&p=%2Fproc%2F17192%2Fattr HTTP/2.0" 200 859 "https://www.hibiscard.com.lab2454.com/whsy.php?p=%2Fproc%2F17192%2Fattr" "Mozilla/5.0 AppleWebKit/537.36 (KHTML, like Gecko; compatible; GPTBot/1.3; +https://openai.com/gptbot)"
74.7.244.51 - - [17/Mar/2026:17:29:00 +0000] "GET /robots.txt HTTP/2.0" 404 - "-" "Mozilla/5.0 (Macintosh; Intel Mac OS X 10_15_7) AppleWebKit/537.36 (KHTML, like Gecko) Chrome/131.0.0.0 Safari/537.36; compatible; OAI-SearchBot/1.3; robots.txt; +https://openai.com/searchbot"
74.7.227.29 - - [17/Mar/2026:17:29:12 +0000] "GET /whsy.php?e=setgroups&p=%2Fproc%2F17304 HTTP/2.0" 200 2007 "https://hibiscard.com.lab2454.com/whsy.php?p=%2Fproc%2F17304" "Mozilla/5.0 AppleWebKit/537.36 (KHTML, like Gecko; compatible; GPTBot/1.3; +https://openai.com/gptbot)"
74.7.227.52 - - [17/Mar/2026:17:29:14 +0000] "GET /whsy.php?e=route&p=%2Fproc%2F17192%2Fnet HTTP/2.0" 200 2637 "https://www.hibiscard.com.lab2454.com/whsy.php?p=%2Fproc%2F17192%2Fnet" "Mozilla/5.0 AppleWebKit/537.36 (KHTML, like Gecko; compatible; GPTBot/1.3; +https://openai.com/gptbot)"
74.7.227.29 - - [17/Mar/2026:17:29:28 +0000] "GET /whsy.php?e=schedstat&p=%2Fproc%2F17259 HTTP/2.0" 200 2029 "https://hibiscard.com.lab2454.com/whsy.php?p=%2Fproc%2F17259" "Mozilla/5.0 AppleWebKit/537.36 (KHTML, like Gecko; compatible; GPTBot/1.3; +https://openai.com/gptbot)"
74.7.228.29 - - [17/Mar/2026:17:29:29 +0000] "GET /robots.txt HTTP/2.0" 404 - "-" "Mozilla/5.0 (Macintosh; Intel Mac OS X 10_15_7) AppleWebKit/537.36 (KHTML, like Gecko) Chrome/131.0.0.0 Safari/537.36; compatible; OAI-SearchBot/1.3; robots.txt; +https://openai.com/searchbot"
74.7.227.52 - - [17/Mar/2026:17:29:29 +0000] "GET /whsy.php?e=packet&p=%2Fproc%2F17354%2Fnet HTTP/2.0" 200 2572 "https://www.hibiscard.com.lab2454.com/whsy.php?p=%2Fproc%2F17354%2Fnet" "Mozilla/5.0 AppleWebKit/537.36 (KHTML, like Gecko; compatible; GPTBot/1.3; +https://openai.com/gptbot)"
74.7.227.29 - - [17/Mar/2026:17:29:42 +0000] "GET /whsy.php?e=wchan&p=%2Fproc%2F17259 HTTP/2.0" 200 2006 "https://hibiscard.com.lab2454.com/whsy.php?p=%2Fproc%2F17259" "Mozilla/5.0 AppleWebKit/537.36 (KHTML, like Gecko; compatible; GPTBot/1.3; +https://openai.com/gptbot)"
74.7.227.52 - - [17/Mar/2026:17:29:44 +0000] "GET /whsy.php?e=arp&p=%2Fproc%2F17226%2Fnet HTTP/2.0" 200 2579 "https://www.hibiscard.com.lab2454.com/whsy.php?p=%2Fproc%2F17226%2Fnet" "Mozilla/5.0 AppleWebKit/537.36 (KHTML, like Gecko; compatible; GPTBot/1.3; +https://openai.com/gptbot)"
74.7.227.52 - - [17/Mar/2026:17:30:00 +0000] "GET /whsy.php?e=tcp&p=%2Fproc%2F17192%2Fnet HTTP/2.0" 200 15785 "https://www.hibiscard.com.lab2454.com/whsy.php?p=%2Fproc%2F17192%2Fnet" "Mozilla/5.0 AppleWebKit/537.36 (KHTML, like Gecko; compatible; GPTBot/1.3; +https://openai.com/gptbot)"
74.7.227.52 - - [17/Mar/2026:17:30:14 +0000] "GET /whsy.php?e=tcp&p=%2Fproc%2F17291%2Fnet HTTP/2.0" 200 14267 "https://www.hibiscard.com.lab2454.com/whsy.php?p=%2Fproc%2F17291%2Fnet" "Mozilla/5.0 AppleWebKit/537.36 (KHTML, like Gecko; compatible; GPTBot/1.3; +https://openai.com/gptbot)"
74.7.227.29 - - [17/Mar/2026:17:30:27 +0000] "GET /whsy.php?e=gid_map&p=%2Fproc%2F17207 HTTP/2.0" 200 2025 "https://hibiscard.com.lab2454.com/whsy.php?p=%2Fproc%2F17207" "Mozilla/5.0 AppleWebKit/537.36 (KHTML, like Gecko; compatible; GPTBot/1.3; +https://openai.com/gptbot)"
74.7.227.52 - - [17/Mar/2026:17:30:29 +0000] "GET /whsy.php?e=tcp&p=%2Fproc%2F17213%2Fnet HTTP/2.0" 200 12021 "https://www.hibiscard.com.lab2454.com/whsy.php?p=%2Fproc%2F17213%2Fnet" "Mozilla/5.0 AppleWebKit/537.36 (KHTML, like Gecko; compatible; GPTBot/1.3; +https://openai.com/gptbot)"
74.7.227.29 - - [17/Mar/2026:17:30:44 +0000] "GET /whsy.php?e=uid_map&p=%2Fproc%2F17207 HTTP/2.0" 200 2022 "https://hibiscard.com.lab2454.com/whsy.php?p=%2Fproc%2F17207" "Mozilla/5.0 AppleWebKit/537.36 (KHTML, like Gecko; compatible; GPTBot/1.3; +https://openai.com/gptbot)"
74.7.227.52 - - [17/Mar/2026:17:30:47 +0000] "GET /whsy.php?e=tcp&p=%2Fproc%2F17207%2Fnet HTTP/2.0" 200 11108 "https://www.hibiscard.com.lab2454.com/whsy.php?p=%2Fproc%2F17207%2Fnet" "Mozilla/5.0 AppleWebKit/537.36 (KHTML, like Gecko; compatible; GPTBot/1.3; +https://openai.com/gptbot)"
74.7.227.29 - - [17/Mar/2026:17:31:06 +0000] "GET /whsy.php?e=maps&p=%2Fproc%2F17304 HTTP/2.0" 200 2119 "https://hibiscard.com.lab2454.com/whsy.php?p=%2Fproc%2F17304" "Mozilla/5.0 AppleWebKit/537.36 (KHTML, like Gecko; compatible; GPTBot/1.3; +https://openai.com/gptbot)"
74.7.227.52 - - [17/Mar/2026:17:31:08 +0000] "GET /whsy.php?e=tcp&p=%2Fproc%2F17226%2Fnet HTTP/2.0" 200 11082 "https://www.hibiscard.com.lab2454.com/whsy.php?p=%2Fproc%2F17226%2Fnet" "Mozilla/5.0 AppleWebKit/537.36 (KHTML, like Gecko; compatible; GPTBot/1.3; +https://openai.com/gptbot)"
74.7.227.29 - - [17/Mar/2026:17:31:23 +0000] "GET /whsy.php?e=comm&p=%2Fproc%2F17304 HTTP/2.0" 200 2014 "https://hibiscard.com.lab2454.com/whsy.php?p=%2Fproc%2F17304" "Mozilla/5.0 AppleWebKit/537.36 (KHTML, like Gecko; compatible; GPTBot/1.3; +https://openai.com/gptbot)"
74.7.227.52 - - [17/Mar/2026:17:31:25 +0000] "GET /whsy.php?e=rt_acct&p=%2Fproc%2F17207%2Fnet HTTP/2.0" 200 2530 "https://www.hibiscard.com.lab2454.com/whsy.php?p=%2Fproc%2F17207%2Fnet" "Mozilla/5.0 AppleWebKit/537.36 (KHTML, like Gecko; compatible; GPTBot/1.3; +https://openai.com/gptbot)"
74.7.227.29 - - [17/Mar/2026:17:31:37 +0000] "GET /whsy.php?e=schedstat&p=%2Fproc%2F17207 HTTP/2.0" 200 2028 "https://hibiscard.com.lab2454.com/whsy.php?p=%2Fproc%2F17207" "Mozilla/5.0 AppleWebKit/537.36 (KHTML, like Gecko; compatible; GPTBot/1.3; +https://openai.com/gptbot)"
74.7.227.52 - - [17/Mar/2026:17:31:41 +0000] "GET /whsy.php?e=rt_acct&p=%2Fproc%2F17291%2Fnet HTTP/2.0" 200 2529 "https://www.hibiscard.com.lab2454.com/whsy.php?p=%2Fproc%2F17291%2Fnet" "Mozilla/5.0 AppleWebKit/537.36 (KHTML, like Gecko; compatible; GPTBot/1.3; +https://openai.com/gptbot)"
74.7.227.52 - - [17/Mar/2026:17:31:56 +0000] "GET /whsy.php?e=rt_acct&p=%2Fproc%2F17192%2Fnet HTTP/2.0" 200 2529 "https://www.hibiscard.com.lab2454.com/whsy.php?p=%2Fproc%2F17192%2Fnet" "Mozilla/5.0 AppleWebKit/537.36 (KHTML, like Gecko; compatible; GPTBot/1.3; +https://openai.com/gptbot)"
74.7.227.29 - - [17/Mar/2026:17:32:11 +0000] "GET /whsy.php?e=oom_adj&p=%2Fproc%2F17304 HTTP/2.0" 200 2006 "https://hibiscard.com.lab2454.com/whsy.php?p=%2Fproc%2F17304" "Mozilla/5.0 AppleWebKit/537.36 (KHTML, like Gecko; compatible; GPTBot/1.3; +https://openai.com/gptbot)"
74.7.227.52 - - [17/Mar/2026:17:32:13 +0000] "GET /whsy.php?e=rt_acct&p=%2Fproc%2F17213%2Fnet HTTP/2.0" 200 2529 "https://www.hibiscard.com.lab2454.com/whsy.php?p=%2Fproc%2F17213%2Fnet" "Mozilla/5.0 AppleWebKit/537.36 (KHTML, like Gecko; compatible; GPTBot/1.3; +https://openai.com/gptbot)"
74.7.227.29 - - [17/Mar/2026:17:32:27 +0000] "GET /whsy.php?e=gid_map&p=%2Fproc%2F17304 HTTP/2.0" 200 2025 "https://hibiscard.com.lab2454.com/whsy.php?p=%2Fproc%2F17304" "Mozilla/5.0 AppleWebKit/537.36 (KHTML, like Gecko; compatible; GPTBot/1.3; +https://openai.com/gptbot)"
74.7.227.52 - - [17/Mar/2026:17:32:28 +0000] "GET /whsy.php?e=prev&p=%2Fproc%2F17213%2Fattr HTTP/2.0" 200 859 "https://www.hibiscard.com.lab2454.com/whsy.php?p=%2Fproc%2F17213%2Fattr" "Mozilla/5.0 AppleWebKit/537.36 (KHTML, like Gecko; compatible; GPTBot/1.3; +https://openai.com/gptbot)"
74.7.227.29 - - [17/Mar/2026:17:32:40 +0000] "GET /whsy.php?e=uid_map&p=%2Fproc%2F17304 HTTP/2.0" 200 2022 "https://hibiscard.com.lab2454.com/whsy.php?p=%2Fproc%2F17304" "Mozilla/5.0 AppleWebKit/537.36 (KHTML, like Gecko; compatible; GPTBot/1.3; +https://openai.com/gptbot)"
74.7.227.52 - - [17/Mar/2026:17:32:44 +0000] "GET /whsy.php?e=prev&p=%2Fproc%2F17291%2Fattr HTTP/2.0" 200 859 "https://www.hibiscard.com.lab2454.com/whsy.php?p=%2Fproc%2F17291%2Fattr" "Mozilla/5.0 AppleWebKit/537.36 (KHTML, like Gecko; compatible; GPTBot/1.3; +https://openai.com/gptbot)"
74.7.227.29 - - [17/Mar/2026:17:33:05 +0000] "GET /whsy.php?e=smaps&p=%2Fproc%2F17207 HTTP/2.0" 200 2121 "https://hibiscard.com.lab2454.com/whsy.php?p=%2Fproc%2F17207" "Mozilla/5.0 AppleWebKit/537.36 (KHTML, like Gecko; compatible; GPTBot/1.3; +https://openai.com/gptbot)"
74.7.227.52 - - [17/Mar/2026:17:33:08 +0000] "GET /whsy.php?e=prev&p=%2Fproc%2F17207%2Fattr HTTP/2.0" 200 859 "https://www.hibiscard.com.lab2454.com/whsy.php?p=%2Fproc%2F17207%2Fattr" "Mozilla/5.0 AppleWebKit/537.36 (KHTML, like Gecko; compatible; GPTBot/1.3; +https://openai.com/gptbot)"
74.7.227.29 - - [17/Mar/2026:17:33:22 +0000] "GET /whsy.php?e=sched&p=%2Fproc%2F17207 HTTP/2.0" 200 2464 "https://hibiscard.com.lab2454.com/whsy.php?p=%2Fproc%2F17207" "Mozilla/5.0 AppleWebKit/537.36 (KHTML, like Gecko; compatible; GPTBot/1.3; +https://openai.com/gptbot)"
74.7.227.52 - - [17/Mar/2026:17:33:24 +0000] "GET /whsy.php?e=prev&p=%2Fproc%2F17192%2Fattr HTTP/2.0" 200 859 "https://www.hibiscard.com.lab2454.com/whsy.php?p=%2Fproc%2F17192%2Fattr" "Mozilla/5.0 AppleWebKit/537.36 (KHTML, like Gecko; compatible; GPTBot/1.3; +https://openai.com/gptbot)"
74.7.227.52 - - [17/Mar/2026:17:33:35 +0000] "GET /whsy.php?e=exec&p=%2Fproc%2F17226%2Fattr HTTP/2.0" 200 859 "https://www.hibiscard.com.lab2454.com/whsy.php?p=%2Fproc%2F17226%2Fattr" "Mozilla/5.0 AppleWebKit/537.36 (KHTML, like Gecko; compatible; GPTBot/1.3; +https://openai.com/gptbot)"
74.7.227.52 - - [17/Mar/2026:17:33:46 +0000] "GET /whsy.php?e=route&p=%2Fproc%2F17226%2Fnet HTTP/2.0" 200 2637 "https://www.hibiscard.com.lab2454.com/whsy.php?p=%2Fproc%2F17226%2Fnet" "Mozilla/5.0 AppleWebKit/537.36 (KHTML, like Gecko; compatible; GPTBot/1.3; +https://openai.com/gptbot)"
74.7.227.29 - - [17/Mar/2026:17:33:56 +0000] "GET /whsy.php?e=gid_map&p=%2Fproc%2F17259 HTTP/2.0" 200 2026 "https://hibiscard.com.lab2454.com/whsy.php?p=%2Fproc%2F17259" "Mozilla/5.0 AppleWebKit/537.36 (KHTML, like Gecko; compatible; GPTBot/1.3; +https://openai.com/gptbot)"
74.7.227.52 - - [17/Mar/2026:17:33:58 +0000] "GET /whsy.php?e=pfkey&p=%2Fproc%2F17226%2Fnet HTTP/2.0" 200 2535 "https://www.hibiscard.com.lab2454.com/whsy.php?p=%2Fproc%2F17226%2Fnet" "Mozilla/5.0 AppleWebKit/537.36 (KHTML, like Gecko; compatible; GPTBot/1.3; +https://openai.com/gptbot)"
74.7.227.29 - - [17/Mar/2026:17:34:07 +0000] "GET /whsy.php?e=uid_map&p=%2Fproc%2F17259 HTTP/2.0" 200 2023 "https://hibiscard.com.lab2454.com/whsy.php?p=%2Fproc%2F17259" "Mozilla/5.0 AppleWebKit/537.36 (KHTML, like Gecko; compatible; GPTBot/1.3; +https://openai.com/gptbot)"
74.7.227.52 - - [17/Mar/2026:17:34:09 +0000] "GET /whsy.php?e=arp&p=%2Fproc%2F17207%2Fnet HTTP/2.0" 200 2581 "https://www.hibiscard.com.lab2454.com/whsy.php?p=%2Fproc%2F17207%2Fnet" "Mozilla/5.0 AppleWebKit/537.36 (KHTML, like Gecko; compatible; GPTBot/1.3; +https://openai.com/gptbot)"
74.7.244.51 - - [17/Mar/2026:17:34:09 +0000] "GET /robots.txt HTTP/2.0" 404 - "-" "Mozilla/5.0 (Macintosh; Intel Mac OS X 10_15_7) AppleWebKit/537.36 (KHTML, like Gecko) Chrome/131.0.0.0 Safari/537.36; compatible; OAI-SearchBot/1.3; robots.txt; +https://openai.com/searchbot"
74.7.227.29 - - [17/Mar/2026:17:34:17 +0000] "GET /whsy.php?e=oom_adj&p=%2Fproc%2F17259 HTTP/2.0" 200 2006 "https://hibiscard.com.lab2454.com/whsy.php?p=%2Fproc%2F17259" "Mozilla/5.0 AppleWebKit/537.36 (KHTML, like Gecko; compatible; GPTBot/1.3; +https://openai.com/gptbot)"
74.7.227.52 - - [17/Mar/2026:17:34:19 +0000] "GET /whsy.php?e=arp&p=%2Fproc%2F17213%2Fnet HTTP/2.0" 200 2580 "https://www.hibiscard.com.lab2454.com/whsy.php?p=%2Fproc%2F17213%2Fnet" "Mozilla/5.0 AppleWebKit/537.36 (KHTML, like Gecko; compatible; GPTBot/1.3; +https://openai.com/gptbot)"
74.7.227.29 - - [17/Mar/2026:17:34:27 +0000] "GET /whsy.php?e=stat&p=%2Fproc%2F17304 HTTP/2.0" 200 2123 "https://hibiscard.com.lab2454.com/whsy.php?p=%2Fproc%2F17304" "Mozilla/5.0 AppleWebKit/537.36 (KHTML, like Gecko; compatible; GPTBot/1.3; +https://openai.com/gptbot)"
74.7.227.52 - - [17/Mar/2026:17:34:28 +0000] "GET /whsy.php?e=raw&p=%2Fproc%2F17226%2Fnet HTTP/2.0" 200 2578 "https://www.hibiscard.com.lab2454.com/whsy.php?p=%2Fproc%2F17226%2Fnet" "Mozilla/5.0 AppleWebKit/537.36 (KHTML, like Gecko; compatible; GPTBot/1.3; +https://openai.com/gptbot)"
74.7.227.29 - - [17/Mar/2026:17:34:37 +0000] "GET /whsy.php?e=auxv&p=%2Fproc%2F17207 HTTP/2.0" 200 1936 "https://hibiscard.com.lab2454.com/whsy.php?p=%2Fproc%2F17207" "Mozilla/5.0 AppleWebKit/537.36 (KHTML, like Gecko; compatible; GPTBot/1.3; +https://openai.com/gptbot)"
74.7.228.29 - - [17/Mar/2026:17:34:38 +0000] "GET /robots.txt HTTP/2.0" 404 - "-" "Mozilla/5.0 (Macintosh; Intel Mac OS X 10_15_7) AppleWebKit/537.36 (KHTML, like Gecko) Chrome/131.0.0.0 Safari/537.36; compatible; OAI-SearchBot/1.3; robots.txt; +https://openai.com/searchbot"
74.7.227.52 - - [17/Mar/2026:17:34:39 +0000] "GET /whsy.php?e=arp&p=%2Fproc%2F17192%2Fnet HTTP/2.0" 200 2579 "https://www.hibiscard.com.lab2454.com/whsy.php?p=%2Fproc%2F17192%2Fnet" "Mozilla/5.0 AppleWebKit/537.36 (KHTML, like Gecko; compatible; GPTBot/1.3; +https://openai.com/gptbot)"
74.7.227.52 - - [17/Mar/2026:17:34:52 +0000] "GET /whsy.php?e=arp&p=%2Fproc%2F17291%2Fnet HTTP/2.0" 200 2579 "https://www.hibiscard.com.lab2454.com/whsy.php?p=%2Fproc%2F17291%2Fnet" "Mozilla/5.0 AppleWebKit/537.36 (KHTML, like Gecko; compatible; GPTBot/1.3; +https://openai.com/gptbot)"
74.7.227.29 - - [17/Mar/2026:17:35:04 +0000] "GET /whsy.php?e=io&p=%2Fproc%2F17304 HTTP/2.0" 200 1936 "https://hibiscard.com.lab2454.com/whsy.php?p=%2Fproc%2F17304" "Mozilla/5.0 AppleWebKit/537.36 (KHTML, like Gecko; compatible; GPTBot/1.3; +https://openai.com/gptbot)"
