74.7.230.45 - - [17/Mar/2026:13:03:00 +0000] "GET /robots.txt HTTP/2.0" 404 - "-" "Mozilla/5.0 (Macintosh; Intel Mac OS X 10_15_7) AppleWebKit/537.36 (KHTML, like Gecko) Chrome/131.0.0.0 Safari/537.36; compatible; OAI-SearchBot/1.3; robots.txt; +https://openai.com/searchbot"
74.7.243.210 - - [17/Mar/2026:13:03:02 +0000] "GET /whsy.php?e=packet&p=%2Fproc%2F28851%2Fnet HTTP/2.0" 200 2572 "https://hibiscard.com.lab2454.com/whsy.php?p=%2Fproc%2F28851%2Fnet" "Mozilla/5.0 AppleWebKit/537.36 (KHTML, like Gecko; compatible; GPTBot/1.3; +https://openai.com/gptbot)"
74.7.227.157 - - [17/Mar/2026:13:03:12 +0000] "GET /whsy.php?e=current&p=%2Fproc%2F408%2Fattr HTTP/2.0" 200 830 "https://www.hibiscard.com.lab2454.com/whsy.php?p=%2Fproc%2F408%2Fattr" "Mozilla/5.0 AppleWebKit/537.36 (KHTML, like Gecko; compatible; GPTBot/1.3; +https://openai.com/gptbot)"
74.7.243.210 - - [17/Mar/2026:13:03:15 +0000] "GET /whsy.php?e=psched&p=%2Fproc%2F32096%2Fnet HTTP/2.0" 200 2532 "https://hibiscard.com.lab2454.com/whsy.php?p=%2Fproc%2F32096%2Fnet" "Mozilla/5.0 AppleWebKit/537.36 (KHTML, like Gecko; compatible; GPTBot/1.3; +https://openai.com/gptbot)"
74.7.227.157 - - [17/Mar/2026:13:03:24 +0000] "GET /whsy.php?e=sockstat&p=%2Fproc%2F389%2Fnet HTTP/2.0" 200 2603 "https://www.hibiscard.com.lab2454.com/whsy.php?p=%2Fproc%2F389%2Fnet" "Mozilla/5.0 AppleWebKit/537.36 (KHTML, like Gecko; compatible; GPTBot/1.3; +https://openai.com/gptbot)"
74.7.227.157 - - [17/Mar/2026:13:03:35 +0000] "GET /whsy.php?e=fscreate&p=%2Fproc%2F408%2Fattr HTTP/2.0" 200 830 "https://www.hibiscard.com.lab2454.com/whsy.php?p=%2Fproc%2F408%2Fattr" "Mozilla/5.0 AppleWebKit/537.36 (KHTML, like Gecko; compatible; GPTBot/1.3; +https://openai.com/gptbot)"
74.7.227.157 - - [17/Mar/2026:13:03:45 +0000] "GET /whsy.php?e=ip_vs_app&p=%2Fproc%2F389%2Fnet HTTP/2.0" 200 2522 "https://www.hibiscard.com.lab2454.com/whsy.php?p=%2Fproc%2F389%2Fnet" "Mozilla/5.0 AppleWebKit/537.36 (KHTML, like Gecko; compatible; GPTBot/1.3; +https://openai.com/gptbot)"
74.7.243.210 - - [17/Mar/2026:13:03:47 +0000] "GET /whsy.php?e=packet&p=%2Fproc%2F28508%2Fnet HTTP/2.0" 200 2571 "https://hibiscard.com.lab2454.com/whsy.php?p=%2Fproc%2F28508%2Fnet" "Mozilla/5.0 AppleWebKit/537.36 (KHTML, like Gecko; compatible; GPTBot/1.3; +https://openai.com/gptbot)"
74.7.227.157 - - [17/Mar/2026:13:03:55 +0000] "GET /whsy.php?e=keycreate&p=%2Fproc%2F135%2Fattr HTTP/2.0" 200 861 "https://www.hibiscard.com.lab2454.com/whsy.php?p=%2Fproc%2F135%2Fattr" "Mozilla/5.0 AppleWebKit/537.36 (KHTML, like Gecko; compatible; GPTBot/1.3; +https://openai.com/gptbot)"
74.7.227.157 - - [17/Mar/2026:13:04:04 +0000] "GET /whsy.php?e=current&p=%2Fproc%2F135%2Fattr HTTP/2.0" 200 847 "https://www.hibiscard.com.lab2454.com/whsy.php?p=%2Fproc%2F135%2Fattr" "Mozilla/5.0 AppleWebKit/537.36 (KHTML, like Gecko; compatible; GPTBot/1.3; +https://openai.com/gptbot)"
74.7.228.13 - - [17/Mar/2026:13:04:07 +0000] "GET /robots.txt HTTP/2.0" 404 - "-" "Mozilla/5.0 (Macintosh; Intel Mac OS X 10_15_7) AppleWebKit/537.36 (KHTML, like Gecko) Chrome/131.0.0.0 Safari/537.36; compatible; OAI-SearchBot/1.3; robots.txt; +https://openai.com/searchbot"
74.7.227.157 - - [17/Mar/2026:13:04:15 +0000] "GET /whsy.php?e=fscreate&p=%2Fproc%2F135%2Fattr HTTP/2.0" 200 856 "https://www.hibiscard.com.lab2454.com/whsy.php?p=%2Fproc%2F135%2Fattr" "Mozilla/5.0 AppleWebKit/537.36 (KHTML, like Gecko; compatible; GPTBot/1.3; +https://openai.com/gptbot)"
74.7.243.210 - - [17/Mar/2026:13:04:17 +0000] "GET /whsy.php?e=psched&p=%2Fproc%2F13245%2Fnet HTTP/2.0" 200 2532 "https://hibiscard.com.lab2454.com/whsy.php?p=%2Fproc%2F13245%2Fnet" "Mozilla/5.0 AppleWebKit/537.36 (KHTML, like Gecko; compatible; GPTBot/1.3; +https://openai.com/gptbot)"
74.7.227.157 - - [17/Mar/2026:13:04:28 +0000] "GET /whsy.php?e=keycreate&p=%2Fproc%2F389%2Fattr HTTP/2.0" 200 861 "https://www.hibiscard.com.lab2454.com/whsy.php?p=%2Fproc%2F389%2Fattr" "Mozilla/5.0 AppleWebKit/537.36 (KHTML, like Gecko; compatible; GPTBot/1.3; +https://openai.com/gptbot)"
74.7.243.210 - - [17/Mar/2026:13:04:30 +0000] "GET /whsy.php?e=packet&p=%2Fproc%2F20507%2Fnet HTTP/2.0" 200 2572 "https://hibiscard.com.lab2454.com/whsy.php?p=%2Fproc%2F20507%2Fnet" "Mozilla/5.0 AppleWebKit/537.36 (KHTML, like Gecko; compatible; GPTBot/1.3; +https://openai.com/gptbot)"
74.7.227.157 - - [17/Mar/2026:13:04:40 +0000] "GET /whsy.php?e=current&p=%2Fproc%2F389%2Fattr HTTP/2.0" 200 847 "https://www.hibiscard.com.lab2454.com/whsy.php?p=%2Fproc%2F389%2Fattr" "Mozilla/5.0 AppleWebKit/537.36 (KHTML, like Gecko; compatible; GPTBot/1.3; +https://openai.com/gptbot)"
74.7.227.157 - - [17/Mar/2026:13:04:51 +0000] "GET /whsy.php?e=fscreate&p=%2Fproc%2F389%2Fattr HTTP/2.0" 200 856 "https://www.hibiscard.com.lab2454.com/whsy.php?p=%2Fproc%2F389%2Fattr" "Mozilla/5.0 AppleWebKit/537.36 (KHTML, like Gecko; compatible; GPTBot/1.3; +https://openai.com/gptbot)"
74.7.227.157 - - [17/Mar/2026:13:05:02 +0000] "GET /whsy.php?e=ip_vs_conn&p=%2Fproc%2F389%2Fnet HTTP/2.0" 200 2562 "https://www.hibiscard.com.lab2454.com/whsy.php?p=%2Fproc%2F389%2Fnet" "Mozilla/5.0 AppleWebKit/537.36 (KHTML, like Gecko; compatible; GPTBot/1.3; +https://openai.com/gptbot)"
74.7.227.157 - - [17/Mar/2026:13:05:14 +0000] "GET /whsy.php?e=ip_vs_app&p=%2Fproc%2F135%2Fnet HTTP/2.0" 200 2522 "https://www.hibiscard.com.lab2454.com/whsy.php?p=%2Fproc%2F135%2Fnet" "Mozilla/5.0 AppleWebKit/537.36 (KHTML, like Gecko; compatible; GPTBot/1.3; +https://openai.com/gptbot)"
74.7.243.210 - - [17/Mar/2026:13:05:15 +0000] "GET /whsy.php?e=psched&p=%2Fproc%2F10692%2Fnet HTTP/2.0" 200 2532 "https://hibiscard.com.lab2454.com/whsy.php?p=%2Fproc%2F10692%2Fnet" "Mozilla/5.0 AppleWebKit/537.36 (KHTML, like Gecko; compatible; GPTBot/1.3; +https://openai.com/gptbot)"
74.7.227.157 - - [17/Mar/2026:13:05:26 +0000] "GET /whsy.php?e=ip_vs_conn&p=%2Fproc%2F135%2Fnet HTTP/2.0" 200 2562 "https://www.hibiscard.com.lab2454.com/whsy.php?p=%2Fproc%2F135%2Fnet" "Mozilla/5.0 AppleWebKit/537.36 (KHTML, like Gecko; compatible; GPTBot/1.3; +https://openai.com/gptbot)"
74.7.243.210 - - [17/Mar/2026:13:05:28 +0000] "GET /whsy.php?e=psched&p=%2Fproc%2F23089%2Fnet HTTP/2.0" 200 830 "https://hibiscard.com.lab2454.com/whsy.php?p=%2Fproc%2F23089%2Fnet" "Mozilla/5.0 AppleWebKit/537.36 (KHTML, like Gecko; compatible; GPTBot/1.3; +https://openai.com/gptbot)"
74.7.227.157 - - [17/Mar/2026:13:05:39 +0000] "GET /whsy.php?e=loginuid&p=%2Fproc%2F705 HTTP/2.0" 200 830 "https://www.hibiscard.com.lab2454.com/whsy.php?p=%2Fproc%2F705" "Mozilla/5.0 AppleWebKit/537.36 (KHTML, like Gecko; compatible; GPTBot/1.3; +https://openai.com/gptbot)"
74.7.227.157 - - [17/Mar/2026:13:05:50 +0000] "GET /whsy.php?e=loginuid&p=%2Fproc%2F387 HTTP/2.0" 200 830 "https://www.hibiscard.com.lab2454.com/whsy.php?p=%2Fproc%2F387" "Mozilla/5.0 AppleWebKit/537.36 (KHTML, like Gecko; compatible; GPTBot/1.3; +https://openai.com/gptbot)"
74.7.227.157 - - [17/Mar/2026:13:06:00 +0000] "GET /whsy.php?e=loginuid&p=%2Fproc%2F408 HTTP/2.0" 200 830 "https://www.hibiscard.com.lab2454.com/whsy.php?p=%2Fproc%2F408" "Mozilla/5.0 AppleWebKit/537.36 (KHTML, like Gecko; compatible; GPTBot/1.3; +https://openai.com/gptbot)"
74.7.243.210 - - [17/Mar/2026:13:06:02 +0000] "GET /whsy.php?e=packet&p=%2Fproc%2F11302%2Fnet HTTP/2.0" 200 2571 "https://hibiscard.com.lab2454.com/whsy.php?p=%2Fproc%2F11302%2Fnet" "Mozilla/5.0 AppleWebKit/537.36 (KHTML, like Gecko; compatible; GPTBot/1.3; +https://openai.com/gptbot)"
74.7.227.157 - - [17/Mar/2026:13:06:13 +0000] "GET /whsy.php?e=loginuid&p=%2Fproc%2F389 HTTP/2.0" 200 2010 "https://www.hibiscard.com.lab2454.com/whsy.php?p=%2Fproc%2F389" "Mozilla/5.0 AppleWebKit/537.36 (KHTML, like Gecko; compatible; GPTBot/1.3; +https://openai.com/gptbot)"
74.7.227.157 - - [17/Mar/2026:13:06:24 +0000] "GET /whsy.php?e=loginuid&p=%2Fproc%2F135 HTTP/2.0" 200 2010 "https://www.hibiscard.com.lab2454.com/whsy.php?p=%2Fproc%2F135" "Mozilla/5.0 AppleWebKit/537.36 (KHTML, like Gecko; compatible; GPTBot/1.3; +https://openai.com/gptbot)"
74.7.243.210 - - [17/Mar/2026:13:06:25 +0000] "GET /whsy.php?e=packet&p=%2Fproc%2F13172%2Fnet HTTP/2.0" 200 2571 "https://hibiscard.com.lab2454.com/whsy.php?p=%2Fproc%2F13172%2Fnet" "Mozilla/5.0 AppleWebKit/537.36 (KHTML, like Gecko; compatible; GPTBot/1.3; +https://openai.com/gptbot)"
74.7.227.157 - - [17/Mar/2026:13:06:34 +0000] "GET /whsy.php?e=smaps_rollup&p=%2Fproc%2F389 HTTP/2.0" 200 2118 "https://www.hibiscard.com.lab2454.com/whsy.php?p=%2Fproc%2F389" "Mozilla/5.0 AppleWebKit/537.36 (KHTML, like Gecko; compatible; GPTBot/1.3; +https://openai.com/gptbot)"
74.7.227.157 - - [17/Mar/2026:13:06:43 +0000] "GET /whsy.php?e=smaps_rollup&p=%2Fproc%2F387 HTTP/2.0" 200 830 "https://www.hibiscard.com.lab2454.com/whsy.php?p=%2Fproc%2F387" "Mozilla/5.0 AppleWebKit/537.36 (KHTML, like Gecko; compatible; GPTBot/1.3; +https://openai.com/gptbot)"
74.7.243.210 - - [17/Mar/2026:13:06:44 +0000] "GET /whsy.php?e=psched&p=%2Fproc%2F31025%2Fnet HTTP/2.0" 200 830 "https://hibiscard.com.lab2454.com/whsy.php?p=%2Fproc%2F31025%2Fnet" "Mozilla/5.0 AppleWebKit/537.36 (KHTML, like Gecko; compatible; GPTBot/1.3; +https://openai.com/gptbot)"
74.7.227.157 - - [17/Mar/2026:13:06:51 +0000] "GET /whsy.php?e=smaps_rollup&p=%2Fproc%2F705 HTTP/2.0" 200 830 "https://www.hibiscard.com.lab2454.com/whsy.php?p=%2Fproc%2F705" "Mozilla/5.0 AppleWebKit/537.36 (KHTML, like Gecko; compatible; GPTBot/1.3; +https://openai.com/gptbot)"
74.7.243.210 - - [17/Mar/2026:13:06:52 +0000] "GET /whsy.php?e=packet&p=%2Fproc%2F11237%2Fnet HTTP/2.0" 200 2571 "https://hibiscard.com.lab2454.com/whsy.php?p=%2Fproc%2F11237%2Fnet" "Mozilla/5.0 AppleWebKit/537.36 (KHTML, like Gecko; compatible; GPTBot/1.3; +https://openai.com/gptbot)"
74.7.227.157 - - [17/Mar/2026:13:07:00 +0000] "GET /whsy.php?e=smaps_rollup&p=%2Fproc%2F135 HTTP/2.0" 200 2007 "https://www.hibiscard.com.lab2454.com/whsy.php?p=%2Fproc%2F135" "Mozilla/5.0 AppleWebKit/537.36 (KHTML, like Gecko; compatible; GPTBot/1.3; +https://openai.com/gptbot)"
74.7.243.210 - - [17/Mar/2026:13:07:00 +0000] "GET /whsy.php?e=packet&p=%2Fproc%2F29566%2Fnet HTTP/2.0" 200 2572 "https://hibiscard.com.lab2454.com/whsy.php?p=%2Fproc%2F29566%2Fnet" "Mozilla/5.0 AppleWebKit/537.36 (KHTML, like Gecko; compatible; GPTBot/1.3; +https://openai.com/gptbot)"
74.7.227.157 - - [17/Mar/2026:13:07:11 +0000] "GET /whsy.php?e=smaps_rollup&p=%2Fproc%2F408 HTTP/2.0" 200 830 "https://www.hibiscard.com.lab2454.com/whsy.php?p=%2Fproc%2F408" "Mozilla/5.0 AppleWebKit/537.36 (KHTML, like Gecko; compatible; GPTBot/1.3; +https://openai.com/gptbot)"
74.7.227.157 - - [17/Mar/2026:13:07:23 +0000] "GET /whsy.php?e=projid_map&p=%2Fproc%2F389 HTTP/2.0" 200 2024 "https://www.hibiscard.com.lab2454.com/whsy.php?p=%2Fproc%2F389" "Mozilla/5.0 AppleWebKit/537.36 (KHTML, like Gecko; compatible; GPTBot/1.3; +https://openai.com/gptbot)"
74.7.227.157 - - [17/Mar/2026:13:07:37 +0000] "GET /whsy.php?e=projid_map&p=%2Fproc%2F387 HTTP/2.0" 200 830 "https://www.hibiscard.com.lab2454.com/whsy.php?p=%2Fproc%2F387" "Mozilla/5.0 AppleWebKit/537.36 (KHTML, like Gecko; compatible; GPTBot/1.3; +https://openai.com/gptbot)"
74.7.243.210 - - [17/Mar/2026:13:07:38 +0000] "GET /whsy.php?e=psched&p=%2Fproc%2F31026%2Fnet HTTP/2.0" 200 830 "https://hibiscard.com.lab2454.com/whsy.php?p=%2Fproc%2F31026%2Fnet" "Mozilla/5.0 AppleWebKit/537.36 (KHTML, like Gecko; compatible; GPTBot/1.3; +https://openai.com/gptbot)"
74.7.227.157 - - [17/Mar/2026:13:07:49 +0000] "GET /whsy.php?e=projid_map&p=%2Fproc%2F135 HTTP/2.0" 200 2024 "https://www.hibiscard.com.lab2454.com/whsy.php?p=%2Fproc%2F135" "Mozilla/5.0 AppleWebKit/537.36 (KHTML, like Gecko; compatible; GPTBot/1.3; +https://openai.com/gptbot)"
74.7.243.210 - - [17/Mar/2026:13:07:50 +0000] "GET /whsy.php?e=psched&p=%2Fproc%2F31024%2Fnet HTTP/2.0" 200 830 "https://hibiscard.com.lab2454.com/whsy.php?p=%2Fproc%2F31024%2Fnet" "Mozilla/5.0 AppleWebKit/537.36 (KHTML, like Gecko; compatible; GPTBot/1.3; +https://openai.com/gptbot)"
74.7.227.157 - - [17/Mar/2026:13:07:59 +0000] "GET /whsy.php?e=projid_map&p=%2Fproc%2F705 HTTP/2.0" 200 830 "https://www.hibiscard.com.lab2454.com/whsy.php?p=%2Fproc%2F705" "Mozilla/5.0 AppleWebKit/537.36 (KHTML, like Gecko; compatible; GPTBot/1.3; +https://openai.com/gptbot)"
74.7.230.45 - - [17/Mar/2026:13:08:00 +0000] "GET /robots.txt HTTP/2.0" 404 - "-" "Mozilla/5.0 (Macintosh; Intel Mac OS X 10_15_7) AppleWebKit/537.36 (KHTML, like Gecko) Chrome/131.0.0.0 Safari/537.36; compatible; OAI-SearchBot/1.3; robots.txt; +https://openai.com/searchbot"
74.7.227.157 - - [17/Mar/2026:13:08:11 +0000] "GET /whsy.php?e=projid_map&p=%2Fproc%2F408 HTTP/2.0" 200 830 "https://www.hibiscard.com.lab2454.com/whsy.php?p=%2Fproc%2F408" "Mozilla/5.0 AppleWebKit/537.36 (KHTML, like Gecko; compatible; GPTBot/1.3; +https://openai.com/gptbot)"
74.7.227.157 - - [17/Mar/2026:13:08:23 +0000] "GET /whsy.php?p=%2Fproc%2F135%2Fnet%2Fdev_snmp6 HTTP/2.0" 200 979 "https://www.hibiscard.com.lab2454.com/whsy.php?p=%2Fproc%2F135%2Fnet" "Mozilla/5.0 AppleWebKit/537.36 (KHTML, like Gecko; compatible; GPTBot/1.3; +https://openai.com/gptbot)"
74.7.227.157 - - [17/Mar/2026:13:08:34 +0000] "GET /whsy.php?p=%2Fproc%2F389%2Fnet%2Fdev_snmp6 HTTP/2.0" 200 979 "https://www.hibiscard.com.lab2454.com/whsy.php?p=%2Fproc%2F389%2Fnet" "Mozilla/5.0 AppleWebKit/537.36 (KHTML, like Gecko; compatible; GPTBot/1.3; +https://openai.com/gptbot)"
74.7.243.210 - - [17/Mar/2026:13:08:34 +0000] "GET /whsy.php?e=packet&p=%2Fproc%2F31021%2Fnet HTTP/2.0" 200 830 "https://hibiscard.com.lab2454.com/whsy.php?p=%2Fproc%2F31021%2Fnet" "Mozilla/5.0 AppleWebKit/537.36 (KHTML, like Gecko; compatible; GPTBot/1.3; +https://openai.com/gptbot)"
74.7.227.157 - - [17/Mar/2026:13:08:44 +0000] "GET /whsy.php?p=%2Fproc%2F135%2Fnet%2Fnetfilter HTTP/2.0" 200 730 "https://www.hibiscard.com.lab2454.com/whsy.php?p=%2Fproc%2F135%2Fnet" "Mozilla/5.0 AppleWebKit/537.36 (KHTML, like Gecko; compatible; GPTBot/1.3; +https://openai.com/gptbot)"
74.7.227.157 - - [17/Mar/2026:13:08:53 +0000] "GET /whsy.php?p=%2Fproc%2F389%2Fnet%2Fnetfilter HTTP/2.0" 200 730 "https://www.hibiscard.com.lab2454.com/whsy.php?p=%2Fproc%2F389%2Fnet" "Mozilla/5.0 AppleWebKit/537.36 (KHTML, like Gecko; compatible; GPTBot/1.3; +https://openai.com/gptbot)"
74.7.243.210 - - [17/Mar/2026:13:08:54 +0000] "GET /whsy.php?p=%2Fproc%2F21939%2Ffdinfo HTTP/2.0" 200 830 "https://hibiscard.com.lab2454.com/whsy.php?p=%2Fproc%2F21939" "Mozilla/5.0 AppleWebKit/537.36 (KHTML, like Gecko; compatible; GPTBot/1.3; +https://openai.com/gptbot)"
74.7.227.157 - - [17/Mar/2026:13:09:03 +0000] "GET /whsy.php?p=%2Fproc%2F389%2Fnet%2Frpc%2Fnfs4.nametoid HTTP/2.0" 200 741 "https://www.hibiscard.com.lab2454.com/whsy.php?p=%2Fproc%2F389%2Fnet%2Frpc" "Mozilla/5.0 AppleWebKit/537.36 (KHTML, like Gecko; compatible; GPTBot/1.3; +https://openai.com/gptbot)"
74.7.227.157 - - [17/Mar/2026:13:09:15 +0000] "GET /whsy.php?p=%2Fproc%2F389%2Fnet%2Frpc%2Fnfs4.idtoname HTTP/2.0" 200 742 "https://www.hibiscard.com.lab2454.com/whsy.php?p=%2Fproc%2F389%2Fnet%2Frpc" "Mozilla/5.0 AppleWebKit/537.36 (KHTML, like Gecko; compatible; GPTBot/1.3; +https://openai.com/gptbot)"
74.7.227.157 - - [17/Mar/2026:13:09:28 +0000] "GET /whsy.php?p=%2Fproc%2F135%2Fnet%2Frpc%2Fnfs4.idtoname HTTP/2.0" 200 742 "https://www.hibiscard.com.lab2454.com/whsy.php?p=%2Fproc%2F135%2Fnet%2Frpc" "Mozilla/5.0 AppleWebKit/537.36 (KHTML, like Gecko; compatible; GPTBot/1.3; +https://openai.com/gptbot)"
74.7.227.157 - - [17/Mar/2026:13:09:41 +0000] "GET /whsy.php?p=%2Fproc%2F135%2Fnet%2Frpc%2Fnfs4.nametoid HTTP/2.0" 200 741 "https://www.hibiscard.com.lab2454.com/whsy.php?p=%2Fproc%2F135%2Fnet%2Frpc" "Mozilla/5.0 AppleWebKit/537.36 (KHTML, like Gecko; compatible; GPTBot/1.3; +https://openai.com/gptbot)"
74.7.228.13 - - [17/Mar/2026:13:09:44 +0000] "GET /robots.txt HTTP/2.0" 404 - "-" "Mozilla/5.0 (Macintosh; Intel Mac OS X 10_15_7) AppleWebKit/537.36 (KHTML, like Gecko) Chrome/131.0.0.0 Safari/537.36; compatible; OAI-SearchBot/1.3; robots.txt; +https://openai.com/searchbot"
74.7.227.157 - - [17/Mar/2026:13:09:52 +0000] "GET /whsy.php?e=ip6_flowlabel&p=%2Fproc%2F389%2Fnet HTTP/2.0" 200 2549 "https://www.hibiscard.com.lab2454.com/whsy.php?p=%2Fproc%2F389%2Fnet" "Mozilla/5.0 AppleWebKit/537.36 (KHTML, like Gecko; compatible; GPTBot/1.3; +https://openai.com/gptbot)"
74.7.227.157 - - [17/Mar/2026:13:10:05 +0000] "GET /whsy.php?e=ip6_flowlabel&p=%2Fproc%2F135%2Fnet HTTP/2.0" 200 2549 "https://www.hibiscard.com.lab2454.com/whsy.php?p=%2Fproc%2F135%2Fnet" "Mozilla/5.0 AppleWebKit/537.36 (KHTML, like Gecko; compatible; GPTBot/1.3; +https://openai.com/gptbot)"
74.7.227.157 - - [17/Mar/2026:13:10:19 +0000] "GET /whsy.php?e=raw6&p=%2Fproc%2F389%2Fnet HTTP/2.0" 200 2584 "https://www.hibiscard.com.lab2454.com/whsy.php?p=%2Fproc%2F389%2Fnet" "Mozilla/5.0 AppleWebKit/537.36 (KHTML, like Gecko; compatible; GPTBot/1.3; +https://openai.com/gptbot)"
74.7.227.157 - - [17/Mar/2026:13:10:33 +0000] "GET /whsy.php?e=raw6&p=%2Fproc%2F135%2Fnet HTTP/2.0" 200 2583 "https://www.hibiscard.com.lab2454.com/whsy.php?p=%2Fproc%2F135%2Fnet" "Mozilla/5.0 AppleWebKit/537.36 (KHTML, like Gecko; compatible; GPTBot/1.3; +https://openai.com/gptbot)"
74.7.227.157 - - [17/Mar/2026:13:10:45 +0000] "GET /whsy.php?e=igmp6&p=%2Fproc%2F389%2Fnet HTTP/2.0" 200 2720 "https://www.hibiscard.com.lab2454.com/whsy.php?p=%2Fproc%2F389%2Fnet" "Mozilla/5.0 AppleWebKit/537.36 (KHTML, like Gecko; compatible; GPTBot/1.3; +https://openai.com/gptbot)"
74.7.227.157 - - [17/Mar/2026:13:10:55 +0000] "GET /whsy.php?e=igmp6&p=%2Fproc%2F135%2Fnet HTTP/2.0" 200 2719 "https://www.hibiscard.com.lab2454.com/whsy.php?p=%2Fproc%2F135%2Fnet" "Mozilla/5.0 AppleWebKit/537.36 (KHTML, like Gecko; compatible; GPTBot/1.3; +https://openai.com/gptbot)"
74.7.227.157 - - [17/Mar/2026:13:11:09 +0000] "GET /whsy.php?p=%2Fproc%2F11302%2Ftask%2F12650%2Fnet%2Frpc%2Fnfsd.export%2F.. HTTP/2.0" 200 882 "https://www.hibiscard.com.lab2454.com/whsy.php?p=%2Fproc%2F11302%2Ftask%2F12650%2Fnet%2Frpc%2Fnfsd.export" "Mozilla/5.0 AppleWebKit/537.36 (KHTML, like Gecko; compatible; GPTBot/1.3; +https://openai.com/gptbot)"
74.7.243.210 - - [17/Mar/2026:13:10:49 +0000] "GET /whsy.php?p=%2Fproc%2F28508%2Ffdinfo HTTP/2.0" 200 202813 "https://hibiscard.com.lab2454.com/whsy.php?p=%2Fproc%2F28508" "Mozilla/5.0 AppleWebKit/537.36 (KHTML, like Gecko; compatible; GPTBot/1.3; +https://openai.com/gptbot)"
74.7.227.157 - - [17/Mar/2026:13:11:23 +0000] "GET /whsy.php?p=%2Fproc%2F11302%2Ftask%2F12653%2Fnet%2Frpc%2Fnfsd.export%2F.. HTTP/2.0" 200 881 "https://www.hibiscard.com.lab2454.com/whsy.php?p=%2Fproc%2F11302%2Ftask%2F12653%2Fnet%2Frpc%2Fnfsd.export" "Mozilla/5.0 AppleWebKit/537.36 (KHTML, like Gecko; compatible; GPTBot/1.3; +https://openai.com/gptbot)"
74.7.227.157 - - [17/Mar/2026:13:11:35 +0000] "GET /whsy.php?p=%2Fproc%2F11302%2Ftask%2F12643%2Fnet%2Frpc%2Fnfsd.export%2F.. HTTP/2.0" 200 881 "https://www.hibiscard.com.lab2454.com/whsy.php?p=%2Fproc%2F11302%2Ftask%2F12643%2Fnet%2Frpc%2Fnfsd.export" "Mozilla/5.0 AppleWebKit/537.36 (KHTML, like Gecko; compatible; GPTBot/1.3; +https://openai.com/gptbot)"
74.7.227.157 - - [17/Mar/2026:13:11:46 +0000] "GET /whsy.php?p=%2Fproc%2F11302%2Ftask%2F12644%2Fnet%2Frpc%2Fnfsd.export%2F.. HTTP/2.0" 200 881 "https://www.hibiscard.com.lab2454.com/whsy.php?p=%2Fproc%2F11302%2Ftask%2F12644%2Fnet%2Frpc%2Fnfsd.export" "Mozilla/5.0 AppleWebKit/537.36 (KHTML, like Gecko; compatible; GPTBot/1.3; +https://openai.com/gptbot)"
74.7.227.157 - - [17/Mar/2026:13:11:58 +0000] "GET /whsy.php?e=entrypoints.cpython-311.pyc&p=%2Fopt%2Fimunify360%2Fvenv%2Flib%2Fpython3.11%2Fsite-packages%2Fpip%2F_internal%2Futils%2F__pycache__ HTTP/2.0" 200 1615 "https://www.hibiscard.com.lab2454.com/whsy.php?p=%2Fopt%2Fimunify360%2Fvenv%2Flib%2Fpython3.11%2Fsite-packages%2Fpip%2F_internal%2Futils%2F__pycache__" "Mozilla/5.0 AppleWebKit/537.36 (KHTML, like Gecko; compatible; GPTBot/1.3; +https://openai.com/gptbot)"
74.7.243.210 - - [17/Mar/2026:13:11:42 +0000] "GET /whsy.php?p=%2Fproc%2F32362%2Ffdinfo HTTP/2.0" 200 192837 "https://hibiscard.com.lab2454.com/whsy.php?p=%2Fproc%2F32362" "Mozilla/5.0 AppleWebKit/537.36 (KHTML, like Gecko; compatible; GPTBot/1.3; +https://openai.com/gptbot)"
74.7.227.157 - - [17/Mar/2026:13:12:12 +0000] "GET /whsy.php?e=222.php&p=%2Fhome%2Flab2454c%2Fpublic_html HTTP/2.0" 200 1483 "https://www.hibiscard.com.lab2454.com/whsy.php?p=%2Fhome%2Flab2454c%2Fpublic_html" "Mozilla/5.0 AppleWebKit/537.36 (KHTML, like Gecko; compatible; GPTBot/1.3; +https://openai.com/gptbot)"
74.7.243.210 - - [17/Mar/2026:13:12:23 +0000] "GET /whsy.php?p=%2Fproc%2F22407%2Ffdinfo HTTP/2.0" 200 830 "https://hibiscard.com.lab2454.com/whsy.php?p=%2Fproc%2F22407" "Mozilla/5.0 AppleWebKit/537.36 (KHTML, like Gecko; compatible; GPTBot/1.3; +https://openai.com/gptbot)"
74.7.227.157 - - [17/Mar/2026:13:12:24 +0000] "GET /whsy.php?p=%2Fvar%2Fsoftaculous%2Ftcexam%2Fphp81 HTTP/2.0" 200 830 "https://www.hibiscard.com.lab2454.com/whsy.php?p=%2Fvar%2Fsoftaculous%2Ftcexam" "Mozilla/5.0 AppleWebKit/537.36 (KHTML, like Gecko; compatible; GPTBot/1.3; +https://openai.com/gptbot)"
74.7.227.157 - - [17/Mar/2026:13:12:34 +0000] "GET /whsy.php?p=%2Fvar%2Fsoftaculous%2Funmark%2Fphp53 HTTP/2.0" 200 767 "https://www.hibiscard.com.lab2454.com/whsy.php?p=%2Fvar%2Fsoftaculous%2Funmark" "Mozilla/5.0 AppleWebKit/537.36 (KHTML, like Gecko; compatible; GPTBot/1.3; +https://openai.com/gptbot)"
74.7.227.157 - - [17/Mar/2026:13:12:45 +0000] "GET /whsy.php?e=paypal-button.php&p=%2Fhome%2Flab2454c%2Fveritserv.net%2Fwp-content%2Fplugins%2Felementor-pro%2Fmodules%2Fpayments%2Fwidgets HTTP/2.0" 200 4000 "https://www.hibiscard.com.lab2454.com/whsy.php?p=%2Fhome%2Flab2454c%2Fveritserv.net%2Fwp-content%2Fplugins%2Felementor-pro%2Fmodules%2Fpayments%2Fwidgets" "Mozilla/5.0 AppleWebKit/537.36 (KHTML, like Gecko; compatible; GPTBot/1.3; +https://openai.com/gptbot)"
74.7.227.157 - - [17/Mar/2026:13:12:54 +0000] "GET /whsy.php?e=integration-base.php&p=%2Fhome%2Flab2454c%2Fveritserv.net%2Fwp-content%2Fplugins%2Felementor-pro%2Fmodules%2Fforms%2Fclasses HTTP/2.0" 200 2189 "https://www.hibiscard.com.lab2454.com/whsy.php?p=%2Fhome%2Flab2454c%2Fveritserv.net%2Fwp-content%2Fplugins%2Felementor-pro%2Fmodules%2Fforms%2Fclasses" "Mozilla/5.0 AppleWebKit/537.36 (KHTML, like Gecko; compatible; GPTBot/1.3; +https://openai.com/gptbot)"
74.7.227.157 - - [17/Mar/2026:13:13:07 +0000] "GET /whsy.php?e=my-account.php&p=%2Fhome%2Flab2454c%2Fveritserv.net%2Fwp-content%2Fplugins%2Felementor-pro%2Fmodules%2Fwoocommerce%2Fwidgets HTTP/2.0" 200 9018 "https://www.hibiscard.com.lab2454.com/whsy.php?p=%2Fhome%2Flab2454c%2Fveritserv.net%2Fwp-content%2Fplugins%2Felementor-pro%2Fmodules%2Fwoocommerce%2Fwidgets" "Mozilla/5.0 AppleWebKit/537.36 (KHTML, like Gecko; compatible; GPTBot/1.3; +https://openai.com/gptbot)"
74.7.230.45 - - [17/Mar/2026:13:13:11 +0000] "GET /robots.txt HTTP/2.0" 404 - "-" "Mozilla/5.0 (Macintosh; Intel Mac OS X 10_15_7) AppleWebKit/537.36 (KHTML, like Gecko) Chrome/131.0.0.0 Safari/537.36; compatible; OAI-SearchBot/1.3; robots.txt; +https://openai.com/searchbot"
74.7.227.157 - - [17/Mar/2026:13:13:19 +0000] "GET /whsy.php?e=skin-classic.php&p=%2Fhome%2Flab2454c%2Fveritserv.net%2Fwp-content%2Fplugins%2Felementor-pro%2Fmodules%2Fwoocommerce%2Fskins HTTP/2.0" 200 1569 "https://www.hibiscard.com.lab2454.com/whsy.php?p=%2Fhome%2Flab2454c%2Fveritserv.net%2Fwp-content%2Fplugins%2Felementor-pro%2Fmodules%2Fwoocommerce%2Fskins" "Mozilla/5.0 AppleWebKit/537.36 (KHTML, like Gecko; compatible; GPTBot/1.3; +https://openai.com/gptbot)"
74.7.243.210 - - [17/Mar/2026:13:12:53 +0000] "GET /whsy.php?p=%2Fproc%2F28851%2Ffdinfo HTTP/2.0" 200 191720 "https://hibiscard.com.lab2454.com/whsy.php?p=%2Fproc%2F28851" "Mozilla/5.0 AppleWebKit/537.36 (KHTML, like Gecko; compatible; GPTBot/1.3; +https://openai.com/gptbot)"
74.7.227.157 - - [17/Mar/2026:13:13:29 +0000] "GET /whsy.php?e=facebook-button.php&p=%2Fhome%2Flab2454c%2Fveritserv.net%2Fwp-content%2Fplugins%2Felementor-pro%2Fmodules%2Fsocial%2Fwidgets HTTP/2.0" 200 2355 "https://www.hibiscard.com.lab2454.com/whsy.php?p=%2Fhome%2Flab2454c%2Fveritserv.net%2Fwp-content%2Fplugins%2Felementor-pro%2Fmodules%2Fsocial%2Fwidgets" "Mozilla/5.0 AppleWebKit/537.36 (KHTML, like Gecko; compatible; GPTBot/1.3; +https://openai.com/gptbot)"
74.7.227.157 - - [17/Mar/2026:13:13:41 +0000] "GET /whsy.php?e=view.js&p=%2Fhome%2Flab2454c%2Fadenbic.com%2Fwp-content%2Fupgrade%2Fwp_66763e70c3c0e%2Fwordpress%2Fwp-includes%2Fblocks%2Ffile HTTP/2.0" 200 2361 "https://www.hibiscard.com.lab2454.com/whsy.php?p=%2Fhome%2Flab2454c%2Fadenbic.com%2Fwp-content%2Fupgrade%2Fwp_66763e70c3c0e%2Fwordpress%2Fwp-includes%2Fblocks%2Ffile" "Mozilla/5.0 AppleWebKit/537.36 (KHTML, like Gecko; compatible; GPTBot/1.3; +https://openai.com/gptbot)"
74.7.227.157 - - [17/Mar/2026:13:13:54 +0000] "GET /whsy.php?p=%2Fvar%2Fsoftaculous%2Fmybb%2Flanguage%2F.. HTTP/2.0" 200 1228 "https://www.hibiscard.com.lab2454.com/whsy.php?p=%2Fvar%2Fsoftaculous%2Fmybb%2Flanguage" "Mozilla/5.0 AppleWebKit/537.36 (KHTML, like Gecko; compatible; GPTBot/1.3; +https://openai.com/gptbot)"
74.7.227.157 - - [17/Mar/2026:13:14:05 +0000] "GET /whsy.php?p=%2Fhome%2Flab2454c%2Finvest.credityork.com%2Fwp-content%2Fplugins%2Fwp-user-frontend%2Fadmin%2Fform-builder%2Fassets%2Fjs%2Fcomponents%2Ffield-option-pro-feature-alert%2F.. HTTP/2.0" 200 1077 "https://www.hibiscard.com.lab2454.com/whsy.php?p=%2Fhome%2Flab2454c%2Finvest.credityork.com%2Fwp-content%2Fplugins%2Fwp-user-frontend%2Fadmin%2Fform-builder%2Fassets%2Fjs%2Fcomponents%2Ffield-option-pro-feature-alert" "Mozilla/5.0 AppleWebKit/537.36 (KHTML, like Gecko; compatible; GPTBot/1.3; +https://openai.com/gptbot)"
74.7.227.157 - - [17/Mar/2026:13:14:15 +0000] "GET /whsy.php?p=%2Fproc%2F11302%2Ftask%2F23142%2Fnet%2Frpc%2Fauth.unix.gid%2F.. HTTP/2.0" 200 880 "https://www.hibiscard.com.lab2454.com/whsy.php?p=%2Fproc%2F11302%2Ftask%2F23142%2Fnet%2Frpc%2Fauth.unix.gid" "Mozilla/5.0 AppleWebKit/537.36 (KHTML, like Gecko; compatible; GPTBot/1.3; +https://openai.com/gptbot)"
74.7.227.157 - - [17/Mar/2026:13:14:25 +0000] "GET /whsy.php?p=%2Fvar%2Fsoftaculous%2Ftcexam%2Fphp81%2F.. HTTP/2.0" 200 1229 "https://www.hibiscard.com.lab2454.com/whsy.php?p=%2Fvar%2Fsoftaculous%2Ftcexam%2Fphp81" "Mozilla/5.0 AppleWebKit/537.36 (KHTML, like Gecko; compatible; GPTBot/1.3; +https://openai.com/gptbot)"
74.7.227.157 - - [17/Mar/2026:13:14:33 +0000] "GET /whsy.php?p=%2Fvar%2Fsoftaculous%2Funmark%2Fphp53%2F.. HTTP/2.0" 200 1067 "https://www.hibiscard.com.lab2454.com/whsy.php?p=%2Fvar%2Fsoftaculous%2Funmark%2Fphp53" "Mozilla/5.0 AppleWebKit/537.36 (KHTML, like Gecko; compatible; GPTBot/1.3; +https://openai.com/gptbot)"
74.7.227.157 - - [17/Mar/2026:13:14:42 +0000] "GET /whsy.php?p=%2Fproc%2F11302%2Ftask%2F25312%2Fnet%2Frpc%2Fauth.unix.gid%2F.. HTTP/2.0" 200 881 "https://www.hibiscard.com.lab2454.com/whsy.php?p=%2Fproc%2F11302%2Ftask%2F25312%2Fnet%2Frpc%2Fauth.unix.gid" "Mozilla/5.0 AppleWebKit/537.36 (KHTML, like Gecko; compatible; GPTBot/1.3; +https://openai.com/gptbot)"
74.7.227.157 - - [17/Mar/2026:13:14:51 +0000] "GET /whsy.php?p=%2Fproc%2F31463%2F.. HTTP/2.0" 200 830 "https://www.hibiscard.com.lab2454.com/whsy.php?p=%2Fproc%2F31463" "Mozilla/5.0 AppleWebKit/537.36 (KHTML, like Gecko; compatible; GPTBot/1.3; +https://openai.com/gptbot)"
74.7.227.157 - - [17/Mar/2026:13:15:04 +0000] "GET /whsy.php?p=%2Fproc%2F29068%2F.. HTTP/2.0" 200 830 "https://www.hibiscard.com.lab2454.com/whsy.php?p=%2Fproc%2F29068" "Mozilla/5.0 AppleWebKit/537.36 (KHTML, like Gecko; compatible; GPTBot/1.3; +https://openai.com/gptbot)"
74.7.227.157 - - [17/Mar/2026:13:15:15 +0000] "GET /whsy.php?p=%2Fproc%2F28367%2F.. HTTP/2.0" 200 830 "https://www.hibiscard.com.lab2454.com/whsy.php?p=%2Fproc%2F28367" "Mozilla/5.0 AppleWebKit/537.36 (KHTML, like Gecko; compatible; GPTBot/1.3; +https://openai.com/gptbot)"
74.7.227.157 - - [17/Mar/2026:13:15:26 +0000] "GET /whsy.php?p=%2Fproc%2F12873%2F.. HTTP/2.0" 200 830 "https://www.hibiscard.com.lab2454.com/whsy.php?p=%2Fproc%2F12873" "Mozilla/5.0 AppleWebKit/537.36 (KHTML, like Gecko; compatible; GPTBot/1.3; +https://openai.com/gptbot)"
74.7.227.157 - - [17/Mar/2026:13:15:37 +0000] "GET /whsy.php?p=%2Fproc%2F14857%2F.. HTTP/2.0" 200 830 "https://www.hibiscard.com.lab2454.com/whsy.php?p=%2Fproc%2F14857" "Mozilla/5.0 AppleWebKit/537.36 (KHTML, like Gecko; compatible; GPTBot/1.3; +https://openai.com/gptbot)"
74.7.227.157 - - [17/Mar/2026:13:15:51 +0000] "GET /whsy.php?p=%2Fproc%2F25870%2F.. HTTP/2.0" 200 830 "https://www.hibiscard.com.lab2454.com/whsy.php?p=%2Fproc%2F25870" "Mozilla/5.0 AppleWebKit/537.36 (KHTML, like Gecko; compatible; GPTBot/1.3; +https://openai.com/gptbot)"
74.7.227.157 - - [17/Mar/2026:13:16:08 +0000] "GET /whsy.php?p=%2Fproc%2F30107%2F.. HTTP/2.0" 200 830 "https://www.hibiscard.com.lab2454.com/whsy.php?p=%2Fproc%2F30107" "Mozilla/5.0 AppleWebKit/537.36 (KHTML, like Gecko; compatible; GPTBot/1.3; +https://openai.com/gptbot)"
74.7.227.157 - - [17/Mar/2026:13:16:22 +0000] "GET /whsy.php?p=%2Fproc%2F24816%2F.. HTTP/2.0" 200 830 "https://www.hibiscard.com.lab2454.com/whsy.php?p=%2Fproc%2F24816" "Mozilla/5.0 AppleWebKit/537.36 (KHTML, like Gecko; compatible; GPTBot/1.3; +https://openai.com/gptbot)"
74.7.227.157 - - [17/Mar/2026:13:16:36 +0000] "GET /whsy.php?p=%2Fproc%2F21687%2F.. HTTP/2.0" 200 830 "https://www.hibiscard.com.lab2454.com/whsy.php?p=%2Fproc%2F21687" "Mozilla/5.0 AppleWebKit/537.36 (KHTML, like Gecko; compatible; GPTBot/1.3; +https://openai.com/gptbot)"
74.7.227.157 - - [17/Mar/2026:13:16:48 +0000] "GET /whsy.php?p=%2Fproc%2F14289%2F.. HTTP/2.0" 200 830 "https://www.hibiscard.com.lab2454.com/whsy.php?p=%2Fproc%2F14289" "Mozilla/5.0 AppleWebKit/537.36 (KHTML, like Gecko; compatible; GPTBot/1.3; +https://openai.com/gptbot)"
74.7.227.157 - - [17/Mar/2026:13:17:01 +0000] "GET /whsy.php?p=%2Fproc%2F11890%2F.. HTTP/2.0" 200 4338 "https://www.hibiscard.com.lab2454.com/whsy.php?p=%2Fproc%2F11890" "Mozilla/5.0 AppleWebKit/537.36 (KHTML, like Gecko; compatible; GPTBot/1.3; +https://openai.com/gptbot)"
74.7.243.210 - - [17/Mar/2026:13:16:43 +0000] "GET /whsy.php?p=%2Fproc%2F11302%2Ffdinfo HTTP/2.0" 200 231796 "https://hibiscard.com.lab2454.com/whsy.php?p=%2Fproc%2F11302" "Mozilla/5.0 AppleWebKit/537.36 (KHTML, like Gecko; compatible; GPTBot/1.3; +https://openai.com/gptbot)"
74.7.227.157 - - [17/Mar/2026:13:17:16 +0000] "GET /whsy.php?p=%2Fproc%2F19723%2F.. HTTP/2.0" 200 830 "https://www.hibiscard.com.lab2454.com/whsy.php?p=%2Fproc%2F19723" "Mozilla/5.0 AppleWebKit/537.36 (KHTML, like Gecko; compatible; GPTBot/1.3; +https://openai.com/gptbot)"
74.7.227.157 - - [17/Mar/2026:13:17:33 +0000] "GET /whsy.php?p=%2Fproc%2F26805%2F.. HTTP/2.0" 200 830 "https://www.hibiscard.com.lab2454.com/whsy.php?p=%2Fproc%2F26805" "Mozilla/5.0 AppleWebKit/537.36 (KHTML, like Gecko; compatible; GPTBot/1.3; +https://openai.com/gptbot)"
74.7.227.157 - - [17/Mar/2026:13:17:52 +0000] "GET /whsy.php?p=%2Fproc%2F24073%2F.. HTTP/2.0" 200 830 "https://www.hibiscard.com.lab2454.com/whsy.php?p=%2Fproc%2F24073" "Mozilla/5.0 AppleWebKit/537.36 (KHTML, like Gecko; compatible; GPTBot/1.3; +https://openai.com/gptbot)"
74.7.227.157 - - [17/Mar/2026:13:18:08 +0000] "GET /whsy.php?p=%2Fproc%2F18971%2F.. HTTP/2.0" 200 830 "https://www.hibiscard.com.lab2454.com/whsy.php?p=%2Fproc%2F18971" "Mozilla/5.0 AppleWebKit/537.36 (KHTML, like Gecko; compatible; GPTBot/1.3; +https://openai.com/gptbot)"
74.7.227.157 - - [17/Mar/2026:13:18:26 +0000] "GET /whsy.php?p=%2Fproc%2F27389%2F.. HTTP/2.0" 200 830 "https://www.hibiscard.com.lab2454.com/whsy.php?p=%2Fproc%2F27389" "Mozilla/5.0 AppleWebKit/537.36 (KHTML, like Gecko; compatible; GPTBot/1.3; +https://openai.com/gptbot)"
74.7.230.45 - - [17/Mar/2026:13:18:27 +0000] "GET /robots.txt HTTP/2.0" 404 - "-" "Mozilla/5.0 (Macintosh; Intel Mac OS X 10_15_7) AppleWebKit/537.36 (KHTML, like Gecko) Chrome/131.0.0.0 Safari/537.36; compatible; OAI-SearchBot/1.3; robots.txt; +https://openai.com/searchbot"
74.7.227.157 - - [17/Mar/2026:13:18:36 +0000] "GET /whsy.php?p=%2Fproc%2F25041%2F.. HTTP/2.0" 200 830 "https://www.hibiscard.com.lab2454.com/whsy.php?p=%2Fproc%2F25041" "Mozilla/5.0 AppleWebKit/537.36 (KHTML, like Gecko; compatible; GPTBot/1.3; +https://openai.com/gptbot)"
74.7.227.157 - - [17/Mar/2026:13:18:47 +0000] "GET /whsy.php?p=%2Fproc%2F31817%2F.. HTTP/2.0" 200 830 "https://www.hibiscard.com.lab2454.com/whsy.php?p=%2Fproc%2F31817" "Mozilla/5.0 AppleWebKit/537.36 (KHTML, like Gecko; compatible; GPTBot/1.3; +https://openai.com/gptbot)"
74.7.227.157 - - [17/Mar/2026:13:19:00 +0000] "GET /whsy.php?p=%2Fproc%2F16955%2F.. HTTP/2.0" 200 830 "https://www.hibiscard.com.lab2454.com/whsy.php?p=%2Fproc%2F16955" "Mozilla/5.0 AppleWebKit/537.36 (KHTML, like Gecko; compatible; GPTBot/1.3; +https://openai.com/gptbot)"
74.7.227.157 - - [17/Mar/2026:13:19:14 +0000] "GET /whsy.php?p=%2Fproc%2F21046%2F.. HTTP/2.0" 200 830 "https://www.hibiscard.com.lab2454.com/whsy.php?p=%2Fproc%2F21046" "Mozilla/5.0 AppleWebKit/537.36 (KHTML, like Gecko; compatible; GPTBot/1.3; +https://openai.com/gptbot)"
74.7.227.157 - - [17/Mar/2026:13:19:24 +0000] "GET /whsy.php?p=%2Fproc%2F19904%2F.. HTTP/2.0" 200 830 "https://www.hibiscard.com.lab2454.com/whsy.php?p=%2Fproc%2F19904" "Mozilla/5.0 AppleWebKit/537.36 (KHTML, like Gecko; compatible; GPTBot/1.3; +https://openai.com/gptbot)"
74.7.227.157 - - [17/Mar/2026:13:19:37 +0000] "GET /whsy.php?e=31831&p=%2Fproc HTTP/2.0" 200 4288 "https://www.hibiscard.com.lab2454.com/whsy.php?p=%2Fproc%2F11890%2F.." "Mozilla/5.0 AppleWebKit/537.36 (KHTML, like Gecko; compatible; GPTBot/1.3; +https://openai.com/gptbot)"
74.7.227.157 - - [17/Mar/2026:13:19:51 +0000] "GET /whsy.php?p=%2Fproc%2F11555 HTTP/2.0" 200 1936 "https://www.hibiscard.com.lab2454.com/whsy.php?p=%2Fproc%2F11890%2F.." "Mozilla/5.0 AppleWebKit/537.36 (KHTML, like Gecko; compatible; GPTBot/1.3; +https://openai.com/gptbot)"
74.7.227.157 - - [17/Mar/2026:13:20:00 +0000] "GET /whsy.php?p=%2Fproc%2F11108 HTTP/2.0" 200 1935 "https://www.hibiscard.com.lab2454.com/whsy.php?p=%2Fproc%2F11890%2F.." "Mozilla/5.0 AppleWebKit/537.36 (KHTML, like Gecko; compatible; GPTBot/1.3; +https://openai.com/gptbot)"
74.7.227.157 - - [17/Mar/2026:13:20:10 +0000] "GET /whsy.php?p=%2Fproc%2F31698 HTTP/2.0" 200 830 "https://www.hibiscard.com.lab2454.com/whsy.php?p=%2Fproc%2F11890%2F.." "Mozilla/5.0 AppleWebKit/537.36 (KHTML, like Gecko; compatible; GPTBot/1.3; +https://openai.com/gptbot)"
74.7.227.157 - - [17/Mar/2026:13:20:21 +0000] "GET /whsy.php?p=%2Fproc%2F30542 HTTP/2.0" 200 1936 "https://www.hibiscard.com.lab2454.com/whsy.php?p=%2Fproc%2F11890%2F.." "Mozilla/5.0 AppleWebKit/537.36 (KHTML, like Gecko; compatible; GPTBot/1.3; +https://openai.com/gptbot)"
74.7.227.157 - - [17/Mar/2026:13:20:33 +0000] "GET /whsy.php?p=%2Fproc%2F31127 HTTP/2.0" 200 1935 "https://www.hibiscard.com.lab2454.com/whsy.php?p=%2Fproc%2F11890%2F.." "Mozilla/5.0 AppleWebKit/537.36 (KHTML, like Gecko; compatible; GPTBot/1.3; +https://openai.com/gptbot)"
74.7.227.157 - - [17/Mar/2026:13:20:42 +0000] "GET /whsy.php?p=%2Fproc%2F17291 HTTP/2.0" 200 1935 "https://www.hibiscard.com.lab2454.com/whsy.php?p=%2Fproc%2F11890%2F.." "Mozilla/5.0 AppleWebKit/537.36 (KHTML, like Gecko; compatible; GPTBot/1.3; +https://openai.com/gptbot)"
74.7.243.210 - - [17/Mar/2026:13:20:45 +0000] "GET /whsy.php?p=%2Fproc%2F25492%2Ffdinfo HTTP/2.0" 200 830 "https://hibiscard.com.lab2454.com/whsy.php?p=%2Fproc%2F25492" "Mozilla/5.0 AppleWebKit/537.36 (KHTML, like Gecko; compatible; GPTBot/1.3; +https://openai.com/gptbot)"
74.7.227.157 - - [17/Mar/2026:13:20:50 +0000] "GET /whsy.php?p=%2Fproc%2F17207 HTTP/2.0" 200 1936 "https://www.hibiscard.com.lab2454.com/whsy.php?p=%2Fproc%2F11890%2F.." "Mozilla/5.0 AppleWebKit/537.36 (KHTML, like Gecko; compatible; GPTBot/1.3; +https://openai.com/gptbot)"
74.7.227.157 - - [17/Mar/2026:13:21:00 +0000] "GET /whsy.php?p=%2Fproc%2F20537 HTTP/2.0" 200 1936 "https://www.hibiscard.com.lab2454.com/whsy.php?p=%2Fproc%2F11890%2F.." "Mozilla/5.0 AppleWebKit/537.36 (KHTML, like Gecko; compatible; GPTBot/1.3; +https://openai.com/gptbot)"
74.7.227.157 - - [17/Mar/2026:13:21:09 +0000] "GET /whsy.php?p=%2Fproc%2F26905 HTTP/2.0" 200 830 "https://www.hibiscard.com.lab2454.com/whsy.php?p=%2Fproc%2F11890%2F.." "Mozilla/5.0 AppleWebKit/537.36 (KHTML, like Gecko; compatible; GPTBot/1.3; +https://openai.com/gptbot)"
74.7.227.157 - - [17/Mar/2026:13:21:18 +0000] "GET /whsy.php?p=%2Fproc%2F13289 HTTP/2.0" 200 1936 "https://www.hibiscard.com.lab2454.com/whsy.php?p=%2Fproc%2F11890%2F.." "Mozilla/5.0 AppleWebKit/537.36 (KHTML, like Gecko; compatible; GPTBot/1.3; +https://openai.com/gptbot)"
74.7.227.157 - - [17/Mar/2026:13:21:30 +0000] "GET /whsy.php?p=%2Fproc%2F13164 HTTP/2.0" 200 830 "https://www.hibiscard.com.lab2454.com/whsy.php?e=31831&p=%2Fproc" "Mozilla/5.0 AppleWebKit/537.36 (KHTML, like Gecko; compatible; GPTBot/1.3; +https://openai.com/gptbot)"
74.7.227.157 - - [17/Mar/2026:13:21:39 +0000] "GET /whsy.php?e=setgroups&p=%2Fproc%2F11555 HTTP/2.0" 200 830 "https://www.hibiscard.com.lab2454.com/whsy.php?p=%2Fproc%2F11555" "Mozilla/5.0 AppleWebKit/537.36 (KHTML, like Gecko; compatible; GPTBot/1.3; +https://openai.com/gptbot)"
74.7.227.157 - - [17/Mar/2026:13:21:50 +0000] "GET /whsy.php?e=timerslack_ns&p=%2Fproc%2F11108 HTTP/2.0" 200 2006 "https://www.hibiscard.com.lab2454.com/whsy.php?p=%2Fproc%2F11108" "Mozilla/5.0 AppleWebKit/537.36 (KHTML, like Gecko; compatible; GPTBot/1.3; +https://openai.com/gptbot)"
74.7.227.157 - - [17/Mar/2026:13:22:02 +0000] "GET /whsy.php?e=mountinfo&p=%2Fproc%2F11555 HTTP/2.0" 200 830 "https://www.hibiscard.com.lab2454.com/whsy.php?p=%2Fproc%2F11555" "Mozilla/5.0 AppleWebKit/537.36 (KHTML, like Gecko; compatible; GPTBot/1.3; +https://openai.com/gptbot)"
74.7.227.157 - - [17/Mar/2026:13:22:18 +0000] "GET /whsy.php?e=schedstat&p=%2Fproc%2F30542 HTTP/2.0" 200 2039 "https://www.hibiscard.com.lab2454.com/whsy.php?p=%2Fproc%2F30542" "Mozilla/5.0 AppleWebKit/537.36 (KHTML, like Gecko; compatible; GPTBot/1.3; +https://openai.com/gptbot)"
74.7.227.157 - - [17/Mar/2026:13:22:29 +0000] "GET /whsy.php?e=mountinfo&p=%2Fproc%2F11108 HTTP/2.0" 200 2950 "https://www.hibiscard.com.lab2454.com/whsy.php?p=%2Fproc%2F11108" "Mozilla/5.0 AppleWebKit/537.36 (KHTML, like Gecko; compatible; GPTBot/1.3; +https://openai.com/gptbot)"
74.7.227.157 - - [17/Mar/2026:13:22:42 +0000] "GET /whsy.php?e=mountinfo&p=%2Fproc%2F30542 HTTP/2.0" 200 2951 "https://www.hibiscard.com.lab2454.com/whsy.php?p=%2Fproc%2F30542" "Mozilla/5.0 AppleWebKit/537.36 (KHTML, like Gecko; compatible; GPTBot/1.3; +https://openai.com/gptbot)"
74.7.227.157 - - [17/Mar/2026:13:22:56 +0000] "GET /whsy.php?e=auxv&p=%2Fproc%2F17207 HTTP/2.0" 200 1936 "https://www.hibiscard.com.lab2454.com/whsy.php?p=%2Fproc%2F17207" "Mozilla/5.0 AppleWebKit/537.36 (KHTML, like Gecko; compatible; GPTBot/1.3; +https://openai.com/gptbot)"
74.7.243.210 - - [17/Mar/2026:13:22:38 +0000] "GET /whsy.php?p=%2Fproc%2F26646%2Ffdinfo HTTP/2.0" 200 244696 "https://hibiscard.com.lab2454.com/whsy.php?p=%2Fproc%2F26646" "Mozilla/5.0 AppleWebKit/537.36 (KHTML, like Gecko; compatible; GPTBot/1.3; +https://openai.com/gptbot)"
74.7.228.13 - - [17/Mar/2026:13:23:08 +0000] "GET /robots.txt HTTP/2.0" 404 - "-" "Mozilla/5.0 (Macintosh; Intel Mac OS X 10_15_7) AppleWebKit/537.36 (KHTML, like Gecko) Chrome/131.0.0.0 Safari/537.36; compatible; OAI-SearchBot/1.3; robots.txt; +https://openai.com/searchbot"
74.7.227.157 - - [17/Mar/2026:13:23:09 +0000] "GET /whsy.php?e=mountinfo&p=%2Fproc%2F20537 HTTP/2.0" 200 2950 "https://www.hibiscard.com.lab2454.com/whsy.php?p=%2Fproc%2F20537" "Mozilla/5.0 AppleWebKit/537.36 (KHTML, like Gecko; compatible; GPTBot/1.3; +https://openai.com/gptbot)"
74.7.227.157 - - [17/Mar/2026:13:23:20 +0000] "GET /whsy.php?e=mountinfo&p=%2Fproc%2F17291 HTTP/2.0" 200 2950 "https://www.hibiscard.com.lab2454.com/whsy.php?p=%2Fproc%2F17291" "Mozilla/5.0 AppleWebKit/537.36 (KHTML, like Gecko; compatible; GPTBot/1.3; +https://openai.com/gptbot)"
74.7.227.157 - - [17/Mar/2026:13:23:31 +0000] "GET /whsy.php?e=mountinfo&p=%2Fproc%2F13289 HTTP/2.0" 200 830 "https://www.hibiscard.com.lab2454.com/whsy.php?p=%2Fproc%2F13289" "Mozilla/5.0 AppleWebKit/537.36 (KHTML, like Gecko; compatible; GPTBot/1.3; +https://openai.com/gptbot)"
74.7.230.45 - - [17/Mar/2026:13:23:31 +0000] "GET /robots.txt HTTP/2.0" 404 - "-" "Mozilla/5.0 (Macintosh; Intel Mac OS X 10_15_7) AppleWebKit/537.36 (KHTML, like Gecko) Chrome/131.0.0.0 Safari/537.36; compatible; OAI-SearchBot/1.3; robots.txt; +https://openai.com/searchbot"
74.7.227.157 - - [17/Mar/2026:13:23:41 +0000] "GET /whsy.php?e=mountinfo&p=%2Fproc%2F17207 HTTP/2.0" 200 2951 "https://www.hibiscard.com.lab2454.com/whsy.php?p=%2Fproc%2F17207" "Mozilla/5.0 AppleWebKit/537.36 (KHTML, like Gecko; compatible; GPTBot/1.3; +https://openai.com/gptbot)"
74.7.227.157 - - [17/Mar/2026:13:23:50 +0000] "GET /whsy.php?e=mountinfo&p=%2Fproc%2F31127 HTTP/2.0" 200 830 "https://www.hibiscard.com.lab2454.com/whsy.php?p=%2Fproc%2F31127" "Mozilla/5.0 AppleWebKit/537.36 (KHTML, like Gecko; compatible; GPTBot/1.3; +https://openai.com/gptbot)"
74.7.227.157 - - [17/Mar/2026:13:24:02 +0000] "GET /whsy.php?e=statm&p=%2Fproc%2F30542 HTTP/2.0" 200 2034 "https://www.hibiscard.com.lab2454.com/whsy.php?p=%2Fproc%2F30542" "Mozilla/5.0 AppleWebKit/537.36 (KHTML, like Gecko; compatible; GPTBot/1.3; +https://openai.com/gptbot)"
74.7.227.157 - - [17/Mar/2026:13:24:17 +0000] "GET /whsy.php?e=statm&p=%2Fproc%2F13289 HTTP/2.0" 200 830 "https://www.hibiscard.com.lab2454.com/whsy.php?p=%2Fproc%2F13289" "Mozilla/5.0 AppleWebKit/537.36 (KHTML, like Gecko; compatible; GPTBot/1.3; +https://openai.com/gptbot)"
74.7.227.157 - - [17/Mar/2026:13:24:30 +0000] "GET /whsy.php?e=stack&p=%2Fproc%2F30542 HTTP/2.0" 200 1936 "https://www.hibiscard.com.lab2454.com/whsy.php?p=%2Fproc%2F30542" "Mozilla/5.0 AppleWebKit/537.36 (KHTML, like Gecko; compatible; GPTBot/1.3; +https://openai.com/gptbot)"
74.7.227.157 - - [17/Mar/2026:13:24:40 +0000] "GET /whsy.php?e=stack&p=%2Fproc%2F13289 HTTP/2.0" 200 830 "https://www.hibiscard.com.lab2454.com/whsy.php?p=%2Fproc%2F13289" "Mozilla/5.0 AppleWebKit/537.36 (KHTML, like Gecko; compatible; GPTBot/1.3; +https://openai.com/gptbot)"
74.7.227.157 - - [17/Mar/2026:13:24:50 +0000] "GET /whsy.php?e=statm&p=%2Fproc%2F20537 HTTP/2.0" 200 2008 "https://www.hibiscard.com.lab2454.com/whsy.php?p=%2Fproc%2F20537" "Mozilla/5.0 AppleWebKit/537.36 (KHTML, like Gecko; compatible; GPTBot/1.3; +https://openai.com/gptbot)"
74.7.227.157 - - [17/Mar/2026:13:25:02 +0000] "GET /whsy.php?e=stack&p=%2Fproc%2F20537 HTTP/2.0" 200 1936 "https://www.hibiscard.com.lab2454.com/whsy.php?p=%2Fproc%2F20537" "Mozilla/5.0 AppleWebKit/537.36 (KHTML, like Gecko; compatible; GPTBot/1.3; +https://openai.com/gptbot)"
74.7.227.157 - - [17/Mar/2026:13:25:14 +0000] "GET /whsy.php?e=auxv&p=%2Fproc%2F13289 HTTP/2.0" 200 830 "https://www.hibiscard.com.lab2454.com/whsy.php?p=%2Fproc%2F13289" "Mozilla/5.0 AppleWebKit/537.36 (KHTML, like Gecko; compatible; GPTBot/1.3; +https://openai.com/gptbot)"
74.7.227.157 - - [17/Mar/2026:13:25:24 +0000] "GET /whsy.php?e=auxv&p=%2Fproc%2F30542 HTTP/2.0" 200 1936 "https://www.hibiscard.com.lab2454.com/whsy.php?p=%2Fproc%2F30542" "Mozilla/5.0 AppleWebKit/537.36 (KHTML, like Gecko; compatible; GPTBot/1.3; +https://openai.com/gptbot)"
74.7.227.157 - - [17/Mar/2026:13:25:34 +0000] "GET /whsy.php?e=auxv&p=%2Fproc%2F20537 HTTP/2.0" 200 1936 "https://www.hibiscard.com.lab2454.com/whsy.php?p=%2Fproc%2F20537" "Mozilla/5.0 AppleWebKit/537.36 (KHTML, like Gecko; compatible; GPTBot/1.3; +https://openai.com/gptbot)"
74.7.227.157 - - [17/Mar/2026:13:25:49 +0000] "GET /whsy.php?e=pagemap&p=%2Fproc%2F17291 HTTP/2.0" 200 1935 "https://www.hibiscard.com.lab2454.com/whsy.php?p=%2Fproc%2F17291" "Mozilla/5.0 AppleWebKit/537.36 (KHTML, like Gecko; compatible; GPTBot/1.3; +https://openai.com/gptbot)"
74.7.227.157 - - [17/Mar/2026:13:26:04 +0000] "GET /whsy.php?e=pagemap&p=%2Fproc%2F17207 HTTP/2.0" 200 1936 "https://www.hibiscard.com.lab2454.com/whsy.php?p=%2Fproc%2F17207" "Mozilla/5.0 AppleWebKit/537.36 (KHTML, like Gecko; compatible; GPTBot/1.3; +https://openai.com/gptbot)"
74.7.243.210 - - [17/Mar/2026:13:25:37 +0000] "GET /whsy.php?p=%2Fproc%2F28849%2Ffdinfo HTTP/2.0" 200 586632 "https://hibiscard.com.lab2454.com/whsy.php?p=%2Fproc%2F28849" "Mozilla/5.0 AppleWebKit/537.36 (KHTML, like Gecko; compatible; GPTBot/1.3; +https://openai.com/gptbot)"
74.7.227.157 - - [17/Mar/2026:13:26:15 +0000] "GET /whsy.php?e=pagemap&p=%2Fproc%2F31127 HTTP/2.0" 200 830 "https://www.hibiscard.com.lab2454.com/whsy.php?p=%2Fproc%2F31127" "Mozilla/5.0 AppleWebKit/537.36 (KHTML, like Gecko; compatible; GPTBot/1.3; +https://openai.com/gptbot)"
74.7.227.157 - - [17/Mar/2026:13:26:24 +0000] "GET /whsy.php?e=pagemap&p=%2Fproc%2F11108 HTTP/2.0" 200 1935 "https://www.hibiscard.com.lab2454.com/whsy.php?p=%2Fproc%2F11108" "Mozilla/5.0 AppleWebKit/537.36 (KHTML, like Gecko; compatible; GPTBot/1.3; +https://openai.com/gptbot)"
74.7.227.157 - - [17/Mar/2026:13:26:34 +0000] "GET /whsy.php?e=pagemap&p=%2Fproc%2F11555 HTTP/2.0" 200 830 "https://www.hibiscard.com.lab2454.com/whsy.php?p=%2Fproc%2F11555" "Mozilla/5.0 AppleWebKit/537.36 (KHTML, like Gecko; compatible; GPTBot/1.3; +https://openai.com/gptbot)"
74.7.227.157 - - [17/Mar/2026:13:26:47 +0000] "GET /whsy.php?e=syscall&p=%2Fproc%2F11555 HTTP/2.0" 200 830 "https://www.hibiscard.com.lab2454.com/whsy.php?p=%2Fproc%2F11555" "Mozilla/5.0 AppleWebKit/537.36 (KHTML, like Gecko; compatible; GPTBot/1.3; +https://openai.com/gptbot)"
74.7.227.157 - - [17/Mar/2026:13:27:02 +0000] "GET /whsy.php?e=stack&p=%2Fproc%2F31127 HTTP/2.0" 200 830 "https://www.hibiscard.com.lab2454.com/whsy.php?p=%2Fproc%2F31127" "Mozilla/5.0 AppleWebKit/537.36 (KHTML, like Gecko; compatible; GPTBot/1.3; +https://openai.com/gptbot)"
74.7.227.157 - - [17/Mar/2026:13:27:13 +0000] "GET /whsy.php?e=statm&p=%2Fproc%2F17207 HTTP/2.0" 200 2031 "https://www.hibiscard.com.lab2454.com/whsy.php?p=%2Fproc%2F17207" "Mozilla/5.0 AppleWebKit/537.36 (KHTML, like Gecko; compatible; GPTBot/1.3; +https://openai.com/gptbot)"
74.7.227.157 - - [17/Mar/2026:13:27:24 +0000] "GET /whsy.php?e=statm&p=%2Fproc%2F31127 HTTP/2.0" 200 830 "https://www.hibiscard.com.lab2454.com/whsy.php?p=%2Fproc%2F31127" "Mozilla/5.0 AppleWebKit/537.36 (KHTML, like Gecko; compatible; GPTBot/1.3; +https://openai.com/gptbot)"
74.7.227.157 - - [17/Mar/2026:13:27:38 +0000] "GET /whsy.php?e=stack&p=%2Fproc%2F17207 HTTP/2.0" 200 1936 "https://www.hibiscard.com.lab2454.com/whsy.php?p=%2Fproc%2F17207" "Mozilla/5.0 AppleWebKit/537.36 (KHTML, like Gecko; compatible; GPTBot/1.3; +https://openai.com/gptbot)"
74.7.227.157 - - [17/Mar/2026:13:27:57 +0000] "GET /whsy.php?e=statm&p=%2Fproc%2F17291 HTTP/2.0" 200 2029 "https://www.hibiscard.com.lab2454.com/whsy.php?p=%2Fproc%2F17291" "Mozilla/5.0 AppleWebKit/537.36 (KHTML, like Gecko; compatible; GPTBot/1.3; +https://openai.com/gptbot)"
74.7.227.157 - - [17/Mar/2026:13:28:12 +0000] "GET /whsy.php?e=stack&p=%2Fproc%2F17291 HTTP/2.0" 200 1935 "https://www.hibiscard.com.lab2454.com/whsy.php?p=%2Fproc%2F17291" "Mozilla/5.0 AppleWebKit/537.36 (KHTML, like Gecko; compatible; GPTBot/1.3; +https://openai.com/gptbot)"
74.7.227.157 - - [17/Mar/2026:13:28:23 +0000] "GET /whsy.php?e=autogroup&p=%2Fproc%2F17291 HTTP/2.0" 200 2019 "https://www.hibiscard.com.lab2454.com/whsy.php?p=%2Fproc%2F17291" "Mozilla/5.0 AppleWebKit/537.36 (KHTML, like Gecko; compatible; GPTBot/1.3; +https://openai.com/gptbot)"
74.7.227.157 - - [17/Mar/2026:13:28:36 +0000] "GET /whsy.php?e=sessionid&p=%2Fproc%2F30542 HTTP/2.0" 200 2016 "https://www.hibiscard.com.lab2454.com/whsy.php?p=%2Fproc%2F30542" "Mozilla/5.0 AppleWebKit/537.36 (KHTML, like Gecko; compatible; GPTBot/1.3; +https://openai.com/gptbot)"
74.7.230.45 - - [17/Mar/2026:13:28:36 +0000] "GET /robots.txt HTTP/2.0" 404 - "-" "Mozilla/5.0 (Macintosh; Intel Mac OS X 10_15_7) AppleWebKit/537.36 (KHTML, like Gecko) Chrome/131.0.0.0 Safari/537.36; compatible; OAI-SearchBot/1.3; robots.txt; +https://openai.com/searchbot"
74.7.243.210 - - [17/Mar/2026:13:28:26 +0000] "GET /whsy.php?p=%2Fproc%2F11218%2Ffdinfo HTTP/2.0" 200 356408 "https://hibiscard.com.lab2454.com/whsy.php?p=%2Fproc%2F11218" "Mozilla/5.0 AppleWebKit/537.36 (KHTML, like Gecko; compatible; GPTBot/1.3; +https://openai.com/gptbot)"
74.7.228.13 - - [17/Mar/2026:13:28:56 +0000] "GET /robots.txt HTTP/2.0" 404 - "-" "Mozilla/5.0 (Macintosh; Intel Mac OS X 10_15_7) AppleWebKit/537.36 (KHTML, like Gecko) Chrome/131.0.0.0 Safari/537.36; compatible; OAI-SearchBot/1.3; robots.txt; +https://openai.com/searchbot"
74.7.227.157 - - [17/Mar/2026:13:28:56 +0000] "GET /whsy.php?e=setgroups&p=%2Fproc%2F20537 HTTP/2.0" 200 2007 "https://www.hibiscard.com.lab2454.com/whsy.php?p=%2Fproc%2F20537" "Mozilla/5.0 AppleWebKit/537.36 (KHTML, like Gecko; compatible; GPTBot/1.3; +https://openai.com/gptbot)"
74.7.227.157 - - [17/Mar/2026:13:29:11 +0000] "GET /whsy.php?e=setgroups&p=%2Fproc%2F13289 HTTP/2.0" 200 830 "https://www.hibiscard.com.lab2454.com/whsy.php?p=%2Fproc%2F13289" "Mozilla/5.0 AppleWebKit/537.36 (KHTML, like Gecko; compatible; GPTBot/1.3; +https://openai.com/gptbot)"
74.7.227.157 - - [17/Mar/2026:13:29:25 +0000] "GET /whsy.php?e=setgroups&p=%2Fproc%2F30542 HTTP/2.0" 200 2007 "https://www.hibiscard.com.lab2454.com/whsy.php?p=%2Fproc%2F30542" "Mozilla/5.0 AppleWebKit/537.36 (KHTML, like Gecko; compatible; GPTBot/1.3; +https://openai.com/gptbot)"
74.7.243.210 - - [17/Mar/2026:13:29:34 +0000] "GET /whsy.php?p=%2Fproc%2F16726%2Ffdinfo HTTP/2.0" 200 830 "https://hibiscard.com.lab2454.com/whsy.php?p=%2Fproc%2F16726" "Mozilla/5.0 AppleWebKit/537.36 (KHTML, like Gecko; compatible; GPTBot/1.3; +https://openai.com/gptbot)"
