74.7.227.157 - - [17/Mar/2026:15:28:55 +0000] "GET /whsy.php?e=environ&p=%2Fproc%2F31843 HTTP/2.0" 200 830 "https://www.hibiscard.com.lab2454.com/whsy.php?p=%2Fproc%2F31843" "Mozilla/5.0 AppleWebKit/537.36 (KHTML, like Gecko; compatible; GPTBot/1.3; +https://openai.com/gptbot)"
74.7.243.210 - - [17/Mar/2026:15:29:00 +0000] "GET /whsy.php?e=sessionid&p=%2Fproc%2F17213 HTTP/2.0" 200 2016 "https://hibiscard.com.lab2454.com/whsy.php?p=%2Fproc%2F17213" "Mozilla/5.0 AppleWebKit/537.36 (KHTML, like Gecko; compatible; GPTBot/1.3; +https://openai.com/gptbot)"
74.7.227.157 - - [17/Mar/2026:15:29:11 +0000] "GET /whsy.php?e=pagemap&p=%2Fproc%2F17354 HTTP/2.0" 200 1936 "https://www.hibiscard.com.lab2454.com/whsy.php?p=%2Fproc%2F17354" "Mozilla/5.0 AppleWebKit/537.36 (KHTML, like Gecko; compatible; GPTBot/1.3; +https://openai.com/gptbot)"
74.7.243.210 - - [17/Mar/2026:15:29:15 +0000] "GET /whsy.php?e=exe&p=%2Fproc%2F17213 HTTP/2.0" 200 1935 "https://hibiscard.com.lab2454.com/whsy.php?p=%2Fproc%2F17213" "Mozilla/5.0 AppleWebKit/537.36 (KHTML, like Gecko; compatible; GPTBot/1.3; +https://openai.com/gptbot)"
74.7.227.157 - - [17/Mar/2026:15:29:23 +0000] "GET /whsy.php?e=cmdline&p=%2Fproc%2F17226 HTTP/2.0" 200 2026 "https://www.hibiscard.com.lab2454.com/whsy.php?p=%2Fproc%2F17226" "Mozilla/5.0 AppleWebKit/537.36 (KHTML, like Gecko; compatible; GPTBot/1.3; +https://openai.com/gptbot)"
74.7.243.210 - - [17/Mar/2026:15:29:27 +0000] "GET /whsy.php?e=cwd&p=%2Fproc%2F17213 HTTP/2.0" 200 1935 "https://hibiscard.com.lab2454.com/whsy.php?p=%2Fproc%2F17213" "Mozilla/5.0 AppleWebKit/537.36 (KHTML, like Gecko; compatible; GPTBot/1.3; +https://openai.com/gptbot)"
74.7.227.157 - - [17/Mar/2026:15:29:34 +0000] "GET /whsy.php?e=clear_refs&p=%2Fproc%2F17226 HTTP/2.0" 200 1935 "https://www.hibiscard.com.lab2454.com/whsy.php?p=%2Fproc%2F17226" "Mozilla/5.0 AppleWebKit/537.36 (KHTML, like Gecko; compatible; GPTBot/1.3; +https://openai.com/gptbot)"
74.7.227.157 - - [17/Mar/2026:15:29:52 +0000] "GET /whsy.php?p=%2Fproc%2F31795 HTTP/2.0" 200 830 "https://www.hibiscard.com.lab2454.com/whsy.php?p=%2Fproc%2F11890%2F.." "Mozilla/5.0 AppleWebKit/537.36 (KHTML, like Gecko; compatible; GPTBot/1.3; +https://openai.com/gptbot)"
74.7.243.210 - - [17/Mar/2026:15:29:56 +0000] "GET /whsy.php?e=stat&p=%2Fproc%2F31892 HTTP/2.0" 200 830 "https://hibiscard.com.lab2454.com/whsy.php?p=%2Fproc%2F31892" "Mozilla/5.0 AppleWebKit/537.36 (KHTML, like Gecko; compatible; GPTBot/1.3; +https://openai.com/gptbot)"
74.7.227.157 - - [17/Mar/2026:15:30:06 +0000] "GET /whsy.php?p=%2Fproc%2F30362 HTTP/2.0" 200 830 "https://www.hibiscard.com.lab2454.com/whsy.php?p=%2Fproc%2F11890%2F.." "Mozilla/5.0 AppleWebKit/537.36 (KHTML, like Gecko; compatible; GPTBot/1.3; +https://openai.com/gptbot)"
74.7.227.157 - - [17/Mar/2026:15:30:18 +0000] "GET /whsy.php?p=%2Fproc%2F28080 HTTP/2.0" 200 830 "https://www.hibiscard.com.lab2454.com/whsy.php?p=%2Fproc%2F11890%2F.." "Mozilla/5.0 AppleWebKit/537.36 (KHTML, like Gecko; compatible; GPTBot/1.3; +https://openai.com/gptbot)"
74.7.243.210 - - [17/Mar/2026:15:30:22 +0000] "GET /whsy.php?e=ksm_stat&p=%2Fproc%2F17213 HTTP/2.0" 200 1935 "https://hibiscard.com.lab2454.com/whsy.php?p=%2Fproc%2F17213" "Mozilla/5.0 AppleWebKit/537.36 (KHTML, like Gecko; compatible; GPTBot/1.3; +https://openai.com/gptbot)"
74.7.227.157 - - [17/Mar/2026:15:30:32 +0000] "GET /whsy.php?p=%2Fproc%2F13143 HTTP/2.0" 200 830 "https://www.hibiscard.com.lab2454.com/whsy.php?e=31831&p=%2Fproc" "Mozilla/5.0 AppleWebKit/537.36 (KHTML, like Gecko; compatible; GPTBot/1.3; +https://openai.com/gptbot)"
74.7.227.157 - - [17/Mar/2026:15:30:43 +0000] "GET /whsy.php?p=%2Fproc%2F31834 HTTP/2.0" 200 830 "https://www.hibiscard.com.lab2454.com/whsy.php?p=%2Fproc%2F11890%2F.." "Mozilla/5.0 AppleWebKit/537.36 (KHTML, like Gecko; compatible; GPTBot/1.3; +https://openai.com/gptbot)"
74.7.227.157 - - [17/Mar/2026:15:30:55 +0000] "GET /whsy.php?p=%2Fproc%2F22867 HTTP/2.0" 200 830 "https://www.hibiscard.com.lab2454.com/whsy.php?p=%2Fproc%2F11890%2F.." "Mozilla/5.0 AppleWebKit/537.36 (KHTML, like Gecko; compatible; GPTBot/1.3; +https://openai.com/gptbot)"
74.7.243.210 - - [17/Mar/2026:15:30:59 +0000] "GET /whsy.php?e=exe&p=%2Fproc%2F31892 HTTP/2.0" 200 830 "https://hibiscard.com.lab2454.com/whsy.php?p=%2Fproc%2F31892" "Mozilla/5.0 AppleWebKit/537.36 (KHTML, like Gecko; compatible; GPTBot/1.3; +https://openai.com/gptbot)"
74.7.227.157 - - [17/Mar/2026:15:31:07 +0000] "GET /whsy.php?p=%2Fproc%2F20681 HTTP/2.0" 200 830 "https://www.hibiscard.com.lab2454.com/whsy.php?p=%2Fproc%2F11890%2F.." "Mozilla/5.0 AppleWebKit/537.36 (KHTML, like Gecko; compatible; GPTBot/1.3; +https://openai.com/gptbot)"
74.7.243.210 - - [17/Mar/2026:15:31:11 +0000] "GET /whsy.php?e=oom_adj&p=%2Fproc%2F17213 HTTP/2.0" 200 2006 "https://hibiscard.com.lab2454.com/whsy.php?p=%2Fproc%2F17213" "Mozilla/5.0 AppleWebKit/537.36 (KHTML, like Gecko; compatible; GPTBot/1.3; +https://openai.com/gptbot)"
74.7.227.157 - - [17/Mar/2026:15:31:20 +0000] "GET /whsy.php?p=%2Fproc%2F31854 HTTP/2.0" 200 830 "https://www.hibiscard.com.lab2454.com/whsy.php?p=%2Fproc%2F11890%2F.." "Mozilla/5.0 AppleWebKit/537.36 (KHTML, like Gecko; compatible; GPTBot/1.3; +https://openai.com/gptbot)"
74.7.243.210 - - [17/Mar/2026:15:31:25 +0000] "GET /whsy.php?e=cmdline&p=%2Fproc%2F17213 HTTP/2.0" 200 2026 "https://hibiscard.com.lab2454.com/whsy.php?p=%2Fproc%2F17213" "Mozilla/5.0 AppleWebKit/537.36 (KHTML, like Gecko; compatible; GPTBot/1.3; +https://openai.com/gptbot)"
74.7.227.157 - - [17/Mar/2026:15:31:35 +0000] "GET /whsy.php?p=%2Fproc%2F22593 HTTP/2.0" 200 830 "https://www.hibiscard.com.lab2454.com/whsy.php?p=%2Fproc%2F11890%2F.." "Mozilla/5.0 AppleWebKit/537.36 (KHTML, like Gecko; compatible; GPTBot/1.3; +https://openai.com/gptbot)"
74.7.227.157 - - [17/Mar/2026:15:31:47 +0000] "GET /whsy.php?e=mountstats&p=%2Fproc%2F17354 HTTP/2.0" 200 1936 "https://www.hibiscard.com.lab2454.com/whsy.php?p=%2Fproc%2F17354" "Mozilla/5.0 AppleWebKit/537.36 (KHTML, like Gecko; compatible; GPTBot/1.3; +https://openai.com/gptbot)"
74.7.243.210 - - [17/Mar/2026:15:31:50 +0000] "GET /whsy.php?e=ksm_stat&p=%2Fproc%2F31892 HTTP/2.0" 200 830 "https://hibiscard.com.lab2454.com/whsy.php?p=%2Fproc%2F31892" "Mozilla/5.0 AppleWebKit/537.36 (KHTML, like Gecko; compatible; GPTBot/1.3; +https://openai.com/gptbot)"
74.7.227.157 - - [17/Mar/2026:15:31:58 +0000] "GET /whsy.php?e=loginuid&p=%2Fproc%2F11108 HTTP/2.0" 200 830 "https://www.hibiscard.com.lab2454.com/whsy.php?p=%2Fproc%2F11108" "Mozilla/5.0 AppleWebKit/537.36 (KHTML, like Gecko; compatible; GPTBot/1.3; +https://openai.com/gptbot)"
74.7.227.157 - - [17/Mar/2026:15:32:09 +0000] "GET /whsy.php?e=oom_score_adj&p=%2Fproc%2F17226 HTTP/2.0" 200 2007 "https://www.hibiscard.com.lab2454.com/whsy.php?p=%2Fproc%2F17226" "Mozilla/5.0 AppleWebKit/537.36 (KHTML, like Gecko; compatible; GPTBot/1.3; +https://openai.com/gptbot)"
74.7.243.210 - - [17/Mar/2026:15:32:13 +0000] "GET /whsy.php?e=oom_score_adj&p=%2Fproc%2F17213 HTTP/2.0" 200 2007 "https://hibiscard.com.lab2454.com/whsy.php?p=%2Fproc%2F17213" "Mozilla/5.0 AppleWebKit/537.36 (KHTML, like Gecko; compatible; GPTBot/1.3; +https://openai.com/gptbot)"
74.7.227.157 - - [17/Mar/2026:15:32:22 +0000] "GET /whsy.php?e=smaps_rollup&p=%2Fproc%2F17226 HTTP/2.0" 200 2120 "https://www.hibiscard.com.lab2454.com/whsy.php?p=%2Fproc%2F17226" "Mozilla/5.0 AppleWebKit/537.36 (KHTML, like Gecko; compatible; GPTBot/1.3; +https://openai.com/gptbot)"
74.7.227.157 - - [17/Mar/2026:15:32:35 +0000] "GET /whsy.php?e=loginuid&p=%2Fproc%2F20537 HTTP/2.0" 200 830 "https://www.hibiscard.com.lab2454.com/whsy.php?p=%2Fproc%2F20537" "Mozilla/5.0 AppleWebKit/537.36 (KHTML, like Gecko; compatible; GPTBot/1.3; +https://openai.com/gptbot)"
74.7.243.210 - - [17/Mar/2026:15:32:38 +0000] "GET /whsy.php?e=root&p=%2Fproc%2F31892 HTTP/2.0" 200 830 "https://hibiscard.com.lab2454.com/whsy.php?p=%2Fproc%2F31892" "Mozilla/5.0 AppleWebKit/537.36 (KHTML, like Gecko; compatible; GPTBot/1.3; +https://openai.com/gptbot)"
74.7.227.157 - - [17/Mar/2026:15:32:44 +0000] "GET /whsy.php?e=loginuid&p=%2Fproc%2F31843 HTTP/2.0" 200 830 "https://www.hibiscard.com.lab2454.com/whsy.php?p=%2Fproc%2F31843" "Mozilla/5.0 AppleWebKit/537.36 (KHTML, like Gecko; compatible; GPTBot/1.3; +https://openai.com/gptbot)"
74.7.227.157 - - [17/Mar/2026:15:32:53 +0000] "GET /whsy.php?e=loginuid&p=%2Fproc%2F13289 HTTP/2.0" 200 830 "https://www.hibiscard.com.lab2454.com/whsy.php?p=%2Fproc%2F13289" "Mozilla/5.0 AppleWebKit/537.36 (KHTML, like Gecko; compatible; GPTBot/1.3; +https://openai.com/gptbot)"
74.7.243.210 - - [17/Mar/2026:15:32:56 +0000] "GET /whsy.php?e=personality&p=%2Fproc%2F17213 HTTP/2.0" 200 1935 "https://hibiscard.com.lab2454.com/whsy.php?p=%2Fproc%2F17213" "Mozilla/5.0 AppleWebKit/537.36 (KHTML, like Gecko; compatible; GPTBot/1.3; +https://openai.com/gptbot)"
74.7.227.157 - - [17/Mar/2026:15:33:03 +0000] "GET /whsy.php?e=loginuid&p=%2Fproc%2F30542 HTTP/2.0" 200 830 "https://www.hibiscard.com.lab2454.com/whsy.php?p=%2Fproc%2F30542" "Mozilla/5.0 AppleWebKit/537.36 (KHTML, like Gecko; compatible; GPTBot/1.3; +https://openai.com/gptbot)"
74.7.227.157 - - [17/Mar/2026:15:33:14 +0000] "GET /whsy.php?e=loginuid&p=%2Fproc%2F17354 HTTP/2.0" 200 2014 "https://www.hibiscard.com.lab2454.com/whsy.php?p=%2Fproc%2F17354" "Mozilla/5.0 AppleWebKit/537.36 (KHTML, like Gecko; compatible; GPTBot/1.3; +https://openai.com/gptbot)"
74.7.227.157 - - [17/Mar/2026:15:33:26 +0000] "GET /whsy.php?e=mountstats&p=%2Fproc%2F13289 HTTP/2.0" 200 830 "https://www.hibiscard.com.lab2454.com/whsy.php?p=%2Fproc%2F13289" "Mozilla/5.0 AppleWebKit/537.36 (KHTML, like Gecko; compatible; GPTBot/1.3; +https://openai.com/gptbot)"
74.7.243.210 - - [17/Mar/2026:15:33:28 +0000] "GET /whsy.php?e=oom_score_adj&p=%2Fproc%2F31892 HTTP/2.0" 200 830 "https://hibiscard.com.lab2454.com/whsy.php?p=%2Fproc%2F31892" "Mozilla/5.0 AppleWebKit/537.36 (KHTML, like Gecko; compatible; GPTBot/1.3; +https://openai.com/gptbot)"
74.7.227.157 - - [17/Mar/2026:15:33:37 +0000] "GET /whsy.php?e=mountstats&p=%2Fproc%2F20537 HTTP/2.0" 200 830 "https://www.hibiscard.com.lab2454.com/whsy.php?p=%2Fproc%2F20537" "Mozilla/5.0 AppleWebKit/537.36 (KHTML, like Gecko; compatible; GPTBot/1.3; +https://openai.com/gptbot)"
74.7.243.210 - - [17/Mar/2026:15:33:40 +0000] "GET /whsy.php?e=maps&p=%2Fproc%2F17213 HTTP/2.0" 200 2119 "https://hibiscard.com.lab2454.com/whsy.php?p=%2Fproc%2F17213" "Mozilla/5.0 AppleWebKit/537.36 (KHTML, like Gecko; compatible; GPTBot/1.3; +https://openai.com/gptbot)"
74.7.227.157 - - [17/Mar/2026:15:33:48 +0000] "GET /whsy.php?e=mountstats&p=%2Fproc%2F30542 HTTP/2.0" 200 830 "https://www.hibiscard.com.lab2454.com/whsy.php?p=%2Fproc%2F30542" "Mozilla/5.0 AppleWebKit/537.36 (KHTML, like Gecko; compatible; GPTBot/1.3; +https://openai.com/gptbot)"
74.7.243.210 - - [17/Mar/2026:15:33:51 +0000] "GET /whsy.php?e=root&p=%2Fproc%2F17213 HTTP/2.0" 200 1935 "https://hibiscard.com.lab2454.com/whsy.php?p=%2Fproc%2F17213" "Mozilla/5.0 AppleWebKit/537.36 (KHTML, like Gecko; compatible; GPTBot/1.3; +https://openai.com/gptbot)"
74.7.228.13 - - [17/Mar/2026:15:33:51 +0000] "GET /robots.txt HTTP/2.0" 404 - "-" "Mozilla/5.0 (Macintosh; Intel Mac OS X 10_15_7) AppleWebKit/537.36 (KHTML, like Gecko) Chrome/131.0.0.0 Safari/537.36; compatible; OAI-SearchBot/1.3; robots.txt; +https://openai.com/searchbot"
74.7.227.157 - - [17/Mar/2026:15:33:58 +0000] "GET /whsy.php?e=mountstats&p=%2Fproc%2F31843 HTTP/2.0" 200 830 "https://www.hibiscard.com.lab2454.com/whsy.php?p=%2Fproc%2F31843" "Mozilla/5.0 AppleWebKit/537.36 (KHTML, like Gecko; compatible; GPTBot/1.3; +https://openai.com/gptbot)"
74.7.230.45 - - [17/Mar/2026:15:33:59 +0000] "GET /robots.txt HTTP/2.0" 404 - "-" "Mozilla/5.0 (Macintosh; Intel Mac OS X 10_15_7) AppleWebKit/537.36 (KHTML, like Gecko) Chrome/131.0.0.0 Safari/537.36; compatible; OAI-SearchBot/1.3; robots.txt; +https://openai.com/searchbot"
74.7.243.210 - - [17/Mar/2026:15:34:01 +0000] "GET /whsy.php?e=comm&p=%2Fproc%2F17213 HTTP/2.0" 200 2014 "https://hibiscard.com.lab2454.com/whsy.php?p=%2Fproc%2F17213" "Mozilla/5.0 AppleWebKit/537.36 (KHTML, like Gecko; compatible; GPTBot/1.3; +https://openai.com/gptbot)"
74.7.227.157 - - [17/Mar/2026:15:34:07 +0000] "GET /whsy.php?e=maps&p=%2Fproc%2F11555 HTTP/2.0" 200 830 "https://www.hibiscard.com.lab2454.com/whsy.php?p=%2Fproc%2F11555" "Mozilla/5.0 AppleWebKit/537.36 (KHTML, like Gecko; compatible; GPTBot/1.3; +https://openai.com/gptbot)"
74.7.243.210 - - [17/Mar/2026:15:34:10 +0000] "GET /whsy.php?e=cpuset&p=%2Fproc%2F17213 HTTP/2.0" 200 2006 "https://hibiscard.com.lab2454.com/whsy.php?p=%2Fproc%2F17213" "Mozilla/5.0 AppleWebKit/537.36 (KHTML, like Gecko; compatible; GPTBot/1.3; +https://openai.com/gptbot)"
74.7.227.157 - - [17/Mar/2026:15:34:18 +0000] "GET /whsy.php?e=comm&p=%2Fproc%2F11555 HTTP/2.0" 200 830 "https://www.hibiscard.com.lab2454.com/whsy.php?p=%2Fproc%2F11555" "Mozilla/5.0 AppleWebKit/537.36 (KHTML, like Gecko; compatible; GPTBot/1.3; +https://openai.com/gptbot)"
74.7.243.210 - - [17/Mar/2026:15:34:21 +0000] "GET /whsy.php?e=cgroup&p=%2Fproc%2F17213 HTTP/2.0" 200 2141 "https://hibiscard.com.lab2454.com/whsy.php?p=%2Fproc%2F17213" "Mozilla/5.0 AppleWebKit/537.36 (KHTML, like Gecko; compatible; GPTBot/1.3; +https://openai.com/gptbot)"
74.7.227.157 - - [17/Mar/2026:15:34:29 +0000] "GET /whsy.php?e=comm&p=%2Fproc%2F11108 HTTP/2.0" 200 830 "https://www.hibiscard.com.lab2454.com/whsy.php?p=%2Fproc%2F11108" "Mozilla/5.0 AppleWebKit/537.36 (KHTML, like Gecko; compatible; GPTBot/1.3; +https://openai.com/gptbot)"
74.7.243.210 - - [17/Mar/2026:15:34:32 +0000] "GET /whsy.php?e=timens_offsets&p=%2Fproc%2F31892 HTTP/2.0" 200 830 "https://hibiscard.com.lab2454.com/whsy.php?p=%2Fproc%2F31892" "Mozilla/5.0 AppleWebKit/537.36 (KHTML, like Gecko; compatible; GPTBot/1.3; +https://openai.com/gptbot)"
74.7.227.157 - - [17/Mar/2026:15:34:42 +0000] "GET /whsy.php?e=root&p=%2Fproc%2F11108 HTTP/2.0" 200 830 "https://www.hibiscard.com.lab2454.com/whsy.php?p=%2Fproc%2F11108" "Mozilla/5.0 AppleWebKit/537.36 (KHTML, like Gecko; compatible; GPTBot/1.3; +https://openai.com/gptbot)"
74.7.227.157 - - [17/Mar/2026:15:34:52 +0000] "GET /whsy.php?e=maps&p=%2Fproc%2F11108 HTTP/2.0" 200 830 "https://www.hibiscard.com.lab2454.com/whsy.php?p=%2Fproc%2F11108" "Mozilla/5.0 AppleWebKit/537.36 (KHTML, like Gecko; compatible; GPTBot/1.3; +https://openai.com/gptbot)"
74.7.227.157 - - [17/Mar/2026:15:35:04 +0000] "GET /whsy.php?e=stat&p=%2Fproc%2F11555 HTTP/2.0" 200 830 "https://www.hibiscard.com.lab2454.com/whsy.php?p=%2Fproc%2F11555" "Mozilla/5.0 AppleWebKit/537.36 (KHTML, like Gecko; compatible; GPTBot/1.3; +https://openai.com/gptbot)"
74.7.243.210 - - [17/Mar/2026:15:35:06 +0000] "GET /whsy.php?e=cmdline&p=%2Fproc%2F31892 HTTP/2.0" 200 830 "https://hibiscard.com.lab2454.com/whsy.php?p=%2Fproc%2F31892" "Mozilla/5.0 AppleWebKit/537.36 (KHTML, like Gecko; compatible; GPTBot/1.3; +https://openai.com/gptbot)"
74.7.227.157 - - [17/Mar/2026:15:35:13 +0000] "GET /whsy.php?e=root&p=%2Fproc%2F11555 HTTP/2.0" 200 830 "https://www.hibiscard.com.lab2454.com/whsy.php?p=%2Fproc%2F11555" "Mozilla/5.0 AppleWebKit/537.36 (KHTML, like Gecko; compatible; GPTBot/1.3; +https://openai.com/gptbot)"
74.7.227.157 - - [17/Mar/2026:15:35:22 +0000] "GET /whsy.php?e=personality&p=%2Fproc%2F17226 HTTP/2.0" 200 1935 "https://www.hibiscard.com.lab2454.com/whsy.php?p=%2Fproc%2F17226" "Mozilla/5.0 AppleWebKit/537.36 (KHTML, like Gecko; compatible; GPTBot/1.3; +https://openai.com/gptbot)"
74.7.227.157 - - [17/Mar/2026:15:35:33 +0000] "GET /whsy.php?p=%2Fproc%2F26022 HTTP/2.0" 200 830 "https://www.hibiscard.com.lab2454.com/whsy.php?p=%2Fproc%2F11890%2F.." "Mozilla/5.0 AppleWebKit/537.36 (KHTML, like Gecko; compatible; GPTBot/1.3; +https://openai.com/gptbot)"
74.7.243.210 - - [17/Mar/2026:15:35:35 +0000] "GET /whsy.php?e=timens_offsets&p=%2Fproc%2F17213 HTTP/2.0" 200 2022 "https://hibiscard.com.lab2454.com/whsy.php?p=%2Fproc%2F17213" "Mozilla/5.0 AppleWebKit/537.36 (KHTML, like Gecko; compatible; GPTBot/1.3; +https://openai.com/gptbot)"
74.7.227.157 - - [17/Mar/2026:15:35:48 +0000] "GET /whsy.php?e=clear_refs&p=%2Fproc%2F17291 HTTP/2.0" 200 1935 "https://www.hibiscard.com.lab2454.com/whsy.php?p=%2Fproc%2F17291" "Mozilla/5.0 AppleWebKit/537.36 (KHTML, like Gecko; compatible; GPTBot/1.3; +https://openai.com/gptbot)"
74.7.243.210 - - [17/Mar/2026:15:35:50 +0000] "GET /whsy.php?e=io&p=%2Fproc%2F17213 HTTP/2.0" 200 1935 "https://hibiscard.com.lab2454.com/whsy.php?p=%2Fproc%2F17213" "Mozilla/5.0 AppleWebKit/537.36 (KHTML, like Gecko; compatible; GPTBot/1.3; +https://openai.com/gptbot)"
74.7.227.157 - - [17/Mar/2026:15:36:04 +0000] "GET /whsy.php?e=clear_refs&p=%2Fproc%2F13289 HTTP/2.0" 200 830 "https://www.hibiscard.com.lab2454.com/whsy.php?p=%2Fproc%2F13289" "Mozilla/5.0 AppleWebKit/537.36 (KHTML, like Gecko; compatible; GPTBot/1.3; +https://openai.com/gptbot)"
74.7.227.157 - - [17/Mar/2026:15:36:16 +0000] "GET /whsy.php?e=clear_refs&p=%2Fproc%2F17192 HTTP/2.0" 200 1935 "https://www.hibiscard.com.lab2454.com/whsy.php?p=%2Fproc%2F17192" "Mozilla/5.0 AppleWebKit/537.36 (KHTML, like Gecko; compatible; GPTBot/1.3; +https://openai.com/gptbot)"
74.7.243.210 - - [17/Mar/2026:15:36:19 +0000] "GET /whsy.php?e=mem&p=%2Fproc%2F31892 HTTP/2.0" 200 830 "https://hibiscard.com.lab2454.com/whsy.php?p=%2Fproc%2F31892" "Mozilla/5.0 AppleWebKit/537.36 (KHTML, like Gecko; compatible; GPTBot/1.3; +https://openai.com/gptbot)"
74.7.227.157 - - [17/Mar/2026:15:36:30 +0000] "GET /whsy.php?e=clear_refs&p=%2Fproc%2F17213 HTTP/2.0" 200 1935 "https://www.hibiscard.com.lab2454.com/whsy.php?p=%2Fproc%2F17213" "Mozilla/5.0 AppleWebKit/537.36 (KHTML, like Gecko; compatible; GPTBot/1.3; +https://openai.com/gptbot)"
74.7.227.157 - - [17/Mar/2026:15:36:43 +0000] "GET /whsy.php?e=clear_refs&p=%2Fproc%2F31127 HTTP/2.0" 200 830 "https://www.hibiscard.com.lab2454.com/whsy.php?p=%2Fproc%2F31127" "Mozilla/5.0 AppleWebKit/537.36 (KHTML, like Gecko; compatible; GPTBot/1.3; +https://openai.com/gptbot)"
74.7.230.45 - - [17/Mar/2026:15:36:55 +0000] "GET /robots.txt HTTP/2.0" 404 - "-" "Mozilla/5.0 (Macintosh; Intel Mac OS X 10_15_7) AppleWebKit/537.36 (KHTML, like Gecko) Chrome/131.0.0.0 Safari/537.36; compatible; OAI-SearchBot/1.3; robots.txt; +https://openai.com/searchbot"
74.7.227.157 - - [17/Mar/2026:15:36:58 +0000] "GET /whsy.php?e=clear_refs&p=%2Fproc%2F30542 HTTP/2.0" 200 830 "https://www.hibiscard.com.lab2454.com/whsy.php?p=%2Fproc%2F30542" "Mozilla/5.0 AppleWebKit/537.36 (KHTML, like Gecko; compatible; GPTBot/1.3; +https://openai.com/gptbot)"
74.7.227.157 - - [17/Mar/2026:15:37:14 +0000] "GET /whsy.php?e=clear_refs&p=%2Fproc%2F20537 HTTP/2.0" 200 830 "https://www.hibiscard.com.lab2454.com/whsy.php?p=%2Fproc%2F20537" "Mozilla/5.0 AppleWebKit/537.36 (KHTML, like Gecko; compatible; GPTBot/1.3; +https://openai.com/gptbot)"
74.7.243.210 - - [17/Mar/2026:15:37:16 +0000] "GET /whsy.php?e=cwd&p=%2Fproc%2F31892 HTTP/2.0" 200 830 "https://hibiscard.com.lab2454.com/whsy.php?p=%2Fproc%2F31892" "Mozilla/5.0 AppleWebKit/537.36 (KHTML, like Gecko; compatible; GPTBot/1.3; +https://openai.com/gptbot)"
74.7.227.157 - - [17/Mar/2026:15:37:29 +0000] "GET /whsy.php?e=clear_refs&p=%2Fproc%2F17207 HTTP/2.0" 200 1936 "https://www.hibiscard.com.lab2454.com/whsy.php?p=%2Fproc%2F17207" "Mozilla/5.0 AppleWebKit/537.36 (KHTML, like Gecko; compatible; GPTBot/1.3; +https://openai.com/gptbot)"
74.7.243.210 - - [17/Mar/2026:15:37:31 +0000] "GET /whsy.php?e=personality&p=%2Fproc%2F31892 HTTP/2.0" 200 830 "https://hibiscard.com.lab2454.com/whsy.php?p=%2Fproc%2F31892" "Mozilla/5.0 AppleWebKit/537.36 (KHTML, like Gecko; compatible; GPTBot/1.3; +https://openai.com/gptbot)"
74.7.227.157 - - [17/Mar/2026:15:37:43 +0000] "GET /whsy.php?e=personality&p=%2Fproc%2F11555 HTTP/2.0" 200 830 "https://www.hibiscard.com.lab2454.com/whsy.php?p=%2Fproc%2F11555" "Mozilla/5.0 AppleWebKit/537.36 (KHTML, like Gecko; compatible; GPTBot/1.3; +https://openai.com/gptbot)"
74.7.227.157 - - [17/Mar/2026:15:37:58 +0000] "GET /whsy.php?e=loginuid&p=%2Fproc%2F17207 HTTP/2.0" 200 2013 "https://www.hibiscard.com.lab2454.com/whsy.php?p=%2Fproc%2F17207" "Mozilla/5.0 AppleWebKit/537.36 (KHTML, like Gecko; compatible; GPTBot/1.3; +https://openai.com/gptbot)"
74.7.227.157 - - [17/Mar/2026:15:38:12 +0000] "GET /whsy.php?e=loginuid&p=%2Fproc%2F17213 HTTP/2.0" 200 2013 "https://www.hibiscard.com.lab2454.com/whsy.php?p=%2Fproc%2F17213" "Mozilla/5.0 AppleWebKit/537.36 (KHTML, like Gecko; compatible; GPTBot/1.3; +https://openai.com/gptbot)"
74.7.227.157 - - [17/Mar/2026:15:38:27 +0000] "GET /whsy.php?e=loginuid&p=%2Fproc%2F31127 HTTP/2.0" 200 830 "https://www.hibiscard.com.lab2454.com/whsy.php?p=%2Fproc%2F31127" "Mozilla/5.0 AppleWebKit/537.36 (KHTML, like Gecko; compatible; GPTBot/1.3; +https://openai.com/gptbot)"
74.7.243.210 - - [17/Mar/2026:15:38:29 +0000] "GET /whsy.php?e=smaps&p=%2Fproc%2F31892 HTTP/2.0" 200 830 "https://hibiscard.com.lab2454.com/whsy.php?p=%2Fproc%2F31892" "Mozilla/5.0 AppleWebKit/537.36 (KHTML, like Gecko; compatible; GPTBot/1.3; +https://openai.com/gptbot)"
74.7.227.157 - - [17/Mar/2026:15:38:39 +0000] "GET /whsy.php?e=loginuid&p=%2Fproc%2F17226 HTTP/2.0" 200 2013 "https://www.hibiscard.com.lab2454.com/whsy.php?p=%2Fproc%2F17226" "Mozilla/5.0 AppleWebKit/537.36 (KHTML, like Gecko; compatible; GPTBot/1.3; +https://openai.com/gptbot)"
74.7.227.157 - - [17/Mar/2026:15:38:55 +0000] "GET /whsy.php?e=loginuid&p=%2Fproc%2F17291 HTTP/2.0" 200 2012 "https://www.hibiscard.com.lab2454.com/whsy.php?p=%2Fproc%2F17291" "Mozilla/5.0 AppleWebKit/537.36 (KHTML, like Gecko; compatible; GPTBot/1.3; +https://openai.com/gptbot)"
74.7.227.157 - - [17/Mar/2026:15:39:06 +0000] "GET /whsy.php?e=loginuid&p=%2Fproc%2F17192 HTTP/2.0" 200 2013 "https://www.hibiscard.com.lab2454.com/whsy.php?p=%2Fproc%2F17192" "Mozilla/5.0 AppleWebKit/537.36 (KHTML, like Gecko; compatible; GPTBot/1.3; +https://openai.com/gptbot)"
74.7.227.157 - - [17/Mar/2026:15:39:18 +0000] "GET /whsy.php?e=clear_refs&p=%2Fproc%2F11108 HTTP/2.0" 200 830 "https://www.hibiscard.com.lab2454.com/whsy.php?p=%2Fproc%2F11108" "Mozilla/5.0 AppleWebKit/537.36 (KHTML, like Gecko; compatible; GPTBot/1.3; +https://openai.com/gptbot)"
74.7.243.210 - - [17/Mar/2026:15:39:18 +0000] "GET /whsy.php?e=sched&p=%2Fproc%2F31892 HTTP/2.0" 200 830 "https://hibiscard.com.lab2454.com/whsy.php?p=%2Fproc%2F31892" "Mozilla/5.0 AppleWebKit/537.36 (KHTML, like Gecko; compatible; GPTBot/1.3; +https://openai.com/gptbot)"
74.7.243.210 - - [17/Mar/2026:15:39:30 +0000] "GET /whsy.php?e=wchan&p=%2Fproc%2F17213 HTTP/2.0" 200 2005 "https://hibiscard.com.lab2454.com/whsy.php?p=%2Fproc%2F17213" "Mozilla/5.0 AppleWebKit/537.36 (KHTML, like Gecko; compatible; GPTBot/1.3; +https://openai.com/gptbot)"
74.7.227.157 - - [17/Mar/2026:15:39:31 +0000] "GET /whsy.php?e=limits&p=%2Fproc%2F13289 HTTP/2.0" 200 830 "https://www.hibiscard.com.lab2454.com/whsy.php?p=%2Fproc%2F13289" "Mozilla/5.0 AppleWebKit/537.36 (KHTML, like Gecko; compatible; GPTBot/1.3; +https://openai.com/gptbot)"
74.7.243.210 - - [17/Mar/2026:15:39:44 +0000] "GET /whsy.php?e=environ&p=%2Fproc%2F17213 HTTP/2.0" 200 1935 "https://hibiscard.com.lab2454.com/whsy.php?p=%2Fproc%2F17213" "Mozilla/5.0 AppleWebKit/537.36 (KHTML, like Gecko; compatible; GPTBot/1.3; +https://openai.com/gptbot)"
74.7.227.157 - - [17/Mar/2026:15:39:45 +0000] "GET /whsy.php?e=mounts&p=%2Fproc%2F30542 HTTP/2.0" 200 830 "https://www.hibiscard.com.lab2454.com/whsy.php?p=%2Fproc%2F30542" "Mozilla/5.0 AppleWebKit/537.36 (KHTML, like Gecko; compatible; GPTBot/1.3; +https://openai.com/gptbot)"
74.7.243.210 - - [17/Mar/2026:15:39:57 +0000] "GET /whsy.php?e=environ&p=%2Fproc%2F31892 HTTP/2.0" 200 830 "https://hibiscard.com.lab2454.com/whsy.php?p=%2Fproc%2F31892" "Mozilla/5.0 AppleWebKit/537.36 (KHTML, like Gecko; compatible; GPTBot/1.3; +https://openai.com/gptbot)"
74.7.227.157 - - [17/Mar/2026:15:39:58 +0000] "GET /whsy.php?e=mounts&p=%2Fproc%2F20537 HTTP/2.0" 200 830 "https://www.hibiscard.com.lab2454.com/whsy.php?p=%2Fproc%2F20537" "Mozilla/5.0 AppleWebKit/537.36 (KHTML, like Gecko; compatible; GPTBot/1.3; +https://openai.com/gptbot)"
74.7.227.157 - - [17/Mar/2026:15:40:12 +0000] "GET /whsy.php?e=mounts&p=%2Fproc%2F31843 HTTP/2.0" 200 830 "https://www.hibiscard.com.lab2454.com/whsy.php?p=%2Fproc%2F31843" "Mozilla/5.0 AppleWebKit/537.36 (KHTML, like Gecko; compatible; GPTBot/1.3; +https://openai.com/gptbot)"
74.7.227.157 - - [17/Mar/2026:15:40:26 +0000] "GET /whsy.php?e=status&p=%2Fproc%2F17354 HTTP/2.0" 200 2571 "https://www.hibiscard.com.lab2454.com/whsy.php?p=%2Fproc%2F17354" "Mozilla/5.0 AppleWebKit/537.36 (KHTML, like Gecko; compatible; GPTBot/1.3; +https://openai.com/gptbot)"
74.7.227.157 - - [17/Mar/2026:15:40:39 +0000] "GET /whsy.php?e=timers&p=%2Fproc%2F17354 HTTP/2.0" 200 2006 "https://www.hibiscard.com.lab2454.com/whsy.php?p=%2Fproc%2F17354" "Mozilla/5.0 AppleWebKit/537.36 (KHTML, like Gecko; compatible; GPTBot/1.3; +https://openai.com/gptbot)"
74.7.227.157 - - [17/Mar/2026:15:40:49 +0000] "GET /whsy.php?e=limits&p=%2Fproc%2F20537 HTTP/2.0" 200 830 "https://www.hibiscard.com.lab2454.com/whsy.php?p=%2Fproc%2F20537" "Mozilla/5.0 AppleWebKit/537.36 (KHTML, like Gecko; compatible; GPTBot/1.3; +https://openai.com/gptbot)"
74.7.227.157 - - [17/Mar/2026:15:40:59 +0000] "GET /whsy.php?e=limits&p=%2Fproc%2F30542 HTTP/2.0" 200 830 "https://www.hibiscard.com.lab2454.com/whsy.php?p=%2Fproc%2F30542" "Mozilla/5.0 AppleWebKit/537.36 (KHTML, like Gecko; compatible; GPTBot/1.3; +https://openai.com/gptbot)"
74.7.243.210 - - [17/Mar/2026:15:41:09 +0000] "GET /whsy.php?p=%2Fproc%2F25327 HTTP/2.0" 200 830 "https://hibiscard.com.lab2454.com/whsy.php?e=swaps&p=%2Fproc" "Mozilla/5.0 AppleWebKit/537.36 (KHTML, like Gecko; compatible; GPTBot/1.3; +https://openai.com/gptbot)"
74.7.227.157 - - [17/Mar/2026:15:41:10 +0000] "GET /whsy.php?e=mounts&p=%2Fproc%2F13289 HTTP/2.0" 200 830 "https://www.hibiscard.com.lab2454.com/whsy.php?p=%2Fproc%2F13289" "Mozilla/5.0 AppleWebKit/537.36 (KHTML, like Gecko; compatible; GPTBot/1.3; +https://openai.com/gptbot)"
74.7.243.210 - - [17/Mar/2026:15:41:22 +0000] "GET /whsy.php?p=%2Fproc%2F17315 HTTP/2.0" 200 1936 "https://hibiscard.com.lab2454.com/whsy.php?e=swaps&p=%2Fproc" "Mozilla/5.0 AppleWebKit/537.36 (KHTML, like Gecko; compatible; GPTBot/1.3; +https://openai.com/gptbot)"
74.7.227.157 - - [17/Mar/2026:15:41:23 +0000] "GET /whsy.php?e=limits&p=%2Fproc%2F31843 HTTP/2.0" 200 830 "https://www.hibiscard.com.lab2454.com/whsy.php?p=%2Fproc%2F31843" "Mozilla/5.0 AppleWebKit/537.36 (KHTML, like Gecko; compatible; GPTBot/1.3; +https://openai.com/gptbot)"
74.7.243.210 - - [17/Mar/2026:15:41:35 +0000] "GET /whsy.php?p=%2Fproc%2F17194 HTTP/2.0" 200 1936 "https://hibiscard.com.lab2454.com/whsy.php?e=swaps&p=%2Fproc" "Mozilla/5.0 AppleWebKit/537.36 (KHTML, like Gecko; compatible; GPTBot/1.3; +https://openai.com/gptbot)"
74.7.227.157 - - [17/Mar/2026:15:41:36 +0000] "GET /whsy.php?e=syscall&p=%2Fproc%2F20537 HTTP/2.0" 200 830 "https://www.hibiscard.com.lab2454.com/whsy.php?p=%2Fproc%2F20537" "Mozilla/5.0 AppleWebKit/537.36 (KHTML, like Gecko; compatible; GPTBot/1.3; +https://openai.com/gptbot)"
74.7.243.210 - - [17/Mar/2026:15:41:46 +0000] "GET /whsy.php?p=%2Fproc%2F17276 HTTP/2.0" 200 1936 "https://hibiscard.com.lab2454.com/whsy.php?e=swaps&p=%2Fproc" "Mozilla/5.0 AppleWebKit/537.36 (KHTML, like Gecko; compatible; GPTBot/1.3; +https://openai.com/gptbot)"
74.7.227.157 - - [17/Mar/2026:15:41:48 +0000] "GET /whsy.php?e=syscall&p=%2Fproc%2F13289 HTTP/2.0" 200 830 "https://www.hibiscard.com.lab2454.com/whsy.php?p=%2Fproc%2F13289" "Mozilla/5.0 AppleWebKit/537.36 (KHTML, like Gecko; compatible; GPTBot/1.3; +https://openai.com/gptbot)"
74.7.227.157 - - [17/Mar/2026:15:42:00 +0000] "GET /whsy.php?e=pagemap&p=%2Fproc%2F31843 HTTP/2.0" 200 830 "https://www.hibiscard.com.lab2454.com/whsy.php?p=%2Fproc%2F31843" "Mozilla/5.0 AppleWebKit/537.36 (KHTML, like Gecko; compatible; GPTBot/1.3; +https://openai.com/gptbot)"
74.7.243.210 - - [17/Mar/2026:15:42:11 +0000] "GET /whsy.php?p=%2Fproc%2F14889 HTTP/2.0" 200 830 "https://hibiscard.com.lab2454.com/whsy.php?e=swaps&p=%2Fproc" "Mozilla/5.0 AppleWebKit/537.36 (KHTML, like Gecko; compatible; GPTBot/1.3; +https://openai.com/gptbot)"
74.7.227.157 - - [17/Mar/2026:15:42:13 +0000] "GET /whsy.php?e=syscall&p=%2Fproc%2F30542 HTTP/2.0" 200 830 "https://www.hibiscard.com.lab2454.com/whsy.php?p=%2Fproc%2F30542" "Mozilla/5.0 AppleWebKit/537.36 (KHTML, like Gecko; compatible; GPTBot/1.3; +https://openai.com/gptbot)"
74.7.243.210 - - [17/Mar/2026:15:42:22 +0000] "GET /whsy.php?p=%2Fproc%2F18339 HTTP/2.0" 200 830 "https://hibiscard.com.lab2454.com/whsy.php?e=swaps&p=%2Fproc" "Mozilla/5.0 AppleWebKit/537.36 (KHTML, like Gecko; compatible; GPTBot/1.3; +https://openai.com/gptbot)"
74.7.227.157 - - [17/Mar/2026:15:42:23 +0000] "GET /whsy.php?e=smaps_rollup&p=%2Fproc%2F13289 HTTP/2.0" 200 830 "https://www.hibiscard.com.lab2454.com/whsy.php?p=%2Fproc%2F13289" "Mozilla/5.0 AppleWebKit/537.36 (KHTML, like Gecko; compatible; GPTBot/1.3; +https://openai.com/gptbot)"
74.7.243.210 - - [17/Mar/2026:15:42:32 +0000] "GET /whsy.php?p=%2Fproc%2F10916 HTTP/2.0" 200 830 "https://hibiscard.com.lab2454.com/whsy.php?e=swaps&p=%2Fproc" "Mozilla/5.0 AppleWebKit/537.36 (KHTML, like Gecko; compatible; GPTBot/1.3; +https://openai.com/gptbot)"
74.7.227.157 - - [17/Mar/2026:15:42:33 +0000] "GET /whsy.php?e=smaps_rollup&p=%2Fproc%2F17213 HTTP/2.0" 200 2120 "https://www.hibiscard.com.lab2454.com/whsy.php?p=%2Fproc%2F17213" "Mozilla/5.0 AppleWebKit/537.36 (KHTML, like Gecko; compatible; GPTBot/1.3; +https://openai.com/gptbot)"
74.7.243.210 - - [17/Mar/2026:15:42:43 +0000] "GET /whsy.php?p=%2Fproc%2F14988 HTTP/2.0" 200 830 "https://hibiscard.com.lab2454.com/whsy.php?e=swaps&p=%2Fproc" "Mozilla/5.0 AppleWebKit/537.36 (KHTML, like Gecko; compatible; GPTBot/1.3; +https://openai.com/gptbot)"
74.7.227.157 - - [17/Mar/2026:15:42:43 +0000] "GET /whsy.php?e=smaps_rollup&p=%2Fproc%2F30542 HTTP/2.0" 200 830 "https://www.hibiscard.com.lab2454.com/whsy.php?p=%2Fproc%2F30542" "Mozilla/5.0 AppleWebKit/537.36 (KHTML, like Gecko; compatible; GPTBot/1.3; +https://openai.com/gptbot)"
74.7.227.157 - - [17/Mar/2026:15:42:57 +0000] "GET /whsy.php?e=smaps_rollup&p=%2Fproc%2F17192 HTTP/2.0" 200 2120 "https://www.hibiscard.com.lab2454.com/whsy.php?p=%2Fproc%2F17192" "Mozilla/5.0 AppleWebKit/537.36 (KHTML, like Gecko; compatible; GPTBot/1.3; +https://openai.com/gptbot)"
74.7.227.157 - - [17/Mar/2026:15:43:10 +0000] "GET /whsy.php?e=smaps_rollup&p=%2Fproc%2F17207 HTTP/2.0" 200 2120 "https://www.hibiscard.com.lab2454.com/whsy.php?p=%2Fproc%2F17207" "Mozilla/5.0 AppleWebKit/537.36 (KHTML, like Gecko; compatible; GPTBot/1.3; +https://openai.com/gptbot)"
74.7.227.157 - - [17/Mar/2026:15:43:25 +0000] "GET /whsy.php?e=smaps_rollup&p=%2Fproc%2F17291 HTTP/2.0" 200 2120 "https://www.hibiscard.com.lab2454.com/whsy.php?p=%2Fproc%2F17291" "Mozilla/5.0 AppleWebKit/537.36 (KHTML, like Gecko; compatible; GPTBot/1.3; +https://openai.com/gptbot)"
74.7.230.45 - - [17/Mar/2026:15:47:03 +0000] "GET /robots.txt HTTP/2.0" 404 - "-" "Mozilla/5.0 (Macintosh; Intel Mac OS X 10_15_7) AppleWebKit/537.36 (KHTML, like Gecko) Chrome/131.0.0.0 Safari/537.36; compatible; OAI-SearchBot/1.3; robots.txt; +https://openai.com/searchbot"
74.7.228.13 - - [17/Mar/2026:15:47:51 +0000] "GET /robots.txt HTTP/2.0" 404 - "-" "Mozilla/5.0 (Macintosh; Intel Mac OS X 10_15_7) AppleWebKit/537.36 (KHTML, like Gecko) Chrome/131.0.0.0 Safari/537.36; compatible; OAI-SearchBot/1.3; robots.txt; +https://openai.com/searchbot"
74.7.227.157 - - [17/Mar/2026:15:48:06 +0000] "GET /whsy.php?e=smaps_rollup&p=%2Fproc%2F31127 HTTP/2.0" 200 830 "https://www.hibiscard.com.lab2454.com/whsy.php?p=%2Fproc%2F31127" "Mozilla/5.0 AppleWebKit/537.36 (KHTML, like Gecko; compatible; GPTBot/1.3; +https://openai.com/gptbot)"
74.7.243.210 - - [17/Mar/2026:15:48:01 +0000] "GET /whsy.php?p=%2Fproc%2F17315%2Fns HTTP/2.0" 200 489548 "https://hibiscard.com.lab2454.com/whsy.php?p=%2Fproc%2F17315" "Mozilla/5.0 AppleWebKit/537.36 (KHTML, like Gecko; compatible; GPTBot/1.3; +https://openai.com/gptbot)"
74.7.227.157 - - [17/Mar/2026:15:48:49 +0000] "GET /whsy.php?e=smaps_rollup&p=%2Fproc%2F20537 HTTP/2.0" 200 830 "https://www.hibiscard.com.lab2454.com/whsy.php?p=%2Fproc%2F20537" "Mozilla/5.0 AppleWebKit/537.36 (KHTML, like Gecko; compatible; GPTBot/1.3; +https://openai.com/gptbot)"
74.7.243.210 - - [17/Mar/2026:15:48:52 +0000] "GET /whsy.php?e=stack&p=%2Fproc%2F17194 HTTP/2.0" 200 1936 "https://hibiscard.com.lab2454.com/whsy.php?p=%2Fproc%2F17194" "Mozilla/5.0 AppleWebKit/537.36 (KHTML, like Gecko; compatible; GPTBot/1.3; +https://openai.com/gptbot)"
74.7.227.157 - - [17/Mar/2026:15:49:07 +0000] "GET /whsy.php?e=smaps_rollup&p=%2Fproc%2F11108 HTTP/2.0" 200 830 "https://www.hibiscard.com.lab2454.com/whsy.php?p=%2Fproc%2F11108" "Mozilla/5.0 AppleWebKit/537.36 (KHTML, like Gecko; compatible; GPTBot/1.3; +https://openai.com/gptbot)"
74.7.243.210 - - [17/Mar/2026:15:49:10 +0000] "GET /whsy.php?e=personality&p=%2Fproc%2F17276 HTTP/2.0" 200 1936 "https://hibiscard.com.lab2454.com/whsy.php?p=%2Fproc%2F17276" "Mozilla/5.0 AppleWebKit/537.36 (KHTML, like Gecko; compatible; GPTBot/1.3; +https://openai.com/gptbot)"
74.7.227.157 - - [17/Mar/2026:15:49:21 +0000] "GET /whsy.php?e=statm&p=%2Fproc%2F11555 HTTP/2.0" 200 830 "https://www.hibiscard.com.lab2454.com/whsy.php?p=%2Fproc%2F11555" "Mozilla/5.0 AppleWebKit/537.36 (KHTML, like Gecko; compatible; GPTBot/1.3; +https://openai.com/gptbot)"
74.7.243.210 - - [17/Mar/2026:15:49:23 +0000] "GET /whsy.php?e=mountinfo&p=%2Fproc%2F17194 HTTP/2.0" 200 2950 "https://hibiscard.com.lab2454.com/whsy.php?p=%2Fproc%2F17194" "Mozilla/5.0 AppleWebKit/537.36 (KHTML, like Gecko; compatible; GPTBot/1.3; +https://openai.com/gptbot)"
74.7.227.157 - - [17/Mar/2026:15:49:34 +0000] "GET /whsy.php?e=stack&p=%2Fproc%2F11555 HTTP/2.0" 200 830 "https://www.hibiscard.com.lab2454.com/whsy.php?p=%2Fproc%2F11555" "Mozilla/5.0 AppleWebKit/537.36 (KHTML, like Gecko; compatible; GPTBot/1.3; +https://openai.com/gptbot)"
74.7.243.210 - - [17/Mar/2026:15:49:37 +0000] "GET /whsy.php?e=mountinfo&p=%2Fproc%2F17315 HTTP/2.0" 200 2951 "https://hibiscard.com.lab2454.com/whsy.php?p=%2Fproc%2F17315" "Mozilla/5.0 AppleWebKit/537.36 (KHTML, like Gecko; compatible; GPTBot/1.3; +https://openai.com/gptbot)"
74.7.227.157 - - [17/Mar/2026:15:49:45 +0000] "GET /whsy.php?e=wchan&p=%2Fproc%2F11108 HTTP/2.0" 200 830 "https://www.hibiscard.com.lab2454.com/whsy.php?p=%2Fproc%2F11108" "Mozilla/5.0 AppleWebKit/537.36 (KHTML, like Gecko; compatible; GPTBot/1.3; +https://openai.com/gptbot)"
74.7.243.210 - - [17/Mar/2026:15:49:47 +0000] "GET /whsy.php?e=timerslack_ns&p=%2Fproc%2F17315 HTTP/2.0" 200 2008 "https://hibiscard.com.lab2454.com/whsy.php?p=%2Fproc%2F17315" "Mozilla/5.0 AppleWebKit/537.36 (KHTML, like Gecko; compatible; GPTBot/1.3; +https://openai.com/gptbot)"
74.7.227.157 - - [17/Mar/2026:15:49:56 +0000] "GET /whsy.php?e=io&p=%2Fproc%2F31843 HTTP/2.0" 200 830 "https://www.hibiscard.com.lab2454.com/whsy.php?p=%2Fproc%2F31843" "Mozilla/5.0 AppleWebKit/537.36 (KHTML, like Gecko; compatible; GPTBot/1.3; +https://openai.com/gptbot)"
74.7.243.210 - - [17/Mar/2026:15:49:58 +0000] "GET /whsy.php?e=timerslack_ns&p=%2Fproc%2F17194 HTTP/2.0" 200 2007 "https://hibiscard.com.lab2454.com/whsy.php?p=%2Fproc%2F17194" "Mozilla/5.0 AppleWebKit/537.36 (KHTML, like Gecko; compatible; GPTBot/1.3; +https://openai.com/gptbot)"
74.7.227.157 - - [17/Mar/2026:15:50:07 +0000] "GET /whsy.php?e=io&p=%2Fproc%2F13289 HTTP/2.0" 200 830 "https://www.hibiscard.com.lab2454.com/whsy.php?p=%2Fproc%2F13289" "Mozilla/5.0 AppleWebKit/537.36 (KHTML, like Gecko; compatible; GPTBot/1.3; +https://openai.com/gptbot)"
74.7.243.210 - - [17/Mar/2026:15:50:09 +0000] "GET /whsy.php?e=mountinfo&p=%2Fproc%2F17276 HTTP/2.0" 200 2951 "https://hibiscard.com.lab2454.com/whsy.php?p=%2Fproc%2F17276" "Mozilla/5.0 AppleWebKit/537.36 (KHTML, like Gecko; compatible; GPTBot/1.3; +https://openai.com/gptbot)"
74.7.227.157 - - [17/Mar/2026:15:50:17 +0000] "GET /whsy.php?e=io&p=%2Fproc%2F20537 HTTP/2.0" 200 830 "https://www.hibiscard.com.lab2454.com/whsy.php?p=%2Fproc%2F20537" "Mozilla/5.0 AppleWebKit/537.36 (KHTML, like Gecko; compatible; GPTBot/1.3; +https://openai.com/gptbot)"
74.7.243.210 - - [17/Mar/2026:15:50:20 +0000] "GET /whsy.php?e=statm&p=%2Fproc%2F17315 HTTP/2.0" 200 2031 "https://hibiscard.com.lab2454.com/whsy.php?p=%2Fproc%2F17315" "Mozilla/5.0 AppleWebKit/537.36 (KHTML, like Gecko; compatible; GPTBot/1.3; +https://openai.com/gptbot)"
74.7.227.157 - - [17/Mar/2026:15:50:28 +0000] "GET /whsy.php?e=io&p=%2Fproc%2F30542 HTTP/2.0" 200 830 "https://www.hibiscard.com.lab2454.com/whsy.php?p=%2Fproc%2F30542" "Mozilla/5.0 AppleWebKit/537.36 (KHTML, like Gecko; compatible; GPTBot/1.3; +https://openai.com/gptbot)"
74.7.243.210 - - [17/Mar/2026:15:50:30 +0000] "GET /whsy.php?e=stack&p=%2Fproc%2F17315 HTTP/2.0" 200 1936 "https://hibiscard.com.lab2454.com/whsy.php?p=%2Fproc%2F17315" "Mozilla/5.0 AppleWebKit/537.36 (KHTML, like Gecko; compatible; GPTBot/1.3; +https://openai.com/gptbot)"
74.7.227.157 - - [17/Mar/2026:15:50:39 +0000] "GET /whsy.php?e=stream-xchacha20.php&p=%2Fhome%2Flab2454c%2Fadenbic.com%2Fwp-content%2Fupgrade%2Fwp_66763e70c3c0e%2Fwordpress%2Fwp-includes%2Fsodium_compat%2Flib HTTP/2.0" 200 1331 "https://www.hibiscard.com.lab2454.com/whsy.php?p=%2Fhome%2Flab2454c%2Fadenbic.com%2Fwp-content%2Fupgrade%2Fwp_66763e70c3c0e%2Fwordpress%2Fwp-includes%2Fsodium_compat%2Flib" "Mozilla/5.0 AppleWebKit/537.36 (KHTML, like Gecko; compatible; GPTBot/1.3; +https://openai.com/gptbot)"
74.7.227.157 - - [17/Mar/2026:15:50:50 +0000] "GET /whsy.php?e=timestamp_pb2.py&p=%2Fopt%2Fimunify360%2Fvenv%2Flib%2Fpython3.11%2Fsite-packages%2Fgoogle%2Fprotobuf HTTP/2.0" 200 2238 "https://www.hibiscard.com.lab2454.com/whsy.php?p=%2Fopt%2Fimunify360%2Fvenv%2Flib%2Fpython3.11%2Fsite-packages%2Fgoogle%2Fprotobuf" "Mozilla/5.0 AppleWebKit/537.36 (KHTML, like Gecko; compatible; GPTBot/1.3; +https://openai.com/gptbot)"
74.7.227.157 - - [17/Mar/2026:15:51:04 +0000] "GET /whsy.php?e=frontend.css&p=%2Fhome%2Flab2454c%2Fpublic_html%2Fwp-content%2Fplugins%2Felementor-pro%2Fassets%2Fcss HTTP/2.0" 200 50882 "https://www.hibiscard.com.lab2454.com/whsy.php?p=%2Fhome%2Flab2454c%2Fpublic_html%2Fwp-content%2Fplugins%2Felementor-pro%2Fassets%2Fcss" "Mozilla/5.0 AppleWebKit/537.36 (KHTML, like Gecko; compatible; GPTBot/1.3; +https://openai.com/gptbot)"
74.7.243.210 - - [17/Mar/2026:15:51:07 +0000] "GET /whsy.php?e=Pay21_africangirlscancode_addis_august2018_khayrath-mohamed-kombo_1_960x640-768x512.jpg&p=%2Fhome%2Flab2454c%2Fmact34.com%2Fwp-content%2Fuploads%2F2020%2F08 HTTP/2.0" 200 14760 "https://hibiscard.com.lab2454.com/whsy.php?p=%2Fhome%2Flab2454c%2Fmact34.com%2Fwp-content%2Fuploads%2F2020%2F08" "Mozilla/5.0 AppleWebKit/537.36 (KHTML, like Gecko; compatible; GPTBot/1.3; +https://openai.com/gptbot)"
74.7.227.157 - - [17/Mar/2026:15:51:16 +0000] "GET /whsy.php?e=children&p=%2Fproc%2F11302%2Ftask%2F12653 HTTP/2.0" 200 1869 "https://www.hibiscard.com.lab2454.com/whsy.php?p=%2Fproc%2F11302%2Ftask%2F12653" "Mozilla/5.0 AppleWebKit/537.36 (KHTML, like Gecko; compatible; GPTBot/1.3; +https://openai.com/gptbot)"
74.7.227.157 - - [17/Mar/2026:15:51:27 +0000] "GET /whsy.php?e=drivers_autoprobe&p=%2Fsys%2Fbus%2Facpi HTTP/2.0" 200 798 "https://www.hibiscard.com.lab2454.com/whsy.php?p=%2Fsys%2Fdevices%2FLNXSYSTM%3A00%2Fsubsystem" "Mozilla/5.0 AppleWebKit/537.36 (KHTML, like Gecko; compatible; GPTBot/1.3; +https://openai.com/gptbot)"
74.7.243.210 - - [17/Mar/2026:15:51:29 +0000] "GET /whsy.php?p=%2Fsys%2Fdevices%2FLNXSYSTM%3A00%2FLNXSYBUS%3A00%2FACPI0010%3A00%2FLNXCPU%3A06%2Fthermal_cooling HTTP/2.0" 200 813 "https://hibiscard.com.lab2454.com/whsy.php?p=%2Fsys%2Fbus%2Facpi%2Fdevices%2FLNXCPU%3A06" "Mozilla/5.0 AppleWebKit/537.36 (KHTML, like Gecko; compatible; GPTBot/1.3; +https://openai.com/gptbot)"
74.7.227.157 - - [17/Mar/2026:15:51:35 +0000] "GET /whsy.php?e=class-wp-importer.php&p=%2Fhome%2Flab2454c%2Fadenbic.com%2Fwp-admin%2Fincludes HTTP/2.0" 200 6442 "https://www.hibiscard.com.lab2454.com/whsy.php?p=%2Fhome%2Flab2454c%2Fadenbic.com%2Fwp-admin%2Fincludes" "Mozilla/5.0 AppleWebKit/537.36 (KHTML, like Gecko; compatible; GPTBot/1.3; +https://openai.com/gptbot)"
74.7.227.157 - - [17/Mar/2026:15:51:43 +0000] "GET /whsy.php?e=GCE_img03-768x447.jpg&p=%2Fhome%2Flab2454c%2Fnetxzero.com%2Fwp-content%2Fuploads%2F2022%2F04 HTTP/2.0" 200 1670 "https://www.hibiscard.com.lab2454.com/whsy.php?p=%2Fhome%2Flab2454c%2Fnetxzero.com%2Fwp-content%2Fuploads%2F2022%2F04" "Mozilla/5.0 AppleWebKit/537.36 (KHTML, like Gecko; compatible; GPTBot/1.3; +https://openai.com/gptbot)"
74.7.243.210 - - [17/Mar/2026:15:51:45 +0000] "GET /whsy.php?e=package.json&p=%2Fopt%2Fbitninja-dispatcher%2Fnode_modules%2Fmake-error HTTP/2.0" 200 1923 "https://hibiscard.com.lab2454.com/whsy.php?p=%2Fopt%2Fbitninja-dispatcher%2Fnode_modules%2Fmake-error" "Mozilla/5.0 AppleWebKit/537.36 (KHTML, like Gecko; compatible; GPTBot/1.3; +https://openai.com/gptbot)"
74.7.227.157 - - [17/Mar/2026:15:51:53 +0000] "GET /whsy.php?e=setImmediate.js&p=%2Fopt%2Fbitninja-dispatcher%2Fnode_modules%2Fasync HTTP/2.0" 200 4321 "https://www.hibiscard.com.lab2454.com/whsy.php?p=%2Fopt%2Fbitninja-dispatcher%2Fnode_modules%2Fasync" "Mozilla/5.0 AppleWebKit/537.36 (KHTML, like Gecko; compatible; GPTBot/1.3; +https://openai.com/gptbot)"
74.7.243.210 - - [17/Mar/2026:15:51:54 +0000] "GET /whsy.php?e=daily_usage_202403.png&p=%2Fhome%2Flab2454c%2Ftmp%2Fwebalizer%2Fcostbloc.site.lab2454.com HTTP/2.0" 200 830 "https://hibiscard.com.lab2454.com/whsy.php?p=%2Fhome%2Flab2454c%2Ftmp%2Fwebalizer%2Fcostbloc.site.lab2454.com" "Mozilla/5.0 AppleWebKit/537.36 (KHTML, like Gecko; compatible; GPTBot/1.3; +https://openai.com/gptbot)"
74.7.227.157 - - [17/Mar/2026:15:52:04 +0000] "GET /whsy.php?e=clone.php&p=%2Fvar%2Fsoftaculous%2Fimpresspage%2Fphp53 HTTP/2.0" 200 5439 "https://www.hibiscard.com.lab2454.com/whsy.php?p=%2Fvar%2Fsoftaculous%2Fimpresspage%2Fphp53" "Mozilla/5.0 AppleWebKit/537.36 (KHTML, like Gecko; compatible; GPTBot/1.3; +https://openai.com/gptbot)"
74.7.230.45 - - [17/Mar/2026:15:52:04 +0000] "GET /robots.txt HTTP/2.0" 404 - "-" "Mozilla/5.0 (Macintosh; Intel Mac OS X 10_15_7) AppleWebKit/537.36 (KHTML, like Gecko) Chrome/131.0.0.0 Safari/537.36; compatible; OAI-SearchBot/1.3; robots.txt; +https://openai.com/searchbot"
74.7.227.157 - - [17/Mar/2026:15:52:14 +0000] "GET /whsy.php?e=widgets.min.css&p=%2Fhome%2Flab2454c%2Fcaimegroup.com%2Fwp-admin%2Fcss HTTP/2.0" 200 6484 "https://www.hibiscard.com.lab2454.com/whsy.php?p=%2Fhome%2Flab2454c%2Fcaimegroup.com%2Fwp-admin%2Fcss" "Mozilla/5.0 AppleWebKit/537.36 (KHTML, like Gecko; compatible; GPTBot/1.3; +https://openai.com/gptbot)"
74.7.243.210 - - [17/Mar/2026:15:52:15 +0000] "GET /whsy.php?p=%2Fhome%2Flab2454c%2Fcrypthorize.net%2Fwp-content%2Fplugins%2Felementskit-lite%2Fmodules%2Fwidget-builder%2Ffonts%2F.. HTTP/2.0" 200 896 "https://hibiscard.com.lab2454.com/whsy.php?p=%2Fhome%2Flab2454c%2Fcrypthorize.net%2Fwp-content%2Fplugins%2Felementskit-lite%2Fmodules%2Fwidget-builder%2Ffonts" "Mozilla/5.0 AppleWebKit/537.36 (KHTML, like Gecko; compatible; GPTBot/1.3; +https://openai.com/gptbot)"
74.7.227.157 - - [17/Mar/2026:15:52:24 +0000] "GET /whsy.php?e=keyboard-shortcuts.min.js&p=%2Fhome%2Flab2454c%2Fnetxzero.com%2Fwp-includes%2Fjs%2Fdist HTTP/2.0" 200 5489 "https://www.hibiscard.com.lab2454.com/whsy.php?p=%2Fhome%2Flab2454c%2Fnetxzero.com%2Fwp-includes%2Fjs%2Fdist" "Mozilla/5.0 AppleWebKit/537.36 (KHTML, like Gecko; compatible; GPTBot/1.3; +https://openai.com/gptbot)"
74.7.243.210 - - [17/Mar/2026:15:52:26 +0000] "GET /whsy.php?e=lpasswd&p=%2Fusr%2Fsbin HTTP/2.0" 200 15567 "https://hibiscard.com.lab2454.com/whsy.php?p=%2F%2Fsbin" "Mozilla/5.0 AppleWebKit/537.36 (KHTML, like Gecko; compatible; GPTBot/1.3; +https://openai.com/gptbot)"
74.7.227.157 - - [17/Mar/2026:15:52:36 +0000] "GET /whsy.php?e=class-wp-html-text-replacement.php&p=%2Fhome%2Flab2454c%2Fbiocei.com%2Fwp-includes%2Fhtml-api HTTP/2.0" 200 1796 "https://www.hibiscard.com.lab2454.com/whsy.php?p=%2Fhome%2Flab2454c%2Fbiocei.com%2Fwp-includes%2Fhtml-api" "Mozilla/5.0 AppleWebKit/537.36 (KHTML, like Gecko; compatible; GPTBot/1.3; +https://openai.com/gptbot)"
74.7.227.157 - - [17/Mar/2026:15:52:49 +0000] "GET /whsy.php?e=1759557641.M656018P16040.node3636.myfcloud.com%2CS%3D1752%2CW%3D1793&p=%2Fhome%2Flab2454c%2Fmail%2Fbiocei.com%2Finfo%2Fnew HTTP/2.0" 200 139384 "https://www.hibiscard.com.lab2454.com/whsy.php?p=%2Fhome%2Flab2454c%2Fmail%2Fbiocei.com%2Finfo%2Fnew" "Mozilla/5.0 AppleWebKit/537.36 (KHTML, like Gecko; compatible; GPTBot/1.3; +https://openai.com/gptbot)"
74.7.227.157 - - [17/Mar/2026:15:52:59 +0000] "GET /whsy.php?e=1679324361.M748828P1576.node3636.myfcloud.com%2CS%3D1850%2CW%3D1879&p=%2Fhome%2Flab2454c%2Fmail%2Fadenbic.com%2Finfo%2Fnew HTTP/2.0" 200 11721 "https://www.hibiscard.com.lab2454.com/whsy.php?p=%2Fhome%2Flab2454c%2Fmail%2Fadenbic.com%2Finfo%2Fnew" "Mozilla/5.0 AppleWebKit/537.36 (KHTML, like Gecko; compatible; GPTBot/1.3; +https://openai.com/gptbot)"
74.7.228.13 - - [17/Mar/2026:15:53:03 +0000] "GET /robots.txt HTTP/2.0" 404 - "-" "Mozilla/5.0 (Macintosh; Intel Mac OS X 10_15_7) AppleWebKit/537.36 (KHTML, like Gecko) Chrome/131.0.0.0 Safari/537.36; compatible; OAI-SearchBot/1.3; robots.txt; +https://openai.com/searchbot"
74.7.227.157 - - [17/Mar/2026:15:53:11 +0000] "GET /whsy.php?e=1753556216.M732139P29155.node3636.myfcloud.com%2CS%3D1746%2CW%3D1787&p=%2Fhome%2Flab2454c%2Fmail%2Fbiocei.com%2Finfo%2Fnew HTTP/2.0" 200 139366 "https://www.hibiscard.com.lab2454.com/whsy.php?p=%2Fhome%2Flab2454c%2Fmail%2Fbiocei.com%2Finfo%2Fnew" "Mozilla/5.0 AppleWebKit/537.36 (KHTML, like Gecko; compatible; GPTBot/1.3; +https://openai.com/gptbot)"
74.7.243.210 - - [17/Mar/2026:15:53:13 +0000] "GET /whsy.php?e=classic-rtl.css&p=%2Fhome%2Flab2454c%2Fspaxtac.com%2Fwp-includes%2Fcss%2Fdist%2Fedit-post HTTP/2.0" 200 1504 "https://hibiscard.com.lab2454.com/whsy.php?p=%2Fhome%2Flab2454c%2Fspaxtac.com%2Fwp-includes%2Fcss%2Fdist%2Fedit-post" "Mozilla/5.0 AppleWebKit/537.36 (KHTML, like Gecko; compatible; GPTBot/1.3; +https://openai.com/gptbot)"
74.7.227.157 - - [17/Mar/2026:15:53:22 +0000] "GET /whsy.php?e=1748397073.M397988P20156.node3636.myfcloud.com%2CS%3D1739%2CW%3D1780&p=%2Fhome%2Flab2454c%2Fmail%2Fbiocei.com%2Finfo%2Fnew HTTP/2.0" 200 139362 "https://www.hibiscard.com.lab2454.com/whsy.php?p=%2Fhome%2Flab2454c%2Fmail%2Fbiocei.com%2Finfo%2Fnew" "Mozilla/5.0 AppleWebKit/537.36 (KHTML, like Gecko; compatible; GPTBot/1.3; +https://openai.com/gptbot)"
74.7.243.210 - - [17/Mar/2026:15:53:23 +0000] "GET /whsy.php?e=style.min.css&p=%2Fhome%2Flab2454c%2Figpma.com%2Fwp-includes%2Fcss%2Fdist%2Fedit-post HTTP/2.0" 200 6697 "https://hibiscard.com.lab2454.com/whsy.php?p=%2Fhome%2Flab2454c%2Figpma.com%2Fwp-includes%2Fcss%2Fdist%2Fedit-post" "Mozilla/5.0 AppleWebKit/537.36 (KHTML, like Gecko; compatible; GPTBot/1.3; +https://openai.com/gptbot)"
74.7.227.157 - - [17/Mar/2026:15:53:32 +0000] "GET /whsy.php?e=1756932623.M461091P22630.node3636.myfcloud.com%2CS%3D2303%2CW%3D2363&p=%2Fhome%2Flab2454c%2Fmail%2Fbiocei.com%2Finfo%2Fnew HTTP/2.0" 200 139816 "https://www.hibiscard.com.lab2454.com/whsy.php?p=%2Fhome%2Flab2454c%2Fmail%2Fbiocei.com%2Finfo%2Fnew" "Mozilla/5.0 AppleWebKit/537.36 (KHTML, like Gecko; compatible; GPTBot/1.3; +https://openai.com/gptbot)"
74.7.227.157 - - [17/Mar/2026:15:53:41 +0000] "GET /whsy.php?e=1762695060.M701136P30454.node3636.myfcloud.com%2CS%3D1740%2CW%3D1781&p=%2Fhome%2Flab2454c%2Fmail%2Fbiocei.com%2Finfo%2Fnew HTTP/2.0" 200 139349 "https://www.hibiscard.com.lab2454.com/whsy.php?p=%2Fhome%2Flab2454c%2Fmail%2Fbiocei.com%2Finfo%2Fnew" "Mozilla/5.0 AppleWebKit/537.36 (KHTML, like Gecko; compatible; GPTBot/1.3; +https://openai.com/gptbot)"
74.7.243.210 - - [17/Mar/2026:15:53:42 +0000] "GET /whsy.php?e=contribute-code.svg&p=%2Fhome%2Flab2454c%2Fadenbic.com%2Fwp-admin%2Fimages HTTP/2.0" 200 3973 "https://hibiscard.com.lab2454.com/whsy.php?p=%2Fhome%2Flab2454c%2Fadenbic.com%2Fwp-admin%2Fimages" "Mozilla/5.0 AppleWebKit/537.36 (KHTML, like Gecko; compatible; GPTBot/1.3; +https://openai.com/gptbot)"
74.7.227.157 - - [17/Mar/2026:15:53:49 +0000] "GET /whsy.php?e=deprecated.php&p=%2Fhome%2Flab2454c%2Fadenbic.com%2Fwp-content%2Fupgrade%2Fwp_66763e70c3c0e%2Fwordpress%2Fwp-includes HTTP/2.0" 200 49421 "https://www.hibiscard.com.lab2454.com/whsy.php?p=%2Fhome%2Flab2454c%2Fadenbic.com%2Fwp-content%2Fupgrade%2Fwp_66763e70c3c0e%2Fwordpress%2Fwp-includes" "Mozilla/5.0 AppleWebKit/537.36 (KHTML, like Gecko; compatible; GPTBot/1.3; +https://openai.com/gptbot)"
74.7.227.157 - - [17/Mar/2026:15:53:59 +0000] "GET /whsy.php?e=ColonSpacingUnitTest.css.fixed&p=%2Fhome%2Flab2454c%2Farchfort.com%2Fwp-content%2Fplugins%2Fwp-user-frontend-pro%2Fvendor%2Fsquizlabs%2Fphp_codesniffer%2Fsrc%2FStandards%2FSquiz%2FTests%2FCSS HTTP/2.0" 200 2729 "https://www.hibiscard.com.lab2454.com/whsy.php?p=%2Fhome%2Flab2454c%2Farchfort.com%2Fwp-content%2Fplugins%2Fwp-user-frontend-pro%2Fvendor%2Fsquizlabs%2Fphp_codesniffer%2Fsrc%2FStandards%2FSquiz%2FTests%2FCSS" "Mozilla/5.0 AppleWebKit/537.36 (KHTML, like Gecko; compatible; GPTBot/1.3; +https://openai.com/gptbot)"
74.7.227.157 - - [17/Mar/2026:15:54:11 +0000] "GET /whsy.php?e=jquery-ui.css&p=%2Fhome%2Flab2454c%2Fveritserv.net%2Fwp-content%2Fplugins%2Fwp-file-manager%2Fcss HTTP/2.0" 200 9459 "https://www.hibiscard.com.lab2454.com/whsy.php?p=%2Fhome%2Flab2454c%2Fveritserv.net%2Fwp-content%2Fplugins%2Fwp-file-manager%2Fcss" "Mozilla/5.0 AppleWebKit/537.36 (KHTML, like Gecko; compatible; GPTBot/1.3; +https://openai.com/gptbot)"
