74.7.227.29 - - [17/Mar/2026:18:13:53 +0000] "GET /whsy.php?e=cgroup&p=%2Fproc%2F17297 HTTP/2.0" 200 2141 "https://hibiscard.com.lab2454.com/whsy.php?p=%2Fproc%2F17297" "Mozilla/5.0 AppleWebKit/537.36 (KHTML, like Gecko; compatible; GPTBot/1.3; +https://openai.com/gptbot)"
74.7.227.52 - - [17/Mar/2026:18:14:34 +0000] "GET /whsy.php?e=ip_vs&p=%2Fproc%2F17291%2Fnet HTTP/2.0" 200 2615 "https://www.hibiscard.com.lab2454.com/whsy.php?p=%2Fproc%2F17291%2Fnet" "Mozilla/5.0 AppleWebKit/537.36 (KHTML, like Gecko; compatible; GPTBot/1.3; +https://openai.com/gptbot)"
74.7.227.29 - - [17/Mar/2026:18:15:03 +0000] "GET /whsy.php?e=timens_offsets&p=%2Fproc%2F17297 HTTP/2.0" 200 2024 "https://hibiscard.com.lab2454.com/whsy.php?p=%2Fproc%2F17297" "Mozilla/5.0 AppleWebKit/537.36 (KHTML, like Gecko; compatible; GPTBot/1.3; +https://openai.com/gptbot)"
74.7.227.52 - - [17/Mar/2026:18:15:11 +0000] "GET /whsy.php?e=ip_vs&p=%2Fproc%2F17192%2Fnet HTTP/2.0" 200 2615 "https://www.hibiscard.com.lab2454.com/whsy.php?p=%2Fproc%2F17192%2Fnet" "Mozilla/5.0 AppleWebKit/537.36 (KHTML, like Gecko; compatible; GPTBot/1.3; +https://openai.com/gptbot)"
74.7.227.29 - - [17/Mar/2026:18:15:14 +0000] "GET /whsy.php?e=timens_offsets&p=%2Fproc%2F17192 HTTP/2.0" 200 2022 "https://hibiscard.com.lab2454.com/whsy.php?p=%2Fproc%2F17192" "Mozilla/5.0 AppleWebKit/537.36 (KHTML, like Gecko; compatible; GPTBot/1.3; +https://openai.com/gptbot)"
74.7.227.29 - - [17/Mar/2026:18:15:26 +0000] "GET /whsy.php?e=io&p=%2Fproc%2F17192 HTTP/2.0" 200 1935 "https://hibiscard.com.lab2454.com/whsy.php?p=%2Fproc%2F17192" "Mozilla/5.0 AppleWebKit/537.36 (KHTML, like Gecko; compatible; GPTBot/1.3; +https://openai.com/gptbot)"
74.7.227.29 - - [17/Mar/2026:18:15:43 +0000] "GET /whsy.php?e=io&p=%2Fproc%2F17297 HTTP/2.0" 200 1936 "https://hibiscard.com.lab2454.com/whsy.php?p=%2Fproc%2F17297" "Mozilla/5.0 AppleWebKit/537.36 (KHTML, like Gecko; compatible; GPTBot/1.3; +https://openai.com/gptbot)"
74.7.228.29 - - [17/Mar/2026:18:15:45 +0000] "GET /robots.txt HTTP/2.0" 404 - "-" "Mozilla/5.0 (Macintosh; Intel Mac OS X 10_15_7) AppleWebKit/537.36 (KHTML, like Gecko) Chrome/131.0.0.0 Safari/537.36; compatible; OAI-SearchBot/1.3; robots.txt; +https://openai.com/searchbot"
74.7.227.52 - - [17/Mar/2026:18:15:55 +0000] "GET /whsy.php?e=if_inet6&p=%2Fproc%2F17207%2Fnet HTTP/2.0" 200 2570 "https://www.hibiscard.com.lab2454.com/whsy.php?p=%2Fproc%2F17207%2Fnet" "Mozilla/5.0 AppleWebKit/537.36 (KHTML, like Gecko; compatible; GPTBot/1.3; +https://openai.com/gptbot)"
74.7.227.52 - - [17/Mar/2026:18:16:25 +0000] "GET /whsy.php?e=if_inet6&p=%2Fproc%2F17291%2Fnet HTTP/2.0" 200 2569 "https://www.hibiscard.com.lab2454.com/whsy.php?p=%2Fproc%2F17291%2Fnet" "Mozilla/5.0 AppleWebKit/537.36 (KHTML, like Gecko; compatible; GPTBot/1.3; +https://openai.com/gptbot)"
74.7.227.52 - - [17/Mar/2026:18:16:55 +0000] "GET /whsy.php?e=if_inet6&p=%2Fproc%2F17192%2Fnet HTTP/2.0" 200 2569 "https://www.hibiscard.com.lab2454.com/whsy.php?p=%2Fproc%2F17192%2Fnet" "Mozilla/5.0 AppleWebKit/537.36 (KHTML, like Gecko; compatible; GPTBot/1.3; +https://openai.com/gptbot)"
74.7.227.52 - - [17/Mar/2026:18:17:26 +0000] "GET /whsy.php?e=if_inet6&p=%2Fproc%2F17213%2Fnet HTTP/2.0" 200 2569 "https://www.hibiscard.com.lab2454.com/whsy.php?p=%2Fproc%2F17213%2Fnet" "Mozilla/5.0 AppleWebKit/537.36 (KHTML, like Gecko; compatible; GPTBot/1.3; +https://openai.com/gptbot)"
74.7.244.51 - - [17/Mar/2026:18:17:27 +0000] "GET /robots.txt HTTP/2.0" 404 - "-" "Mozilla/5.0 (Macintosh; Intel Mac OS X 10_15_7) AppleWebKit/537.36 (KHTML, like Gecko) Chrome/131.0.0.0 Safari/537.36; compatible; OAI-SearchBot/1.3; robots.txt; +https://openai.com/searchbot"
74.7.227.29 - - [17/Mar/2026:18:17:33 +0000] "GET /whsy.php?e=wchan&p=%2Fproc%2F17192 HTTP/2.0" 200 2005 "https://hibiscard.com.lab2454.com/whsy.php?p=%2Fproc%2F17192" "Mozilla/5.0 AppleWebKit/537.36 (KHTML, like Gecko; compatible; GPTBot/1.3; +https://openai.com/gptbot)"
74.7.227.52 - - [17/Mar/2026:18:17:52 +0000] "GET /whsy.php?e=psched&p=%2Fproc%2F17354%2Fnet HTTP/2.0" 200 2532 "https://www.hibiscard.com.lab2454.com/whsy.php?p=%2Fproc%2F17354%2Fnet" "Mozilla/5.0 AppleWebKit/537.36 (KHTML, like Gecko; compatible; GPTBot/1.3; +https://openai.com/gptbot)"
74.7.227.29 - - [17/Mar/2026:18:18:09 +0000] "GET /whsy.php?e=wchan&p=%2Fproc%2F17297 HTTP/2.0" 200 2006 "https://hibiscard.com.lab2454.com/whsy.php?p=%2Fproc%2F17297" "Mozilla/5.0 AppleWebKit/537.36 (KHTML, like Gecko; compatible; GPTBot/1.3; +https://openai.com/gptbot)"
74.7.227.52 - - [17/Mar/2026:18:18:15 +0000] "GET /whsy.php?p=%2Fproc%2F13289%2Ffdinfo HTTP/2.0" 200 830 "https://www.hibiscard.com.lab2454.com/whsy.php?p=%2Fproc%2F13289" "Mozilla/5.0 AppleWebKit/537.36 (KHTML, like Gecko; compatible; GPTBot/1.3; +https://openai.com/gptbot)"
74.7.227.29 - - [17/Mar/2026:18:18:35 +0000] "GET /whsy.php?e=environ&p=%2Fproc%2F17297 HTTP/2.0" 200 1936 "https://hibiscard.com.lab2454.com/whsy.php?p=%2Fproc%2F17297" "Mozilla/5.0 AppleWebKit/537.36 (KHTML, like Gecko; compatible; GPTBot/1.3; +https://openai.com/gptbot)"
74.7.227.52 - - [17/Mar/2026:18:18:42 +0000] "GET /whsy.php?p=%2Fproc%2F20537%2Ffdinfo HTTP/2.0" 200 830 "https://www.hibiscard.com.lab2454.com/whsy.php?p=%2Fproc%2F20537" "Mozilla/5.0 AppleWebKit/537.36 (KHTML, like Gecko; compatible; GPTBot/1.3; +https://openai.com/gptbot)"
74.7.227.29 - - [17/Mar/2026:18:18:53 +0000] "GET /whsy.php?e=environ&p=%2Fproc%2F17192 HTTP/2.0" 200 1935 "https://hibiscard.com.lab2454.com/whsy.php?p=%2Fproc%2F17192" "Mozilla/5.0 AppleWebKit/537.36 (KHTML, like Gecko; compatible; GPTBot/1.3; +https://openai.com/gptbot)"
74.7.227.52 - - [17/Mar/2026:18:19:01 +0000] "GET /whsy.php?p=%2Fproc%2F30542%2Ffdinfo HTTP/2.0" 200 830 "https://www.hibiscard.com.lab2454.com/whsy.php?p=%2Fproc%2F30542" "Mozilla/5.0 AppleWebKit/537.36 (KHTML, like Gecko; compatible; GPTBot/1.3; +https://openai.com/gptbot)"
74.7.227.52 - - [17/Mar/2026:18:19:20 +0000] "GET /whsy.php?e=udplite6&p=%2Fproc%2F17192%2Fnet HTTP/2.0" 200 2585 "https://www.hibiscard.com.lab2454.com/whsy.php?p=%2Fproc%2F17192%2Fnet" "Mozilla/5.0 AppleWebKit/537.36 (KHTML, like Gecko; compatible; GPTBot/1.3; +https://openai.com/gptbot)"
74.7.227.52 - - [17/Mar/2026:18:19:46 +0000] "GET /whsy.php?e=udplite6&p=%2Fproc%2F17291%2Fnet HTTP/2.0" 200 2585 "https://www.hibiscard.com.lab2454.com/whsy.php?p=%2Fproc%2F17291%2Fnet" "Mozilla/5.0 AppleWebKit/537.36 (KHTML, like Gecko; compatible; GPTBot/1.3; +https://openai.com/gptbot)"
74.7.227.52 - - [17/Mar/2026:18:20:02 +0000] "GET /whsy.php?e=udplite6&p=%2Fproc%2F17207%2Fnet HTTP/2.0" 200 2586 "https://www.hibiscard.com.lab2454.com/whsy.php?p=%2Fproc%2F17207%2Fnet" "Mozilla/5.0 AppleWebKit/537.36 (KHTML, like Gecko; compatible; GPTBot/1.3; +https://openai.com/gptbot)"
74.7.227.29 - - [17/Mar/2026:18:20:16 +0000] "GET /whsy.php?p=%2Fproc%2F14991 HTTP/2.0" 200 830 "https://hibiscard.com.lab2454.com/whsy.php?e=swaps&p=%2Fproc" "Mozilla/5.0 AppleWebKit/537.36 (KHTML, like Gecko; compatible; GPTBot/1.3; +https://openai.com/gptbot)"
74.7.227.52 - - [17/Mar/2026:18:20:24 +0000] "GET /whsy.php?e=udplite6&p=%2Fproc%2F17213%2Fnet HTTP/2.0" 200 2585 "https://www.hibiscard.com.lab2454.com/whsy.php?p=%2Fproc%2F17213%2Fnet" "Mozilla/5.0 AppleWebKit/537.36 (KHTML, like Gecko; compatible; GPTBot/1.3; +https://openai.com/gptbot)"
74.7.227.29 - - [17/Mar/2026:18:20:35 +0000] "GET /whsy.php?p=%2Fproc%2F14992 HTTP/2.0" 200 830 "https://hibiscard.com.lab2454.com/whsy.php?e=swaps&p=%2Fproc" "Mozilla/5.0 AppleWebKit/537.36 (KHTML, like Gecko; compatible; GPTBot/1.3; +https://openai.com/gptbot)"
74.7.227.52 - - [17/Mar/2026:18:20:41 +0000] "GET /whsy.php?e=anycast6&p=%2Fproc%2F17354%2Fnet HTTP/2.0" 200 2507 "https://www.hibiscard.com.lab2454.com/whsy.php?p=%2Fproc%2F17354%2Fnet" "Mozilla/5.0 AppleWebKit/537.36 (KHTML, like Gecko; compatible; GPTBot/1.3; +https://openai.com/gptbot)"
74.7.228.29 - - [17/Mar/2026:18:20:53 +0000] "GET /robots.txt HTTP/2.0" 404 - "-" "Mozilla/5.0 (Macintosh; Intel Mac OS X 10_15_7) AppleWebKit/537.36 (KHTML, like Gecko) Chrome/131.0.0.0 Safari/537.36; compatible; OAI-SearchBot/1.3; robots.txt; +https://openai.com/searchbot"
74.7.227.52 - - [17/Mar/2026:18:20:59 +0000] "GET /whsy.php?e=fr.json&p=%2Fopt%2Fbitninja-dispatcher%2Fnode_modules%2Fyargs%2Flocales HTTP/2.0" 200 2136 "https://www.hibiscard.com.lab2454.com/whsy.php?p=%2Fopt%2Fbitninja-dispatcher%2Fnode_modules%2Fyargs%2Flocales" "Mozilla/5.0 AppleWebKit/537.36 (KHTML, like Gecko; compatible; GPTBot/1.3; +https://openai.com/gptbot)"
74.7.227.29 - - [17/Mar/2026:18:21:12 +0000] "GET /whsy.php?p=%2Fproc%2F19687 HTTP/2.0" 200 830 "https://hibiscard.com.lab2454.com/whsy.php?e=swaps&p=%2Fproc" "Mozilla/5.0 AppleWebKit/537.36 (KHTML, like Gecko; compatible; GPTBot/1.3; +https://openai.com/gptbot)"
74.7.227.52 - - [17/Mar/2026:18:21:20 +0000] "GET /whsy.php?e=icmp&p=%2Fproc%2F17291%2Fnet HTTP/2.0" 200 2580 "https://www.hibiscard.com.lab2454.com/whsy.php?p=%2Fproc%2F17291%2Fnet" "Mozilla/5.0 AppleWebKit/537.36 (KHTML, like Gecko; compatible; GPTBot/1.3; +https://openai.com/gptbot)"
74.7.227.29 - - [17/Mar/2026:18:21:30 +0000] "GET /whsy.php?p=%2Fproc%2F17235 HTTP/2.0" 200 1936 "https://hibiscard.com.lab2454.com/whsy.php?e=swaps&p=%2Fproc" "Mozilla/5.0 AppleWebKit/537.36 (KHTML, like Gecko; compatible; GPTBot/1.3; +https://openai.com/gptbot)"
74.7.227.52 - - [17/Mar/2026:18:21:48 +0000] "GET /whsy.php?e=icmp&p=%2Fproc%2F17207%2Fnet HTTP/2.0" 200 2580 "https://www.hibiscard.com.lab2454.com/whsy.php?p=%2Fproc%2F17207%2Fnet" "Mozilla/5.0 AppleWebKit/537.36 (KHTML, like Gecko; compatible; GPTBot/1.3; +https://openai.com/gptbot)"
74.7.227.29 - - [17/Mar/2026:18:22:02 +0000] "GET /whsy.php?p=%2Fproc%2F30603 HTTP/2.0" 200 830 "https://hibiscard.com.lab2454.com/whsy.php?e=swaps&p=%2Fproc" "Mozilla/5.0 AppleWebKit/537.36 (KHTML, like Gecko; compatible; GPTBot/1.3; +https://openai.com/gptbot)"
74.7.227.52 - - [17/Mar/2026:18:22:10 +0000] "GET /whsy.php?e=icmp&p=%2Fproc%2F17192%2Fnet HTTP/2.0" 200 2580 "https://www.hibiscard.com.lab2454.com/whsy.php?p=%2Fproc%2F17192%2Fnet" "Mozilla/5.0 AppleWebKit/537.36 (KHTML, like Gecko; compatible; GPTBot/1.3; +https://openai.com/gptbot)"
74.7.227.29 - - [17/Mar/2026:18:22:28 +0000] "GET /whsy.php?p=%2Fproc%2F16695 HTTP/2.0" 200 830 "https://hibiscard.com.lab2454.com/whsy.php?e=swaps&p=%2Fproc" "Mozilla/5.0 AppleWebKit/537.36 (KHTML, like Gecko; compatible; GPTBot/1.3; +https://openai.com/gptbot)"
74.7.227.52 - - [17/Mar/2026:18:22:35 +0000] "GET /whsy.php?e=icmp&p=%2Fproc%2F17213%2Fnet HTTP/2.0" 200 2580 "https://www.hibiscard.com.lab2454.com/whsy.php?p=%2Fproc%2F17213%2Fnet" "Mozilla/5.0 AppleWebKit/537.36 (KHTML, like Gecko; compatible; GPTBot/1.3; +https://openai.com/gptbot)"
74.7.244.51 - - [17/Mar/2026:18:22:36 +0000] "GET /robots.txt HTTP/2.0" 404 - "-" "Mozilla/5.0 (Macintosh; Intel Mac OS X 10_15_7) AppleWebKit/537.36 (KHTML, like Gecko) Chrome/131.0.0.0 Safari/537.36; compatible; OAI-SearchBot/1.3; robots.txt; +https://openai.com/searchbot"
74.7.227.29 - - [17/Mar/2026:18:22:47 +0000] "GET /whsy.php?p=%2Fproc%2F14977 HTTP/2.0" 200 830 "https://hibiscard.com.lab2454.com/whsy.php?e=swaps&p=%2Fproc" "Mozilla/5.0 AppleWebKit/537.36 (KHTML, like Gecko; compatible; GPTBot/1.3; +https://openai.com/gptbot)"
74.7.227.52 - - [17/Mar/2026:18:22:52 +0000] "GET /whsy.php?p=%2Fproc%2F17192%2Fnet%2Fnetfilter HTTP/2.0" 200 732 "https://www.hibiscard.com.lab2454.com/whsy.php?p=%2Fproc%2F17192%2Fnet" "Mozilla/5.0 AppleWebKit/537.36 (KHTML, like Gecko; compatible; GPTBot/1.3; +https://openai.com/gptbot)"
74.7.227.29 - - [17/Mar/2026:18:23:04 +0000] "GET /whsy.php?p=%2Fproc%2F14984 HTTP/2.0" 200 830 "https://hibiscard.com.lab2454.com/whsy.php?e=swaps&p=%2Fproc" "Mozilla/5.0 AppleWebKit/537.36 (KHTML, like Gecko; compatible; GPTBot/1.3; +https://openai.com/gptbot)"
74.7.227.52 - - [17/Mar/2026:18:23:10 +0000] "GET /whsy.php?p=%2Fproc%2F17207%2Fnet%2Fnetfilter HTTP/2.0" 200 732 "https://www.hibiscard.com.lab2454.com/whsy.php?p=%2Fproc%2F17207%2Fnet" "Mozilla/5.0 AppleWebKit/537.36 (KHTML, like Gecko; compatible; GPTBot/1.3; +https://openai.com/gptbot)"
74.7.227.29 - - [17/Mar/2026:18:23:24 +0000] "GET /whsy.php?p=%2Fproc%2F17243 HTTP/2.0" 200 830 "https://hibiscard.com.lab2454.com/whsy.php?e=swaps&p=%2Fproc" "Mozilla/5.0 AppleWebKit/537.36 (KHTML, like Gecko; compatible; GPTBot/1.3; +https://openai.com/gptbot)"
74.7.227.52 - - [17/Mar/2026:18:23:30 +0000] "GET /whsy.php?p=%2Fproc%2F17291%2Fnet%2Fnetfilter HTTP/2.0" 200 732 "https://www.hibiscard.com.lab2454.com/whsy.php?p=%2Fproc%2F17291%2Fnet" "Mozilla/5.0 AppleWebKit/537.36 (KHTML, like Gecko; compatible; GPTBot/1.3; +https://openai.com/gptbot)"
74.7.227.52 - - [17/Mar/2026:18:23:47 +0000] "GET /whsy.php?p=%2Fproc%2F17213%2Fnet%2Fnetfilter HTTP/2.0" 200 732 "https://www.hibiscard.com.lab2454.com/whsy.php?p=%2Fproc%2F17213%2Fnet" "Mozilla/5.0 AppleWebKit/537.36 (KHTML, like Gecko; compatible; GPTBot/1.3; +https://openai.com/gptbot)"
74.7.227.29 - - [17/Mar/2026:18:23:56 +0000] "GET /whsy.php?p=%2Fproc%2F14829 HTTP/2.0" 200 830 "https://hibiscard.com.lab2454.com/whsy.php?e=swaps&p=%2Fproc" "Mozilla/5.0 AppleWebKit/537.36 (KHTML, like Gecko; compatible; GPTBot/1.3; +https://openai.com/gptbot)"
74.7.227.29 - - [17/Mar/2026:18:24:15 +0000] "GET /whsy.php?p=%2Fproc%2F30125 HTTP/2.0" 200 1936 "https://hibiscard.com.lab2454.com/whsy.php?e=swaps&p=%2Fproc" "Mozilla/5.0 AppleWebKit/537.36 (KHTML, like Gecko; compatible; GPTBot/1.3; +https://openai.com/gptbot)"
74.7.227.52 - - [17/Mar/2026:18:24:04 +0000] "GET /whsy.php?p=%2Fproc%2F17291%2Fmap_files HTTP/2.0" 200 122819 "https://www.hibiscard.com.lab2454.com/whsy.php?p=%2Fproc%2F17291" "Mozilla/5.0 AppleWebKit/537.36 (KHTML, like Gecko; compatible; GPTBot/1.3; +https://openai.com/gptbot)"
74.7.227.29 - - [17/Mar/2026:18:25:11 +0000] "GET /whsy.php?e=mountinfo&p=%2Fproc%2F17235 HTTP/2.0" 200 2988 "https://hibiscard.com.lab2454.com/whsy.php?p=%2Fproc%2F17235" "Mozilla/5.0 AppleWebKit/537.36 (KHTML, like Gecko; compatible; GPTBot/1.3; +https://openai.com/gptbot)"
74.7.227.52 - - [17/Mar/2026:18:24:50 +0000] "GET /whsy.php?p=%2Fproc%2F17213%2Fmap_files HTTP/2.0" 200 158901 "https://www.hibiscard.com.lab2454.com/whsy.php?p=%2Fproc%2F17213" "Mozilla/5.0 AppleWebKit/537.36 (KHTML, like Gecko; compatible; GPTBot/1.3; +https://openai.com/gptbot)"
74.7.244.51 - - [17/Mar/2026:18:25:22 +0000] "GET /robots.txt HTTP/2.0" 404 - "-" "Mozilla/5.0 (Macintosh; Intel Mac OS X 10_15_7) AppleWebKit/537.36 (KHTML, like Gecko) Chrome/131.0.0.0 Safari/537.36; compatible; OAI-SearchBot/1.3; robots.txt; +https://openai.com/searchbot"
74.7.227.29 - - [17/Mar/2026:18:25:27 +0000] "GET /whsy.php?e=stack&p=%2Fproc%2F17235 HTTP/2.0" 200 1936 "https://hibiscard.com.lab2454.com/whsy.php?p=%2Fproc%2F17235" "Mozilla/5.0 AppleWebKit/537.36 (KHTML, like Gecko; compatible; GPTBot/1.3; +https://openai.com/gptbot)"
74.7.227.52 - - [17/Mar/2026:18:25:33 +0000] "GET /whsy.php?p=%2Fproc%2F31127%2Fmap_files HTTP/2.0" 200 830 "https://www.hibiscard.com.lab2454.com/whsy.php?p=%2Fproc%2F31127" "Mozilla/5.0 AppleWebKit/537.36 (KHTML, like Gecko; compatible; GPTBot/1.3; +https://openai.com/gptbot)"
74.7.227.29 - - [17/Mar/2026:18:26:00 +0000] "GET /whsy.php?e=statm&p=%2Fproc%2F17235 HTTP/2.0" 200 2030 "https://hibiscard.com.lab2454.com/whsy.php?p=%2Fproc%2F17235" "Mozilla/5.0 AppleWebKit/537.36 (KHTML, like Gecko; compatible; GPTBot/1.3; +https://openai.com/gptbot)"
74.7.228.29 - - [17/Mar/2026:18:26:24 +0000] "GET /robots.txt HTTP/2.0" 404 - "-" "Mozilla/5.0 (Macintosh; Intel Mac OS X 10_15_7) AppleWebKit/537.36 (KHTML, like Gecko) Chrome/131.0.0.0 Safari/537.36; compatible; OAI-SearchBot/1.3; robots.txt; +https://openai.com/searchbot"
74.7.227.52 - - [17/Mar/2026:18:26:11 +0000] "GET /whsy.php?p=%2Fproc%2F17207%2Fmap_files HTTP/2.0" 200 122566 "https://www.hibiscard.com.lab2454.com/whsy.php?p=%2Fproc%2F17207" "Mozilla/5.0 AppleWebKit/537.36 (KHTML, like Gecko; compatible; GPTBot/1.3; +https://openai.com/gptbot)"
74.7.227.29 - - [17/Mar/2026:18:26:44 +0000] "GET /whsy.php?e=auxv&p=%2Fproc%2F17235 HTTP/2.0" 200 1936 "https://hibiscard.com.lab2454.com/whsy.php?p=%2Fproc%2F17235" "Mozilla/5.0 AppleWebKit/537.36 (KHTML, like Gecko; compatible; GPTBot/1.3; +https://openai.com/gptbot)"
74.7.227.29 - - [17/Mar/2026:18:27:05 +0000] "GET /whsy.php?e=setgroups&p=%2Fproc%2F17235 HTTP/2.0" 200 2007 "https://hibiscard.com.lab2454.com/whsy.php?p=%2Fproc%2F17235" "Mozilla/5.0 AppleWebKit/537.36 (KHTML, like Gecko; compatible; GPTBot/1.3; +https://openai.com/gptbot)"
74.7.227.29 - - [17/Mar/2026:18:27:26 +0000] "GET /whsy.php?e=sessionid&p=%2Fproc%2F17235 HTTP/2.0" 200 2015 "https://hibiscard.com.lab2454.com/whsy.php?p=%2Fproc%2F17235" "Mozilla/5.0 AppleWebKit/537.36 (KHTML, like Gecko; compatible; GPTBot/1.3; +https://openai.com/gptbot)"
74.7.227.52 - - [17/Mar/2026:18:26:59 +0000] "GET /whsy.php?p=%2Fproc%2F17192%2Fmap_files HTTP/2.0" 200 107778 "https://www.hibiscard.com.lab2454.com/whsy.php?p=%2Fproc%2F17192" "Mozilla/5.0 AppleWebKit/537.36 (KHTML, like Gecko; compatible; GPTBot/1.3; +https://openai.com/gptbot)"
74.7.227.29 - - [17/Mar/2026:18:27:42 +0000] "GET /whsy.php?e=mountinfo&p=%2Fproc%2F30125 HTTP/2.0" 200 2951 "https://hibiscard.com.lab2454.com/whsy.php?p=%2Fproc%2F30125" "Mozilla/5.0 AppleWebKit/537.36 (KHTML, like Gecko; compatible; GPTBot/1.3; +https://openai.com/gptbot)"
74.7.227.52 - - [17/Mar/2026:18:28:00 +0000] "GET /whsy.php?e=snmp&p=%2Fproc%2F17207%2Fnet HTTP/2.0" 200 3236 "https://www.hibiscard.com.lab2454.com/whsy.php?p=%2Fproc%2F17207%2Fnet" "Mozilla/5.0 AppleWebKit/537.36 (KHTML, like Gecko; compatible; GPTBot/1.3; +https://openai.com/gptbot)"
74.7.227.29 - - [17/Mar/2026:18:28:00 +0000] "GET /whsy.php?e=stack&p=%2Fproc%2F30125 HTTP/2.0" 200 1936 "https://hibiscard.com.lab2454.com/whsy.php?p=%2Fproc%2F30125" "Mozilla/5.0 AppleWebKit/537.36 (KHTML, like Gecko; compatible; GPTBot/1.3; +https://openai.com/gptbot)"
74.7.227.29 - - [17/Mar/2026:18:28:21 +0000] "GET /whsy.php?e=statm&p=%2Fproc%2F30125 HTTP/2.0" 200 2032 "https://hibiscard.com.lab2454.com/whsy.php?p=%2Fproc%2F30125" "Mozilla/5.0 AppleWebKit/537.36 (KHTML, like Gecko; compatible; GPTBot/1.3; +https://openai.com/gptbot)"
74.7.227.29 - - [17/Mar/2026:18:28:40 +0000] "GET /whsy.php?e=auxv&p=%2Fproc%2F30125 HTTP/2.0" 200 1936 "https://hibiscard.com.lab2454.com/whsy.php?p=%2Fproc%2F30125" "Mozilla/5.0 AppleWebKit/537.36 (KHTML, like Gecko; compatible; GPTBot/1.3; +https://openai.com/gptbot)"
74.7.227.29 - - [17/Mar/2026:18:28:57 +0000] "GET /whsy.php?e=setgroups&p=%2Fproc%2F30125 HTTP/2.0" 200 2007 "https://hibiscard.com.lab2454.com/whsy.php?p=%2Fproc%2F30125" "Mozilla/5.0 AppleWebKit/537.36 (KHTML, like Gecko; compatible; GPTBot/1.3; +https://openai.com/gptbot)"
74.7.227.52 - - [17/Mar/2026:18:29:00 +0000] "GET /whsy.php?e=snmp&p=%2Fproc%2F17192%2Fnet HTTP/2.0" 200 3238 "https://www.hibiscard.com.lab2454.com/whsy.php?p=%2Fproc%2F17192%2Fnet" "Mozilla/5.0 AppleWebKit/537.36 (KHTML, like Gecko; compatible; GPTBot/1.3; +https://openai.com/gptbot)"
74.7.227.29 - - [17/Mar/2026:18:29:25 +0000] "GET /whsy.php?e=sessionid&p=%2Fproc%2F30125 HTTP/2.0" 200 2015 "https://hibiscard.com.lab2454.com/whsy.php?p=%2Fproc%2F30125" "Mozilla/5.0 AppleWebKit/537.36 (KHTML, like Gecko; compatible; GPTBot/1.3; +https://openai.com/gptbot)"
74.7.227.52 - - [17/Mar/2026:18:29:57 +0000] "GET /whsy.php?e=snmp&p=%2Fproc%2F17291%2Fnet HTTP/2.0" 200 3236 "https://www.hibiscard.com.lab2454.com/whsy.php?p=%2Fproc%2F17291%2Fnet" "Mozilla/5.0 AppleWebKit/537.36 (KHTML, like Gecko; compatible; GPTBot/1.3; +https://openai.com/gptbot)"
74.7.227.29 - - [17/Mar/2026:18:30:13 +0000] "GET /whsy.php?e=timerslack_ns&p=%2Fproc%2F30125 HTTP/2.0" 200 2008 "https://hibiscard.com.lab2454.com/whsy.php?p=%2Fproc%2F30125" "Mozilla/5.0 AppleWebKit/537.36 (KHTML, like Gecko; compatible; GPTBot/1.3; +https://openai.com/gptbot)"
74.7.227.29 - - [17/Mar/2026:18:30:28 +0000] "GET /whsy.php?e=timerslack_ns&p=%2Fproc%2F17235 HTTP/2.0" 200 2008 "https://hibiscard.com.lab2454.com/whsy.php?p=%2Fproc%2F17235" "Mozilla/5.0 AppleWebKit/537.36 (KHTML, like Gecko; compatible; GPTBot/1.3; +https://openai.com/gptbot)"
74.7.227.29 - - [17/Mar/2026:18:30:42 +0000] "GET /whsy.php?e=schedstat&p=%2Fproc%2F30125 HTTP/2.0" 200 2038 "https://hibiscard.com.lab2454.com/whsy.php?p=%2Fproc%2F30125" "Mozilla/5.0 AppleWebKit/537.36 (KHTML, like Gecko; compatible; GPTBot/1.3; +https://openai.com/gptbot)"
74.7.227.52 - - [17/Mar/2026:18:30:48 +0000] "GET /whsy.php?e=snmp&p=%2Fproc%2F17213%2Fnet HTTP/2.0" 200 3236 "https://www.hibiscard.com.lab2454.com/whsy.php?p=%2Fproc%2F17213%2Fnet" "Mozilla/5.0 AppleWebKit/537.36 (KHTML, like Gecko; compatible; GPTBot/1.3; +https://openai.com/gptbot)"
74.7.227.29 - - [17/Mar/2026:18:31:15 +0000] "GET /whsy.php?e=autogroup&p=%2Fproc%2F17235 HTTP/2.0" 200 2021 "https://hibiscard.com.lab2454.com/whsy.php?p=%2Fproc%2F17235" "Mozilla/5.0 AppleWebKit/537.36 (KHTML, like Gecko; compatible; GPTBot/1.3; +https://openai.com/gptbot)"
74.7.227.29 - - [17/Mar/2026:18:31:29 +0000] "GET /whsy.php?e=schedstat&p=%2Fproc%2F17235 HTTP/2.0" 200 2029 "https://hibiscard.com.lab2454.com/whsy.php?p=%2Fproc%2F17235" "Mozilla/5.0 AppleWebKit/537.36 (KHTML, like Gecko; compatible; GPTBot/1.3; +https://openai.com/gptbot)"
74.7.228.29 - - [17/Mar/2026:18:31:30 +0000] "GET /robots.txt HTTP/2.0" 404 - "-" "Mozilla/5.0 (Macintosh; Intel Mac OS X 10_15_7) AppleWebKit/537.36 (KHTML, like Gecko) Chrome/131.0.0.0 Safari/537.36; compatible; OAI-SearchBot/1.3; robots.txt; +https://openai.com/searchbot"
74.7.227.52 - - [17/Mar/2026:18:31:32 +0000] "GET /whsy.php?e=icmp&p=%2Fproc%2F17226%2Fnet HTTP/2.0" 200 2580 "https://www.hibiscard.com.lab2454.com/whsy.php?p=%2Fproc%2F17226%2Fnet" "Mozilla/5.0 AppleWebKit/537.36 (KHTML, like Gecko; compatible; GPTBot/1.3; +https://openai.com/gptbot)"
74.7.227.29 - - [17/Mar/2026:18:31:45 +0000] "GET /whsy.php?e=autogroup&p=%2Fproc%2F30125 HTTP/2.0" 200 2022 "https://hibiscard.com.lab2454.com/whsy.php?p=%2Fproc%2F30125" "Mozilla/5.0 AppleWebKit/537.36 (KHTML, like Gecko; compatible; GPTBot/1.3; +https://openai.com/gptbot)"
74.7.227.52 - - [17/Mar/2026:18:32:19 +0000] "GET /whsy.php?e=coredump_filter&p=%2Fproc%2F17354 HTTP/2.0" 200 2009 "https://www.hibiscard.com.lab2454.com/whsy.php?p=%2Fproc%2F17354" "Mozilla/5.0 AppleWebKit/537.36 (KHTML, like Gecko; compatible; GPTBot/1.3; +https://openai.com/gptbot)"
74.7.227.29 - - [17/Mar/2026:18:32:24 +0000] "GET /whsy.php?e=wchan&p=%2Fproc%2F17235 HTTP/2.0" 200 2006 "https://hibiscard.com.lab2454.com/whsy.php?p=%2Fproc%2F17235" "Mozilla/5.0 AppleWebKit/537.36 (KHTML, like Gecko; compatible; GPTBot/1.3; +https://openai.com/gptbot)"
74.7.227.52 - - [17/Mar/2026:18:32:58 +0000] "GET /whsy.php?p=%2Fproc%2F11108%2Fmap_files HTTP/2.0" 200 830 "https://www.hibiscard.com.lab2454.com/whsy.php?p=%2Fproc%2F11108" "Mozilla/5.0 AppleWebKit/537.36 (KHTML, like Gecko; compatible; GPTBot/1.3; +https://openai.com/gptbot)"
74.7.227.29 - - [17/Mar/2026:18:33:09 +0000] "GET /whsy.php?e=wchan&p=%2Fproc%2F30125 HTTP/2.0" 200 2005 "https://hibiscard.com.lab2454.com/whsy.php?p=%2Fproc%2F30125" "Mozilla/5.0 AppleWebKit/537.36 (KHTML, like Gecko; compatible; GPTBot/1.3; +https://openai.com/gptbot)"
74.7.227.29 - - [17/Mar/2026:18:34:15 +0000] "GET /whsy.php?e=gid_map&p=%2Fproc%2F30125 HTTP/2.0" 200 2025 "https://hibiscard.com.lab2454.com/whsy.php?p=%2Fproc%2F30125" "Mozilla/5.0 AppleWebKit/537.36 (KHTML, like Gecko; compatible; GPTBot/1.3; +https://openai.com/gptbot)"
74.7.244.51 - - [17/Mar/2026:18:34:31 +0000] "GET /robots.txt HTTP/1.1" 404 - "-" "Mozilla/5.0 (Macintosh; Intel Mac OS X 10_15_7) AppleWebKit/537.36 (KHTML, like Gecko) Chrome/131.0.0.0 Safari/537.36; compatible; OAI-SearchBot/1.3; robots.txt; +https://openai.com/searchbot"
74.7.227.52 - - [17/Mar/2026:18:36:16 +0000] "GET /whsy.php?p=%2Fproc%2F11555%2Fmap_files HTTP/2.0" 200 830 "https://www.hibiscard.com.lab2454.com/whsy.php?p=%2Fproc%2F11555" "Mozilla/5.0 AppleWebKit/537.36 (KHTML, like Gecko; compatible; GPTBot/1.3; +https://openai.com/gptbot)"
74.7.227.29 - - [17/Mar/2026:18:36:54 +0000] "GET /whsy.php?e=gid_map&p=%2Fproc%2F17235 HTTP/2.0" 200 2026 "https://hibiscard.com.lab2454.com/whsy.php?p=%2Fproc%2F17235" "Mozilla/5.0 AppleWebKit/537.36 (KHTML, like Gecko; compatible; GPTBot/1.3; +https://openai.com/gptbot)"
74.7.228.29 - - [17/Mar/2026:18:36:56 +0000] "GET /robots.txt HTTP/2.0" 404 - "-" "Mozilla/5.0 (Macintosh; Intel Mac OS X 10_15_7) AppleWebKit/537.36 (KHTML, like Gecko) Chrome/131.0.0.0 Safari/537.36; compatible; OAI-SearchBot/1.3; robots.txt; +https://openai.com/searchbot"
74.7.227.52 - - [17/Mar/2026:18:37:00 +0000] "GET /whsy.php?e=projid_map&p=%2Fproc%2F20537 HTTP/2.0" 200 830 "https://www.hibiscard.com.lab2454.com/whsy.php?p=%2Fproc%2F20537" "Mozilla/5.0 AppleWebKit/537.36 (KHTML, like Gecko; compatible; GPTBot/1.3; +https://openai.com/gptbot)"
74.7.227.29 - - [17/Mar/2026:18:37:16 +0000] "GET /whsy.php?e=uid_map&p=%2Fproc%2F30125 HTTP/2.0" 200 2022 "https://hibiscard.com.lab2454.com/whsy.php?p=%2Fproc%2F30125" "Mozilla/5.0 AppleWebKit/537.36 (KHTML, like Gecko; compatible; GPTBot/1.3; +https://openai.com/gptbot)"
74.7.227.52 - - [17/Mar/2026:18:37:36 +0000] "GET /whsy.php?e=projid_map&p=%2Fproc%2F30542 HTTP/2.0" 200 830 "https://www.hibiscard.com.lab2454.com/whsy.php?p=%2Fproc%2F30542" "Mozilla/5.0 AppleWebKit/537.36 (KHTML, like Gecko; compatible; GPTBot/1.3; +https://openai.com/gptbot)"
74.7.227.29 - - [17/Mar/2026:18:37:38 +0000] "GET /whsy.php?e=oom_adj&p=%2Fproc%2F17235 HTTP/2.0" 200 2006 "https://hibiscard.com.lab2454.com/whsy.php?p=%2Fproc%2F17235" "Mozilla/5.0 AppleWebKit/537.36 (KHTML, like Gecko; compatible; GPTBot/1.3; +https://openai.com/gptbot)"
74.7.227.29 - - [17/Mar/2026:18:38:07 +0000] "GET /whsy.php?e=oom_adj&p=%2Fproc%2F30125 HTTP/2.0" 200 2006 "https://hibiscard.com.lab2454.com/whsy.php?p=%2Fproc%2F30125" "Mozilla/5.0 AppleWebKit/537.36 (KHTML, like Gecko; compatible; GPTBot/1.3; +https://openai.com/gptbot)"
74.7.227.52 - - [17/Mar/2026:18:38:22 +0000] "GET /whsy.php?e=projid_map&p=%2Fproc%2F13289 HTTP/2.0" 200 830 "https://www.hibiscard.com.lab2454.com/whsy.php?p=%2Fproc%2F13289" "Mozilla/5.0 AppleWebKit/537.36 (KHTML, like Gecko; compatible; GPTBot/1.3; +https://openai.com/gptbot)"
74.7.227.29 - - [17/Mar/2026:18:38:23 +0000] "GET /whsy.php?e=uid_map&p=%2Fproc%2F17235 HTTP/2.0" 200 2023 "https://hibiscard.com.lab2454.com/whsy.php?p=%2Fproc%2F17235" "Mozilla/5.0 AppleWebKit/537.36 (KHTML, like Gecko; compatible; GPTBot/1.3; +https://openai.com/gptbot)"
74.7.227.29 - - [17/Mar/2026:18:38:58 +0000] "GET /whsy.php?e=stat&p=%2Fproc%2F17235 HTTP/2.0" 200 2124 "https://hibiscard.com.lab2454.com/whsy.php?p=%2Fproc%2F17235" "Mozilla/5.0 AppleWebKit/537.36 (KHTML, like Gecko; compatible; GPTBot/1.3; +https://openai.com/gptbot)"
74.7.227.52 - - [17/Mar/2026:18:39:05 +0000] "GET /whsy.php?e=projid_map&p=%2Fproc%2F31843 HTTP/2.0" 200 830 "https://www.hibiscard.com.lab2454.com/whsy.php?p=%2Fproc%2F31843" "Mozilla/5.0 AppleWebKit/537.36 (KHTML, like Gecko; compatible; GPTBot/1.3; +https://openai.com/gptbot)"
74.7.227.29 - - [17/Mar/2026:18:39:10 +0000] "GET /whsy.php?e=stat&p=%2Fproc%2F30125 HTTP/2.0" 200 2136 "https://hibiscard.com.lab2454.com/whsy.php?p=%2Fproc%2F30125" "Mozilla/5.0 AppleWebKit/537.36 (KHTML, like Gecko; compatible; GPTBot/1.3; +https://openai.com/gptbot)"
74.7.227.29 - - [17/Mar/2026:18:39:38 +0000] "GET /whsy.php?e=exe&p=%2Fproc%2F30125 HTTP/2.0" 200 1936 "https://hibiscard.com.lab2454.com/whsy.php?p=%2Fproc%2F30125" "Mozilla/5.0 AppleWebKit/537.36 (KHTML, like Gecko; compatible; GPTBot/1.3; +https://openai.com/gptbot)"
74.7.227.52 - - [17/Mar/2026:18:39:56 +0000] "GET /whsy.php?e=udp&p=%2Fproc%2F17207%2Fnet HTTP/2.0" 200 2823 "https://www.hibiscard.com.lab2454.com/whsy.php?p=%2Fproc%2F17207%2Fnet" "Mozilla/5.0 AppleWebKit/537.36 (KHTML, like Gecko; compatible; GPTBot/1.3; +https://openai.com/gptbot)"
74.7.244.51 - - [17/Mar/2026:18:39:58 +0000] "GET /robots.txt HTTP/2.0" 404 - "-" "Mozilla/5.0 (Macintosh; Intel Mac OS X 10_15_7) AppleWebKit/537.36 (KHTML, like Gecko) Chrome/131.0.0.0 Safari/537.36; compatible; OAI-SearchBot/1.3; robots.txt; +https://openai.com/searchbot"
74.7.227.29 - - [17/Mar/2026:18:40:03 +0000] "GET /whsy.php?e=exe&p=%2Fproc%2F17235 HTTP/2.0" 200 1936 "https://hibiscard.com.lab2454.com/whsy.php?p=%2Fproc%2F17235" "Mozilla/5.0 AppleWebKit/537.36 (KHTML, like Gecko; compatible; GPTBot/1.3; +https://openai.com/gptbot)"
74.7.227.52 - - [17/Mar/2026:18:40:42 +0000] "GET /whsy.php?e=udp&p=%2Fproc%2F17291%2Fnet HTTP/2.0" 200 2823 "https://www.hibiscard.com.lab2454.com/whsy.php?p=%2Fproc%2F17291%2Fnet" "Mozilla/5.0 AppleWebKit/537.36 (KHTML, like Gecko; compatible; GPTBot/1.3; +https://openai.com/gptbot)"
74.7.227.52 - - [17/Mar/2026:18:41:23 +0000] "GET /whsy.php?e=raw&p=%2Fproc%2F17192%2Fnet HTTP/2.0" 200 2578 "https://www.hibiscard.com.lab2454.com/whsy.php?p=%2Fproc%2F17192%2Fnet" "Mozilla/5.0 AppleWebKit/537.36 (KHTML, like Gecko; compatible; GPTBot/1.3; +https://openai.com/gptbot)"
74.7.227.29 - - [17/Mar/2026:18:41:49 +0000] "GET /whsy.php?e=ksm_stat&p=%2Fproc%2F30125 HTTP/2.0" 200 1936 "https://hibiscard.com.lab2454.com/whsy.php?p=%2Fproc%2F30125" "Mozilla/5.0 AppleWebKit/537.36 (KHTML, like Gecko; compatible; GPTBot/1.3; +https://openai.com/gptbot)"
74.7.227.52 - - [17/Mar/2026:18:42:08 +0000] "GET /whsy.php?e=udp&p=%2Fproc%2F17213%2Fnet HTTP/2.0" 200 2823 "https://www.hibiscard.com.lab2454.com/whsy.php?p=%2Fproc%2F17213%2Fnet" "Mozilla/5.0 AppleWebKit/537.36 (KHTML, like Gecko; compatible; GPTBot/1.3; +https://openai.com/gptbot)"
74.7.227.29 - - [17/Mar/2026:18:42:17 +0000] "GET /whsy.php?e=ksm_stat&p=%2Fproc%2F17235 HTTP/2.0" 200 1936 "https://hibiscard.com.lab2454.com/whsy.php?p=%2Fproc%2F17235" "Mozilla/5.0 AppleWebKit/537.36 (KHTML, like Gecko; compatible; GPTBot/1.3; +https://openai.com/gptbot)"
74.7.228.29 - - [17/Mar/2026:18:42:19 +0000] "GET /robots.txt HTTP/2.0" 404 - "-" "Mozilla/5.0 (Macintosh; Intel Mac OS X 10_15_7) AppleWebKit/537.36 (KHTML, like Gecko) Chrome/131.0.0.0 Safari/537.36; compatible; OAI-SearchBot/1.3; robots.txt; +https://openai.com/searchbot"
74.7.227.52 - - [17/Mar/2026:18:42:32 +0000] "GET /whsy.php?e=raw&p=%2Fproc%2F17207%2Fnet HTTP/2.0" 200 2578 "https://www.hibiscard.com.lab2454.com/whsy.php?p=%2Fproc%2F17207%2Fnet" "Mozilla/5.0 AppleWebKit/537.36 (KHTML, like Gecko; compatible; GPTBot/1.3; +https://openai.com/gptbot)"
74.7.227.29 - - [17/Mar/2026:18:42:42 +0000] "GET /whsy.php?e=root&p=%2Fproc%2F17235 HTTP/2.0" 200 1936 "https://hibiscard.com.lab2454.com/whsy.php?p=%2Fproc%2F17235" "Mozilla/5.0 AppleWebKit/537.36 (KHTML, like Gecko; compatible; GPTBot/1.3; +https://openai.com/gptbot)"
74.7.227.52 - - [17/Mar/2026:18:42:54 +0000] "GET /whsy.php?e=raw&p=%2Fproc%2F17213%2Fnet HTTP/2.0" 200 2578 "https://www.hibiscard.com.lab2454.com/whsy.php?p=%2Fproc%2F17213%2Fnet" "Mozilla/5.0 AppleWebKit/537.36 (KHTML, like Gecko; compatible; GPTBot/1.3; +https://openai.com/gptbot)"
74.7.227.52 - - [17/Mar/2026:18:43:16 +0000] "GET /whsy.php?e=raw&p=%2Fproc%2F17291%2Fnet HTTP/2.0" 200 2578 "https://www.hibiscard.com.lab2454.com/whsy.php?p=%2Fproc%2F17291%2Fnet" "Mozilla/5.0 AppleWebKit/537.36 (KHTML, like Gecko; compatible; GPTBot/1.3; +https://openai.com/gptbot)"
74.7.227.29 - - [17/Mar/2026:18:43:19 +0000] "GET /whsy.php?e=root&p=%2Fproc%2F30125 HTTP/2.0" 200 1936 "https://hibiscard.com.lab2454.com/whsy.php?p=%2Fproc%2F30125" "Mozilla/5.0 AppleWebKit/537.36 (KHTML, like Gecko; compatible; GPTBot/1.3; +https://openai.com/gptbot)"
74.7.227.52 - - [17/Mar/2026:18:43:39 +0000] "GET /whsy.php?e=udp&p=%2Fproc%2F17192%2Fnet HTTP/2.0" 200 2823 "https://www.hibiscard.com.lab2454.com/whsy.php?p=%2Fproc%2F17192%2Fnet" "Mozilla/5.0 AppleWebKit/537.36 (KHTML, like Gecko; compatible; GPTBot/1.3; +https://openai.com/gptbot)"
74.7.227.29 - - [17/Mar/2026:18:43:41 +0000] "GET /whsy.php?e=oom_score_adj&p=%2Fproc%2F30125 HTTP/2.0" 200 2007 "https://hibiscard.com.lab2454.com/whsy.php?p=%2Fproc%2F30125" "Mozilla/5.0 AppleWebKit/537.36 (KHTML, like Gecko; compatible; GPTBot/1.3; +https://openai.com/gptbot)"
74.7.227.52 - - [17/Mar/2026:18:43:57 +0000] "GET /whsy.php?p=%2Fproc%2F31843%2Fmap_files HTTP/2.0" 200 830 "https://www.hibiscard.com.lab2454.com/whsy.php?p=%2Fproc%2F31843" "Mozilla/5.0 AppleWebKit/537.36 (KHTML, like Gecko; compatible; GPTBot/1.3; +https://openai.com/gptbot)"
74.7.227.29 - - [17/Mar/2026:18:43:59 +0000] "GET /whsy.php?e=oom_score_adj&p=%2Fproc%2F17235 HTTP/2.0" 200 2008 "https://hibiscard.com.lab2454.com/whsy.php?p=%2Fproc%2F17235" "Mozilla/5.0 AppleWebKit/537.36 (KHTML, like Gecko; compatible; GPTBot/1.3; +https://openai.com/gptbot)"
74.7.227.52 - - [17/Mar/2026:18:44:19 +0000] "GET /whsy.php?p=%2Fproc%2F17226%2Fnet%2Fip6t_hashlimit HTTP/2.0" 200 501 "https://www.hibiscard.com.lab2454.com/whsy.php?p=%2Fproc%2F17226%2Fnet" "Mozilla/5.0 AppleWebKit/537.36 (KHTML, like Gecko; compatible; GPTBot/1.3; +https://openai.com/gptbot)"
74.7.227.52 - - [17/Mar/2026:18:44:42 +0000] "GET /whsy.php?e=anycast6&p=%2Fproc%2F17226%2Fnet HTTP/2.0" 200 2506 "https://www.hibiscard.com.lab2454.com/whsy.php?p=%2Fproc%2F17226%2Fnet" "Mozilla/5.0 AppleWebKit/537.36 (KHTML, like Gecko; compatible; GPTBot/1.3; +https://openai.com/gptbot)"
74.7.227.52 - - [17/Mar/2026:18:45:03 +0000] "GET /whsy.php?p=%2Fproc%2F17354%2Fnet%2Fnetfilter HTTP/2.0" 200 732 "https://www.hibiscard.com.lab2454.com/whsy.php?p=%2Fproc%2F17354%2Fnet" "Mozilla/5.0 AppleWebKit/537.36 (KHTML, like Gecko; compatible; GPTBot/1.3; +https://openai.com/gptbot)"
74.7.244.51 - - [17/Mar/2026:18:45:04 +0000] "GET /robots.txt HTTP/2.0" 404 - "-" "Mozilla/5.0 (Macintosh; Intel Mac OS X 10_15_7) AppleWebKit/537.36 (KHTML, like Gecko) Chrome/131.0.0.0 Safari/537.36; compatible; OAI-SearchBot/1.3; robots.txt; +https://openai.com/searchbot"
74.7.227.29 - - [17/Mar/2026:18:45:05 +0000] "GET /whsy.php?e=timens_offsets&p=%2Fproc%2F30125 HTTP/2.0" 200 2022 "https://hibiscard.com.lab2454.com/whsy.php?p=%2Fproc%2F30125" "Mozilla/5.0 AppleWebKit/537.36 (KHTML, like Gecko; compatible; GPTBot/1.3; +https://openai.com/gptbot)"
74.7.227.52 - - [17/Mar/2026:18:45:23 +0000] "GET /whsy.php?e=udp&p=%2Fproc%2F17226%2Fnet HTTP/2.0" 200 2823 "https://www.hibiscard.com.lab2454.com/whsy.php?p=%2Fproc%2F17226%2Fnet" "Mozilla/5.0 AppleWebKit/537.36 (KHTML, like Gecko; compatible; GPTBot/1.3; +https://openai.com/gptbot)"
74.7.227.29 - - [17/Mar/2026:18:45:25 +0000] "GET /whsy.php?e=timens_offsets&p=%2Fproc%2F17235 HTTP/2.0" 200 2024 "https://hibiscard.com.lab2454.com/whsy.php?p=%2Fproc%2F17235" "Mozilla/5.0 AppleWebKit/537.36 (KHTML, like Gecko; compatible; GPTBot/1.3; +https://openai.com/gptbot)"
74.7.227.52 - - [17/Mar/2026:18:45:45 +0000] "GET /whsy.php?p=%2Fproc%2F11555%2Ffdinfo HTTP/2.0" 200 830 "https://www.hibiscard.com.lab2454.com/whsy.php?p=%2Fproc%2F11555" "Mozilla/5.0 AppleWebKit/537.36 (KHTML, like Gecko; compatible; GPTBot/1.3; +https://openai.com/gptbot)"
74.7.227.29 - - [17/Mar/2026:18:45:48 +0000] "GET /whsy.php?e=cmdline&p=%2Fproc%2F30125 HTTP/2.0" 200 2018 "https://hibiscard.com.lab2454.com/whsy.php?p=%2Fproc%2F30125" "Mozilla/5.0 AppleWebKit/537.36 (KHTML, like Gecko; compatible; GPTBot/1.3; +https://openai.com/gptbot)"
74.7.227.52 - - [17/Mar/2026:18:46:10 +0000] "GET /whsy.php?p=%2Fproc%2F11108%2Ffdinfo HTTP/2.0" 200 830 "https://www.hibiscard.com.lab2454.com/whsy.php?p=%2Fproc%2F11108" "Mozilla/5.0 AppleWebKit/537.36 (KHTML, like Gecko; compatible; GPTBot/1.3; +https://openai.com/gptbot)"
74.7.227.29 - - [17/Mar/2026:18:46:31 +0000] "GET /whsy.php?e=cmdline&p=%2Fproc%2F17235 HTTP/2.0" 200 2026 "https://hibiscard.com.lab2454.com/whsy.php?p=%2Fproc%2F17235" "Mozilla/5.0 AppleWebKit/537.36 (KHTML, like Gecko; compatible; GPTBot/1.3; +https://openai.com/gptbot)"
74.7.227.29 - - [17/Mar/2026:18:46:56 +0000] "GET /whsy.php?e=cwd&p=%2Fproc%2F30125 HTTP/2.0" 200 1936 "https://hibiscard.com.lab2454.com/whsy.php?p=%2Fproc%2F30125" "Mozilla/5.0 AppleWebKit/537.36 (KHTML, like Gecko; compatible; GPTBot/1.3; +https://openai.com/gptbot)"
74.7.227.52 - - [17/Mar/2026:18:46:29 +0000] "GET /whsy.php?p=%2Fproc%2F17354%2Ffdinfo HTTP/2.0" 200 134444 "https://www.hibiscard.com.lab2454.com/whsy.php?p=%2Fproc%2F17354" "Mozilla/5.0 AppleWebKit/537.36 (KHTML, like Gecko; compatible; GPTBot/1.3; +https://openai.com/gptbot)"
74.7.227.52 - - [17/Mar/2026:18:47:30 +0000] "GET /whsy.php?p=%2Fproc%2F17213%2Fnet%2Fip6t_hashlimit HTTP/2.0" 200 502 "https://www.hibiscard.com.lab2454.com/whsy.php?p=%2Fproc%2F17213%2Fnet" "Mozilla/5.0 AppleWebKit/537.36 (KHTML, like Gecko; compatible; GPTBot/1.3; +https://openai.com/gptbot)"
74.7.227.52 - - [17/Mar/2026:18:47:49 +0000] "GET /whsy.php?p=%2Fproc%2F17207%2Fnet%2Fip6t_hashlimit HTTP/2.0" 200 502 "https://www.hibiscard.com.lab2454.com/whsy.php?p=%2Fproc%2F17207%2Fnet" "Mozilla/5.0 AppleWebKit/537.36 (KHTML, like Gecko; compatible; GPTBot/1.3; +https://openai.com/gptbot)"
74.7.227.29 - - [17/Mar/2026:18:48:04 +0000] "GET /whsy.php?e=cwd&p=%2Fproc%2F17235 HTTP/2.0" 200 1936 "https://hibiscard.com.lab2454.com/whsy.php?p=%2Fproc%2F17235" "Mozilla/5.0 AppleWebKit/537.36 (KHTML, like Gecko; compatible; GPTBot/1.3; +https://openai.com/gptbot)"
74.7.227.52 - - [17/Mar/2026:18:48:14 +0000] "GET /whsy.php?p=%2Fproc%2F17192%2Fnet%2Fip6t_hashlimit HTTP/2.0" 200 502 "https://www.hibiscard.com.lab2454.com/whsy.php?p=%2Fproc%2F17192%2Fnet" "Mozilla/5.0 AppleWebKit/537.36 (KHTML, like Gecko; compatible; GPTBot/1.3; +https://openai.com/gptbot)"
74.7.227.29 - - [17/Mar/2026:18:48:24 +0000] "GET /whsy.php?e=mem&p=%2Fproc%2F30125 HTTP/2.0" 200 1936 "https://hibiscard.com.lab2454.com/whsy.php?p=%2Fproc%2F30125" "Mozilla/5.0 AppleWebKit/537.36 (KHTML, like Gecko; compatible; GPTBot/1.3; +https://openai.com/gptbot)"
74.7.227.52 - - [17/Mar/2026:18:48:29 +0000] "GET /whsy.php?p=%2Fproc%2F17291%2Fnet%2Fip6t_hashlimit HTTP/2.0" 200 502 "https://www.hibiscard.com.lab2454.com/whsy.php?p=%2Fproc%2F17291%2Fnet" "Mozilla/5.0 AppleWebKit/537.36 (KHTML, like Gecko; compatible; GPTBot/1.3; +https://openai.com/gptbot)"
74.7.227.29 - - [17/Mar/2026:18:48:40 +0000] "GET /whsy.php?e=mem&p=%2Fproc%2F17235 HTTP/2.0" 200 1936 "https://hibiscard.com.lab2454.com/whsy.php?p=%2Fproc%2F17235" "Mozilla/5.0 AppleWebKit/537.36 (KHTML, like Gecko; compatible; GPTBot/1.3; +https://openai.com/gptbot)"
74.7.227.52 - - [17/Mar/2026:18:48:49 +0000] "GET /whsy.php?e=udplite6&p=%2Fproc%2F17226%2Fnet HTTP/2.0" 200 2585 "https://www.hibiscard.com.lab2454.com/whsy.php?p=%2Fproc%2F17226%2Fnet" "Mozilla/5.0 AppleWebKit/537.36 (KHTML, like Gecko; compatible; GPTBot/1.3; +https://openai.com/gptbot)"
74.7.227.29 - - [17/Mar/2026:18:48:59 +0000] "GET /whsy.php?e=personality&p=%2Fproc%2F30125 HTTP/2.0" 200 1936 "https://hibiscard.com.lab2454.com/whsy.php?p=%2Fproc%2F30125" "Mozilla/5.0 AppleWebKit/537.36 (KHTML, like Gecko; compatible; GPTBot/1.3; +https://openai.com/gptbot)"
74.7.227.52 - - [17/Mar/2026:18:49:07 +0000] "GET /whsy.php?e=anycast6&p=%2Fproc%2F17291%2Fnet HTTP/2.0" 200 2506 "https://www.hibiscard.com.lab2454.com/whsy.php?p=%2Fproc%2F17291%2Fnet" "Mozilla/5.0 AppleWebKit/537.36 (KHTML, like Gecko; compatible; GPTBot/1.3; +https://openai.com/gptbot)"
74.7.227.29 - - [17/Mar/2026:18:49:23 +0000] "GET /whsy.php?e=personality&p=%2Fproc%2F17235 HTTP/2.0" 200 1936 "https://hibiscard.com.lab2454.com/whsy.php?p=%2Fproc%2F17235" "Mozilla/5.0 AppleWebKit/537.36 (KHTML, like Gecko; compatible; GPTBot/1.3; +https://openai.com/gptbot)"
74.7.227.52 - - [17/Mar/2026:18:49:34 +0000] "GET /whsy.php?e=if_inet6&p=%2Fproc%2F17226%2Fnet HTTP/2.0" 200 2569 "https://www.hibiscard.com.lab2454.com/whsy.php?p=%2Fproc%2F17226%2Fnet" "Mozilla/5.0 AppleWebKit/537.36 (KHTML, like Gecko; compatible; GPTBot/1.3; +https://openai.com/gptbot)"
74.7.227.52 - - [17/Mar/2026:18:49:53 +0000] "GET /whsy.php?e=anycast6&p=%2Fproc%2F17192%2Fnet HTTP/2.0" 200 2506 "https://www.hibiscard.com.lab2454.com/whsy.php?p=%2Fproc%2F17192%2Fnet" "Mozilla/5.0 AppleWebKit/537.36 (KHTML, like Gecko; compatible; GPTBot/1.3; +https://openai.com/gptbot)"
74.7.227.52 - - [17/Mar/2026:18:50:12 +0000] "GET /whsy.php?e=anycast6&p=%2Fproc%2F17213%2Fnet HTTP/2.0" 200 2506 "https://www.hibiscard.com.lab2454.com/whsy.php?p=%2Fproc%2F17213%2Fnet" "Mozilla/5.0 AppleWebKit/537.36 (KHTML, like Gecko; compatible; GPTBot/1.3; +https://openai.com/gptbot)"
74.7.227.29 - - [17/Mar/2026:18:50:24 +0000] "GET /whsy.php?e=sched&p=%2Fproc%2F30125 HTTP/2.0" 200 2484 "https://hibiscard.com.lab2454.com/whsy.php?p=%2Fproc%2F30125" "Mozilla/5.0 AppleWebKit/537.36 (KHTML, like Gecko; compatible; GPTBot/1.3; +https://openai.com/gptbot)"
74.7.227.52 - - [17/Mar/2026:18:50:37 +0000] "GET /whsy.php?e=anycast6&p=%2Fproc%2F17207%2Fnet HTTP/2.0" 200 2507 "https://www.hibiscard.com.lab2454.com/whsy.php?p=%2Fproc%2F17207%2Fnet" "Mozilla/5.0 AppleWebKit/537.36 (KHTML, like Gecko; compatible; GPTBot/1.3; +https://openai.com/gptbot)"
74.7.227.29 - - [17/Mar/2026:18:50:47 +0000] "GET /whsy.php?e=smaps&p=%2Fproc%2F17235 HTTP/2.0" 200 2121 "https://hibiscard.com.lab2454.com/whsy.php?p=%2Fproc%2F17235" "Mozilla/5.0 AppleWebKit/537.36 (KHTML, like Gecko; compatible; GPTBot/1.3; +https://openai.com/gptbot)"
74.7.227.29 - - [17/Mar/2026:18:51:07 +0000] "GET /whsy.php?e=smaps&p=%2Fproc%2F30125 HTTP/2.0" 200 2121 "https://hibiscard.com.lab2454.com/whsy.php?p=%2Fproc%2F30125" "Mozilla/5.0 AppleWebKit/537.36 (KHTML, like Gecko; compatible; GPTBot/1.3; +https://openai.com/gptbot)"
74.7.227.52 - - [17/Mar/2026:18:50:55 +0000] "GET /whsy.php?p=%2Fproc%2F17354%2Fmap_files HTTP/2.0" 200 141409 "https://www.hibiscard.com.lab2454.com/whsy.php?p=%2Fproc%2F17354" "Mozilla/5.0 AppleWebKit/537.36 (KHTML, like Gecko; compatible; GPTBot/1.3; +https://openai.com/gptbot)"
74.7.227.52 - - [17/Mar/2026:18:51:25 +0000] "GET / HTTP/2.0" 200 401 "-" "Mozilla/5.0 AppleWebKit/537.36 (KHTML, like Gecko; compatible; GPTBot/1.3; +https://openai.com/gptbot)"
74.7.227.29 - - [17/Mar/2026:18:51:49 +0000] "GET /whsy.php?e=sched&p=%2Fproc%2F17235 HTTP/2.0" 200 2463 "https://hibiscard.com.lab2454.com/whsy.php?p=%2Fproc%2F17235" "Mozilla/5.0 AppleWebKit/537.36 (KHTML, like Gecko; compatible; GPTBot/1.3; +https://openai.com/gptbot)"
74.7.227.52 - - [17/Mar/2026:18:52:07 +0000] "GET /whsy.php?p=%2Fproc%2F31843%2Ffdinfo HTTP/2.0" 200 830 "https://www.hibiscard.com.lab2454.com/whsy.php?p=%2Fproc%2F31843" "Mozilla/5.0 AppleWebKit/537.36 (KHTML, like Gecko; compatible; GPTBot/1.3; +https://openai.com/gptbot)"
74.7.227.29 - - [17/Mar/2026:18:52:26 +0000] "GET /whsy.php?e=environ&p=%2Fproc%2F30125 HTTP/2.0" 200 1936 "https://hibiscard.com.lab2454.com/whsy.php?p=%2Fproc%2F30125" "Mozilla/5.0 AppleWebKit/537.36 (KHTML, like Gecko; compatible; GPTBot/1.3; +https://openai.com/gptbot)"
74.7.227.52 - - [17/Mar/2026:18:52:31 +0000] "GET /whsy.php?e=projid_map&p=%2Fproc%2F17192 HTTP/2.0" 200 2028 "https://www.hibiscard.com.lab2454.com/whsy.php?p=%2Fproc%2F17192" "Mozilla/5.0 AppleWebKit/537.36 (KHTML, like Gecko; compatible; GPTBot/1.3; +https://openai.com/gptbot)"
74.7.227.29 - - [17/Mar/2026:18:52:44 +0000] "GET /whsy.php?e=environ&p=%2Fproc%2F17235 HTTP/2.0" 200 1936 "https://hibiscard.com.lab2454.com/whsy.php?p=%2Fproc%2F17235" "Mozilla/5.0 AppleWebKit/537.36 (KHTML, like Gecko; compatible; GPTBot/1.3; +https://openai.com/gptbot)"
74.7.227.52 - - [17/Mar/2026:18:52:48 +0000] "GET /whsy.php?e=projid_map&p=%2Fproc%2F17213 HTTP/2.0" 200 2028 "https://www.hibiscard.com.lab2454.com/whsy.php?p=%2Fproc%2F17213" "Mozilla/5.0 AppleWebKit/537.36 (KHTML, like Gecko; compatible; GPTBot/1.3; +https://openai.com/gptbot)"
74.7.227.29 - - [17/Mar/2026:18:53:03 +0000] "GET /whsy.php?p=%2Fproc%2F17226 HTTP/2.0" 200 1935 "https://hibiscard.com.lab2454.com/whsy.php?e=swaps&p=%2Fproc" "Mozilla/5.0 AppleWebKit/537.36 (KHTML, like Gecko; compatible; GPTBot/1.3; +https://openai.com/gptbot)"
74.7.227.52 - - [17/Mar/2026:18:53:05 +0000] "GET /whsy.php?e=projid_map&p=%2Fproc%2F17226 HTTP/2.0" 200 2028 "https://www.hibiscard.com.lab2454.com/whsy.php?p=%2Fproc%2F17226" "Mozilla/5.0 AppleWebKit/537.36 (KHTML, like Gecko; compatible; GPTBot/1.3; +https://openai.com/gptbot)"
74.7.227.29 - - [17/Mar/2026:18:53:18 +0000] "GET /whsy.php?p=%2Fproc%2F14976 HTTP/2.0" 200 830 "https://hibiscard.com.lab2454.com/whsy.php?e=swaps&p=%2Fproc" "Mozilla/5.0 AppleWebKit/537.36 (KHTML, like Gecko; compatible; GPTBot/1.3; +https://openai.com/gptbot)"
74.7.227.52 - - [17/Mar/2026:18:53:20 +0000] "GET /whsy.php?e=projid_map&p=%2Fproc%2F17207 HTTP/2.0" 200 2028 "https://www.hibiscard.com.lab2454.com/whsy.php?p=%2Fproc%2F17207" "Mozilla/5.0 AppleWebKit/537.36 (KHTML, like Gecko; compatible; GPTBot/1.3; +https://openai.com/gptbot)"
74.7.227.29 - - [17/Mar/2026:18:53:38 +0000] "GET /whsy.php?p=%2Fproc%2F13485 HTTP/2.0" 200 830 "https://hibiscard.com.lab2454.com/whsy.php?e=swaps&p=%2Fproc" "Mozilla/5.0 AppleWebKit/537.36 (KHTML, like Gecko; compatible; GPTBot/1.3; +https://openai.com/gptbot)"
74.7.227.52 - - [17/Mar/2026:18:53:41 +0000] "GET /whsy.php?e=projid_map&p=%2Fproc%2F17291 HTTP/2.0" 200 2027 "https://www.hibiscard.com.lab2454.com/whsy.php?p=%2Fproc%2F17291" "Mozilla/5.0 AppleWebKit/537.36 (KHTML, like Gecko; compatible; GPTBot/1.3; +https://openai.com/gptbot)"
74.7.227.52 - - [17/Mar/2026:18:54:02 +0000] "GET /whsy.php?e=projid_map&p=%2Fproc%2F31127 HTTP/2.0" 200 830 "https://www.hibiscard.com.lab2454.com/whsy.php?p=%2Fproc%2F31127" "Mozilla/5.0 AppleWebKit/537.36 (KHTML, like Gecko; compatible; GPTBot/1.3; +https://openai.com/gptbot)"
74.7.227.29 - - [17/Mar/2026:18:54:18 +0000] "GET /whsy.php?p=%2Fproc%2F28418 HTTP/2.0" 200 830 "https://hibiscard.com.lab2454.com/whsy.php?e=swaps&p=%2Fproc" "Mozilla/5.0 AppleWebKit/537.36 (KHTML, like Gecko; compatible; GPTBot/1.3; +https://openai.com/gptbot)"
74.7.227.52 - - [17/Mar/2026:18:54:21 +0000] "GET /whsy.php?e=ksm_merging_pages&p=%2Fproc%2F17354 HTTP/2.0" 200 1936 "https://www.hibiscard.com.lab2454.com/whsy.php?p=%2Fproc%2F17354" "Mozilla/5.0 AppleWebKit/537.36 (KHTML, like Gecko; compatible; GPTBot/1.3; +https://openai.com/gptbot)"
74.7.227.29 - - [17/Mar/2026:18:54:40 +0000] "GET /whsy.php?p=%2Fproc%2F14986 HTTP/2.0" 200 830 "https://hibiscard.com.lab2454.com/whsy.php?e=swaps&p=%2Fproc" "Mozilla/5.0 AppleWebKit/537.36 (KHTML, like Gecko; compatible; GPTBot/1.3; +https://openai.com/gptbot)"
74.7.227.52 - - [17/Mar/2026:18:54:44 +0000] "GET /whsy.php?e=projid_map&p=%2Fproc%2F11108 HTTP/2.0" 200 830 "https://www.hibiscard.com.lab2454.com/whsy.php?p=%2Fproc%2F11108" "Mozilla/5.0 AppleWebKit/537.36 (KHTML, like Gecko; compatible; GPTBot/1.3; +https://openai.com/gptbot)"
74.7.227.29 - - [17/Mar/2026:18:55:00 +0000] "GET /whsy.php?p=%2Fproc%2F21798 HTTP/2.0" 200 830 "https://hibiscard.com.lab2454.com/whsy.php?e=swaps&p=%2Fproc" "Mozilla/5.0 AppleWebKit/537.36 (KHTML, like Gecko; compatible; GPTBot/1.3; +https://openai.com/gptbot)"
74.7.227.52 - - [17/Mar/2026:18:55:03 +0000] "GET /whsy.php?e=projid_map&p=%2Fproc%2F11555 HTTP/2.0" 200 830 "https://www.hibiscard.com.lab2454.com/whsy.php?p=%2Fproc%2F11555" "Mozilla/5.0 AppleWebKit/537.36 (KHTML, like Gecko; compatible; GPTBot/1.3; +https://openai.com/gptbot)"
74.7.227.29 - - [17/Mar/2026:18:55:19 +0000] "GET /whsy.php?p=%2Fproc%2F14983 HTTP/2.0" 200 830 "https://hibiscard.com.lab2454.com/whsy.php?e=swaps&p=%2Fproc" "Mozilla/5.0 AppleWebKit/537.36 (KHTML, like Gecko; compatible; GPTBot/1.3; +https://openai.com/gptbot)"
74.7.227.52 - - [17/Mar/2026:18:55:22 +0000] "GET /?C=D;O=A HTTP/2.0" 200 401 "https://www.hibiscard.com.lab2454.com/" "Mozilla/5.0 AppleWebKit/537.36 (KHTML, like Gecko; compatible; GPTBot/1.3; +https://openai.com/gptbot)"
74.7.244.51 - - [17/Mar/2026:18:55:23 +0000] "GET /robots.txt HTTP/2.0" 404 - "-" "Mozilla/5.0 (Macintosh; Intel Mac OS X 10_15_7) AppleWebKit/537.36 (KHTML, like Gecko) Chrome/131.0.0.0 Safari/537.36; compatible; OAI-SearchBot/1.3; robots.txt; +https://openai.com/searchbot"
74.7.227.52 - - [17/Mar/2026:18:55:44 +0000] "GET /?C=S;O=A HTTP/2.0" 200 401 "https://www.hibiscard.com.lab2454.com/" "Mozilla/5.0 AppleWebKit/537.36 (KHTML, like Gecko; compatible; GPTBot/1.3; +https://openai.com/gptbot)"
74.7.227.29 - - [17/Mar/2026:18:56:10 +0000] "GET /whsy.php?p=%2Fproc%2F17820 HTTP/2.0" 200 830 "https://hibiscard.com.lab2454.com/whsy.php?e=swaps&p=%2Fproc" "Mozilla/5.0 AppleWebKit/537.36 (KHTML, like Gecko; compatible; GPTBot/1.3; +https://openai.com/gptbot)"
74.7.227.52 - - [17/Mar/2026:18:56:12 +0000] "GET /?C=N;O=D HTTP/2.0" 200 402 "https://www.hibiscard.com.lab2454.com/" "Mozilla/5.0 AppleWebKit/537.36 (KHTML, like Gecko; compatible; GPTBot/1.3; +https://openai.com/gptbot)"
74.7.227.52 - - [17/Mar/2026:18:56:31 +0000] "GET /?C=M;O=A HTTP/2.0" 200 405 "https://www.hibiscard.com.lab2454.com/" "Mozilla/5.0 AppleWebKit/537.36 (KHTML, like Gecko; compatible; GPTBot/1.3; +https://openai.com/gptbot)"
74.7.227.29 - - [17/Mar/2026:18:56:30 +0000] "GET /whsy.php?p=%2Fproc%2F11014 HTTP/2.0" 200 830 "https://hibiscard.com.lab2454.com/whsy.php?e=swaps&p=%2Fproc" "Mozilla/5.0 AppleWebKit/537.36 (KHTML, like Gecko; compatible; GPTBot/1.3; +https://openai.com/gptbot)"
74.7.227.52 - - [17/Mar/2026:18:56:54 +0000] "GET /whsy.php?e=sockcreate&p=%2Fproc%2F17213%2Fattr HTTP/2.0" 200 863 "https://www.hibiscard.com.lab2454.com/whsy.php?p=%2Fproc%2F17213%2Fattr" "Mozilla/5.0 AppleWebKit/537.36 (KHTML, like Gecko; compatible; GPTBot/1.3; +https://openai.com/gptbot)"
74.7.227.29 - - [17/Mar/2026:18:56:55 +0000] "GET /whsy.php?e=mountinfo&p=%2Fproc%2F17226 HTTP/2.0" 200 2951 "https://hibiscard.com.lab2454.com/whsy.php?p=%2Fproc%2F17226" "Mozilla/5.0 AppleWebKit/537.36 (KHTML, like Gecko; compatible; GPTBot/1.3; +https://openai.com/gptbot)"
