74.7.227.52 - - [18/Mar/2026:00:52:58 +0000] "GET /whsy.php?e=udplite&p=%2Fproc%2F11332%2Fnet HTTP/2.0" 200 2583 "https://www.hibiscard.com.lab2454.com/whsy.php?p=%2Fproc%2F11332%2Fnet" "Mozilla/5.0 AppleWebKit/537.36 (KHTML, like Gecko; compatible; GPTBot/1.3; +https://openai.com/gptbot)"
74.7.227.52 - - [18/Mar/2026:00:53:08 +0000] "GET /whsy.php?e=mcfilter&p=%2Fproc%2F11332%2Fnet HTTP/2.0" 200 2538 "https://www.hibiscard.com.lab2454.com/whsy.php?p=%2Fproc%2F11332%2Fnet" "Mozilla/5.0 AppleWebKit/537.36 (KHTML, like Gecko; compatible; GPTBot/1.3; +https://openai.com/gptbot)"
74.7.227.52 - - [18/Mar/2026:00:53:19 +0000] "GET /whsy.php?e=rt_acct&p=%2Fproc%2F11332%2Fnet HTTP/2.0" 200 2529 "https://www.hibiscard.com.lab2454.com/whsy.php?p=%2Fproc%2F11332%2Fnet" "Mozilla/5.0 AppleWebKit/537.36 (KHTML, like Gecko; compatible; GPTBot/1.3; +https://openai.com/gptbot)"
74.7.228.29 - - [18/Mar/2026:00:53:24 +0000] "GET /robots.txt HTTP/2.0" 404 - "-" "Mozilla/5.0 (Macintosh; Intel Mac OS X 10_15_7) AppleWebKit/537.36 (KHTML, like Gecko) Chrome/131.0.0.0 Safari/537.36; compatible; OAI-SearchBot/1.3; robots.txt; +https://openai.com/searchbot"
74.7.227.52 - - [18/Mar/2026:00:53:30 +0000] "GET /whsy.php?p=%2Fproc%2F11332%2Fnet%2Fnetfilter HTTP/2.0" 200 731 "https://www.hibiscard.com.lab2454.com/whsy.php?p=%2Fproc%2F11332%2Fnet" "Mozilla/5.0 AppleWebKit/537.36 (KHTML, like Gecko; compatible; GPTBot/1.3; +https://openai.com/gptbot)"
74.7.227.29 - - [18/Mar/2026:00:53:34 +0000] "GET /whsy.php?e=timers&p=%2Fproc%2F23805 HTTP/2.0" 200 2006 "https://hibiscard.com.lab2454.com/whsy.php?p=%2Fproc%2F23805" "Mozilla/5.0 AppleWebKit/537.36 (KHTML, like Gecko; compatible; GPTBot/1.3; +https://openai.com/gptbot)"
74.7.227.52 - - [18/Mar/2026:00:53:42 +0000] "GET /whsy.php?p=%2Fproc%2F12313%2Fns HTTP/2.0" 200 830 "https://www.hibiscard.com.lab2454.com/whsy.php?p=%2Fproc%2F12313" "Mozilla/5.0 AppleWebKit/537.36 (KHTML, like Gecko; compatible; GPTBot/1.3; +https://openai.com/gptbot)"
74.7.227.29 - - [18/Mar/2026:00:53:49 +0000] "GET /whsy.php?e=mounts&p=%2Fproc%2F17187 HTTP/2.0" 200 2649 "https://hibiscard.com.lab2454.com/whsy.php?p=%2Fproc%2F17187" "Mozilla/5.0 AppleWebKit/537.36 (KHTML, like Gecko; compatible; GPTBot/1.3; +https://openai.com/gptbot)"
74.7.227.29 - - [18/Mar/2026:00:54:07 +0000] "GET /whsy.php?e=cgroup&p=%2Fproc%2F17304 HTTP/2.0" 200 2141 "https://hibiscard.com.lab2454.com/whsy.php?p=%2Fproc%2F17304" "Mozilla/5.0 AppleWebKit/537.36 (KHTML, like Gecko; compatible; GPTBot/1.3; +https://openai.com/gptbot)"
74.7.227.52 - - [18/Mar/2026:00:53:59 +0000] "GET /whsy.php?p=%2Fproc%2F11332%2Fns HTTP/2.0" 200 187967 "https://www.hibiscard.com.lab2454.com/whsy.php?p=%2Fproc%2F11332" "Mozilla/5.0 AppleWebKit/537.36 (KHTML, like Gecko; compatible; GPTBot/1.3; +https://openai.com/gptbot)"
74.7.227.29 - - [18/Mar/2026:00:54:37 +0000] "GET /whsy.php?e=limits&p=%2Fproc%2F17297 HTTP/2.0" 200 2268 "https://hibiscard.com.lab2454.com/whsy.php?p=%2Fproc%2F17297" "Mozilla/5.0 AppleWebKit/537.36 (KHTML, like Gecko; compatible; GPTBot/1.3; +https://openai.com/gptbot)"
74.7.227.52 - - [18/Mar/2026:00:54:43 +0000] "GET /whsy.php?p=%2Fproc%2F24956%2Fns HTTP/2.0" 200 830 "https://www.hibiscard.com.lab2454.com/whsy.php?p=%2Fproc%2F24956" "Mozilla/5.0 AppleWebKit/537.36 (KHTML, like Gecko; compatible; GPTBot/1.3; +https://openai.com/gptbot)"
74.7.227.52 - - [18/Mar/2026:00:54:56 +0000] "GET /whsy.php?p=%2Fproc%2F12313%2Ffd HTTP/2.0" 200 830 "https://www.hibiscard.com.lab2454.com/whsy.php?p=%2Fproc%2F12313" "Mozilla/5.0 AppleWebKit/537.36 (KHTML, like Gecko; compatible; GPTBot/1.3; +https://openai.com/gptbot)"
74.7.227.29 - - [18/Mar/2026:00:55:04 +0000] "GET /whsy.php?e=timers&p=%2Fproc%2F17246 HTTP/2.0" 200 2005 "https://hibiscard.com.lab2454.com/whsy.php?p=%2Fproc%2F17246" "Mozilla/5.0 AppleWebKit/537.36 (KHTML, like Gecko; compatible; GPTBot/1.3; +https://openai.com/gptbot)"
74.7.227.52 - - [18/Mar/2026:00:55:10 +0000] "GET /whsy.php?p=%2Fproc%2F22430%2Ffd HTTP/2.0" 200 830 "https://www.hibiscard.com.lab2454.com/whsy.php?p=%2Fproc%2F22430" "Mozilla/5.0 AppleWebKit/537.36 (KHTML, like Gecko; compatible; GPTBot/1.3; +https://openai.com/gptbot)"
74.7.227.29 - - [18/Mar/2026:00:55:19 +0000] "GET /whsy.php?e=cpuset&p=%2Fproc%2F30671 HTTP/2.0" 200 2005 "https://hibiscard.com.lab2454.com/whsy.php?p=%2Fproc%2F30671" "Mozilla/5.0 AppleWebKit/537.36 (KHTML, like Gecko; compatible; GPTBot/1.3; +https://openai.com/gptbot)"
74.7.227.52 - - [18/Mar/2026:00:55:24 +0000] "GET /whsy.php?p=%2Fproc%2F24257%2Ffd HTTP/2.0" 200 830 "https://www.hibiscard.com.lab2454.com/whsy.php?p=%2Fproc%2F24257" "Mozilla/5.0 AppleWebKit/537.36 (KHTML, like Gecko; compatible; GPTBot/1.3; +https://openai.com/gptbot)"
74.7.244.51 - - [18/Mar/2026:00:55:25 +0000] "GET /robots.txt HTTP/2.0" 404 - "-" "Mozilla/5.0 (Macintosh; Intel Mac OS X 10_15_7) AppleWebKit/537.36 (KHTML, like Gecko) Chrome/131.0.0.0 Safari/537.36; compatible; OAI-SearchBot/1.3; robots.txt; +https://openai.com/searchbot"
74.7.227.52 - - [18/Mar/2026:00:55:38 +0000] "GET /whsy.php?p=%2Fproc%2F22430%2Fns HTTP/2.0" 200 830 "https://www.hibiscard.com.lab2454.com/whsy.php?p=%2Fproc%2F22430" "Mozilla/5.0 AppleWebKit/537.36 (KHTML, like Gecko; compatible; GPTBot/1.3; +https://openai.com/gptbot)"
74.7.227.29 - - [18/Mar/2026:00:55:47 +0000] "GET /whsy.php?e=status&p=%2Fproc%2F17194 HTTP/2.0" 200 2557 "https://hibiscard.com.lab2454.com/whsy.php?p=%2Fproc%2F17194" "Mozilla/5.0 AppleWebKit/537.36 (KHTML, like Gecko; compatible; GPTBot/1.3; +https://openai.com/gptbot)"
74.7.227.52 - - [18/Mar/2026:00:55:53 +0000] "GET /whsy.php?p=%2Fproc%2F11332%2Ffd HTTP/2.0" 200 121497 "https://www.hibiscard.com.lab2454.com/whsy.php?p=%2Fproc%2F11332" "Mozilla/5.0 AppleWebKit/537.36 (KHTML, like Gecko; compatible; GPTBot/1.3; +https://openai.com/gptbot)"
74.7.227.29 - - [18/Mar/2026:00:56:22 +0000] "GET /whsy.php?e=cgroup&p=%2Fproc%2F17354 HTTP/2.0" 200 830 "https://hibiscard.com.lab2454.com/whsy.php?p=%2Fproc%2F17354" "Mozilla/5.0 AppleWebKit/537.36 (KHTML, like Gecko; compatible; GPTBot/1.3; +https://openai.com/gptbot)"
74.7.227.52 - - [18/Mar/2026:00:56:43 +0000] "GET /whsy.php?p=%2Fproc%2F19390%2Ffd HTTP/2.0" 200 830 "https://www.hibiscard.com.lab2454.com/whsy.php?p=%2Fproc%2F19390" "Mozilla/5.0 AppleWebKit/537.36 (KHTML, like Gecko; compatible; GPTBot/1.3; +https://openai.com/gptbot)"
74.7.227.29 - - [18/Mar/2026:00:56:43 +0000] "GET /whsy.php?e=cgroup&p=%2Fproc%2F30467 HTTP/2.0" 200 2141 "https://hibiscard.com.lab2454.com/whsy.php?p=%2Fproc%2F30467" "Mozilla/5.0 AppleWebKit/537.36 (KHTML, like Gecko; compatible; GPTBot/1.3; +https://openai.com/gptbot)"
74.7.227.52 - - [18/Mar/2026:00:56:57 +0000] "GET /whsy.php?p=%2Fproc%2F19390%2Fns HTTP/2.0" 200 830 "https://www.hibiscard.com.lab2454.com/whsy.php?p=%2Fproc%2F19390" "Mozilla/5.0 AppleWebKit/537.36 (KHTML, like Gecko; compatible; GPTBot/1.3; +https://openai.com/gptbot)"
74.7.227.52 - - [18/Mar/2026:00:57:09 +0000] "GET /whsy.php?p=%2Fproc%2F31043%2Fns HTTP/2.0" 200 830 "https://www.hibiscard.com.lab2454.com/whsy.php?p=%2Fproc%2F31043" "Mozilla/5.0 AppleWebKit/537.36 (KHTML, like Gecko; compatible; GPTBot/1.3; +https://openai.com/gptbot)"
74.7.227.29 - - [18/Mar/2026:00:57:09 +0000] "GET /whsy.php?e=limits&p=%2Fproc%2F17213 HTTP/2.0" 200 2268 "https://hibiscard.com.lab2454.com/whsy.php?p=%2Fproc%2F17213" "Mozilla/5.0 AppleWebKit/537.36 (KHTML, like Gecko; compatible; GPTBot/1.3; +https://openai.com/gptbot)"
74.7.227.52 - - [18/Mar/2026:00:57:20 +0000] "GET /whsy.php?p=%2Fproc%2F24257%2Fns HTTP/2.0" 200 830 "https://www.hibiscard.com.lab2454.com/whsy.php?p=%2Fproc%2F24257" "Mozilla/5.0 AppleWebKit/537.36 (KHTML, like Gecko; compatible; GPTBot/1.3; +https://openai.com/gptbot)"
74.7.227.52 - - [18/Mar/2026:00:57:38 +0000] "GET /whsy.php?p=%2Fproc%2F31043%2Ffd HTTP/2.0" 200 830 "https://www.hibiscard.com.lab2454.com/whsy.php?p=%2Fproc%2F31043" "Mozilla/5.0 AppleWebKit/537.36 (KHTML, like Gecko; compatible; GPTBot/1.3; +https://openai.com/gptbot)"
74.7.227.52 - - [18/Mar/2026:00:57:56 +0000] "GET /whsy.php?p=%2Fproc%2F24956%2Ffd HTTP/2.0" 200 830 "https://www.hibiscard.com.lab2454.com/whsy.php?p=%2Fproc%2F24956" "Mozilla/5.0 AppleWebKit/537.36 (KHTML, like Gecko; compatible; GPTBot/1.3; +https://openai.com/gptbot)"
74.7.227.29 - - [18/Mar/2026:00:58:08 +0000] "GET /whsy.php?e=numa_maps&p=%2Fproc%2F30671 HTTP/2.0" 200 2124 "https://hibiscard.com.lab2454.com/whsy.php?p=%2Fproc%2F30671" "Mozilla/5.0 AppleWebKit/537.36 (KHTML, like Gecko; compatible; GPTBot/1.3; +https://openai.com/gptbot)"
74.7.227.52 - - [18/Mar/2026:00:58:08 +0000] "GET /whsy.php?p=%2Fproc%2F24956%2Ffdinfo HTTP/2.0" 200 830 "https://www.hibiscard.com.lab2454.com/whsy.php?p=%2Fproc%2F24956" "Mozilla/5.0 AppleWebKit/537.36 (KHTML, like Gecko; compatible; GPTBot/1.3; +https://openai.com/gptbot)"
74.7.227.29 - - [18/Mar/2026:00:58:19 +0000] "GET /whsy.php?e=numa_maps&p=%2Fproc%2F30467 HTTP/2.0" 200 2124 "https://hibiscard.com.lab2454.com/whsy.php?p=%2Fproc%2F30467" "Mozilla/5.0 AppleWebKit/537.36 (KHTML, like Gecko; compatible; GPTBot/1.3; +https://openai.com/gptbot)"
74.7.227.52 - - [18/Mar/2026:00:58:19 +0000] "GET /whsy.php?p=%2Fproc%2F11332%2Fnet%2Fip6t_hashlimit HTTP/2.0" 200 501 "https://www.hibiscard.com.lab2454.com/whsy.php?p=%2Fproc%2F11332%2Fnet" "Mozilla/5.0 AppleWebKit/537.36 (KHTML, like Gecko; compatible; GPTBot/1.3; +https://openai.com/gptbot)"
74.7.227.29 - - [18/Mar/2026:00:58:31 +0000] "GET /whsy.php?e=numa_maps&p=%2Fproc%2F17304 HTTP/2.0" 200 2123 "https://hibiscard.com.lab2454.com/whsy.php?p=%2Fproc%2F17304" "Mozilla/5.0 AppleWebKit/537.36 (KHTML, like Gecko; compatible; GPTBot/1.3; +https://openai.com/gptbot)"
74.7.227.52 - - [18/Mar/2026:00:58:31 +0000] "GET /whsy.php?e=anycast6&p=%2Fproc%2F11332%2Fnet HTTP/2.0" 200 2506 "https://www.hibiscard.com.lab2454.com/whsy.php?p=%2Fproc%2F11332%2Fnet" "Mozilla/5.0 AppleWebKit/537.36 (KHTML, like Gecko; compatible; GPTBot/1.3; +https://openai.com/gptbot)"
74.7.227.52 - - [18/Mar/2026:00:58:45 +0000] "GET /whsy.php?e=igmp&p=%2Fproc%2F11332%2Fnet HTTP/2.0" 200 2591 "https://www.hibiscard.com.lab2454.com/whsy.php?p=%2Fproc%2F11332%2Fnet" "Mozilla/5.0 AppleWebKit/537.36 (KHTML, like Gecko; compatible; GPTBot/1.3; +https://openai.com/gptbot)"
74.7.227.29 - - [18/Mar/2026:00:58:57 +0000] "GET /whsy.php?e=numa_maps&p=%2Fproc%2F17354 HTTP/2.0" 200 830 "https://hibiscard.com.lab2454.com/whsy.php?p=%2Fproc%2F17354" "Mozilla/5.0 AppleWebKit/537.36 (KHTML, like Gecko; compatible; GPTBot/1.3; +https://openai.com/gptbot)"
74.7.227.52 - - [18/Mar/2026:00:58:57 +0000] "GET /whsy.php?e=icmp&p=%2Fproc%2F11332%2Fnet HTTP/2.0" 200 2580 "https://www.hibiscard.com.lab2454.com/whsy.php?p=%2Fproc%2F11332%2Fnet" "Mozilla/5.0 AppleWebKit/537.36 (KHTML, like Gecko; compatible; GPTBot/1.3; +https://openai.com/gptbot)"
74.7.227.29 - - [18/Mar/2026:00:59:32 +0000] "GET /whsy.php?e=numa_maps&p=%2Fproc%2F17268 HTTP/2.0" 200 2123 "https://hibiscard.com.lab2454.com/whsy.php?p=%2Fproc%2F17268" "Mozilla/5.0 AppleWebKit/537.36 (KHTML, like Gecko; compatible; GPTBot/1.3; +https://openai.com/gptbot)"
74.7.227.52 - - [18/Mar/2026:00:59:10 +0000] "GET /whsy.php?p=%2Fproc%2F11332%2Fmap_files HTTP/2.0" 200 210530 "https://www.hibiscard.com.lab2454.com/whsy.php?p=%2Fproc%2F11332" "Mozilla/5.0 AppleWebKit/537.36 (KHTML, like Gecko; compatible; GPTBot/1.3; +https://openai.com/gptbot)"
74.7.227.29 - - [18/Mar/2026:00:59:44 +0000] "GET /whsy.php?e=numa_maps&p=%2Fproc%2F17235 HTTP/2.0" 200 2124 "https://hibiscard.com.lab2454.com/whsy.php?p=%2Fproc%2F17235" "Mozilla/5.0 AppleWebKit/537.36 (KHTML, like Gecko; compatible; GPTBot/1.3; +https://openai.com/gptbot)"
74.7.227.52 - - [18/Mar/2026:00:59:50 +0000] "GET /whsy.php?p=%2Fproc%2F24257%2Fmap_files HTTP/2.0" 200 830 "https://www.hibiscard.com.lab2454.com/whsy.php?p=%2Fproc%2F24257" "Mozilla/5.0 AppleWebKit/537.36 (KHTML, like Gecko; compatible; GPTBot/1.3; +https://openai.com/gptbot)"
74.7.227.52 - - [18/Mar/2026:01:00:03 +0000] "GET /whsy.php?p=%2Fproc%2F12313%2Fmap_files HTTP/2.0" 200 830 "https://www.hibiscard.com.lab2454.com/whsy.php?p=%2Fproc%2F12313" "Mozilla/5.0 AppleWebKit/537.36 (KHTML, like Gecko; compatible; GPTBot/1.3; +https://openai.com/gptbot)"
74.7.227.52 - - [18/Mar/2026:01:00:15 +0000] "GET /whsy.php?p=%2Fproc%2F22430%2Fmap_files HTTP/2.0" 200 830 "https://www.hibiscard.com.lab2454.com/whsy.php?p=%2Fproc%2F22430" "Mozilla/5.0 AppleWebKit/537.36 (KHTML, like Gecko; compatible; GPTBot/1.3; +https://openai.com/gptbot)"
74.7.227.52 - - [18/Mar/2026:01:00:28 +0000] "GET /whsy.php?e=projid_map&p=%2Fproc%2F19390 HTTP/2.0" 200 830 "https://www.hibiscard.com.lab2454.com/whsy.php?p=%2Fproc%2F19390" "Mozilla/5.0 AppleWebKit/537.36 (KHTML, like Gecko; compatible; GPTBot/1.3; +https://openai.com/gptbot)"
74.7.227.52 - - [18/Mar/2026:01:00:45 +0000] "GET /whsy.php?e=projid_map&p=%2Fproc%2F31043 HTTP/2.0" 200 830 "https://www.hibiscard.com.lab2454.com/whsy.php?p=%2Fproc%2F31043" "Mozilla/5.0 AppleWebKit/537.36 (KHTML, like Gecko; compatible; GPTBot/1.3; +https://openai.com/gptbot)"
74.7.227.29 - - [18/Mar/2026:01:00:54 +0000] "GET /whsy.php?e=numa_maps&p=%2Fproc%2F17194 HTTP/2.0" 200 2123 "https://hibiscard.com.lab2454.com/whsy.php?p=%2Fproc%2F17194" "Mozilla/5.0 AppleWebKit/537.36 (KHTML, like Gecko; compatible; GPTBot/1.3; +https://openai.com/gptbot)"
74.7.227.52 - - [18/Mar/2026:01:01:01 +0000] "GET /whsy.php?e=projid_map&p=%2Fproc%2F24956 HTTP/2.0" 200 830 "https://www.hibiscard.com.lab2454.com/whsy.php?p=%2Fproc%2F24956" "Mozilla/5.0 AppleWebKit/537.36 (KHTML, like Gecko; compatible; GPTBot/1.3; +https://openai.com/gptbot)"
74.7.227.52 - - [18/Mar/2026:01:01:15 +0000] "GET /whsy.php?p=%2Fproc%2F19390%2Fmap_files HTTP/2.0" 200 830 "https://www.hibiscard.com.lab2454.com/whsy.php?p=%2Fproc%2F19390" "Mozilla/5.0 AppleWebKit/537.36 (KHTML, like Gecko; compatible; GPTBot/1.3; +https://openai.com/gptbot)"
74.7.227.29 - - [18/Mar/2026:01:01:23 +0000] "GET /whsy.php?e=numa_maps&p=%2Fproc%2F17246 HTTP/2.0" 200 2123 "https://hibiscard.com.lab2454.com/whsy.php?p=%2Fproc%2F17246" "Mozilla/5.0 AppleWebKit/537.36 (KHTML, like Gecko; compatible; GPTBot/1.3; +https://openai.com/gptbot)"
74.7.227.52 - - [18/Mar/2026:01:01:29 +0000] "GET /whsy.php?p=%2Fproc%2F31043%2Fmap_files HTTP/2.0" 200 830 "https://www.hibiscard.com.lab2454.com/whsy.php?p=%2Fproc%2F31043" "Mozilla/5.0 AppleWebKit/537.36 (KHTML, like Gecko; compatible; GPTBot/1.3; +https://openai.com/gptbot)"
74.7.227.29 - - [18/Mar/2026:01:01:36 +0000] "GET /whsy.php?e=numa_maps&p=%2Fproc%2F23805 HTTP/2.0" 200 2124 "https://hibiscard.com.lab2454.com/whsy.php?p=%2Fproc%2F23805" "Mozilla/5.0 AppleWebKit/537.36 (KHTML, like Gecko; compatible; GPTBot/1.3; +https://openai.com/gptbot)"
74.7.227.52 - - [18/Mar/2026:01:01:41 +0000] "GET /whsy.php?e=if_inet6&p=%2Fproc%2F11332%2Fnet HTTP/2.0" 200 2569 "https://www.hibiscard.com.lab2454.com/whsy.php?p=%2Fproc%2F11332%2Fnet" "Mozilla/5.0 AppleWebKit/537.36 (KHTML, like Gecko; compatible; GPTBot/1.3; +https://openai.com/gptbot)"
74.7.227.52 - - [18/Mar/2026:01:01:54 +0000] "GET /whsy.php?e=udplite6&p=%2Fproc%2F11332%2Fnet HTTP/2.0" 200 2585 "https://www.hibiscard.com.lab2454.com/whsy.php?p=%2Fproc%2F11332%2Fnet" "Mozilla/5.0 AppleWebKit/537.36 (KHTML, like Gecko; compatible; GPTBot/1.3; +https://openai.com/gptbot)"
74.7.227.29 - - [18/Mar/2026:01:02:00 +0000] "GET /whsy.php?e=numa_maps&p=%2Fproc%2F17259 HTTP/2.0" 200 2124 "https://hibiscard.com.lab2454.com/whsy.php?p=%2Fproc%2F17259" "Mozilla/5.0 AppleWebKit/537.36 (KHTML, like Gecko; compatible; GPTBot/1.3; +https://openai.com/gptbot)"
74.7.227.52 - - [18/Mar/2026:01:02:07 +0000] "GET /whsy.php?p=%2Fproc%2F31043%2Ffdinfo HTTP/2.0" 200 830 "https://www.hibiscard.com.lab2454.com/whsy.php?p=%2Fproc%2F31043" "Mozilla/5.0 AppleWebKit/537.36 (KHTML, like Gecko; compatible; GPTBot/1.3; +https://openai.com/gptbot)"
74.7.227.52 - - [18/Mar/2026:01:02:20 +0000] "GET /whsy.php?p=%2Fproc%2F19390%2Ffdinfo HTTP/2.0" 200 830 "https://www.hibiscard.com.lab2454.com/whsy.php?p=%2Fproc%2F19390" "Mozilla/5.0 AppleWebKit/537.36 (KHTML, like Gecko; compatible; GPTBot/1.3; +https://openai.com/gptbot)"
74.7.227.29 - - [18/Mar/2026:01:02:25 +0000] "GET /whsy.php?e=numa_maps&p=%2Fproc%2F31892 HTTP/2.0" 200 830 "https://hibiscard.com.lab2454.com/whsy.php?p=%2Fproc%2F31892" "Mozilla/5.0 AppleWebKit/537.36 (KHTML, like Gecko; compatible; GPTBot/1.3; +https://openai.com/gptbot)"
74.7.227.52 - - [18/Mar/2026:01:02:31 +0000] "GET /whsy.php?e=projid_map&p=%2Fproc%2F12313 HTTP/2.0" 200 830 "https://www.hibiscard.com.lab2454.com/whsy.php?p=%2Fproc%2F12313" "Mozilla/5.0 AppleWebKit/537.36 (KHTML, like Gecko; compatible; GPTBot/1.3; +https://openai.com/gptbot)"
74.7.227.52 - - [18/Mar/2026:01:02:41 +0000] "GET /whsy.php?e=projid_map&p=%2Fproc%2F11332 HTTP/2.0" 200 2027 "https://www.hibiscard.com.lab2454.com/whsy.php?p=%2Fproc%2F11332" "Mozilla/5.0 AppleWebKit/537.36 (KHTML, like Gecko; compatible; GPTBot/1.3; +https://openai.com/gptbot)"
74.7.227.29 - - [18/Mar/2026:01:02:45 +0000] "GET /whsy.php?e=numa_maps&p=%2Fproc%2F30125 HTTP/2.0" 200 2123 "https://hibiscard.com.lab2454.com/whsy.php?p=%2Fproc%2F30125" "Mozilla/5.0 AppleWebKit/537.36 (KHTML, like Gecko; compatible; GPTBot/1.3; +https://openai.com/gptbot)"
74.7.227.52 - - [18/Mar/2026:01:02:52 +0000] "GET /whsy.php?e=projid_map&p=%2Fproc%2F22430 HTTP/2.0" 200 830 "https://www.hibiscard.com.lab2454.com/whsy.php?p=%2Fproc%2F22430" "Mozilla/5.0 AppleWebKit/537.36 (KHTML, like Gecko; compatible; GPTBot/1.3; +https://openai.com/gptbot)"
74.7.227.52 - - [18/Mar/2026:01:03:04 +0000] "GET /whsy.php?e=projid_map&p=%2Fproc%2F24257 HTTP/2.0" 200 830 "https://www.hibiscard.com.lab2454.com/whsy.php?p=%2Fproc%2F24257" "Mozilla/5.0 AppleWebKit/537.36 (KHTML, like Gecko; compatible; GPTBot/1.3; +https://openai.com/gptbot)"
74.7.227.52 - - [18/Mar/2026:01:03:19 +0000] "GET /whsy.php?p=%2Fproc%2F24956%2Fmap_files HTTP/2.0" 200 830 "https://www.hibiscard.com.lab2454.com/whsy.php?p=%2Fproc%2F24956" "Mozilla/5.0 AppleWebKit/537.36 (KHTML, like Gecko; compatible; GPTBot/1.3; +https://openai.com/gptbot)"
74.7.227.29 - - [18/Mar/2026:01:03:25 +0000] "GET /whsy.php?e=numa_maps&p=%2Fproc%2F10590 HTTP/2.0" 200 2124 "https://hibiscard.com.lab2454.com/whsy.php?p=%2Fproc%2F10590" "Mozilla/5.0 AppleWebKit/537.36 (KHTML, like Gecko; compatible; GPTBot/1.3; +https://openai.com/gptbot)"
74.7.227.52 - - [18/Mar/2026:01:03:33 +0000] "GET /whsy.php?e=coredump_filter&p=%2Fproc%2F24956 HTTP/2.0" 200 830 "https://www.hibiscard.com.lab2454.com/whsy.php?p=%2Fproc%2F24956" "Mozilla/5.0 AppleWebKit/537.36 (KHTML, like Gecko; compatible; GPTBot/1.3; +https://openai.com/gptbot)"
74.7.227.29 - - [18/Mar/2026:01:03:41 +0000] "GET /whsy.php?e=numa_maps&p=%2Fproc%2F17315 HTTP/2.0" 200 2124 "https://hibiscard.com.lab2454.com/whsy.php?p=%2Fproc%2F17315" "Mozilla/5.0 AppleWebKit/537.36 (KHTML, like Gecko; compatible; GPTBot/1.3; +https://openai.com/gptbot)"
74.7.227.52 - - [18/Mar/2026:01:03:47 +0000] "GET /whsy.php?e=coredump_filter&p=%2Fproc%2F31043 HTTP/2.0" 200 830 "https://www.hibiscard.com.lab2454.com/whsy.php?p=%2Fproc%2F31043" "Mozilla/5.0 AppleWebKit/537.36 (KHTML, like Gecko; compatible; GPTBot/1.3; +https://openai.com/gptbot)"
74.7.227.52 - - [18/Mar/2026:01:04:01 +0000] "GET /whsy.php?e=coredump_filter&p=%2Fproc%2F19390 HTTP/2.0" 200 830 "https://www.hibiscard.com.lab2454.com/whsy.php?p=%2Fproc%2F19390" "Mozilla/5.0 AppleWebKit/537.36 (KHTML, like Gecko; compatible; GPTBot/1.3; +https://openai.com/gptbot)"
74.7.227.52 - - [18/Mar/2026:01:04:18 +0000] "GET /whsy.php?p=%2Fproc%2F843 HTTP/2.0" 200 830 "https://www.hibiscard.com.lab2454.com/whsy.php?p=%2Fproc%2F17213%2F.." "Mozilla/5.0 AppleWebKit/537.36 (KHTML, like Gecko; compatible; GPTBot/1.3; +https://openai.com/gptbot)"
74.7.227.29 - - [18/Mar/2026:01:04:25 +0000] "GET /whsy.php?e=timers&p=%2Fproc%2F17192 HTTP/2.0" 200 2005 "https://hibiscard.com.lab2454.com/whsy.php?p=%2Fproc%2F17192" "Mozilla/5.0 AppleWebKit/537.36 (KHTML, like Gecko; compatible; GPTBot/1.3; +https://openai.com/gptbot)"
74.7.227.52 - - [18/Mar/2026:01:04:31 +0000] "GET /whsy.php?e=keycreate&p=%2Fproc%2F11332%2Fattr HTTP/2.0" 200 863 "https://www.hibiscard.com.lab2454.com/whsy.php?p=%2Fproc%2F11332%2Fattr" "Mozilla/5.0 AppleWebKit/537.36 (KHTML, like Gecko; compatible; GPTBot/1.3; +https://openai.com/gptbot)"
74.7.227.29 - - [18/Mar/2026:01:04:38 +0000] "GET /whsy.php?e=timers&p=%2Fproc%2F17213 HTTP/2.0" 200 2005 "https://hibiscard.com.lab2454.com/whsy.php?p=%2Fproc%2F17213" "Mozilla/5.0 AppleWebKit/537.36 (KHTML, like Gecko; compatible; GPTBot/1.3; +https://openai.com/gptbot)"
74.7.228.29 - - [18/Mar/2026:01:04:39 +0000] "GET /robots.txt HTTP/2.0" 404 - "-" "Mozilla/5.0 (Macintosh; Intel Mac OS X 10_15_7) AppleWebKit/537.36 (KHTML, like Gecko) Chrome/131.0.0.0 Safari/537.36; compatible; OAI-SearchBot/1.3; robots.txt; +https://openai.com/searchbot"
74.7.227.52 - - [18/Mar/2026:01:04:44 +0000] "GET /whsy.php?p=%2Fproc%2F24956%2F.. HTTP/2.0" 200 830 "https://www.hibiscard.com.lab2454.com/whsy.php?p=%2Fproc%2F24956" "Mozilla/5.0 AppleWebKit/537.36 (KHTML, like Gecko; compatible; GPTBot/1.3; +https://openai.com/gptbot)"
74.7.227.29 - - [18/Mar/2026:01:04:51 +0000] "GET /whsy.php?e=timers&p=%2Fproc%2F17291 HTTP/2.0" 200 2005 "https://hibiscard.com.lab2454.com/whsy.php?p=%2Fproc%2F17291" "Mozilla/5.0 AppleWebKit/537.36 (KHTML, like Gecko; compatible; GPTBot/1.3; +https://openai.com/gptbot)"
74.7.227.52 - - [18/Mar/2026:01:04:57 +0000] "GET /whsy.php?p=%2Fproc%2F31043%2F.. HTTP/2.0" 200 830 "https://www.hibiscard.com.lab2454.com/whsy.php?p=%2Fproc%2F31043" "Mozilla/5.0 AppleWebKit/537.36 (KHTML, like Gecko; compatible; GPTBot/1.3; +https://openai.com/gptbot)"
74.7.227.29 - - [18/Mar/2026:01:05:04 +0000] "GET /whsy.php?e=timers&p=%2Fproc%2F17297 HTTP/2.0" 200 2006 "https://hibiscard.com.lab2454.com/whsy.php?p=%2Fproc%2F17297" "Mozilla/5.0 AppleWebKit/537.36 (KHTML, like Gecko; compatible; GPTBot/1.3; +https://openai.com/gptbot)"
74.7.227.52 - - [18/Mar/2026:01:05:09 +0000] "GET /whsy.php?p=%2Fproc%2F19390%2F.. HTTP/2.0" 200 830 "https://www.hibiscard.com.lab2454.com/whsy.php?p=%2Fproc%2F19390" "Mozilla/5.0 AppleWebKit/537.36 (KHTML, like Gecko; compatible; GPTBot/1.3; +https://openai.com/gptbot)"
74.7.227.52 - - [18/Mar/2026:01:05:22 +0000] "GET /whsy.php?e=sockcreate&p=%2Fproc%2F11332%2Fattr HTTP/2.0" 200 863 "https://www.hibiscard.com.lab2454.com/whsy.php?p=%2Fproc%2F11332%2Fattr" "Mozilla/5.0 AppleWebKit/537.36 (KHTML, like Gecko; compatible; GPTBot/1.3; +https://openai.com/gptbot)"
74.7.227.29 - - [18/Mar/2026:01:05:29 +0000] "GET /whsy.php?e=timers&p=%2Fproc%2F17276 HTTP/2.0" 200 2006 "https://hibiscard.com.lab2454.com/whsy.php?p=%2Fproc%2F17276" "Mozilla/5.0 AppleWebKit/537.36 (KHTML, like Gecko; compatible; GPTBot/1.3; +https://openai.com/gptbot)"
74.7.227.52 - - [18/Mar/2026:01:05:35 +0000] "GET /whsy.php?p=%2Fproc%2F11332%2Fnet%2Fxt_recent HTTP/2.0" 200 497 "https://www.hibiscard.com.lab2454.com/whsy.php?p=%2Fproc%2F11332%2Fnet" "Mozilla/5.0 AppleWebKit/537.36 (KHTML, like Gecko; compatible; GPTBot/1.3; +https://openai.com/gptbot)"
74.7.244.51 - - [18/Mar/2026:01:05:36 +0000] "GET /robots.txt HTTP/2.0" 404 - "-" "Mozilla/5.0 (Macintosh; Intel Mac OS X 10_15_7) AppleWebKit/537.36 (KHTML, like Gecko) Chrome/131.0.0.0 Safari/537.36; compatible; OAI-SearchBot/1.3; robots.txt; +https://openai.com/searchbot"
74.7.227.52 - - [18/Mar/2026:01:05:46 +0000] "GET /whsy.php?p=%2Fproc%2F11332%2Fnet%2Fdev_snmp6 HTTP/2.0" 200 981 "https://www.hibiscard.com.lab2454.com/whsy.php?p=%2Fproc%2F11332%2Fnet" "Mozilla/5.0 AppleWebKit/537.36 (KHTML, like Gecko; compatible; GPTBot/1.3; +https://openai.com/gptbot)"
74.7.227.52 - - [18/Mar/2026:01:05:57 +0000] "GET /whsy.php?p=%2Fproc%2F24257%2F.. HTTP/2.0" 200 830 "https://www.hibiscard.com.lab2454.com/whsy.php?p=%2Fproc%2F24257" "Mozilla/5.0 AppleWebKit/537.36 (KHTML, like Gecko; compatible; GPTBot/1.3; +https://openai.com/gptbot)"
74.7.227.52 - - [18/Mar/2026:01:06:10 +0000] "GET /whsy.php?p=%2Fproc%2F22430%2F.. HTTP/2.0" 200 830 "https://www.hibiscard.com.lab2454.com/whsy.php?p=%2Fproc%2F22430" "Mozilla/5.0 AppleWebKit/537.36 (KHTML, like Gecko; compatible; GPTBot/1.3; +https://openai.com/gptbot)"
74.7.227.52 - - [18/Mar/2026:01:06:23 +0000] "GET /whsy.php?e=ksm_merging_pages&p=%2Fproc%2F19390 HTTP/2.0" 200 830 "https://www.hibiscard.com.lab2454.com/whsy.php?p=%2Fproc%2F19390" "Mozilla/5.0 AppleWebKit/537.36 (KHTML, like Gecko; compatible; GPTBot/1.3; +https://openai.com/gptbot)"
74.7.227.52 - - [18/Mar/2026:01:06:37 +0000] "GET /whsy.php?e=ksm_merging_pages&p=%2Fproc%2F24956 HTTP/2.0" 200 830 "https://www.hibiscard.com.lab2454.com/whsy.php?p=%2Fproc%2F24956" "Mozilla/5.0 AppleWebKit/537.36 (KHTML, like Gecko; compatible; GPTBot/1.3; +https://openai.com/gptbot)"
74.7.227.29 - - [18/Mar/2026:01:06:44 +0000] "GET /whsy.php?e=status&p=%2Fproc%2F17187 HTTP/2.0" 200 2561 "https://hibiscard.com.lab2454.com/whsy.php?p=%2Fproc%2F17187" "Mozilla/5.0 AppleWebKit/537.36 (KHTML, like Gecko; compatible; GPTBot/1.3; +https://openai.com/gptbot)"
74.7.227.52 - - [18/Mar/2026:01:06:50 +0000] "GET /whsy.php?e=ksm_merging_pages&p=%2Fproc%2F27389 HTTP/2.0" 200 830 "https://www.hibiscard.com.lab2454.com/whsy.php?p=%2Fproc%2F27389" "Mozilla/5.0 AppleWebKit/537.36 (KHTML, like Gecko; compatible; GPTBot/1.3; +https://openai.com/gptbot)"
74.7.227.29 - - [18/Mar/2026:01:06:57 +0000] "GET /whsy.php?e=status&p=%2Fproc%2F17197 HTTP/2.0" 200 2558 "https://hibiscard.com.lab2454.com/whsy.php?p=%2Fproc%2F17197" "Mozilla/5.0 AppleWebKit/537.36 (KHTML, like Gecko; compatible; GPTBot/1.3; +https://openai.com/gptbot)"
74.7.227.52 - - [18/Mar/2026:01:07:02 +0000] "GET /whsy.php?e=ksm_merging_pages&p=%2Fproc%2F14800 HTTP/2.0" 200 830 "https://www.hibiscard.com.lab2454.com/whsy.php?p=%2Fproc%2F14800" "Mozilla/5.0 AppleWebKit/537.36 (KHTML, like Gecko; compatible; GPTBot/1.3; +https://openai.com/gptbot)"
74.7.227.29 - - [18/Mar/2026:01:07:07 +0000] "GET /whsy.php?e=timers&p=%2Fproc%2F17207 HTTP/2.0" 200 2006 "https://hibiscard.com.lab2454.com/whsy.php?p=%2Fproc%2F17207" "Mozilla/5.0 AppleWebKit/537.36 (KHTML, like Gecko; compatible; GPTBot/1.3; +https://openai.com/gptbot)"
74.7.227.52 - - [18/Mar/2026:01:07:12 +0000] "GET /whsy.php?e=ksm_merging_pages&p=%2Fproc%2F17660 HTTP/2.0" 200 830 "https://www.hibiscard.com.lab2454.com/whsy.php?p=%2Fproc%2F17660" "Mozilla/5.0 AppleWebKit/537.36 (KHTML, like Gecko; compatible; GPTBot/1.3; +https://openai.com/gptbot)"
74.7.227.29 - - [18/Mar/2026:01:07:17 +0000] "GET /whsy.php?e=timers&p=%2Fproc%2F17218 HTTP/2.0" 200 2005 "https://hibiscard.com.lab2454.com/whsy.php?p=%2Fproc%2F17218" "Mozilla/5.0 AppleWebKit/537.36 (KHTML, like Gecko; compatible; GPTBot/1.3; +https://openai.com/gptbot)"
74.7.227.52 - - [18/Mar/2026:01:07:22 +0000] "GET /whsy.php?e=ksm_merging_pages&p=%2Fproc%2F25870 HTTP/2.0" 200 830 "https://www.hibiscard.com.lab2454.com/whsy.php?p=%2Fproc%2F25870" "Mozilla/5.0 AppleWebKit/537.36 (KHTML, like Gecko; compatible; GPTBot/1.3; +https://openai.com/gptbot)"
74.7.227.52 - - [18/Mar/2026:01:07:32 +0000] "GET /whsy.php?e=ksm_merging_pages&p=%2Fproc%2F29068 HTTP/2.0" 200 830 "https://www.hibiscard.com.lab2454.com/whsy.php?p=%2Fproc%2F29068" "Mozilla/5.0 AppleWebKit/537.36 (KHTML, like Gecko; compatible; GPTBot/1.3; +https://openai.com/gptbot)"
74.7.227.52 - - [18/Mar/2026:01:07:47 +0000] "GET /whsy.php?e=ksm_merging_pages&p=%2Fproc%2F31463 HTTP/2.0" 200 830 "https://www.hibiscard.com.lab2454.com/whsy.php?p=%2Fproc%2F31463" "Mozilla/5.0 AppleWebKit/537.36 (KHTML, like Gecko; compatible; GPTBot/1.3; +https://openai.com/gptbot)"
74.7.227.29 - - [18/Mar/2026:01:07:57 +0000] "GET /whsy.php?p=%2Fproc%2F17276%2Fnet HTTP/2.0" 200 2442 "https://hibiscard.com.lab2454.com/whsy.php?p=%2Fproc%2F17276" "Mozilla/5.0 AppleWebKit/537.36 (KHTML, like Gecko; compatible; GPTBot/1.3; +https://openai.com/gptbot)"
74.7.227.52 - - [18/Mar/2026:01:08:03 +0000] "GET /whsy.php?e=ksm_merging_pages&p=%2Fproc%2F12873 HTTP/2.0" 200 830 "https://www.hibiscard.com.lab2454.com/whsy.php?p=%2Fproc%2F12873" "Mozilla/5.0 AppleWebKit/537.36 (KHTML, like Gecko; compatible; GPTBot/1.3; +https://openai.com/gptbot)"
74.7.227.52 - - [18/Mar/2026:01:08:16 +0000] "GET /whsy.php?e=ksm_merging_pages&p=%2Fproc%2F31843 HTTP/2.0" 200 830 "https://www.hibiscard.com.lab2454.com/whsy.php?p=%2Fproc%2F31843" "Mozilla/5.0 AppleWebKit/537.36 (KHTML, like Gecko; compatible; GPTBot/1.3; +https://openai.com/gptbot)"
74.7.227.29 - - [18/Mar/2026:01:08:24 +0000] "GET /whsy.php?p=%2Fproc%2F17276%2Ftask HTTP/2.0" 200 490 "https://hibiscard.com.lab2454.com/whsy.php?p=%2Fproc%2F17276" "Mozilla/5.0 AppleWebKit/537.36 (KHTML, like Gecko; compatible; GPTBot/1.3; +https://openai.com/gptbot)"
74.7.227.52 - - [18/Mar/2026:01:08:32 +0000] "GET /whsy.php?e=ksm_merging_pages&p=%2Fproc%2F19904 HTTP/2.0" 200 830 "https://www.hibiscard.com.lab2454.com/whsy.php?p=%2Fproc%2F19904" "Mozilla/5.0 AppleWebKit/537.36 (KHTML, like Gecko; compatible; GPTBot/1.3; +https://openai.com/gptbot)"
74.7.227.29 - - [18/Mar/2026:01:08:41 +0000] "GET /whsy.php?p=%2Fproc%2F17226%2Fnet HTTP/2.0" 200 2441 "https://hibiscard.com.lab2454.com/whsy.php?p=%2Fproc%2F17226" "Mozilla/5.0 AppleWebKit/537.36 (KHTML, like Gecko; compatible; GPTBot/1.3; +https://openai.com/gptbot)"
74.7.227.52 - - [18/Mar/2026:01:08:47 +0000] "GET /whsy.php?e=ksm_merging_pages&p=%2Fproc%2F30107 HTTP/2.0" 200 830 "https://www.hibiscard.com.lab2454.com/whsy.php?p=%2Fproc%2F30107" "Mozilla/5.0 AppleWebKit/537.36 (KHTML, like Gecko; compatible; GPTBot/1.3; +https://openai.com/gptbot)"
74.7.227.29 - - [18/Mar/2026:01:08:57 +0000] "GET /whsy.php?p=%2Fproc%2F17235%2Fnet HTTP/2.0" 200 2442 "https://hibiscard.com.lab2454.com/whsy.php?p=%2Fproc%2F17235" "Mozilla/5.0 AppleWebKit/537.36 (KHTML, like Gecko; compatible; GPTBot/1.3; +https://openai.com/gptbot)"
74.7.227.52 - - [18/Mar/2026:01:09:04 +0000] "GET /whsy.php?e=ksm_merging_pages&p=%2Fproc%2F16955 HTTP/2.0" 200 830 "https://www.hibiscard.com.lab2454.com/whsy.php?p=%2Fproc%2F16955" "Mozilla/5.0 AppleWebKit/537.36 (KHTML, like Gecko; compatible; GPTBot/1.3; +https://openai.com/gptbot)"
74.7.227.29 - - [18/Mar/2026:01:09:14 +0000] "GET /whsy.php?p=%2Fproc%2F17297%2Ftask HTTP/2.0" 200 490 "https://hibiscard.com.lab2454.com/whsy.php?p=%2Fproc%2F17297" "Mozilla/5.0 AppleWebKit/537.36 (KHTML, like Gecko; compatible; GPTBot/1.3; +https://openai.com/gptbot)"
74.7.227.52 - - [18/Mar/2026:01:09:21 +0000] "GET /whsy.php?e=ksm_merging_pages&p=%2Fproc%2F31700 HTTP/2.0" 200 830 "https://www.hibiscard.com.lab2454.com/whsy.php?p=%2Fproc%2F31700" "Mozilla/5.0 AppleWebKit/537.36 (KHTML, like Gecko; compatible; GPTBot/1.3; +https://openai.com/gptbot)"
74.7.227.52 - - [18/Mar/2026:01:09:33 +0000] "GET /whsy.php?e=ksm_merging_pages&p=%2Fproc%2F18971 HTTP/2.0" 200 830 "https://www.hibiscard.com.lab2454.com/whsy.php?p=%2Fproc%2F18971" "Mozilla/5.0 AppleWebKit/537.36 (KHTML, like Gecko; compatible; GPTBot/1.3; +https://openai.com/gptbot)"
74.7.227.52 - - [18/Mar/2026:01:09:42 +0000] "GET /whsy.php?e=ksm_merging_pages&p=%2Fproc%2F19723 HTTP/2.0" 200 1936 "https://www.hibiscard.com.lab2454.com/whsy.php?p=%2Fproc%2F19723" "Mozilla/5.0 AppleWebKit/537.36 (KHTML, like Gecko; compatible; GPTBot/1.3; +https://openai.com/gptbot)"
74.7.227.52 - - [18/Mar/2026:01:09:52 +0000] "GET /whsy.php?e=ksm_merging_pages&p=%2Fproc%2F11890 HTTP/2.0" 200 1936 "https://www.hibiscard.com.lab2454.com/whsy.php?p=%2Fproc%2F11890" "Mozilla/5.0 AppleWebKit/537.36 (KHTML, like Gecko; compatible; GPTBot/1.3; +https://openai.com/gptbot)"
74.7.227.29 - - [18/Mar/2026:01:09:58 +0000] "GET /whsy.php?p=%2Fproc%2F17213%2Fattr HTTP/2.0" 200 799 "https://hibiscard.com.lab2454.com/whsy.php?p=%2Fproc%2F17213" "Mozilla/5.0 AppleWebKit/537.36 (KHTML, like Gecko; compatible; GPTBot/1.3; +https://openai.com/gptbot)"
74.7.228.29 - - [18/Mar/2026:01:09:58 +0000] "GET /robots.txt HTTP/2.0" 404 - "-" "Mozilla/5.0 (Macintosh; Intel Mac OS X 10_15_7) AppleWebKit/537.36 (KHTML, like Gecko) Chrome/131.0.0.0 Safari/537.36; compatible; OAI-SearchBot/1.3; robots.txt; +https://openai.com/searchbot"
74.7.227.52 - - [18/Mar/2026:01:10:04 +0000] "GET /whsy.php?e=ksm_merging_pages&p=%2Fproc%2F28367 HTTP/2.0" 200 830 "https://www.hibiscard.com.lab2454.com/whsy.php?p=%2Fproc%2F28367" "Mozilla/5.0 AppleWebKit/537.36 (KHTML, like Gecko; compatible; GPTBot/1.3; +https://openai.com/gptbot)"
74.7.227.52 - - [18/Mar/2026:01:10:19 +0000] "GET /whsy.php?e=ksm_merging_pages&p=%2Fproc%2F24073 HTTP/2.0" 200 830 "https://www.hibiscard.com.lab2454.com/whsy.php?p=%2Fproc%2F24073" "Mozilla/5.0 AppleWebKit/537.36 (KHTML, like Gecko; compatible; GPTBot/1.3; +https://openai.com/gptbot)"
74.7.227.29 - - [18/Mar/2026:01:10:27 +0000] "GET /whsy.php?e=igmp&p=%2Fproc%2F17276%2Fnet HTTP/2.0" 200 2592 "https://hibiscard.com.lab2454.com/whsy.php?p=%2Fproc%2F17276%2Fnet" "Mozilla/5.0 AppleWebKit/537.36 (KHTML, like Gecko; compatible; GPTBot/1.3; +https://openai.com/gptbot)"
74.7.227.52 - - [18/Mar/2026:01:10:35 +0000] "GET /whsy.php?e=ksm_merging_pages&p=%2Fproc%2F31817 HTTP/2.0" 200 830 "https://www.hibiscard.com.lab2454.com/whsy.php?p=%2Fproc%2F31817" "Mozilla/5.0 AppleWebKit/537.36 (KHTML, like Gecko; compatible; GPTBot/1.3; +https://openai.com/gptbot)"
74.7.227.52 - - [18/Mar/2026:01:10:47 +0000] "GET /whsy.php?e=ksm_merging_pages&p=%2Fproc%2F24659 HTTP/2.0" 200 830 "https://www.hibiscard.com.lab2454.com/whsy.php?p=%2Fproc%2F24659" "Mozilla/5.0 AppleWebKit/537.36 (KHTML, like Gecko; compatible; GPTBot/1.3; +https://openai.com/gptbot)"
74.7.244.51 - - [18/Mar/2026:01:10:47 +0000] "GET /robots.txt HTTP/2.0" 404 - "-" "Mozilla/5.0 (Macintosh; Intel Mac OS X 10_15_7) AppleWebKit/537.36 (KHTML, like Gecko) Chrome/131.0.0.0 Safari/537.36; compatible; OAI-SearchBot/1.3; robots.txt; +https://openai.com/searchbot"
74.7.227.29 - - [18/Mar/2026:01:10:51 +0000] "GET /whsy.php?p=%2Fproc%2F17315%2Fnet HTTP/2.0" 200 2442 "https://hibiscard.com.lab2454.com/whsy.php?p=%2Fproc%2F17315" "Mozilla/5.0 AppleWebKit/537.36 (KHTML, like Gecko; compatible; GPTBot/1.3; +https://openai.com/gptbot)"
74.7.227.52 - - [18/Mar/2026:01:10:56 +0000] "GET /whsy.php?e=ksm_merging_pages&p=%2Fproc%2F10690 HTTP/2.0" 200 830 "https://www.hibiscard.com.lab2454.com/whsy.php?p=%2Fproc%2F10690" "Mozilla/5.0 AppleWebKit/537.36 (KHTML, like Gecko; compatible; GPTBot/1.3; +https://openai.com/gptbot)"
74.7.227.29 - - [18/Mar/2026:01:11:01 +0000] "GET /whsy.php?e=netstat&p=%2Fproc%2F17226%2Fnet HTTP/2.0" 200 4255 "https://hibiscard.com.lab2454.com/whsy.php?p=%2Fproc%2F17226%2Fnet" "Mozilla/5.0 AppleWebKit/537.36 (KHTML, like Gecko; compatible; GPTBot/1.3; +https://openai.com/gptbot)"
74.7.227.52 - - [18/Mar/2026:01:11:05 +0000] "GET /whsy.php?e=ksm_merging_pages&p=%2Fproc%2F16733 HTTP/2.0" 200 1936 "https://www.hibiscard.com.lab2454.com/whsy.php?p=%2Fproc%2F16733" "Mozilla/5.0 AppleWebKit/537.36 (KHTML, like Gecko; compatible; GPTBot/1.3; +https://openai.com/gptbot)"
74.7.227.29 - - [18/Mar/2026:01:11:10 +0000] "GET /whsy.php?e=anycast6&p=%2Fproc%2F17235%2Fnet HTTP/2.0" 200 2507 "https://hibiscard.com.lab2454.com/whsy.php?p=%2Fproc%2F17235%2Fnet" "Mozilla/5.0 AppleWebKit/537.36 (KHTML, like Gecko; compatible; GPTBot/1.3; +https://openai.com/gptbot)"
74.7.227.52 - - [18/Mar/2026:01:11:15 +0000] "GET /whsy.php?e=ksm_merging_pages&p=%2Fproc%2F26139 HTTP/2.0" 200 830 "https://www.hibiscard.com.lab2454.com/whsy.php?p=%2Fproc%2F26139" "Mozilla/5.0 AppleWebKit/537.36 (KHTML, like Gecko; compatible; GPTBot/1.3; +https://openai.com/gptbot)"
74.7.227.29 - - [18/Mar/2026:01:11:20 +0000] "GET /whsy.php?e=pfkey&p=%2Fproc%2F17235%2Fnet HTTP/2.0" 200 2535 "https://hibiscard.com.lab2454.com/whsy.php?p=%2Fproc%2F17235%2Fnet" "Mozilla/5.0 AppleWebKit/537.36 (KHTML, like Gecko; compatible; GPTBot/1.3; +https://openai.com/gptbot)"
74.7.227.52 - - [18/Mar/2026:01:11:25 +0000] "GET /whsy.php?e=ksm_merging_pages&p=%2Fproc%2F31043 HTTP/2.0" 200 830 "https://www.hibiscard.com.lab2454.com/whsy.php?p=%2Fproc%2F31043" "Mozilla/5.0 AppleWebKit/537.36 (KHTML, like Gecko; compatible; GPTBot/1.3; +https://openai.com/gptbot)"
74.7.227.29 - - [18/Mar/2026:01:11:31 +0000] "GET /whsy.php?e=route&p=%2Fproc%2F17235%2Fnet HTTP/2.0" 200 2637 "https://hibiscard.com.lab2454.com/whsy.php?p=%2Fproc%2F17235%2Fnet" "Mozilla/5.0 AppleWebKit/537.36 (KHTML, like Gecko; compatible; GPTBot/1.3; +https://openai.com/gptbot)"
74.7.227.52 - - [18/Mar/2026:01:11:36 +0000] "GET /whsy.php?e=ksm_merging_pages&p=%2Fproc%2F30542 HTTP/2.0" 200 830 "https://www.hibiscard.com.lab2454.com/whsy.php?p=%2Fproc%2F30542" "Mozilla/5.0 AppleWebKit/537.36 (KHTML, like Gecko; compatible; GPTBot/1.3; +https://openai.com/gptbot)"
74.7.227.52 - - [18/Mar/2026:01:11:48 +0000] "GET /whsy.php?e=ksm_merging_pages&p=%2Fproc%2F12864 HTTP/2.0" 200 830 "https://www.hibiscard.com.lab2454.com/whsy.php?p=%2Fproc%2F12864" "Mozilla/5.0 AppleWebKit/537.36 (KHTML, like Gecko; compatible; GPTBot/1.3; +https://openai.com/gptbot)"
74.7.227.52 - - [18/Mar/2026:01:12:01 +0000] "GET /whsy.php?e=ksm_merging_pages&p=%2Fproc%2F23079 HTTP/2.0" 200 830 "https://www.hibiscard.com.lab2454.com/whsy.php?p=%2Fproc%2F23079" "Mozilla/5.0 AppleWebKit/537.36 (KHTML, like Gecko; compatible; GPTBot/1.3; +https://openai.com/gptbot)"
74.7.227.52 - - [18/Mar/2026:01:12:14 +0000] "GET /whsy.php?e=ksm_merging_pages&p=%2Fproc%2F24816 HTTP/2.0" 200 830 "https://www.hibiscard.com.lab2454.com/whsy.php?p=%2Fproc%2F24816" "Mozilla/5.0 AppleWebKit/537.36 (KHTML, like Gecko; compatible; GPTBot/1.3; +https://openai.com/gptbot)"
74.7.227.29 - - [18/Mar/2026:01:12:19 +0000] "GET /whsy.php?e=icmp&p=%2Fproc%2F17235%2Fnet HTTP/2.0" 200 2581 "https://hibiscard.com.lab2454.com/whsy.php?p=%2Fproc%2F17235%2Fnet" "Mozilla/5.0 AppleWebKit/537.36 (KHTML, like Gecko; compatible; GPTBot/1.3; +https://openai.com/gptbot)"
74.7.227.52 - - [18/Mar/2026:01:12:24 +0000] "GET /whsy.php?e=ksm_merging_pages&p=%2Fproc%2F12093 HTTP/2.0" 200 830 "https://www.hibiscard.com.lab2454.com/whsy.php?p=%2Fproc%2F12093" "Mozilla/5.0 AppleWebKit/537.36 (KHTML, like Gecko; compatible; GPTBot/1.3; +https://openai.com/gptbot)"
74.7.227.29 - - [18/Mar/2026:01:12:31 +0000] "GET /whsy.php?e=unix&p=%2Fproc%2F17226%2Fnet HTTP/2.0" 200 5066 "https://hibiscard.com.lab2454.com/whsy.php?p=%2Fproc%2F17226%2Fnet" "Mozilla/5.0 AppleWebKit/537.36 (KHTML, like Gecko; compatible; GPTBot/1.3; +https://openai.com/gptbot)"
74.7.227.52 - - [18/Mar/2026:01:12:39 +0000] "GET /whsy.php?e=ksm_merging_pages&p=%2Fproc%2F13289 HTTP/2.0" 200 830 "https://www.hibiscard.com.lab2454.com/whsy.php?p=%2Fproc%2F13289" "Mozilla/5.0 AppleWebKit/537.36 (KHTML, like Gecko; compatible; GPTBot/1.3; +https://openai.com/gptbot)"
74.7.227.52 - - [18/Mar/2026:01:12:50 +0000] "GET /whsy.php?e=sendiso&p=%2Fusr%2Fbin HTTP/2.0" 200 40984 "https://www.hibiscard.com.lab2454.com/whsy.php?p=%2F%2Fbin" "Mozilla/5.0 AppleWebKit/537.36 (KHTML, like Gecko; compatible; GPTBot/1.3; +https://openai.com/gptbot)"
74.7.227.29 - - [18/Mar/2026:01:12:56 +0000] "GET /whsy.php?p=%2Fproc%2F17315%2Fnet%2Fnfsfs HTTP/2.0" 200 701 "https://hibiscard.com.lab2454.com/whsy.php?p=%2Fproc%2F17315%2Fnet" "Mozilla/5.0 AppleWebKit/537.36 (KHTML, like Gecko; compatible; GPTBot/1.3; +https://openai.com/gptbot)"
74.7.227.52 - - [18/Mar/2026:01:13:02 +0000] "GET /whsy.php?p=%2Fhome%2Flab2454c%2Fcostbloc.com%2Fvendor%2Fleague%2Furi HTTP/2.0" 200 754 "https://www.hibiscard.com.lab2454.com/whsy.php?p=%2Fhome%2Flab2454c%2Fcostbloc.com%2Fvendor%2Fleague" "Mozilla/5.0 AppleWebKit/537.36 (KHTML, like Gecko; compatible; GPTBot/1.3; +https://openai.com/gptbot)"
74.7.227.29 - - [18/Mar/2026:01:13:08 +0000] "GET /whsy.php?e=route&p=%2Fproc%2F17315%2Fnet HTTP/2.0" 200 2637 "https://hibiscard.com.lab2454.com/whsy.php?p=%2Fproc%2F17315%2Fnet" "Mozilla/5.0 AppleWebKit/537.36 (KHTML, like Gecko; compatible; GPTBot/1.3; +https://openai.com/gptbot)"
74.7.227.52 - - [18/Mar/2026:01:13:16 +0000] "GET /whsy.php?e=ip_vs&p=%2Fproc%2F389%2Fnet HTTP/2.0" 200 2616 "https://www.hibiscard.com.lab2454.com/whsy.php?p=%2Fproc%2F389%2Fnet" "Mozilla/5.0 AppleWebKit/537.36 (KHTML, like Gecko; compatible; GPTBot/1.3; +https://openai.com/gptbot)"
74.7.227.29 - - [18/Mar/2026:01:13:21 +0000] "GET /whsy.php?e=pfkey&p=%2Fproc%2F17315%2Fnet HTTP/2.0" 200 2535 "https://hibiscard.com.lab2454.com/whsy.php?p=%2Fproc%2F17315%2Fnet" "Mozilla/5.0 AppleWebKit/537.36 (KHTML, like Gecko; compatible; GPTBot/1.3; +https://openai.com/gptbot)"
74.7.227.52 - - [18/Mar/2026:01:13:26 +0000] "GET /whsy.php?e=ip_vs&p=%2Fproc%2F135%2Fnet HTTP/2.0" 200 2616 "https://www.hibiscard.com.lab2454.com/whsy.php?p=%2Fproc%2F135%2Fnet" "Mozilla/5.0 AppleWebKit/537.36 (KHTML, like Gecko; compatible; GPTBot/1.3; +https://openai.com/gptbot)"
74.7.227.52 - - [18/Mar/2026:01:13:35 +0000] "GET /whsy.php?p=%2Fproc%2F14857%2Fnet%2Fip6t_hashlimit%2F.. HTTP/2.0" 200 830 "https://www.hibiscard.com.lab2454.com/whsy.php?p=%2Fproc%2F14857%2Fnet%2Fip6t_hashlimit" "Mozilla/5.0 AppleWebKit/537.36 (KHTML, like Gecko; compatible; GPTBot/1.3; +https://openai.com/gptbot)"
74.7.227.52 - - [18/Mar/2026:01:13:50 +0000] "GET /whsy.php?p=%2Fproc%2F17354%2Fnet%2Fip6t_hashlimit%2F.. HTTP/2.0" 200 830 "https://www.hibiscard.com.lab2454.com/whsy.php?p=%2Fproc%2F17354%2Fnet%2Fip6t_hashlimit" "Mozilla/5.0 AppleWebKit/537.36 (KHTML, like Gecko; compatible; GPTBot/1.3; +https://openai.com/gptbot)"
74.7.227.52 - - [18/Mar/2026:01:14:06 +0000] "GET /whsy.php?e=ptype&p=%2Fproc%2F389%2Fnet HTTP/2.0" 200 2616 "https://www.hibiscard.com.lab2454.com/whsy.php?p=%2Fproc%2F389%2Fnet" "Mozilla/5.0 AppleWebKit/537.36 (KHTML, like Gecko; compatible; GPTBot/1.3; +https://openai.com/gptbot)"
74.7.227.29 - - [18/Mar/2026:01:14:13 +0000] "GET /whsy.php?p=%2Fproc%2F31892%2Fattr HTTP/2.0" 200 830 "https://hibiscard.com.lab2454.com/whsy.php?p=%2Fproc%2F31892" "Mozilla/5.0 AppleWebKit/537.36 (KHTML, like Gecko; compatible; GPTBot/1.3; +https://openai.com/gptbot)"
74.7.227.52 - - [18/Mar/2026:01:14:19 +0000] "GET /whsy.php?e=ptype&p=%2Fproc%2F135%2Fnet HTTP/2.0" 200 2615 "https://www.hibiscard.com.lab2454.com/whsy.php?p=%2Fproc%2F135%2Fnet" "Mozilla/5.0 AppleWebKit/537.36 (KHTML, like Gecko; compatible; GPTBot/1.3; +https://openai.com/gptbot)"
74.7.227.29 - - [18/Mar/2026:01:14:24 +0000] "GET /whsy.php?p=%2Fproc%2F17291%2Fattr HTTP/2.0" 200 799 "https://hibiscard.com.lab2454.com/whsy.php?p=%2Fproc%2F17291" "Mozilla/5.0 AppleWebKit/537.36 (KHTML, like Gecko; compatible; GPTBot/1.3; +https://openai.com/gptbot)"
74.7.227.52 - - [18/Mar/2026:01:14:29 +0000] "GET /whsy.php?p=%2Fproc%2F12873%2Ftask%2F12888 HTTP/2.0" 200 830 "https://www.hibiscard.com.lab2454.com/whsy.php?p=%2Fproc%2F12873%2Ftask" "Mozilla/5.0 AppleWebKit/537.36 (KHTML, like Gecko; compatible; GPTBot/1.3; +https://openai.com/gptbot)"
74.7.227.52 - - [18/Mar/2026:01:14:39 +0000] "GET /whsy.php?p=%2Fproc%2F14289%2Fnet%2Fxt_recent HTTP/2.0" 200 830 "https://www.hibiscard.com.lab2454.com/whsy.php?p=%2Fproc%2F14289%2Fnet" "Mozilla/5.0 AppleWebKit/537.36 (KHTML, like Gecko; compatible; GPTBot/1.3; +https://openai.com/gptbot)"
74.7.227.29 - - [18/Mar/2026:01:14:44 +0000] "GET /whsy.php?p=%2Fproc%2F17226%2Ftask HTTP/2.0" 200 490 "https://hibiscard.com.lab2454.com/whsy.php?p=%2Fproc%2F17226" "Mozilla/5.0 AppleWebKit/537.36 (KHTML, like Gecko; compatible; GPTBot/1.3; +https://openai.com/gptbot)"
74.7.227.52 - - [18/Mar/2026:01:14:51 +0000] "GET /whsy.php?p=%2Fproc%2F19011%2Fnet%2Fxt_recent HTTP/2.0" 200 830 "https://www.hibiscard.com.lab2454.com/whsy.php?p=%2Fproc%2F19011%2Fnet" "Mozilla/5.0 AppleWebKit/537.36 (KHTML, like Gecko; compatible; GPTBot/1.3; +https://openai.com/gptbot)"
74.7.227.52 - - [18/Mar/2026:01:15:06 +0000] "GET /whsy.php?p=%2Fproc%2F17226%2Fnet%2Fdev_snmp6 HTTP/2.0" 200 981 "https://www.hibiscard.com.lab2454.com/whsy.php?p=%2Fproc%2F17226%2Fnet" "Mozilla/5.0 AppleWebKit/537.36 (KHTML, like Gecko; compatible; GPTBot/1.3; +https://openai.com/gptbot)"
74.7.227.29 - - [18/Mar/2026:01:15:13 +0000] "GET /whsy.php?p=%2Fproc%2F17207%2Fnet HTTP/2.0" 200 2442 "https://hibiscard.com.lab2454.com/whsy.php?p=%2Fproc%2F17207" "Mozilla/5.0 AppleWebKit/537.36 (KHTML, like Gecko; compatible; GPTBot/1.3; +https://openai.com/gptbot)"
74.7.228.29 - - [18/Mar/2026:01:15:14 +0000] "GET /robots.txt HTTP/2.0" 404 - "-" "Mozilla/5.0 (Macintosh; Intel Mac OS X 10_15_7) AppleWebKit/537.36 (KHTML, like Gecko) Chrome/131.0.0.0 Safari/537.36; compatible; OAI-SearchBot/1.3; robots.txt; +https://openai.com/searchbot"
74.7.227.52 - - [18/Mar/2026:01:15:19 +0000] "GET /whsy.php?p=%2Fhome%2Flab2454c%2Fcostbloc.com%2Fvendor%2Fleague%2Furi%2F.. HTTP/2.0" 200 637 "https://www.hibiscard.com.lab2454.com/whsy.php?p=%2Fhome%2Flab2454c%2Fcostbloc.com%2Fvendor%2Fleague%2Furi" "Mozilla/5.0 AppleWebKit/537.36 (KHTML, like Gecko; compatible; GPTBot/1.3; +https://openai.com/gptbot)"
74.7.227.29 - - [18/Mar/2026:01:15:25 +0000] "GET /whsy.php?p=%2Fproc%2F17246%2Ftask HTTP/2.0" 200 490 "https://hibiscard.com.lab2454.com/whsy.php?p=%2Fproc%2F17246" "Mozilla/5.0 AppleWebKit/537.36 (KHTML, like Gecko; compatible; GPTBot/1.3; +https://openai.com/gptbot)"
74.7.227.52 - - [18/Mar/2026:01:15:28 +0000] "GET /whsy.php?p=%2Fhome%2Flab2454c%2Fcostbloc.com%2Fvendor%2Fleague%2Furi%2Fsrc HTTP/2.0" 200 919 "https://www.hibiscard.com.lab2454.com/whsy.php?p=%2Fhome%2Flab2454c%2Fcostbloc.com%2Fvendor%2Fleague%2Furi" "Mozilla/5.0 AppleWebKit/537.36 (KHTML, like Gecko; compatible; GPTBot/1.3; +https://openai.com/gptbot)"
74.7.227.29 - - [18/Mar/2026:01:15:37 +0000] "GET /whsy.php?p=%2Fproc%2F17213%2Fnet HTTP/2.0" 200 2441 "https://hibiscard.com.lab2454.com/whsy.php?p=%2Fproc%2F17213" "Mozilla/5.0 AppleWebKit/537.36 (KHTML, like Gecko; compatible; GPTBot/1.3; +https://openai.com/gptbot)"
74.7.227.52 - - [18/Mar/2026:01:15:42 +0000] "GET /whsy.php?p=%2Fproc%2F26139%2Fnet%2Fxt_recent HTTP/2.0" 200 830 "https://www.hibiscard.com.lab2454.com/whsy.php?p=%2Fproc%2F26139%2Fnet" "Mozilla/5.0 AppleWebKit/537.36 (KHTML, like Gecko; compatible; GPTBot/1.3; +https://openai.com/gptbot)"
74.7.227.52 - - [18/Mar/2026:01:15:51 +0000] "GET /whsy.php?p=%2Fproc%2F12873%2Fnet%2Fxt_recent HTTP/2.0" 200 830 "https://www.hibiscard.com.lab2454.com/whsy.php?p=%2Fproc%2F12873%2Fnet" "Mozilla/5.0 AppleWebKit/537.36 (KHTML, like Gecko; compatible; GPTBot/1.3; +https://openai.com/gptbot)"
74.7.227.52 - - [18/Mar/2026:01:16:03 +0000] "GET /whsy.php?p=%2Fproc%2F26523%2Fnet%2Fdev_snmp6 HTTP/2.0" 200 830 "https://www.hibiscard.com.lab2454.com/whsy.php?p=%2Fproc%2F26523%2Fnet" "Mozilla/5.0 AppleWebKit/537.36 (KHTML, like Gecko; compatible; GPTBot/1.3; +https://openai.com/gptbot)"
74.7.227.52 - - [18/Mar/2026:01:16:14 +0000] "GET /whsy.php?p=%2Fproc%2F23618%2Fnet%2Fxt_recent HTTP/2.0" 200 830 "https://www.hibiscard.com.lab2454.com/whsy.php?p=%2Fproc%2F23618%2Fnet" "Mozilla/5.0 AppleWebKit/537.36 (KHTML, like Gecko; compatible; GPTBot/1.3; +https://openai.com/gptbot)"
74.7.227.52 - - [18/Mar/2026:01:16:25 +0000] "GET /whsy.php?p=%2Fhome%2Flab2454c%2Fcostbloc.com%2Fvendor%2Fleague%2Foauth1-client%2Fsrc%2FSignature HTTP/2.0" 200 896 "https://www.hibiscard.com.lab2454.com/whsy.php?p=%2Fhome%2Flab2454c%2Fcostbloc.com%2Fvendor%2Fleague%2Foauth1-client%2Fsrc" "Mozilla/5.0 AppleWebKit/537.36 (KHTML, like Gecko; compatible; GPTBot/1.3; +https://openai.com/gptbot)"
74.7.227.52 - - [18/Mar/2026:01:16:40 +0000] "GET /whsy.php?e=rt_acct&p=%2Fproc%2F135%2Fnet HTTP/2.0" 200 2527 "https://www.hibiscard.com.lab2454.com/whsy.php?p=%2Fproc%2F135%2Fnet" "Mozilla/5.0 AppleWebKit/537.36 (KHTML, like Gecko; compatible; GPTBot/1.3; +https://openai.com/gptbot)"
74.7.227.52 - - [18/Mar/2026:01:16:53 +0000] "GET /whsy.php?e=rt_acct&p=%2Fproc%2F389%2Fnet HTTP/2.0" 200 2527 "https://www.hibiscard.com.lab2454.com/whsy.php?p=%2Fproc%2F389%2Fnet" "Mozilla/5.0 AppleWebKit/537.36 (KHTML, like Gecko; compatible; GPTBot/1.3; +https://openai.com/gptbot)"
74.7.227.52 - - [18/Mar/2026:01:17:06 +0000] "GET /whsy.php?e=nf_log&p=%2Fproc%2F17354%2Fnet%2Fnetfilter HTTP/2.0" 200 830 "https://www.hibiscard.com.lab2454.com/whsy.php?p=%2Fproc%2F17354%2Fnet%2Fnetfilter" "Mozilla/5.0 AppleWebKit/537.36 (KHTML, like Gecko; compatible; GPTBot/1.3; +https://openai.com/gptbot)"
74.7.227.52 - - [18/Mar/2026:01:17:17 +0000] "GET /whsy.php?e=OrderItem.php&p=%2Fhome%2Flab2454c%2Finvest.credityork.com%2Fwp-content%2Fplugins%2Fwp-user-frontend-pro%2Fmodules%2Fstripe%2Flib%2Fstripe%2Flib HTTP/2.0" 200 3333 "https://www.hibiscard.com.lab2454.com/whsy.php?p=%2Fhome%2Flab2454c%2Finvest.credityork.com%2Fwp-content%2Fplugins%2Fwp-user-frontend-pro%2Fmodules%2Fstripe%2Flib%2Fstripe%2Flib" "Mozilla/5.0 AppleWebKit/537.36 (KHTML, like Gecko; compatible; GPTBot/1.3; +https://openai.com/gptbot)"
74.7.227.29 - - [18/Mar/2026:01:17:24 +0000] "GET /whsy.php?e=igmp&p=%2Fproc%2F17207%2Fnet HTTP/2.0" 200 2592 "https://hibiscard.com.lab2454.com/whsy.php?p=%2Fproc%2F17207%2Fnet" "Mozilla/5.0 AppleWebKit/537.36 (KHTML, like Gecko; compatible; GPTBot/1.3; +https://openai.com/gptbot)"
74.7.227.52 - - [18/Mar/2026:01:17:28 +0000] "GET /whsy.php?p=%2Fhome%2Flab2454c%2Finvest.credityork.com%2Fwp-content%2Fplugins%2Fwp-user-frontend-pro%2Fincludes%2Flibs%2Finvoicr%2Freq%2Ffpdf%2F.. HTTP/2.0" 200 834 "https://www.hibiscard.com.lab2454.com/whsy.php?p=%2Fhome%2Flab2454c%2Finvest.credityork.com%2Fwp-content%2Fplugins%2Fwp-user-frontend-pro%2Fincludes%2Flibs%2Finvoicr%2Freq%2Ffpdf" "Mozilla/5.0 AppleWebKit/537.36 (KHTML, like Gecko; compatible; GPTBot/1.3; +https://openai.com/gptbot)"
74.7.227.29 - - [18/Mar/2026:01:17:36 +0000] "GET /whsy.php?p=%2Fproc%2F17315%2Ftask HTTP/2.0" 200 490 "https://hibiscard.com.lab2454.com/whsy.php?p=%2Fproc%2F17315" "Mozilla/5.0 AppleWebKit/537.36 (KHTML, like Gecko; compatible; GPTBot/1.3; +https://openai.com/gptbot)"
