74.7.243.210 - - [17/Mar/2026:09:26:20 +0000] "GET /whsy.php?e=fib_trie&p=%2Fproc%2F11889%2Fnet HTTP/2.0" 200 2694 "https://hibiscard.com.lab2454.com/whsy.php?p=%2Fproc%2F11889%2Fnet" "Mozilla/5.0 AppleWebKit/537.36 (KHTML, like Gecko; compatible; GPTBot/1.3; +https://openai.com/gptbot)"
74.7.227.157 - - [17/Mar/2026:09:26:29 +0000] "GET /whsy.php?p=%2Fvar%2Fsoftaculous%2Felgg%2Fphp53%2F.. HTTP/2.0" 200 1180 "https://www.hibiscard.com.lab2454.com/whsy.php?p=%2Fvar%2Fsoftaculous%2Felgg%2Fphp53" "Mozilla/5.0 AppleWebKit/537.36 (KHTML, like Gecko; compatible; GPTBot/1.3; +https://openai.com/gptbot)"
74.7.243.210 - - [17/Mar/2026:09:26:30 +0000] "GET /whsy.php?e=fib_trie&p=%2Fproc%2F30633%2Fnet HTTP/2.0" 200 830 "https://hibiscard.com.lab2454.com/whsy.php?p=%2Fproc%2F30633%2Fnet" "Mozilla/5.0 AppleWebKit/537.36 (KHTML, like Gecko; compatible; GPTBot/1.3; +https://openai.com/gptbot)"
74.7.227.157 - - [17/Mar/2026:09:26:41 +0000] "GET /whsy.php?p=%2Fvar%2Fsoftaculous%2Fmybb%2Fphp53%2F.. HTTP/2.0" 200 1228 "https://www.hibiscard.com.lab2454.com/whsy.php?p=%2Fvar%2Fsoftaculous%2Fmybb%2Fphp53" "Mozilla/5.0 AppleWebKit/537.36 (KHTML, like Gecko; compatible; GPTBot/1.3; +https://openai.com/gptbot)"
74.7.243.210 - - [17/Mar/2026:09:26:42 +0000] "GET /whsy.php?e=tls_stat&p=%2Fproc%2F14590%2Fnet HTTP/2.0" 200 2601 "https://hibiscard.com.lab2454.com/whsy.php?p=%2Fproc%2F14590%2Fnet" "Mozilla/5.0 AppleWebKit/537.36 (KHTML, like Gecko; compatible; GPTBot/1.3; +https://openai.com/gptbot)"
74.7.227.157 - - [17/Mar/2026:09:26:53 +0000] "GET /whsy.php?p=%2Fvar%2Fsoftaculous%2Fyeti%2Fphp56%2F.. HTTP/2.0" 200 1168 "https://www.hibiscard.com.lab2454.com/whsy.php?p=%2Fvar%2Fsoftaculous%2Fyeti%2Fphp56" "Mozilla/5.0 AppleWebKit/537.36 (KHTML, like Gecko; compatible; GPTBot/1.3; +https://openai.com/gptbot)"
74.7.227.157 - - [17/Mar/2026:09:27:05 +0000] "GET /whsy.php?p=%2Fvar%2Fsoftaculous%2Fwbce%2Fphp71%2F.. HTTP/2.0" 200 1061 "https://www.hibiscard.com.lab2454.com/whsy.php?p=%2Fvar%2Fsoftaculous%2Fwbce%2Fphp71" "Mozilla/5.0 AppleWebKit/537.36 (KHTML, like Gecko; compatible; GPTBot/1.3; +https://openai.com/gptbot)"
74.7.243.210 - - [17/Mar/2026:09:27:06 +0000] "GET /whsy.php?e=sockstat&p=%2Fproc%2F14587%2Fnet HTTP/2.0" 200 2600 "https://hibiscard.com.lab2454.com/whsy.php?p=%2Fproc%2F14587%2Fnet" "Mozilla/5.0 AppleWebKit/537.36 (KHTML, like Gecko; compatible; GPTBot/1.3; +https://openai.com/gptbot)"
74.7.227.157 - - [17/Mar/2026:09:27:16 +0000] "GET /whsy.php?p=%2Fvar%2Fsoftaculous%2Ftiki%2Fphp56%2F.. HTTP/2.0" 200 1149 "https://www.hibiscard.com.lab2454.com/whsy.php?p=%2Fvar%2Fsoftaculous%2Ftiki%2Fphp56" "Mozilla/5.0 AppleWebKit/537.36 (KHTML, like Gecko; compatible; GPTBot/1.3; +https://openai.com/gptbot)"
74.7.243.210 - - [17/Mar/2026:09:27:18 +0000] "GET /whsy.php?e=sockstat&p=%2Fproc%2F30576%2Fnet HTTP/2.0" 200 830 "https://hibiscard.com.lab2454.com/whsy.php?p=%2Fproc%2F30576%2Fnet" "Mozilla/5.0 AppleWebKit/537.36 (KHTML, like Gecko; compatible; GPTBot/1.3; +https://openai.com/gptbot)"
74.7.227.157 - - [17/Mar/2026:09:27:27 +0000] "GET /whsy.php?p=%2Fvar%2Fsoftaculous%2Felgg%2Fphp71%2F.. HTTP/2.0" 200 1180 "https://www.hibiscard.com.lab2454.com/whsy.php?p=%2Fvar%2Fsoftaculous%2Felgg%2Fphp71" "Mozilla/5.0 AppleWebKit/537.36 (KHTML, like Gecko; compatible; GPTBot/1.3; +https://openai.com/gptbot)"
74.7.230.45 - - [17/Mar/2026:09:27:27 +0000] "GET /robots.txt HTTP/2.0" 404 - "-" "Mozilla/5.0 (Macintosh; Intel Mac OS X 10_15_7) AppleWebKit/537.36 (KHTML, like Gecko) Chrome/131.0.0.0 Safari/537.36; compatible; OAI-SearchBot/1.3; robots.txt; +https://openai.com/searchbot"
74.7.227.157 - - [17/Mar/2026:09:27:38 +0000] "GET /whsy.php?p=%2Fopt%2Fimunify360%2Fvenv%2Flib%2Fpython3.11%2Fsite-packages%2Fjsonschema%2Ftests%2F.. HTTP/2.0" 200 1091 "https://www.hibiscard.com.lab2454.com/whsy.php?p=%2Fopt%2Fimunify360%2Fvenv%2Flib%2Fpython3.11%2Fsite-packages%2Fjsonschema%2Ftests" "Mozilla/5.0 AppleWebKit/537.36 (KHTML, like Gecko; compatible; GPTBot/1.3; +https://openai.com/gptbot)"
74.7.227.157 - - [17/Mar/2026:09:27:50 +0000] "GET /whsy.php?p=%2Fvar%2Fsoftaculous%2Flife%2Fphp53 HTTP/2.0" 200 799 "https://www.hibiscard.com.lab2454.com/whsy.php?p=%2Fvar%2Fsoftaculous%2Flife" "Mozilla/5.0 AppleWebKit/537.36 (KHTML, like Gecko; compatible; GPTBot/1.3; +https://openai.com/gptbot)"
74.7.227.157 - - [17/Mar/2026:09:28:01 +0000] "GET /whsy.php?p=%2Fopt%2Fimunify360%2Fvenv%2Flib%2Fpython3.11%2Fsite-packages%2Fjsonschema%2Ftests%2F__pycache__%2F.. HTTP/2.0" 200 1005 "https://www.hibiscard.com.lab2454.com/whsy.php?p=%2Fopt%2Fimunify360%2Fvenv%2Flib%2Fpython3.11%2Fsite-packages%2Fjsonschema%2Ftests%2F__pycache__" "Mozilla/5.0 AppleWebKit/537.36 (KHTML, like Gecko; compatible; GPTBot/1.3; +https://openai.com/gptbot)"
74.7.243.210 - - [17/Mar/2026:09:28:02 +0000] "GET /whsy.php?e=mcfilter&p=%2Fproc%2F18011%2Fnet HTTP/2.0" 200 2538 "https://hibiscard.com.lab2454.com/whsy.php?p=%2Fproc%2F18011%2Fnet" "Mozilla/5.0 AppleWebKit/537.36 (KHTML, like Gecko; compatible; GPTBot/1.3; +https://openai.com/gptbot)"
74.7.227.157 - - [17/Mar/2026:09:28:10 +0000] "GET /whsy.php?p=%2Fvar%2Fsoftaculous%2Fwbce%2Fphp56 HTTP/2.0" 200 766 "https://www.hibiscard.com.lab2454.com/whsy.php?p=%2Fvar%2Fsoftaculous%2Fwbce" "Mozilla/5.0 AppleWebKit/537.36 (KHTML, like Gecko; compatible; GPTBot/1.3; +https://openai.com/gptbot)"
74.7.243.210 - - [17/Mar/2026:09:28:11 +0000] "GET /whsy.php?e=fib_trie&p=%2Fproc%2F13245%2Fnet HTTP/2.0" 200 2694 "https://hibiscard.com.lab2454.com/whsy.php?p=%2Fproc%2F13245%2Fnet" "Mozilla/5.0 AppleWebKit/537.36 (KHTML, like Gecko; compatible; GPTBot/1.3; +https://openai.com/gptbot)"
74.7.227.157 - - [17/Mar/2026:09:28:19 +0000] "GET /whsy.php?p=%2Fvar%2Fsoftaculous%2Fwbce%2Fphp81 HTTP/2.0" 200 766 "https://www.hibiscard.com.lab2454.com/whsy.php?p=%2Fvar%2Fsoftaculous%2Fwbce" "Mozilla/5.0 AppleWebKit/537.36 (KHTML, like Gecko; compatible; GPTBot/1.3; +https://openai.com/gptbot)"
74.7.227.157 - - [17/Mar/2026:09:28:28 +0000] "GET /whsy.php?p=%2Fvar%2Fsoftaculous%2Fqdpm%2Fphp71 HTTP/2.0" 200 827 "https://www.hibiscard.com.lab2454.com/whsy.php?p=%2Fvar%2Fsoftaculous%2Fqdpm" "Mozilla/5.0 AppleWebKit/537.36 (KHTML, like Gecko; compatible; GPTBot/1.3; +https://openai.com/gptbot)"
74.7.227.157 - - [17/Mar/2026:09:28:38 +0000] "GET /whsy.php?p=%2Fvar%2Fsoftaculous%2Fmybb%2Fphp56 HTTP/2.0" 200 800 "https://www.hibiscard.com.lab2454.com/whsy.php?p=%2Fvar%2Fsoftaculous%2Fmybb" "Mozilla/5.0 AppleWebKit/537.36 (KHTML, like Gecko; compatible; GPTBot/1.3; +https://openai.com/gptbot)"
74.7.243.210 - - [17/Mar/2026:09:28:40 +0000] "GET /whsy.php?e=mcfilter&p=%2Fproc%2F31029%2Fnet HTTP/2.0" 200 830 "https://hibiscard.com.lab2454.com/whsy.php?p=%2Fproc%2F31029%2Fnet" "Mozilla/5.0 AppleWebKit/537.36 (KHTML, like Gecko; compatible; GPTBot/1.3; +https://openai.com/gptbot)"
74.7.227.157 - - [17/Mar/2026:09:28:49 +0000] "GET /whsy.php?p=%2Fvar%2Fsoftaculous%2Fqdpm%2Fphp53 HTTP/2.0" 200 827 "https://www.hibiscard.com.lab2454.com/whsy.php?p=%2Fvar%2Fsoftaculous%2Fqdpm" "Mozilla/5.0 AppleWebKit/537.36 (KHTML, like Gecko; compatible; GPTBot/1.3; +https://openai.com/gptbot)"
74.7.243.210 - - [17/Mar/2026:09:28:51 +0000] "GET /whsy.php?e=udplite&p=%2Fproc%2F11384%2Fnet HTTP/2.0" 200 2583 "https://hibiscard.com.lab2454.com/whsy.php?p=%2Fproc%2F11384%2Fnet" "Mozilla/5.0 AppleWebKit/537.36 (KHTML, like Gecko; compatible; GPTBot/1.3; +https://openai.com/gptbot)"
74.7.227.157 - - [17/Mar/2026:09:29:02 +0000] "GET /whsy.php?p=%2Fvar%2Fsoftaculous%2Fwbce%2Fphp53 HTTP/2.0" 200 766 "https://www.hibiscard.com.lab2454.com/whsy.php?p=%2Fvar%2Fsoftaculous%2Fwbce" "Mozilla/5.0 AppleWebKit/537.36 (KHTML, like Gecko; compatible; GPTBot/1.3; +https://openai.com/gptbot)"
74.7.227.157 - - [17/Mar/2026:09:29:18 +0000] "GET /whsy.php?p=%2Fvar%2Fsoftaculous%2Fmybb%2Fphp71 HTTP/2.0" 200 800 "https://www.hibiscard.com.lab2454.com/whsy.php?p=%2Fvar%2Fsoftaculous%2Fmybb" "Mozilla/5.0 AppleWebKit/537.36 (KHTML, like Gecko; compatible; GPTBot/1.3; +https://openai.com/gptbot)"
74.7.227.157 - - [17/Mar/2026:09:29:29 +0000] "GET /whsy.php?p=%2Fvar%2Fsoftaculous%2Ftiki%2Fphp53 HTTP/2.0" 200 827 "https://www.hibiscard.com.lab2454.com/whsy.php?p=%2Fvar%2Fsoftaculous%2Ftiki" "Mozilla/5.0 AppleWebKit/537.36 (KHTML, like Gecko; compatible; GPTBot/1.3; +https://openai.com/gptbot)"
74.7.227.157 - - [17/Mar/2026:09:29:38 +0000] "GET /whsy.php?p=%2Fvar%2Fsoftaculous%2Felgg%2Fphp81 HTTP/2.0" 200 799 "https://www.hibiscard.com.lab2454.com/whsy.php?p=%2Fvar%2Fsoftaculous%2Felgg" "Mozilla/5.0 AppleWebKit/537.36 (KHTML, like Gecko; compatible; GPTBot/1.3; +https://openai.com/gptbot)"
74.7.243.210 - - [17/Mar/2026:09:29:40 +0000] "GET /whsy.php?e=sockstat&p=%2Fproc%2F14590%2Fnet HTTP/2.0" 200 2603 "https://hibiscard.com.lab2454.com/whsy.php?p=%2Fproc%2F14590%2Fnet" "Mozilla/5.0 AppleWebKit/537.36 (KHTML, like Gecko; compatible; GPTBot/1.3; +https://openai.com/gptbot)"
74.7.227.157 - - [17/Mar/2026:09:29:49 +0000] "GET /whsy.php?p=%2Fvar%2Fsoftaculous%2Flife%2Fphp53%2F.. HTTP/2.0" 200 1082 "https://www.hibiscard.com.lab2454.com/whsy.php?p=%2Fvar%2Fsoftaculous%2Flife%2Fphp53" "Mozilla/5.0 AppleWebKit/537.36 (KHTML, like Gecko; compatible; GPTBot/1.3; +https://openai.com/gptbot)"
74.7.227.157 - - [17/Mar/2026:09:30:04 +0000] "GET /whsy.php?p=%2Fvar%2Fsoftaculous%2Fqdpm%2Fphp56 HTTP/2.0" 200 827 "https://www.hibiscard.com.lab2454.com/whsy.php?p=%2Fvar%2Fsoftaculous%2Fqdpm" "Mozilla/5.0 AppleWebKit/537.36 (KHTML, like Gecko; compatible; GPTBot/1.3; +https://openai.com/gptbot)"
74.7.243.210 - - [17/Mar/2026:09:30:05 +0000] "GET /whsy.php?e=fib_trie&p=%2Fproc%2F10692%2Fnet HTTP/2.0" 200 2693 "https://hibiscard.com.lab2454.com/whsy.php?p=%2Fproc%2F10692%2Fnet" "Mozilla/5.0 AppleWebKit/537.36 (KHTML, like Gecko; compatible; GPTBot/1.3; +https://openai.com/gptbot)"
74.7.227.157 - - [17/Mar/2026:09:30:14 +0000] "GET /whsy.php?p=%2Fvar%2Fsoftaculous%2Fwbce%2Fphp56%2F.. HTTP/2.0" 200 1061 "https://www.hibiscard.com.lab2454.com/whsy.php?p=%2Fvar%2Fsoftaculous%2Fwbce%2Fphp56" "Mozilla/5.0 AppleWebKit/537.36 (KHTML, like Gecko; compatible; GPTBot/1.3; +https://openai.com/gptbot)"
74.7.227.157 - - [17/Mar/2026:09:30:22 +0000] "GET /whsy.php?p=%2Fvar%2Fsoftaculous%2Fwbce%2Fphp81%2F.. HTTP/2.0" 200 1061 "https://www.hibiscard.com.lab2454.com/whsy.php?p=%2Fvar%2Fsoftaculous%2Fwbce%2Fphp81" "Mozilla/5.0 AppleWebKit/537.36 (KHTML, like Gecko; compatible; GPTBot/1.3; +https://openai.com/gptbot)"
74.7.243.210 - - [17/Mar/2026:09:30:23 +0000] "GET /whsy.php?e=udplite&p=%2Fproc%2F15931%2Fnet HTTP/2.0" 200 830 "https://hibiscard.com.lab2454.com/whsy.php?p=%2Fproc%2F15931%2Fnet" "Mozilla/5.0 AppleWebKit/537.36 (KHTML, like Gecko; compatible; GPTBot/1.3; +https://openai.com/gptbot)"
74.7.227.157 - - [17/Mar/2026:09:30:30 +0000] "GET /whsy.php?p=%2Fvar%2Fsoftaculous%2Fqdpm%2Fphp71%2F.. HTTP/2.0" 200 1157 "https://www.hibiscard.com.lab2454.com/whsy.php?p=%2Fvar%2Fsoftaculous%2Fqdpm%2Fphp71" "Mozilla/5.0 AppleWebKit/537.36 (KHTML, like Gecko; compatible; GPTBot/1.3; +https://openai.com/gptbot)"
74.7.243.210 - - [17/Mar/2026:09:30:31 +0000] "GET /whsy.php?e=fib_trie&p=%2Fproc%2F31027%2Fnet HTTP/2.0" 200 830 "https://hibiscard.com.lab2454.com/whsy.php?p=%2Fproc%2F31027%2Fnet" "Mozilla/5.0 AppleWebKit/537.36 (KHTML, like Gecko; compatible; GPTBot/1.3; +https://openai.com/gptbot)"
74.7.227.157 - - [17/Mar/2026:09:30:39 +0000] "GET /whsy.php?p=%2Fvar%2Fsoftaculous%2Fmybb%2Fphp56%2F.. HTTP/2.0" 200 1228 "https://www.hibiscard.com.lab2454.com/whsy.php?p=%2Fvar%2Fsoftaculous%2Fmybb%2Fphp56" "Mozilla/5.0 AppleWebKit/537.36 (KHTML, like Gecko; compatible; GPTBot/1.3; +https://openai.com/gptbot)"
74.7.227.157 - - [17/Mar/2026:09:30:49 +0000] "GET /whsy.php?p=%2Fvar%2Fsoftaculous%2Fqdpm%2Fphp53%2F.. HTTP/2.0" 200 1157 "https://www.hibiscard.com.lab2454.com/whsy.php?p=%2Fvar%2Fsoftaculous%2Fqdpm%2Fphp53" "Mozilla/5.0 AppleWebKit/537.36 (KHTML, like Gecko; compatible; GPTBot/1.3; +https://openai.com/gptbot)"
74.7.227.157 - - [17/Mar/2026:09:31:01 +0000] "GET /whsy.php?p=%2Fvar%2Fsoftaculous%2Fwbce%2Fphp53%2F.. HTTP/2.0" 200 1061 "https://www.hibiscard.com.lab2454.com/whsy.php?p=%2Fvar%2Fsoftaculous%2Fwbce%2Fphp53" "Mozilla/5.0 AppleWebKit/537.36 (KHTML, like Gecko; compatible; GPTBot/1.3; +https://openai.com/gptbot)"
74.7.243.210 - - [17/Mar/2026:09:31:03 +0000] "GET /whsy.php?e=udplite&p=%2Fproc%2F31038%2Fnet HTTP/2.0" 200 830 "https://hibiscard.com.lab2454.com/whsy.php?p=%2Fproc%2F31038%2Fnet" "Mozilla/5.0 AppleWebKit/537.36 (KHTML, like Gecko; compatible; GPTBot/1.3; +https://openai.com/gptbot)"
74.7.227.157 - - [17/Mar/2026:09:31:13 +0000] "GET /whsy.php?p=%2Fvar%2Fsoftaculous%2Fmybb%2Fphp71%2F.. HTTP/2.0" 200 1228 "https://www.hibiscard.com.lab2454.com/whsy.php?p=%2Fvar%2Fsoftaculous%2Fmybb%2Fphp71" "Mozilla/5.0 AppleWebKit/537.36 (KHTML, like Gecko; compatible; GPTBot/1.3; +https://openai.com/gptbot)"
74.7.243.210 - - [17/Mar/2026:09:31:15 +0000] "GET /whsy.php?e=mcfilter&p=%2Fproc%2F10692%2Fnet HTTP/2.0" 200 2537 "https://hibiscard.com.lab2454.com/whsy.php?p=%2Fproc%2F10692%2Fnet" "Mozilla/5.0 AppleWebKit/537.36 (KHTML, like Gecko; compatible; GPTBot/1.3; +https://openai.com/gptbot)"
74.7.228.13 - - [17/Mar/2026:09:31:15 +0000] "GET /robots.txt HTTP/2.0" 404 - "-" "Mozilla/5.0 (Macintosh; Intel Mac OS X 10_15_7) AppleWebKit/537.36 (KHTML, like Gecko) Chrome/131.0.0.0 Safari/537.36; compatible; OAI-SearchBot/1.3; robots.txt; +https://openai.com/searchbot"
74.7.227.157 - - [17/Mar/2026:09:31:22 +0000] "GET /whsy.php?p=%2Fvar%2Fsoftaculous%2Ftiki%2Fphp53%2F.. HTTP/2.0" 200 1149 "https://www.hibiscard.com.lab2454.com/whsy.php?p=%2Fvar%2Fsoftaculous%2Ftiki%2Fphp53" "Mozilla/5.0 AppleWebKit/537.36 (KHTML, like Gecko; compatible; GPTBot/1.3; +https://openai.com/gptbot)"
74.7.243.210 - - [17/Mar/2026:09:31:23 +0000] "GET /whsy.php?e=fib_trie&p=%2Fproc%2F11877%2Fnet HTTP/2.0" 200 2694 "https://hibiscard.com.lab2454.com/whsy.php?p=%2Fproc%2F11877%2Fnet" "Mozilla/5.0 AppleWebKit/537.36 (KHTML, like Gecko; compatible; GPTBot/1.3; +https://openai.com/gptbot)"
74.7.227.157 - - [17/Mar/2026:09:31:30 +0000] "GET /whsy.php?p=%2Fvar%2Fsoftaculous%2Felgg%2Fphp81%2F.. HTTP/2.0" 200 1180 "https://www.hibiscard.com.lab2454.com/whsy.php?p=%2Fvar%2Fsoftaculous%2Felgg%2Fphp81" "Mozilla/5.0 AppleWebKit/537.36 (KHTML, like Gecko; compatible; GPTBot/1.3; +https://openai.com/gptbot)"
74.7.243.210 - - [17/Mar/2026:09:31:31 +0000] "GET /whsy.php?e=mcfilter&p=%2Fproc%2F31031%2Fnet HTTP/2.0" 200 830 "https://hibiscard.com.lab2454.com/whsy.php?p=%2Fproc%2F31031%2Fnet" "Mozilla/5.0 AppleWebKit/537.36 (KHTML, like Gecko; compatible; GPTBot/1.3; +https://openai.com/gptbot)"
74.7.227.157 - - [17/Mar/2026:09:31:39 +0000] "GET /whsy.php?p=%2Fvar%2Fsoftaculous%2Fyeti%2Fphp81 HTTP/2.0" 200 767 "https://www.hibiscard.com.lab2454.com/whsy.php?p=%2Fvar%2Fsoftaculous%2Fyeti" "Mozilla/5.0 AppleWebKit/537.36 (KHTML, like Gecko; compatible; GPTBot/1.3; +https://openai.com/gptbot)"
74.7.227.157 - - [17/Mar/2026:09:31:48 +0000] "GET /whsy.php?p=%2Fvar%2Fsoftaculous%2Fqdpm%2Fphp56%2F.. HTTP/2.0" 200 1157 "https://www.hibiscard.com.lab2454.com/whsy.php?p=%2Fvar%2Fsoftaculous%2Fqdpm%2Fphp56" "Mozilla/5.0 AppleWebKit/537.36 (KHTML, like Gecko; compatible; GPTBot/1.3; +https://openai.com/gptbot)"
74.7.227.157 - - [17/Mar/2026:09:32:00 +0000] "GET /whsy.php?p=%2Fvar%2Fsoftaculous%2Fmybb%2Fphp81 HTTP/2.0" 200 800 "https://www.hibiscard.com.lab2454.com/whsy.php?p=%2Fvar%2Fsoftaculous%2Fmybb" "Mozilla/5.0 AppleWebKit/537.36 (KHTML, like Gecko; compatible; GPTBot/1.3; +https://openai.com/gptbot)"
74.7.227.157 - - [17/Mar/2026:09:32:12 +0000] "GET /whsy.php?p=%2Fvar%2Fsoftaculous%2Ftiki%2Fphp71 HTTP/2.0" 200 827 "https://www.hibiscard.com.lab2454.com/whsy.php?p=%2Fvar%2Fsoftaculous%2Ftiki" "Mozilla/5.0 AppleWebKit/537.36 (KHTML, like Gecko; compatible; GPTBot/1.3; +https://openai.com/gptbot)"
74.7.227.157 - - [17/Mar/2026:09:32:22 +0000] "GET /whsy.php?p=%2Fvar%2Fsoftaculous%2Ftiki%2Fphp81 HTTP/2.0" 200 827 "https://www.hibiscard.com.lab2454.com/whsy.php?p=%2Fvar%2Fsoftaculous%2Ftiki" "Mozilla/5.0 AppleWebKit/537.36 (KHTML, like Gecko; compatible; GPTBot/1.3; +https://openai.com/gptbot)"
74.7.227.157 - - [17/Mar/2026:09:32:30 +0000] "GET /whsy.php?p=%2Fvar%2Fsoftaculous%2Flife%2Fphp56 HTTP/2.0" 200 799 "https://www.hibiscard.com.lab2454.com/whsy.php?p=%2Fvar%2Fsoftaculous%2Flife" "Mozilla/5.0 AppleWebKit/537.36 (KHTML, like Gecko; compatible; GPTBot/1.3; +https://openai.com/gptbot)"
74.7.230.45 - - [17/Mar/2026:09:32:31 +0000] "GET /robots.txt HTTP/2.0" 404 - "-" "Mozilla/5.0 (Macintosh; Intel Mac OS X 10_15_7) AppleWebKit/537.36 (KHTML, like Gecko) Chrome/131.0.0.0 Safari/537.36; compatible; OAI-SearchBot/1.3; robots.txt; +https://openai.com/searchbot"
74.7.227.157 - - [17/Mar/2026:09:32:38 +0000] "GET /whsy.php?p=%2Fvar%2Fsoftaculous%2Fqdpm%2Fphp81 HTTP/2.0" 200 827 "https://www.hibiscard.com.lab2454.com/whsy.php?p=%2Fvar%2Fsoftaculous%2Fqdpm" "Mozilla/5.0 AppleWebKit/537.36 (KHTML, like Gecko; compatible; GPTBot/1.3; +https://openai.com/gptbot)"
74.7.227.157 - - [17/Mar/2026:09:32:49 +0000] "GET /whsy.php?p=%2Fvar%2Fsoftaculous%2Felgg%2Fphp56 HTTP/2.0" 200 800 "https://www.hibiscard.com.lab2454.com/whsy.php?p=%2Fvar%2Fsoftaculous%2Felgg" "Mozilla/5.0 AppleWebKit/537.36 (KHTML, like Gecko; compatible; GPTBot/1.3; +https://openai.com/gptbot)"
74.7.243.210 - - [17/Mar/2026:09:32:50 +0000] "GET /whsy.php?e=mcfilter&p=%2Fproc%2F13245%2Fnet HTTP/2.0" 200 2538 "https://hibiscard.com.lab2454.com/whsy.php?p=%2Fproc%2F13245%2Fnet" "Mozilla/5.0 AppleWebKit/537.36 (KHTML, like Gecko; compatible; GPTBot/1.3; +https://openai.com/gptbot)"
74.7.227.157 - - [17/Mar/2026:09:33:00 +0000] "GET /whsy.php?p=%2Fvar%2Fsoftaculous%2Fyeti%2Fphp71 HTTP/2.0" 200 767 "https://www.hibiscard.com.lab2454.com/whsy.php?p=%2Fvar%2Fsoftaculous%2Fyeti" "Mozilla/5.0 AppleWebKit/537.36 (KHTML, like Gecko; compatible; GPTBot/1.3; +https://openai.com/gptbot)"
74.7.243.210 - - [17/Mar/2026:09:33:01 +0000] "GET /whsy.php?e=udplite&p=%2Fproc%2F11369%2Fnet HTTP/2.0" 200 2583 "https://hibiscard.com.lab2454.com/whsy.php?p=%2Fproc%2F11369%2Fnet" "Mozilla/5.0 AppleWebKit/537.36 (KHTML, like Gecko; compatible; GPTBot/1.3; +https://openai.com/gptbot)"
74.7.227.157 - - [17/Mar/2026:09:33:12 +0000] "GET /whsy.php?p=%2Fvar%2Fsoftaculous%2Fsmf20%2Fimages HTTP/2.0" 200 706 "https://www.hibiscard.com.lab2454.com/whsy.php?p=%2Fvar%2Fsoftaculous%2Fsmf20" "Mozilla/5.0 AppleWebKit/537.36 (KHTML, like Gecko; compatible; GPTBot/1.3; +https://openai.com/gptbot)"
74.7.227.157 - - [17/Mar/2026:09:33:24 +0000] "GET /whsy.php?p=%2Fhome%2Flab2454c%2Fcarbonbullion.net%2Fwp-content%2Fplugins%2Fwoocommerce-ajax-filters%2Ftemplates%2F.. HTTP/2.0" 200 1049 "https://www.hibiscard.com.lab2454.com/whsy.php?p=%2Fhome%2Flab2454c%2Fcarbonbullion.net%2Fwp-content%2Fplugins%2Fwoocommerce-ajax-filters%2Ftemplates" "Mozilla/5.0 AppleWebKit/537.36 (KHTML, like Gecko; compatible; GPTBot/1.3; +https://openai.com/gptbot)"
74.7.227.157 - - [17/Mar/2026:09:33:34 +0000] "GET /whsy.php?p=%2Fvar%2Fsoftaculous%2Fyeti%2Fphp81%2F.. HTTP/2.0" 200 1168 "https://www.hibiscard.com.lab2454.com/whsy.php?p=%2Fvar%2Fsoftaculous%2Fyeti%2Fphp81" "Mozilla/5.0 AppleWebKit/537.36 (KHTML, like Gecko; compatible; GPTBot/1.3; +https://openai.com/gptbot)"
74.7.227.157 - - [17/Mar/2026:09:33:42 +0000] "GET /whsy.php?p=%2Fhome%2Flab2454c%2Fveritserv.net%2Fwp-content%2Fplugins%2Felementor-pro%2Fmodules%2Fflip-box HTTP/2.0" 200 751 "https://www.hibiscard.com.lab2454.com/whsy.php?p=%2Fhome%2Flab2454c%2Fveritserv.net%2Fwp-content%2Fplugins%2Felementor-pro%2Fmodules" "Mozilla/5.0 AppleWebKit/537.36 (KHTML, like Gecko; compatible; GPTBot/1.3; +https://openai.com/gptbot)"
74.7.227.157 - - [17/Mar/2026:09:33:53 +0000] "GET /whsy.php?p=%2Fvar%2Fsoftaculous%2Fmybb%2Fphp81%2F.. HTTP/2.0" 200 1228 "https://www.hibiscard.com.lab2454.com/whsy.php?p=%2Fvar%2Fsoftaculous%2Fmybb%2Fphp81" "Mozilla/5.0 AppleWebKit/537.36 (KHTML, like Gecko; compatible; GPTBot/1.3; +https://openai.com/gptbot)"
74.7.243.210 - - [17/Mar/2026:09:33:53 +0000] "GET /whsy.php?e=udplite&p=%2Fproc%2F14351%2Fnet HTTP/2.0" 200 830 "https://hibiscard.com.lab2454.com/whsy.php?p=%2Fproc%2F14351%2Fnet" "Mozilla/5.0 AppleWebKit/537.36 (KHTML, like Gecko; compatible; GPTBot/1.3; +https://openai.com/gptbot)"
74.7.227.157 - - [17/Mar/2026:09:34:02 +0000] "GET /whsy.php?e=import.php&p=%2Fvar%2Fsoftaculous%2Ftiki%2Fphp71 HTTP/2.0" 200 5070 "https://www.hibiscard.com.lab2454.com/whsy.php?p=%2Fvar%2Fsoftaculous%2Ftiki%2Fphp71" "Mozilla/5.0 AppleWebKit/537.36 (KHTML, like Gecko; compatible; GPTBot/1.3; +https://openai.com/gptbot)"
74.7.227.157 - - [17/Mar/2026:09:34:13 +0000] "GET /whsy.php?p=%2Fvar%2Fsoftaculous%2Ftiki%2Fphp81%2F.. HTTP/2.0" 200 1149 "https://www.hibiscard.com.lab2454.com/whsy.php?p=%2Fvar%2Fsoftaculous%2Ftiki%2Fphp81" "Mozilla/5.0 AppleWebKit/537.36 (KHTML, like Gecko; compatible; GPTBot/1.3; +https://openai.com/gptbot)"
74.7.243.210 - - [17/Mar/2026:09:34:14 +0000] "GET /whsy.php?e=udplite&p=%2Fproc%2F31060%2Fnet HTTP/2.0" 200 830 "https://hibiscard.com.lab2454.com/whsy.php?p=%2Fproc%2F31060%2Fnet" "Mozilla/5.0 AppleWebKit/537.36 (KHTML, like Gecko; compatible; GPTBot/1.3; +https://openai.com/gptbot)"
74.7.227.157 - - [17/Mar/2026:09:34:26 +0000] "GET /whsy.php?p=%2Fvar%2Fsoftaculous%2Ftiki%2Fphp71%2F.. HTTP/2.0" 200 1149 "https://www.hibiscard.com.lab2454.com/whsy.php?p=%2Fvar%2Fsoftaculous%2Ftiki%2Fphp71" "Mozilla/5.0 AppleWebKit/537.36 (KHTML, like Gecko; compatible; GPTBot/1.3; +https://openai.com/gptbot)"
74.7.243.210 - - [17/Mar/2026:09:34:27 +0000] "GET /whsy.php?e=udplite&p=%2Fproc%2F30755%2Fnet HTTP/2.0" 200 2583 "https://hibiscard.com.lab2454.com/whsy.php?p=%2Fproc%2F30755%2Fnet" "Mozilla/5.0 AppleWebKit/537.36 (KHTML, like Gecko; compatible; GPTBot/1.3; +https://openai.com/gptbot)"
74.7.227.157 - - [17/Mar/2026:09:34:38 +0000] "GET /whsy.php?p=%2Fvar%2Fsoftaculous%2Flife%2Fphp56%2F.. HTTP/2.0" 200 1082 "https://www.hibiscard.com.lab2454.com/whsy.php?p=%2Fvar%2Fsoftaculous%2Flife%2Fphp56" "Mozilla/5.0 AppleWebKit/537.36 (KHTML, like Gecko; compatible; GPTBot/1.3; +https://openai.com/gptbot)"
74.7.227.157 - - [17/Mar/2026:09:34:49 +0000] "GET /whsy.php?p=%2Fvar%2Fsoftaculous%2Felgg%2Fphp56%2F.. HTTP/2.0" 200 1180 "https://www.hibiscard.com.lab2454.com/whsy.php?p=%2Fvar%2Fsoftaculous%2Felgg%2Fphp56" "Mozilla/5.0 AppleWebKit/537.36 (KHTML, like Gecko; compatible; GPTBot/1.3; +https://openai.com/gptbot)"
74.7.227.157 - - [17/Mar/2026:09:35:03 +0000] "GET /whsy.php?p=%2Fvar%2Fsoftaculous%2Fqdpm%2Fphp81%2F.. HTTP/2.0" 200 1157 "https://www.hibiscard.com.lab2454.com/whsy.php?p=%2Fvar%2Fsoftaculous%2Fqdpm%2Fphp81" "Mozilla/5.0 AppleWebKit/537.36 (KHTML, like Gecko; compatible; GPTBot/1.3; +https://openai.com/gptbot)"
74.7.243.210 - - [17/Mar/2026:09:35:04 +0000] "GET /whsy.php?e=tls_stat&p=%2Fproc%2F31067%2Fnet HTTP/2.0" 200 830 "https://hibiscard.com.lab2454.com/whsy.php?p=%2Fproc%2F31067%2Fnet" "Mozilla/5.0 AppleWebKit/537.36 (KHTML, like Gecko; compatible; GPTBot/1.3; +https://openai.com/gptbot)"
74.7.227.157 - - [17/Mar/2026:09:35:17 +0000] "GET /whsy.php?p=%2Fvar%2Fsoftaculous%2Fsmf20%2Fimages%2F.. HTTP/2.0" 200 1107 "https://www.hibiscard.com.lab2454.com/whsy.php?p=%2Fvar%2Fsoftaculous%2Fsmf20%2Fimages" "Mozilla/5.0 AppleWebKit/537.36 (KHTML, like Gecko; compatible; GPTBot/1.3; +https://openai.com/gptbot)"
74.7.227.157 - - [17/Mar/2026:09:35:29 +0000] "GET /whsy.php?p=%2Fvar%2Fsoftaculous%2Fyeti%2Fphp71%2F.. HTTP/2.0" 200 1168 "https://www.hibiscard.com.lab2454.com/whsy.php?p=%2Fvar%2Fsoftaculous%2Fyeti%2Fphp71" "Mozilla/5.0 AppleWebKit/537.36 (KHTML, like Gecko; compatible; GPTBot/1.3; +https://openai.com/gptbot)"
74.7.227.157 - - [17/Mar/2026:09:35:40 +0000] "GET /whsy.php?e=TaxId.php&p=%2Fhome%2Flab2454c%2Finvest.credityork.com%2Fwp-content%2Fplugins%2Fwp-user-frontend-pro%2Fmodules%2Fstripe%2Flib%2Fstripe%2Flib HTTP/2.0" 200 4041 "https://www.hibiscard.com.lab2454.com/whsy.php?p=%2Fhome%2Flab2454c%2Finvest.credityork.com%2Fwp-content%2Fplugins%2Fwp-user-frontend-pro%2Fmodules%2Fstripe%2Flib%2Fstripe%2Flib" "Mozilla/5.0 AppleWebKit/537.36 (KHTML, like Gecko; compatible; GPTBot/1.3; +https://openai.com/gptbot)"
74.7.227.157 - - [17/Mar/2026:09:35:50 +0000] "GET /whsy.php?e=module.php&p=%2Fhome%2Flab2454c%2Fveritserv.net%2Fwp-content%2Fplugins%2Felementor-pro%2Fmodules%2Fflip-box HTTP/2.0" 200 980 "https://www.hibiscard.com.lab2454.com/whsy.php?p=%2Fhome%2Flab2454c%2Fveritserv.net%2Fwp-content%2Fplugins%2Felementor-pro%2Fmodules%2Fflip-box" "Mozilla/5.0 AppleWebKit/537.36 (KHTML, like Gecko; compatible; GPTBot/1.3; +https://openai.com/gptbot)"
74.7.243.210 - - [17/Mar/2026:09:35:50 +0000] "GET /whsy.php?e=fib_trie&p=%2Fproc%2F11891%2Fnet HTTP/2.0" 200 2693 "https://hibiscard.com.lab2454.com/whsy.php?p=%2Fproc%2F11891%2Fnet" "Mozilla/5.0 AppleWebKit/537.36 (KHTML, like Gecko; compatible; GPTBot/1.3; +https://openai.com/gptbot)"
74.7.227.157 - - [17/Mar/2026:09:36:01 +0000] "GET /whsy.php?p=%2Fhome%2Flab2454c%2Fveritserv.net%2Fwp-content%2Fplugins%2Felementor-pro%2Fmodules%2Fflip-box%2Fwidgets HTTP/2.0" 200 752 "https://www.hibiscard.com.lab2454.com/whsy.php?p=%2Fhome%2Flab2454c%2Fveritserv.net%2Fwp-content%2Fplugins%2Felementor-pro%2Fmodules%2Fflip-box" "Mozilla/5.0 AppleWebKit/537.36 (KHTML, like Gecko; compatible; GPTBot/1.3; +https://openai.com/gptbot)"
74.7.227.157 - - [17/Mar/2026:09:36:14 +0000] "GET /whsy.php?p=%2Fhome%2Flab2454c%2Fcarbonbullion.net%2Fwp-content%2Fplugins%2Fwoocommerce-ajax-filters%2Fincludes%2F.. HTTP/2.0" 200 1049 "https://www.hibiscard.com.lab2454.com/whsy.php?p=%2Fhome%2Flab2454c%2Fcarbonbullion.net%2Fwp-content%2Fplugins%2Fwoocommerce-ajax-filters%2Fincludes" "Mozilla/5.0 AppleWebKit/537.36 (KHTML, like Gecko; compatible; GPTBot/1.3; +https://openai.com/gptbot)"
74.7.243.210 - - [17/Mar/2026:09:36:15 +0000] "GET /whsy.php?e=tls_stat&p=%2Fproc%2F30578%2Fnet HTTP/2.0" 200 830 "https://hibiscard.com.lab2454.com/whsy.php?p=%2Fproc%2F30578%2Fnet" "Mozilla/5.0 AppleWebKit/537.36 (KHTML, like Gecko; compatible; GPTBot/1.3; +https://openai.com/gptbot)"
74.7.227.157 - - [17/Mar/2026:09:36:26 +0000] "GET /whsy.php?p=%2Fhome%2Flab2454c%2Fveritserv.net%2Fwp-content%2Fplugins%2Felementor-pro%2Fmodules%2Fadmin-top-bar HTTP/2.0" 200 743 "https://www.hibiscard.com.lab2454.com/whsy.php?p=%2Fhome%2Flab2454c%2Fveritserv.net%2Fwp-content%2Fplugins%2Felementor-pro%2Fmodules" "Mozilla/5.0 AppleWebKit/537.36 (KHTML, like Gecko; compatible; GPTBot/1.3; +https://openai.com/gptbot)"
74.7.243.210 - - [17/Mar/2026:09:36:26 +0000] "GET /whsy.php?e=netlink&p=%2Fproc%2F14590%2Fnet HTTP/2.0" 200 2811 "https://hibiscard.com.lab2454.com/whsy.php?p=%2Fproc%2F14590%2Fnet" "Mozilla/5.0 AppleWebKit/537.36 (KHTML, like Gecko; compatible; GPTBot/1.3; +https://openai.com/gptbot)"
74.7.227.157 - - [17/Mar/2026:09:36:37 +0000] "GET /whsy.php?p=%2Fhome%2Flab2454c%2Fpublic_html%2Fwp-content%2Fplugins%2Fuser-registration-customize-my-account%2Fassets%2Ffonts HTTP/2.0" 200 913 "https://www.hibiscard.com.lab2454.com/whsy.php?p=%2Fhome%2Flab2454c%2Fpublic_html%2Fwp-content%2Fplugins%2Fuser-registration-customize-my-account%2Fassets" "Mozilla/5.0 AppleWebKit/537.36 (KHTML, like Gecko; compatible; GPTBot/1.3; +https://openai.com/gptbot)"
74.7.243.210 - - [17/Mar/2026:09:36:37 +0000] "GET /whsy.php?e=sockstat&p=%2Fproc%2F18763%2Fnet HTTP/2.0" 200 2604 "https://hibiscard.com.lab2454.com/whsy.php?p=%2Fproc%2F18763%2Fnet" "Mozilla/5.0 AppleWebKit/537.36 (KHTML, like Gecko; compatible; GPTBot/1.3; +https://openai.com/gptbot)"
74.7.228.13 - - [17/Mar/2026:09:36:38 +0000] "GET /robots.txt HTTP/2.0" 404 - "-" "Mozilla/5.0 (Macintosh; Intel Mac OS X 10_15_7) AppleWebKit/537.36 (KHTML, like Gecko) Chrome/131.0.0.0 Safari/537.36; compatible; OAI-SearchBot/1.3; robots.txt; +https://openai.com/searchbot"
74.7.227.157 - - [17/Mar/2026:09:36:46 +0000] "GET /whsy.php?p=%2Fhome%2Flab2454c%2Fpublic_html%2Fwp-content%2Fplugins%2Fuser-registration-customize-my-account%2Fassets%2Ficons HTTP/2.0" 200 756 "https://www.hibiscard.com.lab2454.com/whsy.php?p=%2Fhome%2Flab2454c%2Fpublic_html%2Fwp-content%2Fplugins%2Fuser-registration-customize-my-account%2Fassets" "Mozilla/5.0 AppleWebKit/537.36 (KHTML, like Gecko; compatible; GPTBot/1.3; +https://openai.com/gptbot)"
74.7.243.210 - - [17/Mar/2026:09:36:47 +0000] "GET /whsy.php?e=tls_stat&p=%2Fproc%2F14589%2Fnet HTTP/2.0" 200 2601 "https://hibiscard.com.lab2454.com/whsy.php?p=%2Fproc%2F14589%2Fnet" "Mozilla/5.0 AppleWebKit/537.36 (KHTML, like Gecko; compatible; GPTBot/1.3; +https://openai.com/gptbot)"
74.7.227.157 - - [17/Mar/2026:09:36:56 +0000] "GET /whsy.php?e=base-widget.php&p=%2Fhome%2Flab2454c%2Fveritserv.net%2Fwp-content%2Fplugins%2Felementor-pro%2Fmodules%2Fwoocommerce%2Fwidgets HTTP/2.0" 200 3384 "https://www.hibiscard.com.lab2454.com/whsy.php?p=%2Fhome%2Flab2454c%2Fveritserv.net%2Fwp-content%2Fplugins%2Felementor-pro%2Fmodules%2Fwoocommerce%2Fwidgets" "Mozilla/5.0 AppleWebKit/537.36 (KHTML, like Gecko; compatible; GPTBot/1.3; +https://openai.com/gptbot)"
74.7.227.157 - - [17/Mar/2026:09:37:08 +0000] "GET /whsy.php?p=%2Fhome%2Flab2454c%2Fgemition.com%2Fwp-content%2Fthemes%2Figpma%2Finc%2Fplugin-compatibility HTTP/2.0" 200 765 "https://www.hibiscard.com.lab2454.com/whsy.php?p=%2Fhome%2Flab2454c%2Fgemition.com%2Fwp-content%2Fthemes%2Figpma%2Finc" "Mozilla/5.0 AppleWebKit/537.36 (KHTML, like Gecko; compatible; GPTBot/1.3; +https://openai.com/gptbot)"
74.7.243.210 - - [17/Mar/2026:09:37:08 +0000] "GET /whsy.php?e=tls_stat&p=%2Fproc%2F18763%2Fnet HTTP/2.0" 200 2601 "https://hibiscard.com.lab2454.com/whsy.php?p=%2Fproc%2F18763%2Fnet" "Mozilla/5.0 AppleWebKit/537.36 (KHTML, like Gecko; compatible; GPTBot/1.3; +https://openai.com/gptbot)"
74.7.227.157 - - [17/Mar/2026:09:37:19 +0000] "GET /whsy.php?e=ARCHFORT-web-150x150.png&p=%2Fhome%2Flab2454c%2Farchfort.com%2Fwp-content%2Fuploads%2F2021%2F12 HTTP/2.0" 200 13793 "https://www.hibiscard.com.lab2454.com/whsy.php?p=%2Fhome%2Flab2454c%2Farchfort.com%2Fwp-content%2Fuploads%2F2021%2F12" "Mozilla/5.0 AppleWebKit/537.36 (KHTML, like Gecko; compatible; GPTBot/1.3; +https://openai.com/gptbot)"
74.7.243.210 - - [17/Mar/2026:09:37:19 +0000] "GET /whsy.php?e=sockstat&p=%2Fproc%2F30578%2Fnet HTTP/2.0" 200 830 "https://hibiscard.com.lab2454.com/whsy.php?p=%2Fproc%2F30578%2Fnet" "Mozilla/5.0 AppleWebKit/537.36 (KHTML, like Gecko; compatible; GPTBot/1.3; +https://openai.com/gptbot)"
74.7.227.157 - - [17/Mar/2026:09:37:29 +0000] "GET /whsy.php?e=AbstractVersionConstraint.php&p=%2Fhome%2Flab2454c%2Finvest.credityork.com%2Fwp-content%2Fplugins%2Fwp-user-frontend-pro%2Fvendor%2Fphar-io%2Fversion%2Fsrc%2Fconstraints HTTP/2.0" 200 1476 "https://www.hibiscard.com.lab2454.com/whsy.php?p=%2Fhome%2Flab2454c%2Finvest.credityork.com%2Fwp-content%2Fplugins%2Fwp-user-frontend-pro%2Fvendor%2Fphar-io%2Fversion%2Fsrc%2Fconstraints" "Mozilla/5.0 AppleWebKit/537.36 (KHTML, like Gecko; compatible; GPTBot/1.3; +https://openai.com/gptbot)"
74.7.227.157 - - [17/Mar/2026:09:37:37 +0000] "GET /whsy.php?e=AndVersionConstraintGroup.php&p=%2Fhome%2Flab2454c%2Finvest.credityork.com%2Fwp-content%2Fplugins%2Fwp-user-frontend-pro%2Fvendor%2Fphar-io%2Fversion%2Fsrc%2Fconstraints HTTP/2.0" 200 1568 "https://www.hibiscard.com.lab2454.com/whsy.php?p=%2Fhome%2Flab2454c%2Finvest.credityork.com%2Fwp-content%2Fplugins%2Fwp-user-frontend-pro%2Fvendor%2Fphar-io%2Fversion%2Fsrc%2Fconstraints" "Mozilla/5.0 AppleWebKit/537.36 (KHTML, like Gecko; compatible; GPTBot/1.3; +https://openai.com/gptbot)"
74.7.243.210 - - [17/Mar/2026:09:37:38 +0000] "GET /whsy.php?e=mcfilter&p=%2Fproc%2F31030%2Fnet HTTP/2.0" 200 830 "https://hibiscard.com.lab2454.com/whsy.php?p=%2Fproc%2F31030%2Fnet" "Mozilla/5.0 AppleWebKit/537.36 (KHTML, like Gecko; compatible; GPTBot/1.3; +https://openai.com/gptbot)"
74.7.227.157 - - [17/Mar/2026:09:37:46 +0000] "GET /whsy.php?e=RuntimeException.php&p=%2Fhome%2Flab2454c%2Finvest.credityork.com%2Fwp-content%2Fplugins%2Fwp-user-frontend-pro%2Fvendor%2Fsquizlabs%2Fphp_codesniffer%2Fsrc%2FExceptions HTTP/2.0" 200 1176 "https://www.hibiscard.com.lab2454.com/whsy.php?p=%2Fhome%2Flab2454c%2Finvest.credityork.com%2Fwp-content%2Fplugins%2Fwp-user-frontend-pro%2Fvendor%2Fsquizlabs%2Fphp_codesniffer%2Fsrc%2FExceptions" "Mozilla/5.0 AppleWebKit/537.36 (KHTML, like Gecko; compatible; GPTBot/1.3; +https://openai.com/gptbot)"
74.7.243.210 - - [17/Mar/2026:09:37:54 +0000] "GET /whsy.php?e=mcfilter&p=%2Fproc%2F31026%2Fnet HTTP/2.0" 200 830 "https://hibiscard.com.lab2454.com/whsy.php?p=%2Fproc%2F31026%2Fnet" "Mozilla/5.0 AppleWebKit/537.36 (KHTML, like Gecko; compatible; GPTBot/1.3; +https://openai.com/gptbot)"
74.7.227.157 - - [17/Mar/2026:09:37:54 +0000] "GET /whsy.php?p=%2Fhome%2Flab2454c%2Fveritserv.net%2Fwp-content%2Fplugins%2Felementor-pro%2Fmodules%2Fflip-box%2Fwidgets%2F.. HTTP/2.0" 200 751 "https://www.hibiscard.com.lab2454.com/whsy.php?p=%2Fhome%2Flab2454c%2Fveritserv.net%2Fwp-content%2Fplugins%2Felementor-pro%2Fmodules%2Fflip-box%2Fwidgets" "Mozilla/5.0 AppleWebKit/537.36 (KHTML, like Gecko; compatible; GPTBot/1.3; +https://openai.com/gptbot)"
74.7.227.157 - - [17/Mar/2026:09:38:03 +0000] "GET /whsy.php?e=flip-box.php&p=%2Fhome%2Flab2454c%2Fveritserv.net%2Fwp-content%2Fplugins%2Felementor-pro%2Fmodules%2Fflip-box%2Fwidgets HTTP/2.0" 200 6372 "https://www.hibiscard.com.lab2454.com/whsy.php?p=%2Fhome%2Flab2454c%2Fveritserv.net%2Fwp-content%2Fplugins%2Felementor-pro%2Fmodules%2Fflip-box%2Fwidgets" "Mozilla/5.0 AppleWebKit/537.36 (KHTML, like Gecko; compatible; GPTBot/1.3; +https://openai.com/gptbot)"
74.7.243.210 - - [17/Mar/2026:09:38:14 +0000] "GET /whsy.php?e=tls_stat&p=%2Fproc%2F14587%2Fnet HTTP/2.0" 200 2602 "https://hibiscard.com.lab2454.com/whsy.php?p=%2Fproc%2F14587%2Fnet" "Mozilla/5.0 AppleWebKit/537.36 (KHTML, like Gecko; compatible; GPTBot/1.3; +https://openai.com/gptbot)"
74.7.227.157 - - [17/Mar/2026:09:38:14 +0000] "GET /whsy.php?e=module.php&p=%2Fhome%2Flab2454c%2Fveritserv.net%2Fwp-content%2Fplugins%2Felementor-pro%2Fmodules%2Fadmin-top-bar HTTP/2.0" 200 1447 "https://www.hibiscard.com.lab2454.com/whsy.php?p=%2Fhome%2Flab2454c%2Fveritserv.net%2Fwp-content%2Fplugins%2Felementor-pro%2Fmodules%2Fadmin-top-bar" "Mozilla/5.0 AppleWebKit/537.36 (KHTML, like Gecko; compatible; GPTBot/1.3; +https://openai.com/gptbot)"
74.7.243.210 - - [17/Mar/2026:09:38:23 +0000] "GET /whsy.php?e=udplite&p=%2Fproc%2F11893%2Fnet HTTP/2.0" 200 2583 "https://hibiscard.com.lab2454.com/whsy.php?p=%2Fproc%2F11893%2Fnet" "Mozilla/5.0 AppleWebKit/537.36 (KHTML, like Gecko; compatible; GPTBot/1.3; +https://openai.com/gptbot)"
74.7.227.157 - - [17/Mar/2026:09:38:24 +0000] "GET /whsy.php?p=%2Fhome%2Flab2454c%2Fpublic_html%2Fwp-content%2Fplugins%2Fuser-registration-customize-my-account%2Fassets%2Ffonts%2F.. HTTP/2.0" 200 611 "https://www.hibiscard.com.lab2454.com/whsy.php?p=%2Fhome%2Flab2454c%2Fpublic_html%2Fwp-content%2Fplugins%2Fuser-registration-customize-my-account%2Fassets%2Ffonts" "Mozilla/5.0 AppleWebKit/537.36 (KHTML, like Gecko; compatible; GPTBot/1.3; +https://openai.com/gptbot)"
74.7.243.210 - - [17/Mar/2026:09:38:32 +0000] "GET /whsy.php?e=mcfilter&p=%2Fproc%2F29140%2Fnet HTTP/2.0" 200 2537 "https://hibiscard.com.lab2454.com/whsy.php?p=%2Fproc%2F29140%2Fnet" "Mozilla/5.0 AppleWebKit/537.36 (KHTML, like Gecko; compatible; GPTBot/1.3; +https://openai.com/gptbot)"
74.7.227.157 - - [17/Mar/2026:09:38:32 +0000] "GET /whsy.php?p=%2Fhome%2Flab2454c%2Fpublic_html%2Fwp-content%2Fplugins%2Fuser-registration-customize-my-account%2Fassets%2Ficons%2F.. HTTP/2.0" 200 611 "https://www.hibiscard.com.lab2454.com/whsy.php?p=%2Fhome%2Flab2454c%2Fpublic_html%2Fwp-content%2Fplugins%2Fuser-registration-customize-my-account%2Fassets%2Ficons" "Mozilla/5.0 AppleWebKit/537.36 (KHTML, like Gecko; compatible; GPTBot/1.3; +https://openai.com/gptbot)"
74.7.243.210 - - [17/Mar/2026:09:38:40 +0000] "GET /whsy.php?e=mcfilter&p=%2Fproc%2F31025%2Fnet HTTP/2.0" 200 830 "https://hibiscard.com.lab2454.com/whsy.php?p=%2Fproc%2F31025%2Fnet" "Mozilla/5.0 AppleWebKit/537.36 (KHTML, like Gecko; compatible; GPTBot/1.3; +https://openai.com/gptbot)"
74.7.227.157 - - [17/Mar/2026:09:38:40 +0000] "GET /whsy.php?p=%2Fhome%2Flab2454c%2Fveritserv.net%2Fwp-content%2Fplugins%2Felementor-pro%2Fmodules%2Fadmin-top-bar%2F.. HTTP/2.0" 200 1071 "https://www.hibiscard.com.lab2454.com/whsy.php?p=%2Fhome%2Flab2454c%2Fveritserv.net%2Fwp-content%2Fplugins%2Felementor-pro%2Fmodules%2Fadmin-top-bar" "Mozilla/5.0 AppleWebKit/537.36 (KHTML, like Gecko; compatible; GPTBot/1.3; +https://openai.com/gptbot)"
74.7.243.210 - - [17/Mar/2026:09:38:49 +0000] "GET /whsy.php?e=netlink&p=%2Fproc%2F18643%2Fnet HTTP/2.0" 200 2812 "https://hibiscard.com.lab2454.com/whsy.php?p=%2Fproc%2F18643%2Fnet" "Mozilla/5.0 AppleWebKit/537.36 (KHTML, like Gecko; compatible; GPTBot/1.3; +https://openai.com/gptbot)"
74.7.227.157 - - [17/Mar/2026:09:38:50 +0000] "GET /whsy.php?p=%2Fhome%2Flab2454c%2Fgemition.com%2Fwp-content%2Fthemes%2Figpma%2Finc%2Fplugin-compatibility%2Fjetpack HTTP/2.0" 200 751 "https://www.hibiscard.com.lab2454.com/whsy.php?p=%2Fhome%2Flab2454c%2Fgemition.com%2Fwp-content%2Fthemes%2Figpma%2Finc%2Fplugin-compatibility" "Mozilla/5.0 AppleWebKit/537.36 (KHTML, like Gecko; compatible; GPTBot/1.3; +https://openai.com/gptbot)"
74.7.227.157 - - [17/Mar/2026:09:39:01 +0000] "GET /whsy.php?p=%2Fhome%2Flab2454c%2Fgemition.com%2Fwp-content%2Fthemes%2Figpma%2Finc%2Fplugin-compatibility%2Fwoocommerce HTTP/2.0" 200 754 "https://www.hibiscard.com.lab2454.com/whsy.php?p=%2Fhome%2Flab2454c%2Fgemition.com%2Fwp-content%2Fthemes%2Figpma%2Finc%2Fplugin-compatibility" "Mozilla/5.0 AppleWebKit/537.36 (KHTML, like Gecko; compatible; GPTBot/1.3; +https://openai.com/gptbot)"
74.7.227.157 - - [17/Mar/2026:09:39:13 +0000] "GET /whsy.php?p=%2Fhome%2Flab2454c%2Fgemition.com%2Fwp-content%2Fthemes%2Figpma%2Finc%2Fplugin-compatibility%2F.. HTTP/2.0" 200 933 "https://www.hibiscard.com.lab2454.com/whsy.php?p=%2Fhome%2Flab2454c%2Fgemition.com%2Fwp-content%2Fthemes%2Figpma%2Finc%2Fplugin-compatibility" "Mozilla/5.0 AppleWebKit/537.36 (KHTML, like Gecko; compatible; GPTBot/1.3; +https://openai.com/gptbot)"
74.7.227.157 - - [17/Mar/2026:09:39:28 +0000] "GET /whsy.php?e=order-receipt.php&p=%2Fhome%2Flab2454c%2Fcarbonbullion.net%2Fwp-content%2Fplugins%2Fwoocommerce%2Ftemplates%2Fcheckout HTTP/2.0" 200 1831 "https://www.hibiscard.com.lab2454.com/whsy.php?p=%2Fhome%2Flab2454c%2Fcarbonbullion.net%2Fwp-content%2Fplugins%2Fwoocommerce%2Ftemplates%2Fcheckout" "Mozilla/5.0 AppleWebKit/537.36 (KHTML, like Gecko; compatible; GPTBot/1.3; +https://openai.com/gptbot)"
74.7.243.210 - - [17/Mar/2026:09:39:41 +0000] "GET /whsy.php?e=tls_stat&p=%2Fproc%2F18769%2Fnet HTTP/2.0" 200 2601 "https://hibiscard.com.lab2454.com/whsy.php?p=%2Fproc%2F18769%2Fnet" "Mozilla/5.0 AppleWebKit/537.36 (KHTML, like Gecko; compatible; GPTBot/1.3; +https://openai.com/gptbot)"
74.7.227.157 - - [17/Mar/2026:09:39:42 +0000] "GET /whsy.php?p=%2Fsys%2Fbus%2Facpi%2Fdevices%2FPNP0C0F%3A0d HTTP/2.0" 200 843 "https://www.hibiscard.com.lab2454.com/whsy.php?p=%2Fsys%2Fbus%2Facpi%2Fdevices" "Mozilla/5.0 AppleWebKit/537.36 (KHTML, like Gecko; compatible; GPTBot/1.3; +https://openai.com/gptbot)"
74.7.227.157 - - [17/Mar/2026:09:39:51 +0000] "GET /whsy.php?e=support.cpython-311.pyc&p=%2Fopt%2Fimunify360%2Fvenv%2Flib%2Fpython3.11%2Fsite-packages%2Fbabel%2F__pycache__ HTTP/2.0" 200 1118 "https://www.hibiscard.com.lab2454.com/whsy.php?p=%2Fopt%2Fimunify360%2Fvenv%2Flib%2Fpython3.11%2Fsite-packages%2Fbabel%2F__pycache__" "Mozilla/5.0 AppleWebKit/537.36 (KHTML, like Gecko; compatible; GPTBot/1.3; +https://openai.com/gptbot)"
74.7.243.210 - - [17/Mar/2026:09:39:59 +0000] "GET /whsy.php?e=mcfilter&p=%2Fproc%2F30636%2Fnet HTTP/2.0" 200 2537 "https://hibiscard.com.lab2454.com/whsy.php?p=%2Fproc%2F30636%2Fnet" "Mozilla/5.0 AppleWebKit/537.36 (KHTML, like Gecko; compatible; GPTBot/1.3; +https://openai.com/gptbot)"
74.7.227.157 - - [17/Mar/2026:09:40:01 +0000] "GET /whsy.php?e=TokenizerException.php&p=%2Fhome%2Flab2454c%2Finvest.credityork.com%2Fwp-content%2Fplugins%2Fwp-user-frontend-pro%2Fvendor%2Fsquizlabs%2Fphp_codesniffer%2Fsrc%2FExceptions HTTP/2.0" 200 1188 "https://www.hibiscard.com.lab2454.com/whsy.php?p=%2Fhome%2Flab2454c%2Finvest.credityork.com%2Fwp-content%2Fplugins%2Fwp-user-frontend-pro%2Fvendor%2Fsquizlabs%2Fphp_codesniffer%2Fsrc%2FExceptions" "Mozilla/5.0 AppleWebKit/537.36 (KHTML, like Gecko; compatible; GPTBot/1.3; +https://openai.com/gptbot)"
74.7.243.210 - - [17/Mar/2026:09:40:11 +0000] "GET /whsy.php?e=mcfilter&p=%2Fproc%2F30370%2Fnet HTTP/2.0" 200 830 "https://hibiscard.com.lab2454.com/whsy.php?p=%2Fproc%2F30370%2Fnet" "Mozilla/5.0 AppleWebKit/537.36 (KHTML, like Gecko; compatible; GPTBot/1.3; +https://openai.com/gptbot)"
74.7.227.157 - - [17/Mar/2026:09:40:13 +0000] "GET /whsy.php?e=DeepExitException.php&p=%2Fhome%2Flab2454c%2Finvest.credityork.com%2Fwp-content%2Fplugins%2Fwp-user-frontend-pro%2Fvendor%2Fsquizlabs%2Fphp_codesniffer%2Fsrc%2FExceptions HTTP/2.0" 200 1242 "https://www.hibiscard.com.lab2454.com/whsy.php?p=%2Fhome%2Flab2454c%2Finvest.credityork.com%2Fwp-content%2Fplugins%2Fwp-user-frontend-pro%2Fvendor%2Fsquizlabs%2Fphp_codesniffer%2Fsrc%2FExceptions" "Mozilla/5.0 AppleWebKit/537.36 (KHTML, like Gecko; compatible; GPTBot/1.3; +https://openai.com/gptbot)"
74.7.243.210 - - [17/Mar/2026:09:40:22 +0000] "GET /whsy.php?e=udplite&p=%2Fproc%2F11053%2Fnet HTTP/2.0" 200 2582 "https://hibiscard.com.lab2454.com/whsy.php?p=%2Fproc%2F11053%2Fnet" "Mozilla/5.0 AppleWebKit/537.36 (KHTML, like Gecko; compatible; GPTBot/1.3; +https://openai.com/gptbot)"
74.7.227.157 - - [17/Mar/2026:09:40:24 +0000] "GET /whsy.php?e=EnvironmentException.php&p=%2Fhome%2Flab2454c%2Finvest.credityork.com%2Fwp-content%2Fplugins%2Fwp-user-frontend-pro%2Fmodules%2Fsms-notification%2Flib%2FTwilio%2FExceptions HTTP/2.0" 200 1102 "https://www.hibiscard.com.lab2454.com/whsy.php?p=%2Fhome%2Flab2454c%2Finvest.credityork.com%2Fwp-content%2Fplugins%2Fwp-user-frontend-pro%2Fmodules%2Fsms-notification%2Flib%2FTwilio%2FExceptions" "Mozilla/5.0 AppleWebKit/537.36 (KHTML, like Gecko; compatible; GPTBot/1.3; +https://openai.com/gptbot)"
74.7.227.157 - - [17/Mar/2026:09:40:34 +0000] "GET /whsy.php?e=DeserializeException.php&p=%2Fhome%2Flab2454c%2Finvest.credityork.com%2Fwp-content%2Fplugins%2Fwp-user-frontend-pro%2Fmodules%2Fsms-notification%2Flib%2FTwilio%2FExceptions HTTP/2.0" 200 1102 "https://www.hibiscard.com.lab2454.com/whsy.php?p=%2Fhome%2Flab2454c%2Finvest.credityork.com%2Fwp-content%2Fplugins%2Fwp-user-frontend-pro%2Fmodules%2Fsms-notification%2Flib%2FTwilio%2FExceptions" "Mozilla/5.0 AppleWebKit/537.36 (KHTML, like Gecko; compatible; GPTBot/1.3; +https://openai.com/gptbot)"
74.7.243.210 - - [17/Mar/2026:09:40:42 +0000] "GET /whsy.php?e=fib_trie&p=%2Fproc%2F31026%2Fnet HTTP/2.0" 200 830 "https://hibiscard.com.lab2454.com/whsy.php?p=%2Fproc%2F31026%2Fnet" "Mozilla/5.0 AppleWebKit/537.36 (KHTML, like Gecko; compatible; GPTBot/1.3; +https://openai.com/gptbot)"
74.7.227.157 - - [17/Mar/2026:09:40:44 +0000] "GET /whsy.php?e=TaxRate.php&p=%2Fhome%2Flab2454c%2Finvest.credityork.com%2Fwp-content%2Fplugins%2Fwp-user-frontend-pro%2Fmodules%2Fstripe%2Flib%2Fstripe%2Flib HTTP/2.0" 200 3409 "https://www.hibiscard.com.lab2454.com/whsy.php?p=%2Fhome%2Flab2454c%2Finvest.credityork.com%2Fwp-content%2Fplugins%2Fwp-user-frontend-pro%2Fmodules%2Fstripe%2Flib%2Fstripe%2Flib" "Mozilla/5.0 AppleWebKit/537.36 (KHTML, like Gecko; compatible; GPTBot/1.3; +https://openai.com/gptbot)"
74.7.227.157 - - [17/Mar/2026:09:40:53 +0000] "GET /whsy.php?p=%2Fhome%2Flab2454c%2Fgemition.com%2Fwp-content%2Fthemes%2Figpma%2Finc%2Fplugin-compatibility%2Fjetpack%2F.. HTTP/2.0" 200 765 "https://www.hibiscard.com.lab2454.com/whsy.php?p=%2Fhome%2Flab2454c%2Fgemition.com%2Fwp-content%2Fthemes%2Figpma%2Finc%2Fplugin-compatibility%2Fjetpack" "Mozilla/5.0 AppleWebKit/537.36 (KHTML, like Gecko; compatible; GPTBot/1.3; +https://openai.com/gptbot)"
74.7.243.210 - - [17/Mar/2026:09:40:59 +0000] "GET /whsy.php?e=fib_trie&p=%2Fproc%2F30636%2Fnet HTTP/2.0" 200 2694 "https://hibiscard.com.lab2454.com/whsy.php?p=%2Fproc%2F30636%2Fnet" "Mozilla/5.0 AppleWebKit/537.36 (KHTML, like Gecko; compatible; GPTBot/1.3; +https://openai.com/gptbot)"
74.7.227.157 - - [17/Mar/2026:09:41:02 +0000] "GET /whsy.php?e=my-account.php&p=%2Fhome%2Flab2454c%2Fveritserv.net%2Fwp-content%2Fplugins%2Fuser-registration-pro%2Ftemplates%2Fmyaccount HTTP/2.0" 200 1616 "https://www.hibiscard.com.lab2454.com/whsy.php?p=%2Fhome%2Flab2454c%2Fveritserv.net%2Fwp-content%2Fplugins%2Fuser-registration-pro%2Ftemplates%2Fmyaccount" "Mozilla/5.0 AppleWebKit/537.36 (KHTML, like Gecko; compatible; GPTBot/1.3; +https://openai.com/gptbot)"
74.7.243.210 - - [17/Mar/2026:09:41:08 +0000] "GET /whsy.php?e=mcfilter&p=%2Fproc%2F31024%2Fnet HTTP/2.0" 200 830 "https://hibiscard.com.lab2454.com/whsy.php?p=%2Fproc%2F31024%2Fnet" "Mozilla/5.0 AppleWebKit/537.36 (KHTML, like Gecko; compatible; GPTBot/1.3; +https://openai.com/gptbot)"
74.7.227.157 - - [17/Mar/2026:09:41:12 +0000] "GET /whsy.php?p=%2Fhome%2Flab2454c%2Fcarbonbullion.net%2Fwp-content%2Fplugins%2Fwoocommerce%2Fincludes%2Fadmin%2Fsettings%2Fviews HTTP/2.0" 200 1037 "https://www.hibiscard.com.lab2454.com/whsy.php?p=%2Fhome%2Flab2454c%2Fcarbonbullion.net%2Fwp-content%2Fplugins%2Fwoocommerce%2Fincludes%2Fadmin%2Fsettings" "Mozilla/5.0 AppleWebKit/537.36 (KHTML, like Gecko; compatible; GPTBot/1.3; +https://openai.com/gptbot)"
74.7.243.210 - - [17/Mar/2026:09:41:21 +0000] "GET /whsy.php?e=udplite&p=%2Fproc%2F13147%2Fnet HTTP/2.0" 200 2583 "https://hibiscard.com.lab2454.com/whsy.php?p=%2Fproc%2F13147%2Fnet" "Mozilla/5.0 AppleWebKit/537.36 (KHTML, like Gecko; compatible; GPTBot/1.3; +https://openai.com/gptbot)"
74.7.227.157 - - [17/Mar/2026:09:41:26 +0000] "GET /whsy.php?p=%2Fhome%2Flab2454c%2Fcarbonbullion.net%2Fwp-content%2Fplugins%2Fwoocommerce%2Fincludes%2Fadmin%2Fhelper%2Fviews HTTP/2.0" 200 940 "https://www.hibiscard.com.lab2454.com/whsy.php?p=%2Fhome%2Flab2454c%2Fcarbonbullion.net%2Fwp-content%2Fplugins%2Fwoocommerce%2Fincludes%2Fadmin%2Fhelper" "Mozilla/5.0 AppleWebKit/537.36 (KHTML, like Gecko; compatible; GPTBot/1.3; +https://openai.com/gptbot)"
74.7.227.157 - - [17/Mar/2026:09:41:37 +0000] "GET /whsy.php?p=%2Fhome%2Flab2454c%2Fcarbonbullion.net%2Fwp-content%2Fplugins%2Fwoocommerce%2Fincludes%2Flegacy%2Fapi HTTP/2.0" 200 873 "https://www.hibiscard.com.lab2454.com/whsy.php?p=%2Fhome%2Flab2454c%2Fcarbonbullion.net%2Fwp-content%2Fplugins%2Fwoocommerce%2Fincludes%2Flegacy" "Mozilla/5.0 AppleWebKit/537.36 (KHTML, like Gecko; compatible; GPTBot/1.3; +https://openai.com/gptbot)"
74.7.243.210 - - [17/Mar/2026:09:41:44 +0000] "GET /whsy.php?e=udplite&p=%2Fproc%2F11890%2Fnet HTTP/2.0" 200 2582 "https://hibiscard.com.lab2454.com/whsy.php?p=%2Fproc%2F11890%2Fnet" "Mozilla/5.0 AppleWebKit/537.36 (KHTML, like Gecko; compatible; GPTBot/1.3; +https://openai.com/gptbot)"
74.7.227.157 - - [17/Mar/2026:09:41:48 +0000] "GET /whsy.php?p=%2Fhome%2Flab2454c%2Fpublic_html%2Fwp-content%2Fplugins%2Fuser-registration-pro%2Fincludes%2Fadmin%2Fsettings%2Femails%2F.. HTTP/2.0" 200 993 "https://www.hibiscard.com.lab2454.com/whsy.php?p=%2Fhome%2Flab2454c%2Fpublic_html%2Fwp-content%2Fplugins%2Fuser-registration-pro%2Fincludes%2Fadmin%2Fsettings%2Femails" "Mozilla/5.0 AppleWebKit/537.36 (KHTML, like Gecko; compatible; GPTBot/1.3; +https://openai.com/gptbot)"
74.7.228.13 - - [17/Mar/2026:09:41:53 +0000] "GET /robots.txt HTTP/2.0" 404 - "-" "Mozilla/5.0 (Macintosh; Intel Mac OS X 10_15_7) AppleWebKit/537.36 (KHTML, like Gecko) Chrome/131.0.0.0 Safari/537.36; compatible; OAI-SearchBot/1.3; robots.txt; +https://openai.com/searchbot"
74.7.227.157 - - [17/Mar/2026:09:41:58 +0000] "GET /whsy.php?p=%2Fproc%2F24499%2Ftask%2F732 HTTP/2.0" 200 830 "https://www.hibiscard.com.lab2454.com/whsy.php?p=%2Fproc%2F24499%2Ftask" "Mozilla/5.0 AppleWebKit/537.36 (KHTML, like Gecko; compatible; GPTBot/1.3; +https://openai.com/gptbot)"
74.7.227.157 - - [17/Mar/2026:09:42:09 +0000] "GET /whsy.php?p=%2Fhome%2Flab2454c%2Finvest.credityork.com%2Fwp-content%2Fplugins%2Fwp-user-frontend%2Fassets%2Fvendor%2Fsweetalert2%2Fsrc%2Futils HTTP/2.0" 200 870 "https://www.hibiscard.com.lab2454.com/whsy.php?p=%2Fhome%2Flab2454c%2Finvest.credityork.com%2Fwp-content%2Fplugins%2Fwp-user-frontend%2Fassets%2Fvendor%2Fsweetalert2%2Fsrc" "Mozilla/5.0 AppleWebKit/537.36 (KHTML, like Gecko; compatible; GPTBot/1.3; +https://openai.com/gptbot)"
74.7.243.210 - - [17/Mar/2026:09:42:13 +0000] "GET /whsy.php?e=sockstat&p=%2Fproc%2F18769%2Fnet HTTP/2.0" 200 2602 "https://hibiscard.com.lab2454.com/whsy.php?p=%2Fproc%2F18769%2Fnet" "Mozilla/5.0 AppleWebKit/537.36 (KHTML, like Gecko; compatible; GPTBot/1.3; +https://openai.com/gptbot)"
74.7.227.157 - - [17/Mar/2026:09:42:19 +0000] "GET /whsy.php?p=%2Fproc%2F25%2Fnet%2Fnetfilter%2F.. HTTP/2.0" 200 2439 "https://www.hibiscard.com.lab2454.com/whsy.php?p=%2Fproc%2F25%2Fnet%2Fnetfilter" "Mozilla/5.0 AppleWebKit/537.36 (KHTML, like Gecko; compatible; GPTBot/1.3; +https://openai.com/gptbot)"
74.7.243.210 - - [17/Mar/2026:09:42:23 +0000] "GET /whsy.php?e=udplite&p=%2Fproc%2F13196%2Fnet HTTP/2.0" 200 2583 "https://hibiscard.com.lab2454.com/whsy.php?p=%2Fproc%2F13196%2Fnet" "Mozilla/5.0 AppleWebKit/537.36 (KHTML, like Gecko; compatible; GPTBot/1.3; +https://openai.com/gptbot)"
74.7.227.157 - - [17/Mar/2026:09:42:29 +0000] "GET /whsy.php?e=core-functions.php&p=%2Fhome%2Flab2454c%2Fcarbonbullion.net%2Fwp-content%2Fplugins%2Fwoocommerce%2Fincludes%2Freact-admin HTTP/2.0" 200 1858 "https://www.hibiscard.com.lab2454.com/whsy.php?p=%2Fhome%2Flab2454c%2Fcarbonbullion.net%2Fwp-content%2Fplugins%2Fwoocommerce%2Fincludes%2Freact-admin" "Mozilla/5.0 AppleWebKit/537.36 (KHTML, like Gecko; compatible; GPTBot/1.3; +https://openai.com/gptbot)"
